--
-- Host: localhost    Database: crater
-- ------------------------------------------------------


--
-- Table structure for table `abilities`
--

CREATE TABLE `abilities` (
  `id` bigint(20) unsigned NOT NULL AUTO_INCREMENT,
  `name` varchar(255) COLLATE utf8_unicode_ci NOT NULL,
  `title` varchar(255) COLLATE utf8_unicode_ci DEFAULT NULL,
  `entity_id` bigint(20) unsigned DEFAULT NULL,
  `entity_type` varchar(255) COLLATE utf8_unicode_ci DEFAULT NULL,
  `only_owned` tinyint(1) NOT NULL DEFAULT '0',
  `options` json DEFAULT NULL,
  `scope` int(11) DEFAULT NULL,
  `created_at` timestamp NULL DEFAULT NULL,
  `updated_at` timestamp NULL DEFAULT NULL,
  PRIMARY KEY (`id`),
  KEY `abilities_scope_index` (`scope`)
) ENGINE=InnoDB AUTO_INCREMENT=95 DEFAULT CHARSET=utf8 COLLATE=utf8_unicode_ci;

--
-- Dumping data for table `abilities`
--

INSERT INTO `abilities` VALUES (1,'view-customer','View customer customers',NULL,'Crater\\Models\\Customer',0,NULL,1,'2022-01-14 12:51:06','2022-01-14 12:51:06'),(2,'create-customer','Create customer customers',NULL,'Crater\\Models\\Customer',0,NULL,1,'2022-01-14 12:51:06','2022-01-14 12:51:06'),(3,'edit-customer','Edit customer customers',NULL,'Crater\\Models\\Customer',0,NULL,1,'2022-01-14 12:51:06','2022-01-14 12:51:06'),(4,'delete-customer','Delete customer customers',NULL,'Crater\\Models\\Customer',0,NULL,1,'2022-01-14 12:51:06','2022-01-14 12:51:06'),(5,'view-item','View item items',NULL,'Crater\\Models\\Item',0,NULL,1,'2022-01-14 12:51:06','2022-01-14 12:51:06'),(6,'create-item','Create item items',NULL,'Crater\\Models\\Item',0,NULL,1,'2022-01-14 12:51:06','2022-01-14 12:51:06'),(7,'edit-item','Edit item items',NULL,'Crater\\Models\\Item',0,NULL,1,'2022-01-14 12:51:06','2022-01-14 12:51:06'),(8,'delete-item','Delete item items',NULL,'Crater\\Models\\Item',0,NULL,1,'2022-01-14 12:51:06','2022-01-14 12:51:06'),(9,'view-tax-type','View tax type tax types',NULL,'Crater\\Models\\TaxType',0,NULL,1,'2022-01-14 12:51:06','2022-01-14 12:51:06'),(10,'create-tax-type','Create tax type tax types',NULL,'Crater\\Models\\TaxType',0,NULL,1,'2022-01-14 12:51:06','2022-01-14 12:51:06'),(11,'edit-tax-type','Edit tax type tax types',NULL,'Crater\\Models\\TaxType',0,NULL,1,'2022-01-14 12:51:06','2022-01-14 12:51:06'),(12,'delete-tax-type','Delete tax type tax types',NULL,'Crater\\Models\\TaxType',0,NULL,1,'2022-01-14 12:51:06','2022-01-14 12:51:06'),(13,'view-estimate','View estimate estimates',NULL,'Crater\\Models\\Estimate',0,NULL,1,'2022-01-14 12:51:06','2022-01-14 12:51:06'),(14,'create-estimate','Create estimate estimates',NULL,'Crater\\Models\\Estimate',0,NULL,1,'2022-01-14 12:51:06','2022-01-14 12:51:06'),(15,'edit-estimate','Edit estimate estimates',NULL,'Crater\\Models\\Estimate',0,NULL,1,'2022-01-14 12:51:06','2022-01-14 12:51:06'),(16,'delete-estimate','Delete estimate estimates',NULL,'Crater\\Models\\Estimate',0,NULL,1,'2022-01-14 12:51:06','2022-01-14 12:51:06'),(17,'send-estimate','Send estimate estimates',NULL,'Crater\\Models\\Estimate',0,NULL,1,'2022-01-14 12:51:06','2022-01-14 12:51:06'),(18,'view-invoice','View invoice invoices',NULL,'Crater\\Models\\Invoice',0,NULL,1,'2022-01-14 12:51:06','2022-01-14 12:51:06'),(19,'create-invoice','Create invoice invoices',NULL,'Crater\\Models\\Invoice',0,NULL,1,'2022-01-14 12:51:06','2022-01-14 12:51:06'),(20,'edit-invoice','Edit invoice invoices',NULL,'Crater\\Models\\Invoice',0,NULL,1,'2022-01-14 12:51:06','2022-01-14 12:51:06'),(21,'delete-invoice','Delete invoice invoices',NULL,'Crater\\Models\\Invoice',0,NULL,1,'2022-01-14 12:51:06','2022-01-14 12:51:06'),(22,'send-invoice','Send invoice invoices',NULL,'Crater\\Models\\Invoice',0,NULL,1,'2022-01-14 12:51:06','2022-01-14 12:51:06'),(23,'view-recurring-invoice','View recurring invoice recurring invoices',NULL,'Crater\\Models\\RecurringInvoice',0,NULL,1,'2022-01-14 12:51:06','2022-01-14 12:51:06'),(24,'create-recurring-invoice','Create recurring invoice recurring invoices',NULL,'Crater\\Models\\RecurringInvoice',0,NULL,1,'2022-01-14 12:51:06','2022-01-14 12:51:06'),(25,'edit-recurring-invoice','Edit recurring invoice recurring invoices',NULL,'Crater\\Models\\RecurringInvoice',0,NULL,1,'2022-01-14 12:51:06','2022-01-14 12:51:06'),(26,'delete-recurring-invoice','Delete recurring invoice recurring invoices',NULL,'Crater\\Models\\RecurringInvoice',0,NULL,1,'2022-01-14 12:51:06','2022-01-14 12:51:06'),(27,'view-payment','View payment payments',NULL,'Crater\\Models\\Payment',0,NULL,1,'2022-01-14 12:51:06','2022-01-14 12:51:06'),(28,'create-payment','Create payment payments',NULL,'Crater\\Models\\Payment',0,NULL,1,'2022-01-14 12:51:06','2022-01-14 12:51:06'),(29,'edit-payment','Edit payment payments',NULL,'Crater\\Models\\Payment',0,NULL,1,'2022-01-14 12:51:06','2022-01-14 12:51:06'),(30,'delete-payment','Delete payment payments',NULL,'Crater\\Models\\Payment',0,NULL,1,'2022-01-14 12:51:06','2022-01-14 12:51:06'),(31,'send-payment','Send payment payments',NULL,'Crater\\Models\\Payment',0,NULL,1,'2022-01-14 12:51:06','2022-01-14 12:51:06'),(32,'view-expense','View expense expenses',NULL,'Crater\\Models\\Expense',0,NULL,1,'2022-01-14 12:51:06','2022-01-14 12:51:06'),(33,'create-expense','Create expense expenses',NULL,'Crater\\Models\\Expense',0,NULL,1,'2022-01-14 12:51:06','2022-01-14 12:51:06'),(34,'edit-expense','Edit expense expenses',NULL,'Crater\\Models\\Expense',0,NULL,1,'2022-01-14 12:51:06','2022-01-14 12:51:06'),(35,'delete-expense','Delete expense expenses',NULL,'Crater\\Models\\Expense',0,NULL,1,'2022-01-14 12:51:06','2022-01-14 12:51:06'),(36,'view-custom-field','View custom field custom fields',NULL,'Crater\\Models\\CustomField',0,NULL,1,'2022-01-14 12:51:06','2022-01-14 12:51:06'),(37,'create-custom-field','Create custom field custom fields',NULL,'Crater\\Models\\CustomField',0,NULL,1,'2022-01-14 12:51:06','2022-01-14 12:51:06'),(38,'edit-custom-field','Edit custom field custom fields',NULL,'Crater\\Models\\CustomField',0,NULL,1,'2022-01-14 12:51:06','2022-01-14 12:51:06'),(39,'delete-custom-field','Delete custom field custom fields',NULL,'Crater\\Models\\CustomField',0,NULL,1,'2022-01-14 12:51:06','2022-01-14 12:51:06'),(40,'view-financial-reports','View financial reports',NULL,NULL,0,NULL,1,'2022-01-14 12:51:06','2022-01-14 12:51:06'),(41,'view-exchange-rate-provider','View exchange rate provider exchange rate providers',NULL,'Crater\\Models\\ExchangeRateProvider',0,NULL,1,'2022-01-14 12:51:06','2022-01-14 12:51:06'),(42,'create-exchange-rate-provider','Create exchange rate provider exchange rate providers',NULL,'Crater\\Models\\ExchangeRateProvider',0,NULL,1,'2022-01-14 12:51:06','2022-01-14 12:51:06'),(43,'edit-exchange-rate-provider','Edit exchange rate provider exchange rate providers',NULL,'Crater\\Models\\ExchangeRateProvider',0,NULL,1,'2022-01-14 12:51:06','2022-01-14 12:51:06'),(44,'delete-exchange-rate-provider','Delete exchange rate provider exchange rate providers',NULL,'Crater\\Models\\ExchangeRateProvider',0,NULL,1,'2022-01-14 12:51:06','2022-01-14 12:51:06'),(45,'dashboard','Dashboard',NULL,NULL,0,NULL,1,'2022-01-14 12:51:06','2022-01-14 12:51:06'),(46,'view-all-notes','View all notes notes',NULL,'Crater\\Models\\Note',0,NULL,1,'2022-01-14 12:51:06','2022-01-14 12:51:06'),(47,'manage-all-notes','Manage all notes notes',NULL,'Crater\\Models\\Note',0,NULL,1,'2022-01-14 12:51:06','2022-01-14 12:51:06'),(48,'view-customer','View customer customers',NULL,'Crater\\Models\\Customer',0,NULL,2,'2022-01-14 12:51:06','2022-01-14 12:51:06'),(49,'create-customer','Create customer customers',NULL,'Crater\\Models\\Customer',0,NULL,2,'2022-01-14 12:51:06','2022-01-14 12:51:06'),(50,'edit-customer','Edit customer customers',NULL,'Crater\\Models\\Customer',0,NULL,2,'2022-01-14 12:51:06','2022-01-14 12:51:06'),(51,'delete-customer','Delete customer customers',NULL,'Crater\\Models\\Customer',0,NULL,2,'2022-01-14 12:51:06','2022-01-14 12:51:06'),(52,'view-item','View item items',NULL,'Crater\\Models\\Item',0,NULL,2,'2022-01-14 12:51:06','2022-01-14 12:51:06'),(53,'create-item','Create item items',NULL,'Crater\\Models\\Item',0,NULL,2,'2022-01-14 12:51:06','2022-01-14 12:51:06'),(54,'edit-item','Edit item items',NULL,'Crater\\Models\\Item',0,NULL,2,'2022-01-14 12:51:06','2022-01-14 12:51:06'),(55,'delete-item','Delete item items',NULL,'Crater\\Models\\Item',0,NULL,2,'2022-01-14 12:51:06','2022-01-14 12:51:06'),(56,'view-tax-type','View tax type tax types',NULL,'Crater\\Models\\TaxType',0,NULL,2,'2022-01-14 12:51:06','2022-01-14 12:51:06'),(57,'create-tax-type','Create tax type tax types',NULL,'Crater\\Models\\TaxType',0,NULL,2,'2022-01-14 12:51:06','2022-01-14 12:51:06'),(58,'edit-tax-type','Edit tax type tax types',NULL,'Crater\\Models\\TaxType',0,NULL,2,'2022-01-14 12:51:06','2022-01-14 12:51:06'),(59,'delete-tax-type','Delete tax type tax types',NULL,'Crater\\Models\\TaxType',0,NULL,2,'2022-01-14 12:51:06','2022-01-14 12:51:06'),(60,'view-estimate','View estimate estimates',NULL,'Crater\\Models\\Estimate',0,NULL,2,'2022-01-14 12:51:06','2022-01-14 12:51:06'),(61,'create-estimate','Create estimate estimates',NULL,'Crater\\Models\\Estimate',0,NULL,2,'2022-01-14 12:51:06','2022-01-14 12:51:06'),(62,'edit-estimate','Edit estimate estimates',NULL,'Crater\\Models\\Estimate',0,NULL,2,'2022-01-14 12:51:06','2022-01-14 12:51:06'),(63,'delete-estimate','Delete estimate estimates',NULL,'Crater\\Models\\Estimate',0,NULL,2,'2022-01-14 12:51:06','2022-01-14 12:51:06'),(64,'send-estimate','Send estimate estimates',NULL,'Crater\\Models\\Estimate',0,NULL,2,'2022-01-14 12:51:06','2022-01-14 12:51:06'),(65,'view-invoice','View invoice invoices',NULL,'Crater\\Models\\Invoice',0,NULL,2,'2022-01-14 12:51:06','2022-01-14 12:51:06'),(66,'create-invoice','Create invoice invoices',NULL,'Crater\\Models\\Invoice',0,NULL,2,'2022-01-14 12:51:06','2022-01-14 12:51:06'),(67,'edit-invoice','Edit invoice invoices',NULL,'Crater\\Models\\Invoice',0,NULL,2,'2022-01-14 12:51:06','2022-01-14 12:51:06'),(68,'delete-invoice','Delete invoice invoices',NULL,'Crater\\Models\\Invoice',0,NULL,2,'2022-01-14 12:51:06','2022-01-14 12:51:06'),(69,'send-invoice','Send invoice invoices',NULL,'Crater\\Models\\Invoice',0,NULL,2,'2022-01-14 12:51:06','2022-01-14 12:51:06'),(70,'view-recurring-invoice','View recurring invoice recurring invoices',NULL,'Crater\\Models\\RecurringInvoice',0,NULL,2,'2022-01-14 12:51:06','2022-01-14 12:51:06'),(71,'create-recurring-invoice','Create recurring invoice recurring invoices',NULL,'Crater\\Models\\RecurringInvoice',0,NULL,2,'2022-01-14 12:51:06','2022-01-14 12:51:06'),(72,'edit-recurring-invoice','Edit recurring invoice recurring invoices',NULL,'Crater\\Models\\RecurringInvoice',0,NULL,2,'2022-01-14 12:51:06','2022-01-14 12:51:06'),(73,'delete-recurring-invoice','Delete recurring invoice recurring invoices',NULL,'Crater\\Models\\RecurringInvoice',0,NULL,2,'2022-01-14 12:51:06','2022-01-14 12:51:06'),(74,'view-payment','View payment payments',NULL,'Crater\\Models\\Payment',0,NULL,2,'2022-01-14 12:51:06','2022-01-14 12:51:06'),(75,'create-payment','Create payment payments',NULL,'Crater\\Models\\Payment',0,NULL,2,'2022-01-14 12:51:06','2022-01-14 12:51:06'),(76,'edit-payment','Edit payment payments',NULL,'Crater\\Models\\Payment',0,NULL,2,'2022-01-14 12:51:06','2022-01-14 12:51:06'),(77,'delete-payment','Delete payment payments',NULL,'Crater\\Models\\Payment',0,NULL,2,'2022-01-14 12:51:06','2022-01-14 12:51:06'),(78,'send-payment','Send payment payments',NULL,'Crater\\Models\\Payment',0,NULL,2,'2022-01-14 12:51:06','2022-01-14 12:51:06'),(79,'view-expense','View expense expenses',NULL,'Crater\\Models\\Expense',0,NULL,2,'2022-01-14 12:51:06','2022-01-14 12:51:06'),(80,'create-expense','Create expense expenses',NULL,'Crater\\Models\\Expense',0,NULL,2,'2022-01-14 12:51:06','2022-01-14 12:51:06'),(81,'edit-expense','Edit expense expenses',NULL,'Crater\\Models\\Expense',0,NULL,2,'2022-01-14 12:51:06','2022-01-14 12:51:06'),(82,'delete-expense','Delete expense expenses',NULL,'Crater\\Models\\Expense',0,NULL,2,'2022-01-14 12:51:06','2022-01-14 12:51:06'),(83,'view-custom-field','View custom field custom fields',NULL,'Crater\\Models\\CustomField',0,NULL,2,'2022-01-14 12:51:06','2022-01-14 12:51:06'),(84,'create-custom-field','Create custom field custom fields',NULL,'Crater\\Models\\CustomField',0,NULL,2,'2022-01-14 12:51:06','2022-01-14 12:51:06'),(85,'edit-custom-field','Edit custom field custom fields',NULL,'Crater\\Models\\CustomField',0,NULL,2,'2022-01-14 12:51:06','2022-01-14 12:51:06'),(86,'delete-custom-field','Delete custom field custom fields',NULL,'Crater\\Models\\CustomField',0,NULL,2,'2022-01-14 12:51:06','2022-01-14 12:51:06'),(87,'view-financial-reports','View financial reports',NULL,NULL,0,NULL,2,'2022-01-14 12:51:06','2022-01-14 12:51:06'),(88,'view-exchange-rate-provider','View exchange rate provider exchange rate providers',NULL,'Crater\\Models\\ExchangeRateProvider',0,NULL,2,'2022-01-14 12:51:06','2022-01-14 12:51:06'),(89,'create-exchange-rate-provider','Create exchange rate provider exchange rate providers',NULL,'Crater\\Models\\ExchangeRateProvider',0,NULL,2,'2022-01-14 12:51:06','2022-01-14 12:51:06'),(90,'edit-exchange-rate-provider','Edit exchange rate provider exchange rate providers',NULL,'Crater\\Models\\ExchangeRateProvider',0,NULL,2,'2022-01-14 12:51:06','2022-01-14 12:51:06'),(91,'delete-exchange-rate-provider','Delete exchange rate provider exchange rate providers',NULL,'Crater\\Models\\ExchangeRateProvider',0,NULL,2,'2022-01-14 12:51:06','2022-01-14 12:51:06'),(92,'dashboard','Dashboard',NULL,NULL,0,NULL,2,'2022-01-14 12:51:06','2022-01-14 12:51:06'),(93,'view-all-notes','View all notes notes',NULL,'Crater\\Models\\Note',0,NULL,2,'2022-01-14 12:51:06','2022-01-14 12:51:06'),(94,'manage-all-notes','Manage all notes notes',NULL,'Crater\\Models\\Note',0,NULL,2,'2022-01-14 12:51:06','2022-01-14 12:51:06');

--
-- Table structure for table `addresses`
--

CREATE TABLE `addresses` (
  `id` bigint(20) unsigned NOT NULL AUTO_INCREMENT,
  `name` varchar(255) COLLATE utf8_unicode_ci DEFAULT NULL,
  `address_street_1` varchar(255) COLLATE utf8_unicode_ci DEFAULT NULL,
  `address_street_2` varchar(255) COLLATE utf8_unicode_ci DEFAULT NULL,
  `city` varchar(255) COLLATE utf8_unicode_ci DEFAULT NULL,
  `state` varchar(255) COLLATE utf8_unicode_ci DEFAULT NULL,
  `country_id` int(10) unsigned DEFAULT NULL,
  `zip` varchar(255) COLLATE utf8_unicode_ci DEFAULT NULL,
  `phone` varchar(255) COLLATE utf8_unicode_ci DEFAULT NULL,
  `fax` varchar(255) COLLATE utf8_unicode_ci DEFAULT NULL,
  `type` varchar(255) COLLATE utf8_unicode_ci DEFAULT NULL,
  `user_id` int(10) unsigned DEFAULT NULL,
  `created_at` timestamp NULL DEFAULT NULL,
  `updated_at` timestamp NULL DEFAULT NULL,
  `company_id` int(10) unsigned DEFAULT NULL,
  `customer_id` bigint(20) unsigned DEFAULT NULL,
  PRIMARY KEY (`id`),
  KEY `addresses_country_id_foreign` (`country_id`),
  KEY `addresses_user_id_foreign` (`user_id`),
  KEY `addresses_company_id_foreign` (`company_id`),
  KEY `addresses_customer_id_foreign` (`customer_id`),
  CONSTRAINT `addresses_company_id_foreign` FOREIGN KEY (`company_id`) REFERENCES `companies` (`id`) ON DELETE CASCADE,
  CONSTRAINT `addresses_country_id_foreign` FOREIGN KEY (`country_id`) REFERENCES `countries` (`id`),
  CONSTRAINT `addresses_customer_id_foreign` FOREIGN KEY (`customer_id`) REFERENCES `customers` (`id`),
  CONSTRAINT `addresses_user_id_foreign` FOREIGN KEY (`user_id`) REFERENCES `users` (`id`) ON DELETE CASCADE
) ENGINE=InnoDB AUTO_INCREMENT=121 DEFAULT CHARSET=utf8 COLLATE=utf8_unicode_ci;

--
-- Dumping data for table `addresses`
--

INSERT INTO `addresses` VALUES (1,NULL,NULL,NULL,'Rajsamand','Rajasthan',101,'313324','9414220874',NULL,NULL,NULL,'2021-03-24 22:55:24','2021-06-16 09:36:04',1,NULL),(4,NULL,'Bus Stand Morchana, NH 8 Highway',NULL,'Rajsamand','Rajasthan',101,'313324',NULL,NULL,NULL,NULL,'2021-03-24 22:55:24','2021-06-18 04:08:11',2,NULL),(5,'khandal Mata ji Marble Pvt Ltd',NULL,NULL,'Rajsamand','Rajasthan',101,NULL,NULL,NULL,'BILLING',NULL,'2021-06-03 19:30:25','2022-01-14 12:50:59',NULL,1),(7,'Shree gajanand kripa granites pvt ltd','siyana amet kelwa road','amet','Rajsamand','rajasthan',101,NULL,NULL,NULL,'BILLING',NULL,'2021-06-04 10:30:13','2022-01-14 12:51:00',NULL,2),(8,'Mahesh granite','f 220 riico ind area dhoinda',NULL,'Rajsamand','rajasthan',101,NULL,NULL,NULL,'BILLING',NULL,'2021-06-04 10:53:26','2022-01-14 12:51:00',NULL,3),(9,'Jagan marble & granite pvt ltd','Nh 8 gunjol Nathdwara',NULL,'Rajsamand','rajasthan',101,NULL,NULL,NULL,'BILLING',NULL,'2021-06-04 10:57:23','2022-01-14 12:51:00',NULL,4),(10,'Shri chvanda mataji marble pvt ltd','NH8 bhagwanda',NULL,'Rajsamand','rajasthan',101,NULL,NULL,NULL,'BILLING',NULL,'2021-06-04 11:00:14','2022-01-14 12:51:00',NULL,5),(11,'Sangam marble & granite','jetpura',NULL,'Rajsamand','Rajasthan',101,NULL,NULL,NULL,'BILLING',NULL,'2021-06-04 11:02:08','2022-01-14 12:51:00',NULL,6),(12,'rajal granite industries','f217 , Ricco industrial area dhoinda',NULL,'Rajsamand','rajasthan',101,NULL,NULL,NULL,'BILLING',NULL,'2021-06-04 11:03:58','2022-01-14 12:51:00',NULL,7),(13,'Orient marble pvt ltd','E 36-37, Ricco industrial area , dhoinda',NULL,'Rajsamand','rajasthan',101,NULL,NULL,NULL,'BILLING',NULL,'2021-06-04 11:06:19','2022-01-14 12:51:00',NULL,8),(14,'supiyar marble & granite','G286-287, Ricco industrial area, Near RK hospital','dhoinda','Rajsamand','rajasthan',101,NULL,NULL,NULL,'BILLING',NULL,'2021-06-04 11:09:29','2022-01-14 12:51:00',NULL,9),(15,'Balaji stonemart pvt ltd','G252-253, Riico industrial area , dhoinda',NULL,'Rajsamand','rajasthan',101,NULL,NULL,NULL,'BILLING',NULL,'2021-06-04 11:11:30','2022-01-14 12:51:00',NULL,10),(16,'mahashraman marble pvt ltd','NH08, bhagwanda',NULL,'Rajsamand','rajasthan',101,NULL,NULL,NULL,'BILLING',NULL,'2021-06-04 11:13:47','2022-01-14 12:51:00',NULL,11),(17,'anil exporter','G325, riico industrial area , dhoinda',NULL,'Rajsamand','rajasthan',101,NULL,NULL,NULL,'BILLING',NULL,'2021-06-04 11:15:38','2022-01-14 12:51:00',NULL,12),(18,'Shree ji granite & marbles','merda road, kareda',NULL,'Rajsamand','rajasthan',101,NULL,NULL,NULL,'BILLING',NULL,'2021-06-04 11:19:17','2022-01-14 12:51:00',NULL,13),(19,'Dwarkadhish granite','khasra no 23/1.23/2.24/1.2.3.4 mohi road village kerot, RAJSAMAND',NULL,'Rajsamand','rajasthan',101,NULL,NULL,NULL,'BILLING',NULL,'2021-06-05 01:02:28','2022-01-14 12:51:00',NULL,14),(20,'Meera marble','kankroli road mohi',NULL,'Rajsamand','rajasthan',101,NULL,NULL,NULL,'BILLING',NULL,'2021-06-05 09:34:04','2022-01-14 12:51:00',NULL,15),(21,'Gajanand granite','g1-130,131 riico industrial area near RK hospital dhoinda',NULL,'Rajsamand','rajasthan',101,NULL,NULL,NULL,'BILLING',NULL,'2021-06-05 09:52:43','2022-01-14 12:51:01',NULL,16),(22,'lakecity enterprises','riico industrial area dhoinda',NULL,'Rajsamand','rajasthan',101,NULL,NULL,NULL,'BILLING',NULL,'2021-06-10 05:05:49','2022-01-14 12:51:01',NULL,17),(23,'Mundra marble industries','e-38 riico area Rajnagar',NULL,'Rajsamand','rajasthan',101,NULL,NULL,NULL,'BILLING',NULL,'2021-06-10 05:57:40','2022-01-14 12:51:01',NULL,18),(24,'rooplaxmi granite','panduolai road mohi',NULL,'Rajsamand','rajasthan',101,NULL,NULL,NULL,'BILLING',NULL,'2021-06-10 07:03:46','2022-01-14 12:51:01',NULL,19),(25,'Tirupati marble granites','near shivpuri mohi',NULL,'Rajsamand','rajasthan',101,NULL,NULL,NULL,'BILLING',NULL,'2021-06-12 05:09:14','2022-01-14 12:51:01',NULL,20),(26,'Ruchika granite','rupakheda, RAJSAMAND',NULL,'Rajsamand','rajasthan',101,NULL,NULL,NULL,'BILLING',NULL,'2021-06-13 11:07:07','2022-01-14 12:51:01',NULL,21),(27,'Shrinath granite','mohi kankroli road mohi',NULL,'Rajsamand','rajasthan',101,NULL,NULL,NULL,'BILLING',NULL,'2021-06-14 10:32:14','2022-01-14 12:51:01',NULL,22),(28,'Shree ganpati granites','mohi kankroli road mohi',NULL,'Rajsamand','rajasthan',101,NULL,NULL,NULL,'BILLING',NULL,'2021-06-16 09:30:24','2022-01-14 12:51:01',NULL,23),(32,'Avkar Marbles & Granites Pvt Ltd','Amet - Kelwa Road','Vill -TANWAN, Teh -Amet','Rajsamand','Rajasthan',101,'313332',NULL,NULL,'BILLING',NULL,'2021-06-18 00:55:14','2022-01-14 12:51:01',NULL,24),(34,'radaji marble & granite','pipli road mohi',NULL,'Rajsamand','rajasthan',101,NULL,NULL,NULL,'BILLING',NULL,'2021-06-19 07:11:06','2022-01-14 12:51:01',NULL,25),(37,'Salasar granite industries','f 220A riico area dhoinda Rajsamand',NULL,'Rajsamand','rajasthan',101,NULL,NULL,NULL,'BILLING',NULL,'2021-06-20 09:07:34','2022-01-14 12:51:01',NULL,26),(38,'prerna landcon pvt.ltd','riico area dhoinda rajsamand',NULL,'Rajsamand','rajasthan',101,NULL,NULL,NULL,'BILLING',NULL,'2021-06-20 10:48:40','2022-01-14 12:51:01',NULL,27),(39,'Shree stone','mohi',NULL,'Rajsamand','rajasthan',101,NULL,NULL,NULL,'BILLING',NULL,'2021-06-24 08:38:34','2022-01-14 12:51:02',NULL,28),(40,'Shree Bala ji marbles & granite','bagundra road dholi mangri kelwa',NULL,'Rajsamand','rajasthan',101,NULL,NULL,NULL,'BILLING',NULL,'2021-06-28 06:32:58','2022-01-14 12:51:02',NULL,29),(41,'Amar stone','shivpuri mohi',NULL,'Rajsamand','rajasthan',101,NULL,NULL,NULL,'BILLING',NULL,'2021-06-28 10:32:25','2022-01-14 12:51:02',NULL,30),(42,'M/S Shree Math mahadev marble suppliers','Agariya , teh -Amet',NULL,'Rajsamand','Rajasthan',NULL,NULL,NULL,NULL,'BILLING',NULL,'2021-06-29 07:20:37','2022-01-14 12:51:02',NULL,31),(43,'satnarayan marble Pvt ltd','NH8 , Pasoond',NULL,'Rajsamand','Rajasthan',101,NULL,NULL,NULL,'BILLING',NULL,'2021-07-06 08:39:02','2022-01-14 12:51:02',NULL,32),(44,'Shri umiya marmo Pvt ltd','NH 8, Morchana',NULL,'Rajsamand','Rajasthan',101,NULL,NULL,NULL,'BILLING',NULL,'2021-07-06 08:44:13','2022-01-14 12:51:02',NULL,33),(47,'Shri Balaji white marmo stones Pvt ltd','Passond',NULL,'Rajsamand','Rajasthan',101,NULL,NULL,NULL,'BILLING',NULL,'2021-07-06 08:56:25','2022-01-14 12:51:02',NULL,34),(48,'Kohinoor chemical & tools','mohi RAJSAMAND',NULL,'Rajsamand','rajasthan',101,NULL,NULL,NULL,'BILLING',NULL,'2021-07-08 09:25:49','2022-01-14 12:51:02',NULL,35),(49,'shri shiv sai granite','kelwa amet road near hari om dharm kanta,baman tukra',NULL,'Rajsamand','rajasthan',101,NULL,NULL,NULL,'BILLING',NULL,'2021-07-14 11:33:52','2022-01-14 12:51:02',NULL,36),(51,'Baba Ramdev granites','sirodi,siyana,amet',NULL,'Rajsamand','rajasthan',101,NULL,NULL,NULL,'BILLING',NULL,'2021-07-16 08:17:28','2022-01-14 12:51:02',NULL,37),(52,'Prime marbles Pvt ltd','NH8 , Badarda',NULL,'Rajsamand','Rajasthan',101,NULL,NULL,NULL,'BILLING',NULL,'2021-07-26 08:32:21','2022-01-14 12:51:02',NULL,38),(53,'Shree mahesh granites Pvt ltd','village googli',NULL,'Rajsamand','Rajasthan',101,NULL,NULL,NULL,'BILLING',NULL,'2021-07-28 11:59:36','2022-01-14 12:51:02',NULL,39),(54,'Megha marbles Pvt ltd',NULL,NULL,'Rajsamand','Rajasthan',101,NULL,NULL,NULL,'BILLING',NULL,'2021-07-28 12:01:53','2022-01-14 12:51:02',NULL,40),(55,'Shri kardhar stonex Pvt Ltd','kankroli, shri ji nagar, Ganesh Nagar',NULL,'Rajsamand','Rajasthan',101,'313324',NULL,NULL,'BILLING',NULL,'2021-07-28 12:04:48','2022-01-14 12:51:03',NULL,41),(56,'Saraswati marble & granite industries Pvt Ltd','NH8 , Pasoond',NULL,'Rajsamand','Rajasthan',101,NULL,NULL,NULL,'BILLING',NULL,'2021-07-30 05:40:05','2022-01-14 12:51:03',NULL,42),(57,'Ravish marmo and mines Pvt ltd',NULL,NULL,'Rajsamand','Rajasthan',101,NULL,NULL,NULL,'BILLING',NULL,'2021-07-30 05:42:04','2022-01-14 12:51:03',NULL,43),(58,'Kamal minerals Pvt ltd','N.H 8, Pasoond',NULL,'Rajsamand','Rajasthan',101,NULL,NULL,NULL,'BILLING',NULL,'2021-07-30 05:53:50','2022-01-14 12:51:03',NULL,44),(59,'Salasar Granite Industries','F220A, Riico industrial area , Dhoinda',NULL,'Rajsamand','Rajasthan',101,NULL,NULL,NULL,'BILLING',NULL,'2021-07-30 06:26:46','2022-01-14 12:51:03',NULL,45),(61,'siteshwar marble & Granite','shivpuri mohi',NULL,'Rajsamand','rajasthan',101,NULL,NULL,NULL,'BILLING',NULL,'2021-08-02 10:30:35','2022-01-14 12:51:03',NULL,46),(62,'Shree Bala ji granites','g1-306,307 riico industrial area dhoinda Rajsamand',NULL,'Rajsamand','rajasthan',101,NULL,NULL,NULL,'BILLING',NULL,'2021-08-06 08:40:43','2022-01-14 12:51:03',NULL,47),(64,'Mahalaxmi marble and granite','shivpuri mohi',NULL,'Rajsamand','rajasthan',101,NULL,NULL,NULL,'BILLING',NULL,'2021-08-29 10:32:15','2022-01-14 12:51:03',NULL,48),(65,'Shree kalyan marmo grani p.ltd','shankarpura,near riico industrial area dhoinda Rajsamand',NULL,'Rajsamand','rajasthan',101,NULL,NULL,NULL,'BILLING',NULL,'2021-09-01 02:31:03','2022-01-14 12:51:03',NULL,49),(66,'Kamdhenu enterprises','sapravb ka gudda teh amet',NULL,'Rajsamand','rajasthan',101,NULL,NULL,NULL,'BILLING',NULL,'2021-09-02 12:07:37','2022-01-14 12:51:03',NULL,50),(68,'samdani marble','kelwa amet road , bamen tukda',NULL,'Rajsamand','Rajasthan',101,NULL,NULL,NULL,'BILLING',NULL,'2021-09-05 11:22:32','2022-01-14 12:51:03',NULL,52),(69,'shubh marble','kelwa',NULL,'Rajsamand','Rajasthan',101,NULL,NULL,NULL,'BILLING',NULL,'2021-09-05 11:31:23','2022-01-14 12:51:03',NULL,53),(70,'anand granite','g-279,280 Riico industrial area dhoinda Rajsamand',NULL,'Rajsamand','rajasthan',101,NULL,NULL,NULL,'BILLING',NULL,'2021-09-06 02:26:40','2022-01-14 12:51:03',NULL,54),(71,'Kalka marble & Granite','deopura',NULL,'Rajsamand','rajasthan',101,NULL,NULL,NULL,'BILLING',NULL,'2021-09-09 05:25:11','2022-01-14 12:51:04',NULL,55),(72,'MAA Bhawani marble & Granite','dhanyla Rajsamand',NULL,'Rajsamand','rajasthan',101,NULL,NULL,NULL,'BILLING',NULL,'2021-09-09 05:39:15','2022-01-14 12:51:04',NULL,56),(73,'New Shiv Shakti granite','shivpuri mohi',NULL,'Rajsamand','rajasthan',101,NULL,NULL,NULL,'BILLING',NULL,'2021-09-18 05:11:59','2022-01-14 12:51:04',NULL,57),(74,'bhagti Marble & Granite','jetpura',NULL,'Rajsamand','rajasthan',101,NULL,NULL,NULL,'BILLING',NULL,'2021-09-20 05:51:15','2022-01-14 12:51:04',NULL,58),(76,'Hari-Sharan Marbles Pvt Ltd','N.H. 8 , Opp tasol road , Pasoond',NULL,'Rajsamand','Rajasthan',101,NULL,NULL,NULL,'BILLING',NULL,'2021-09-23 05:48:53','2022-01-14 12:51:04',NULL,60),(78,'Saheli Marbles Pvt ltd','NH.8 , Gunjol',NULL,'Nathdwara','Rajasthan',101,NULL,NULL,NULL,'BILLING',NULL,'2021-09-23 06:27:37','2022-01-14 12:51:04',NULL,59),(79,'Shree nath marble & granite','jetpura',NULL,'Rajsamand','rajasthan',101,NULL,NULL,NULL,'BILLING',NULL,'2021-09-29 02:45:36','2022-01-14 12:51:04',NULL,61),(80,'Shiv bhole dia tools','Kankroli',NULL,'Rajsamand','Rajasthan',101,NULL,NULL,NULL,'BILLING',NULL,'2021-10-05 11:54:15','2022-01-14 12:51:04',NULL,62),(81,'prerna landcon Pvt ltd','Riico area dhoinda',NULL,'Rajsamand','Rajasthan',101,NULL,NULL,NULL,'BILLING',NULL,'2021-10-05 12:34:43','2022-01-14 12:51:04',NULL,63),(83,'satnarayan marble Pvt ltd','nh8 pasoond',NULL,'Rajsamand','rajasthan',101,NULL,NULL,NULL,'BILLING',NULL,'2021-10-18 06:12:24','2022-01-14 12:51:04',NULL,64),(84,'Madhav minerals Pvt Ltd','jetpura',NULL,'Rajsamand','rajasthan',101,NULL,NULL,NULL,'BILLING',NULL,'2021-10-24 10:19:10','2022-01-14 12:51:03',NULL,51),(85,'Rajgarh marble Pvt ltd','Village Bamantunkra, Kelwa Amet Road',NULL,'Rajsamand','Rajasthan',101,NULL,NULL,NULL,'BILLING',NULL,'2021-10-29 14:06:21','2022-01-14 12:51:04',NULL,65),(86,'Surabhi marbles Pvt ltd','N.H.8 , Piparda',NULL,'Rajsamand','Rajasthan',101,NULL,NULL,NULL,'BILLING',NULL,'2021-10-29 14:08:28','2022-01-14 12:51:04',NULL,66),(87,'Jagan marble & granite Pvt ltd','NH 8, Gunjol, Nathdwara',NULL,'Rajsamand','Rajasthan',101,NULL,NULL,NULL,'BILLING',NULL,'2021-10-30 04:48:43','2022-01-14 12:51:04',NULL,67),(88,'Shri keshriya ji marble Pvt ltd',NULL,NULL,'Rajsamand','Rajasthan',101,NULL,NULL,NULL,'BILLING',NULL,'2021-10-30 04:50:34','2022-01-14 12:51:04',NULL,68),(90,'parmeshwar marble & Granite','Raghunath pura,Kelwa road',NULL,'Rajsamand','rajasthan',101,NULL,NULL,NULL,'BILLING',NULL,'2021-11-10 09:02:34','2022-01-14 12:51:05',NULL,70),(91,'Raj Rajeshwari Marble','Tasol road , Pasoond',NULL,'Rajsamand','Rajasthan',101,NULL,NULL,NULL,'BILLING',NULL,'2021-11-29 06:22:48','2022-01-14 12:51:05',NULL,71),(92,'vsnkul mata marble & articles',NULL,NULL,'Rajsamand','rajasthan',101,NULL,NULL,NULL,'BILLING',NULL,'2021-12-02 10:23:42','2022-01-14 12:51:05',NULL,72),(93,'Rajputana Granite Pvt. ltd','Rajsamand',NULL,'Rajsamand','rajasthan',101,NULL,NULL,NULL,'BILLING',NULL,'2021-12-03 10:23:07','2022-01-14 12:51:05',NULL,73),(94,'Gajanand Grani marmo Pvt ltd','N.H. 8 , Pasoond',NULL,'Rajsamand','Rajasthan',101,NULL,NULL,NULL,'BILLING',NULL,'2021-12-11 08:19:35','2022-01-14 12:51:05',NULL,74),(95,'Rajhans marmo & mines Pvt Ltd','Bamantunkra, Kelwa-Amet Road',NULL,'Rajsamand','Rajasthan',101,'313324',NULL,NULL,'BILLING',NULL,'2021-12-15 01:39:30','2022-01-14 12:51:05',NULL,75),(96,'Udaipur marble ind pvt ltd','mokhampura',NULL,'Rajsamand','Rajasthan',101,NULL,NULL,NULL,'BILLING',NULL,'2021-12-22 11:47:20','2022-01-14 12:51:05',NULL,76),(97,'motherson marbles Pvt ltd','N.H.8  Pasoond',NULL,'Rajsamand','Rajasthan',101,NULL,NULL,NULL,'BILLING',NULL,'2021-12-23 11:25:57','2022-01-14 12:51:05',NULL,77),(99,'Rajlaxmi Marble','N.H. 8 , Shukher',NULL,'Udaipur','Rajasthan',101,NULL,NULL,NULL,'BILLING',NULL,'2021-12-27 08:09:59','2022-01-14 12:51:05',NULL,78),(100,'Mukesh trading company','bhana',NULL,'Rajsamand','rajasthan',101,NULL,NULL,NULL,'BILLING',NULL,'2022-01-03 09:06:53','2022-01-14 12:51:05',NULL,79),(101,'Kiran Marbles Pvt ltd','Kankroli',NULL,'Rajsamand','Rajasthan',101,NULL,NULL,NULL,'BILLING',NULL,'2022-01-05 02:53:28','2022-01-14 12:51:05',NULL,80),(102,'Shivayan marmo Pvt ltd','N.H.8, Tasol Road , Pasoond',NULL,'Rajsamand','Rajasthan',101,'313326',NULL,NULL,'BILLING',NULL,'2022-01-05 09:44:21','2022-01-14 12:51:05',NULL,81),(103,'Shivayan marmo Pvt ltd','N.H.08, Tasol Road , Pasoond',NULL,'Rajsamand','Rajasthan',101,'313326',NULL,NULL,'BILLING',NULL,'2022-01-05 09:48:18','2022-01-14 12:51:05',NULL,82),(104,'asocited marmo & granite Pvt Ltd','pasoond',NULL,'Rajsamand','rajasthan',101,NULL,NULL,NULL,'BILLING',NULL,'2022-01-08 03:02:25','2022-01-14 12:51:06',NULL,83),(105,'Shreeram white marmo Pvt ltd','Near shivayan marmo Pvt ltd','N.H.8, Tasol Road, Pasoond','Rajsamand','Rajasthan',101,'313326',NULL,NULL,'billing',NULL,'2022-01-15 07:12:22','2022-01-15 07:12:22',NULL,84),(106,'Jayanti marmo impex Pvt. Ltd','N.H 8 , Tasol Road, Pasoond',NULL,'Rajsamand','Rajasthan',101,NULL,NULL,NULL,'billing',NULL,'2022-01-29 06:49:28','2022-01-29 06:49:28',NULL,85),(107,'Colour Marbles Pvt ltd','Tasol Road, Village Chhaperkhedi','Bagundara Road','Rajsamand','Rajasthan',101,NULL,NULL,NULL,'billing',NULL,'2022-02-01 01:13:41','2022-02-01 01:13:41',NULL,86),(108,'Shree ganesh granito','Near saras dairy kankroli road mohi',NULL,'Rajsamand','Rajasthan',101,NULL,NULL,NULL,'billing',NULL,'2022-02-11 07:44:45','2022-02-11 07:44:45',NULL,87),(109,'Keshari Nandan granites','Nh8 devpuriya piparda',NULL,'Rajsamand','Rajasthan',101,NULL,NULL,NULL,'billing',NULL,'2022-02-22 07:03:16','2022-02-22 07:03:16',NULL,88),(110,'Bhagwati marbles Pvt ltd','Village Siyana, Kelwa-Amet Road',NULL,'Rajsamand','Rajasthan',101,NULL,NULL,NULL,'billing',NULL,'2022-02-23 09:13:22','2022-02-23 09:13:22',NULL,89),(111,'Shree bherunath marbles','mokhampura',NULL,'Rajasmand','Rajasthan',101,NULL,NULL,NULL,'billing',NULL,'2022-03-07 05:41:11','2022-03-07 05:41:11',NULL,69),(113,'Bholenath marbles Pvt ltd','N.H. 8 , Village Piparda',NULL,'Rajsamand','Rajasthan',101,NULL,NULL,NULL,'billing',NULL,'2022-03-08 06:45:56','2022-03-08 06:45:56',NULL,90),(114,'Arihant Marbles(India)','Tasol Road',NULL,'Rajsamand','Rajasthan',101,NULL,NULL,NULL,'billing',NULL,'2022-03-11 06:20:22','2022-03-11 06:20:22',NULL,91),(115,'Ravish marmo and mines pvt ltd',NULL,NULL,'Rajsamand','Rajasthan',101,NULL,NULL,NULL,'billing',NULL,'2022-04-01 07:46:22','2022-04-01 07:46:22',NULL,92),(116,'Shree bherunath marble','Tasol Road, chhaperkhedi',NULL,'Rajsamand','Rajasthan',101,NULL,NULL,NULL,'billing',NULL,'2022-04-13 11:33:43','2022-04-13 11:33:43',NULL,93),(117,'Associated marmo and granites ltd','N.H.8 Pasoond',NULL,'Rajsamand','Rajasthan',101,'313326',NULL,NULL,'billing',NULL,'2022-04-13 11:35:55','2022-04-13 11:35:55',NULL,94),(118,'Jay shree marble and granite','Shivpuri, mohi',NULL,'Rajsamand','Rajasthan',101,NULL,NULL,NULL,'billing',NULL,'2022-05-01 10:53:12','2022-05-01 10:53:12',NULL,95),(119,'Shakti marmo private limited','Tasol Road, village Pasoond',NULL,'Rajsamand','Rajasthan',101,NULL,NULL,NULL,'billing',NULL,'2022-05-30 21:43:20','2022-05-30 21:43:20',NULL,96),(120,'Devpura Marbles','Diamond Motors, N.H 8 Sukher',NULL,'Udaipur','Rajasthan',101,NULL,NULL,NULL,'billing',NULL,'2022-06-04 06:12:16','2022-06-04 06:12:16',NULL,97);

--
-- Table structure for table `assigned_roles`
--

CREATE TABLE `assigned_roles` (
  `id` bigint(20) unsigned NOT NULL AUTO_INCREMENT,
  `role_id` bigint(20) unsigned NOT NULL,
  `entity_id` bigint(20) unsigned NOT NULL,
  `entity_type` varchar(255) COLLATE utf8_unicode_ci NOT NULL,
  `restricted_to_id` bigint(20) unsigned DEFAULT NULL,
  `restricted_to_type` varchar(255) COLLATE utf8_unicode_ci DEFAULT NULL,
  `scope` int(11) DEFAULT NULL,
  PRIMARY KEY (`id`),
  KEY `assigned_roles_entity_index` (`entity_id`,`entity_type`,`scope`),
  KEY `assigned_roles_role_id_index` (`role_id`),
  KEY `assigned_roles_scope_index` (`scope`),
  CONSTRAINT `assigned_roles_role_id_foreign` FOREIGN KEY (`role_id`) REFERENCES `roles` (`id`) ON DELETE CASCADE ON UPDATE CASCADE
) ENGINE=InnoDB AUTO_INCREMENT=13 DEFAULT CHARSET=utf8 COLLATE=utf8_unicode_ci;

--
-- Dumping data for table `assigned_roles`
--

INSERT INTO `assigned_roles` VALUES (1,1,1,'Crater\\Models\\User',NULL,NULL,1),(2,1,3,'Crater\\Models\\User',NULL,NULL,1),(3,1,4,'Crater\\Models\\User',NULL,NULL,1),(4,1,28,'Crater\\Models\\User',NULL,NULL,1),(5,1,29,'Crater\\Models\\User',NULL,NULL,1),(6,1,30,'Crater\\Models\\User',NULL,NULL,1),(7,2,1,'Crater\\Models\\User',NULL,NULL,2),(8,2,3,'Crater\\Models\\User',NULL,NULL,2),(9,2,4,'Crater\\Models\\User',NULL,NULL,2),(10,2,28,'Crater\\Models\\User',NULL,NULL,2),(11,2,29,'Crater\\Models\\User',NULL,NULL,2),(12,2,30,'Crater\\Models\\User',NULL,NULL,2);

--
-- Table structure for table `companies`
--

CREATE TABLE `companies` (
  `id` int(10) unsigned NOT NULL AUTO_INCREMENT,
  `name` varchar(255) COLLATE utf8_unicode_ci NOT NULL,
  `logo` varchar(255) COLLATE utf8_unicode_ci DEFAULT NULL,
  `unique_hash` varchar(255) COLLATE utf8_unicode_ci DEFAULT NULL,
  `created_at` timestamp NULL DEFAULT NULL,
  `updated_at` timestamp NULL DEFAULT NULL,
  `slug` varchar(255) COLLATE utf8_unicode_ci DEFAULT NULL,
  `owner_id` int(10) unsigned DEFAULT NULL,
  PRIMARY KEY (`id`),
  KEY `companies_owner_id_foreign` (`owner_id`),
  CONSTRAINT `companies_owner_id_foreign` FOREIGN KEY (`owner_id`) REFERENCES `users` (`id`)
) ENGINE=InnoDB AUTO_INCREMENT=3 DEFAULT CHARSET=utf8 COLLATE=utf8_unicode_ci;

--
-- Dumping data for table `companies`
--

INSERT INTO `companies` VALUES (1,'Amar Speciality',NULL,'DEUbtFXwv2KBQSym2E8H','2021-03-24 22:51:30','2022-01-14 12:51:06','amar-speciality',1),(2,'Amar SuperHard Tools',NULL,'DKBbtTVwv5JLMSym2C8J','2021-03-25 22:51:30','2022-01-14 12:51:06','amar-superhard-tools',1);

--
-- Table structure for table `company_settings`
--

CREATE TABLE `company_settings` (
  `id` int(10) unsigned NOT NULL AUTO_INCREMENT,
  `option` varchar(255) COLLATE utf8_unicode_ci NOT NULL,
  `value` text COLLATE utf8_unicode_ci NOT NULL,
  `company_id` int(10) unsigned DEFAULT NULL,
  `created_at` timestamp NULL DEFAULT NULL,
  `updated_at` timestamp NULL DEFAULT NULL,
  PRIMARY KEY (`id`),
  KEY `company_settings_company_id_foreign` (`company_id`),
  CONSTRAINT `company_settings_company_id_foreign` FOREIGN KEY (`company_id`) REFERENCES `companies` (`id`)
) ENGINE=InnoDB AUTO_INCREMENT=103 DEFAULT CHARSET=utf8 COLLATE=utf8_unicode_ci;

--
-- Dumping data for table `company_settings`
--

INSERT INTO `company_settings` VALUES (1,'invoice_auto_generate','0',1,'2021-03-24 22:51:30','2021-06-05 09:42:41'),(2,'payment_auto_generate','0',1,'2021-03-24 22:51:30','2021-06-05 09:42:41'),(3,'estimate_auto_generate','0',1,'2021-03-24 22:51:30','2021-06-05 09:42:41'),(4,'save_pdf_to_disk','YES',1,'2021-03-24 22:51:30','2021-03-25 19:41:19'),(5,'invoice_mail_body','You have received a new invoice from <b>{COMPANY_NAME}</b>.</br>Please download using the button below:',1,'2021-03-24 22:51:31','2021-03-24 22:51:31'),(6,'estimate_mail_body','You have received a new estimate from <b>{COMPANY_NAME}</b>.</br>Please download using the button below:',1,'2021-03-24 22:51:31','2021-03-24 22:51:31'),(7,'payment_mail_body','Thank you for the payment.</b></br>Please download your payment receipt using the button below:',1,'2021-03-24 22:51:31','2021-03-24 22:51:31'),(8,'invoice_company_address_format','<p>{COMPANY_ADDRESS_STREET_1}</p><p>{COMPANY_ADDRESS_STREET_2}</p><p>{COMPANY_CITY} {COMPANY_STATE}    {COMPANY_ZIP_CODE}</p>',1,'2021-03-24 22:51:31','2021-06-04 06:42:41'),(9,'invoice_shipping_address_format','<h3>{SHIPPING_ADDRESS_NAME}</h3><p>{SHIPPING_ADDRESS_STREET_1}</p><p>{SHIPPING_ADDRESS_STREET_2}</p><p>{SHIPPING_CITY}  {SHIPPING_STATE}</p><p>{SHIPPING_COUNTRY}  {SHIPPING_ZIP_CODE}</p><p>{SHIPPING_PHONE}</p>',1,'2021-03-24 22:51:31','2021-03-24 22:51:31'),(10,'invoice_billing_address_format','<p>{BILLING_ADDRESS_STREET_1}</p><p>{BILLING_ADDRESS_STREET_2}</p><p>{BILLING_CITY}  {BILLING_STATE} {BILLING_ZIP_CODE}</p><p>{BILLING_PHONE}</p>',1,'2021-03-24 22:51:31','2021-06-04 06:43:18'),(11,'estimate_company_address_format','<h3><strong>{COMPANY_NAME}</strong></h3><p>{COMPANY_ADDRESS_STREET_1}</p><p>{COMPANY_ADDRESS_STREET_2}</p><p>{COMPANY_CITY} {COMPANY_STATE}</p><p>{COMPANY_COUNTRY}  {COMPANY_ZIP_CODE}</p><p>{COMPANY_PHONE}</p>',1,'2021-03-24 22:51:31','2021-03-24 22:51:31'),(12,'estimate_shipping_address_format','<h3>{SHIPPING_ADDRESS_NAME}</h3><p>{SHIPPING_ADDRESS_STREET_1}</p><p>{SHIPPING_ADDRESS_STREET_2}</p><p>{SHIPPING_CITY}  {SHIPPING_STATE}</p><p>{SHIPPING_COUNTRY}  {SHIPPING_ZIP_CODE}</p><p>{SHIPPING_PHONE}</p>',1,'2021-03-24 22:51:31','2021-03-24 22:51:31'),(13,'estimate_billing_address_format','<h3>{BILLING_ADDRESS_NAME}</h3><p>{BILLING_ADDRESS_STREET_1}</p><p>{BILLING_ADDRESS_STREET_2}</p><p>{BILLING_CITY}  {BILLING_STATE}</p><p>{BILLING_COUNTRY}  {BILLING_ZIP_CODE}</p><p>{BILLING_PHONE}</p>',1,'2021-03-24 22:51:31','2021-03-24 22:51:31'),(14,'payment_company_address_format','<h3><strong>{COMPANY_NAME}</strong></h3><p>{COMPANY_ADDRESS_STREET_1}</p><p>{COMPANY_ADDRESS_STREET_2}</p><p>{COMPANY_CITY} {COMPANY_STATE}</p><p>{COMPANY_COUNTRY}  {COMPANY_ZIP_CODE}</p><p>{COMPANY_PHONE}</p>',1,'2021-03-24 22:51:31','2021-03-24 22:51:31'),(15,'payment_from_customer_address_format','<h3>{BILLING_ADDRESS_NAME}</h3><p>{BILLING_ADDRESS_STREET_1}</p><p>{BILLING_ADDRESS_STREET_2}</p><p>{BILLING_CITY} {BILLING_STATE} {BILLING_ZIP_CODE}</p><p>{BILLING_COUNTRY}</p><p>{BILLING_PHONE}</p>',1,'2021-03-24 22:51:31','2021-03-24 22:51:31'),(16,'currency','12',1,'2021-03-24 22:51:31','2021-06-03 09:48:14'),(17,'time_zone','Asia/Kolkata',1,'2021-03-24 22:51:31','2021-03-24 22:51:31'),(18,'language','en',1,'2021-03-24 22:51:31','2021-03-24 22:51:31'),(19,'fiscal_year','1-12',1,'2021-03-24 22:51:31','2021-03-25 14:58:29'),(20,'carbon_date_format','d M Y',1,'2021-03-24 22:51:31','2021-06-03 07:30:38'),(21,'moment_date_format','DD MMM YYYY',1,'2021-03-24 22:51:31','2021-06-03 07:30:38'),(22,'notification_email','noreply@crater.in',1,'2021-03-24 22:51:31','2021-03-24 22:51:31'),(23,'notify_invoice_viewed','NO',1,'2021-03-24 22:51:31','2021-03-24 22:51:31'),(24,'notify_estimate_viewed','NO',1,'2021-03-24 22:51:31','2021-03-24 22:51:31'),(25,'tax_per_item','0',1,'2021-03-24 22:51:31','2021-06-05 10:47:56'),(26,'discount_per_item','0',1,'2021-03-24 22:51:31','2021-06-05 10:47:56'),(30,'invoice_auto_generate','0',2,'2021-03-25 15:07:52','2021-09-30 16:58:44'),(31,'payment_auto_generate','0',2,'2021-03-25 15:07:52','2021-09-30 16:58:44'),(32,'estimate_auto_generate','0',2,'2021-03-25 15:07:52','2021-09-30 16:58:44'),(33,'save_pdf_to_disk','YES',2,'2021-03-25 15:07:52','2021-03-25 15:07:52'),(34,'invoice_mail_body','You have received a new invoice from <b>{COMPANY_NAME}</b>.</br>Please download using the button below:',2,'2021-03-25 15:07:52','2021-03-25 15:07:52'),(35,'estimate_mail_body','You have received a new estimate from <b>{COMPANY_NAME}</b>.</br>Please download using the button below:',2,'2021-03-25 15:07:52','2021-03-25 15:07:52'),(36,'payment_mail_body','Thank you for the payment.</b></br>Please download your payment receipt using the button below:',2,'2021-03-25 15:07:52','2021-03-25 15:07:52'),(37,'invoice_company_address_format','<p>{COMPANY_ADDRESS_STREET_1}</p><p>{COMPANY_ADDRESS_STREET_2}</p><p>{COMPANY_CITY} {COMPANY_STATE}  {COMPANY_ZIP_CODE}</p><p>{COMPANY_PHONE}</p>',2,'2021-03-25 15:07:52','2021-06-18 06:59:56'),(38,'invoice_shipping_address_format','<p>{SHIPPING_ADDRESS_STREET_1}</p><p>{SHIPPING_ADDRESS_STREET_2}</p><p>{SHIPPING_CITY} {SHIPPING_STATE} {SHIPPING_ZIP_CODE}</p><p>{SHIPPING_PHONE}</p>',2,'2021-03-25 15:07:52','2021-06-18 07:17:08'),(39,'invoice_billing_address_format','<p>{BILLING_ADDRESS_STREET_1}</p><p>{BILLING_ADDRESS_STREET_2}</p><p>{BILLING_CITY} {BILLING_STATE} {BILLING_ZIP_CODE}</p><p>{BILLING_PHONE}</p>',2,'2021-03-25 15:07:52','2021-06-18 07:17:08'),(40,'estimate_company_address_format','<h3><strong>{COMPANY_NAME}</strong></h3><p>{COMPANY_ADDRESS_STREET_1}</p><p>{COMPANY_ADDRESS_STREET_2}</p><p>{COMPANY_CITY} {COMPANY_STATE}</p><p>{COMPANY_COUNTRY}  {COMPANY_ZIP_CODE}</p><p>{COMPANY_PHONE}</p>',2,'2021-03-25 15:07:52','2021-03-25 15:07:52'),(41,'estimate_shipping_address_format','<h3>{SHIPPING_ADDRESS_NAME}</h3><p>{SHIPPING_ADDRESS_STREET_1}</p><p>{SHIPPING_ADDRESS_STREET_2}</p><p>{SHIPPING_CITY}  {SHIPPING_STATE}</p><p>{SHIPPING_COUNTRY}  {SHIPPING_ZIP_CODE}</p><p>{SHIPPING_PHONE}</p>',2,'2021-03-25 15:07:52','2021-03-25 15:07:52'),(42,'estimate_billing_address_format','<h3>{BILLING_ADDRESS_NAME}</h3><p>{BILLING_ADDRESS_STREET_1}</p><p>{BILLING_ADDRESS_STREET_2}</p><p>{BILLING_CITY}  {BILLING_STATE}</p><p>{BILLING_COUNTRY}  {BILLING_ZIP_CODE}</p><p>{BILLING_PHONE}</p>',2,'2021-03-25 15:07:52','2021-03-25 15:07:52'),(43,'payment_company_address_format','<h3><strong>{COMPANY_NAME}</strong></h3><p>{COMPANY_ADDRESS_STREET_1}</p><p>{COMPANY_ADDRESS_STREET_2}</p><p>{COMPANY_CITY} {COMPANY_STATE}</p><p>{COMPANY_COUNTRY}  {COMPANY_ZIP_CODE}</p><p>{COMPANY_PHONE}</p>',2,'2021-03-25 15:07:52','2021-03-25 15:07:52'),(44,'payment_from_customer_address_format','<h3>{BILLING_ADDRESS_NAME}</h3><p>{BILLING_ADDRESS_STREET_1}</p><p>{BILLING_ADDRESS_STREET_2}</p><p>{BILLING_CITY} {BILLING_STATE} {BILLING_ZIP_CODE}</p><p>{BILLING_COUNTRY}</p><p>{BILLING_PHONE}</p>',2,'2021-03-25 15:07:52','2021-03-25 15:07:52'),(45,'currency','12',2,'2021-03-25 15:07:52','2021-06-18 03:17:18'),(46,'time_zone','Asia/Kolkata',2,'2021-03-25 15:07:52','2021-03-25 15:07:52'),(47,'language','en',2,'2021-03-25 15:07:52','2021-03-25 15:07:52'),(48,'fiscal_year','1-12',2,'2021-03-25 15:07:52','2021-03-25 15:07:52'),(49,'carbon_date_format','d M Y',2,'2021-03-25 15:07:52','2021-06-18 03:54:42'),(50,'moment_date_format','DD MMM YYYY',2,'2021-03-25 15:07:52','2021-06-18 03:54:42'),(51,'notification_email','noreply@crater.in',2,'2021-03-25 15:07:52','2021-03-25 15:07:52'),(52,'notify_invoice_viewed','NO',2,'2021-03-25 15:07:52','2021-03-25 15:07:52'),(53,'notify_estimate_viewed','NO',2,'2021-03-25 15:07:52','2021-03-25 15:07:52'),(54,'tax_per_item','NO',2,'2021-03-25 15:07:52','2021-03-25 15:07:52'),(55,'discount_per_item','NO',2,'2021-03-25 15:07:52','2021-03-25 15:07:52'),(59,'date_format','DD MMM YYYY',1,'2021-06-03 07:30:38','2021-06-03 07:30:38'),(60,'gst_no','08CMOPP2514C1Z4',1,'2021-06-03 07:30:38','2021-06-04 06:36:35'),(61,'website','www.amarspeciality.in',1,'2021-06-03 07:30:38','2021-06-05 10:13:18'),(62,'phone1','+91-9414220874, +91-9413319707',1,'2021-06-03 07:30:38','2021-06-04 06:36:35'),(63,'gst_no','08BHYPP0088H1ZN',2,'2021-06-03 07:30:38','2021-06-18 03:17:18'),(64,'website','www.amarsuperhardtools.com',2,'2021-06-03 07:30:38','2021-06-18 03:17:18'),(65,'phone1','+91-9413319707, +91-9414220874',2,'2021-06-03 07:30:38','2021-06-18 03:17:18'),(66,'email','amar.speciality@gmail.com',1,'2021-06-03 07:30:38','2021-06-04 07:16:34'),(67,'email','amar.superhard@gmail.com',2,'2021-06-03 07:30:38','2021-06-18 03:17:18'),(71,'invoice_set_due_date_automatically','YES',1,'2022-01-14 12:51:13','2022-01-14 12:51:13'),(72,'invoice_due_date_days','7',1,'2022-01-14 12:51:13','2022-01-14 12:51:13'),(73,'estimate_set_expiry_date_automatically','YES',1,'2022-01-14 12:51:13','2022-01-14 12:51:13'),(74,'estimate_expiry_date_days','7',1,'2022-01-14 12:51:13','2022-01-14 12:51:13'),(75,'estimate_convert_action','no_action',1,'2022-01-14 12:51:13','2022-01-14 12:51:13'),(76,'bulk_exchange_rate_configured','YES',1,'2022-01-14 12:51:13','2022-01-15 06:16:03'),(77,'invoice_number_format','',1,'2022-01-14 12:51:13','2022-03-05 07:07:01'),(78,'estimate_number_format','{{SERIES:INV}}{{DELIMITER:-}}{{SEQUENCE:PMT}}',1,'2022-01-14 12:51:13','2022-01-14 13:15:17'),(79,'payment_number_format','{{SERIES:INV}}{{DELIMITER:-}}{{SEQUENCE:PMT}}',1,'2022-01-14 12:51:13','2022-01-14 13:15:17'),(92,'invoice_set_due_date_automatically','YES',2,'2022-01-14 13:25:51','2022-01-14 13:25:51'),(93,'invoice_due_date_days','7',2,'2022-01-14 13:25:51','2022-01-14 13:25:51'),(94,'estimate_set_expiry_date_automatically','YES',2,'2022-01-14 13:25:51','2022-01-14 13:25:51'),(95,'estimate_expiry_date_days','7',2,'2022-01-14 13:25:51','2022-01-14 13:25:51'),(96,'estimate_convert_action','no_action',2,'2022-01-14 13:25:51','2022-01-14 13:25:51'),(97,'bulk_exchange_rate_configured','YES',2,'2022-01-14 13:25:51','2022-01-15 06:18:49'),(98,'automatically_expire_public_links','YES',1,'2022-01-14 13:25:52','2022-01-15 06:23:47'),(99,'link_expiry_days','1',1,'2022-01-14 13:25:52','2022-01-15 06:23:47'),(100,'automatically_expire_public_links','YES',2,'2022-01-14 13:25:52','2022-01-15 06:20:59'),(101,'link_expiry_days','1',2,'2022-01-14 13:25:52','2022-01-15 06:20:59'),(102,'invoice_number_format','{{SERIES:AMR}}{{DELIMITER:-}}{{SEQUENCE:2}}',2,'2022-01-15 06:22:33','2022-01-15 06:22:33');

--
-- Table structure for table `countries`
--

CREATE TABLE `countries` (
  `id` int(10) unsigned NOT NULL AUTO_INCREMENT,
  `code` varchar(255) COLLATE utf8_unicode_ci NOT NULL,
  `name` varchar(255) COLLATE utf8_unicode_ci NOT NULL,
  `phonecode` int(11) NOT NULL,
  PRIMARY KEY (`id`),
  KEY `countries_id_index` (`id`)
) ENGINE=InnoDB AUTO_INCREMENT=247 DEFAULT CHARSET=utf8 COLLATE=utf8_unicode_ci;

--
-- Dumping data for table `countries`
--

INSERT INTO `countries` VALUES (1,'AF','Afghanistan',93),(2,'AL','Albania',355),(3,'DZ','Algeria',213),(4,'AS','American Samoa',1684),(5,'AD','Andorra',376),(6,'AO','Angola',244),(7,'AI','Anguilla',1264),(8,'AQ','Antarctica',0),(9,'AG','Antigua And Barbuda',1268),(10,'AR','Argentina',54),(11,'AM','Armenia',374),(12,'AW','Aruba',297),(13,'AU','Australia',61),(14,'AT','Austria',43),(15,'AZ','Azerbaijan',994),(16,'BS','Bahamas The',1242),(17,'BH','Bahrain',973),(18,'BD','Bangladesh',880),(19,'BB','Barbados',1246),(20,'BY','Belarus',375),(21,'BE','Belgium',32),(22,'BZ','Belize',501),(23,'BJ','Benin',229),(24,'BM','Bermuda',1441),(25,'BT','Bhutan',975),(26,'BO','Bolivia',591),(27,'BA','Bosnia and Herzegovina',387),(28,'BW','Botswana',267),(29,'BV','Bouvet Island',0),(30,'BR','Brazil',55),(31,'IO','British Indian Ocean Territory',246),(32,'BN','Brunei',673),(33,'BG','Bulgaria',359),(34,'BF','Burkina Faso',226),(35,'BI','Burundi',257),(36,'KH','Cambodia',855),(37,'CM','Cameroon',237),(38,'CA','Canada',1),(39,'CV','Cape Verde',238),(40,'KY','Cayman Islands',1345),(41,'CF','Central African Republic',236),(42,'TD','Chad',235),(43,'CL','Chile',56),(44,'CN','China',86),(45,'CX','Christmas Island',61),(46,'CC','Cocos (Keeling) Islands',672),(47,'CO','Colombia',57),(48,'KM','Comoros',269),(49,'CG','Congo',242),(50,'CD','Congo The Democratic Republic Of The',242),(51,'CK','Cook Islands',682),(52,'CR','Costa Rica',506),(53,'CI','Cote D Ivoire (Ivory Coast)',225),(54,'HR','Croatia (Hrvatska)',385),(55,'CU','Cuba',53),(56,'CY','Cyprus',357),(57,'CZ','Czech Republic',420),(58,'DK','Denmark',45),(59,'DJ','Djibouti',253),(60,'DM','Dominica',1767),(61,'DO','Dominican Republic',1809),(62,'TP','East Timor',670),(63,'EC','Ecuador',593),(64,'EG','Egypt',20),(65,'SV','El Salvador',503),(66,'GQ','Equatorial Guinea',240),(67,'ER','Eritrea',291),(68,'EE','Estonia',372),(69,'ET','Ethiopia',251),(70,'XA','External Territories of Australia',61),(71,'FK','Falkland Islands',500),(72,'FO','Faroe Islands',298),(73,'FJ','Fiji Islands',679),(74,'FI','Finland',358),(75,'FR','France',33),(76,'GF','French Guiana',594),(77,'PF','French Polynesia',689),(78,'TF','French Southern Territories',0),(79,'GA','Gabon',241),(80,'GM','Gambia The',220),(81,'GE','Georgia',995),(82,'DE','Germany',49),(83,'GH','Ghana',233),(84,'GI','Gibraltar',350),(85,'GR','Greece',30),(86,'GL','Greenland',299),(87,'GD','Grenada',1473),(88,'GP','Guadeloupe',590),(89,'GU','Guam',1671),(90,'GT','Guatemala',502),(91,'XU','Guernsey and Alderney',44),(92,'GN','Guinea',224),(93,'GW','Guinea-Bissau',245),(94,'GY','Guyana',592),(95,'HT','Haiti',509),(96,'HM','Heard and McDonald Islands',0),(97,'HN','Honduras',504),(98,'HK','Hong Kong S.A.R.',852),(99,'HU','Hungary',36),(100,'IS','Iceland',354),(101,'IN','India',91),(102,'ID','Indonesia',62),(103,'IR','Iran',98),(104,'IQ','Iraq',964),(105,'IE','Ireland',353),(106,'IL','Israel',972),(107,'IT','Italy',39),(108,'JM','Jamaica',1876),(109,'JP','Japan',81),(110,'XJ','Jersey',44),(111,'JO','Jordan',962),(112,'KZ','Kazakhstan',7),(113,'KE','Kenya',254),(114,'KI','Kiribati',686),(115,'KP','Korea North',850),(116,'KR','Korea South',82),(117,'KW','Kuwait',965),(118,'KG','Kyrgyzstan',996),(119,'LA','Laos',856),(120,'LV','Latvia',371),(121,'LB','Lebanon',961),(122,'LS','Lesotho',266),(123,'LR','Liberia',231),(124,'LY','Libya',218),(125,'LI','Liechtenstein',423),(126,'LT','Lithuania',370),(127,'LU','Luxembourg',352),(128,'MO','Macau S.A.R.',853),(129,'MK','Macedonia',389),(130,'MG','Madagascar',261),(131,'MW','Malawi',265),(132,'MY','Malaysia',60),(133,'MV','Maldives',960),(134,'ML','Mali',223),(135,'MT','Malta',356),(136,'XM','Man (Isle of)',44),(137,'MH','Marshall Islands',692),(138,'MQ','Martinique',596),(139,'MR','Mauritania',222),(140,'MU','Mauritius',230),(141,'YT','Mayotte',269),(142,'MX','Mexico',52),(143,'FM','Micronesia',691),(144,'MD','Moldova',373),(145,'MC','Monaco',377),(146,'MN','Mongolia',976),(147,'MS','Montserrat',1664),(148,'MA','Morocco',212),(149,'MZ','Mozambique',258),(150,'MM','Myanmar',95),(151,'NA','Namibia',264),(152,'NR','Nauru',674),(153,'NP','Nepal',977),(154,'AN','Netherlands Antilles',599),(155,'NL','Netherlands The',31),(156,'NC','New Caledonia',687),(157,'NZ','New Zealand',64),(158,'NI','Nicaragua',505),(159,'NE','Niger',227),(160,'NG','Nigeria',234),(161,'NU','Niue',683),(162,'NF','Norfolk Island',672),(163,'MP','Northern Mariana Islands',1670),(164,'NO','Norway',47),(165,'OM','Oman',968),(166,'PK','Pakistan',92),(167,'PW','Palau',680),(168,'PS','Palestinian Territory Occupied',970),(169,'PA','Panama',507),(170,'PG','Papua new Guinea',675),(171,'PY','Paraguay',595),(172,'PE','Peru',51),(173,'PH','Philippines',63),(174,'PN','Pitcairn Island',0),(175,'PL','Poland',48),(176,'PT','Portugal',351),(177,'PR','Puerto Rico',1787),(178,'QA','Qatar',974),(179,'RE','Reunion',262),(180,'RO','Romania',40),(181,'RU','Russia',70),(182,'RW','Rwanda',250),(183,'SH','Saint Helena',290),(184,'KN','Saint Kitts And Nevis',1869),(185,'LC','Saint Lucia',1758),(186,'PM','Saint Pierre and Miquelon',508),(187,'VC','Saint Vincent And The Grenadines',1784),(188,'WS','Samoa',684),(189,'SM','San Marino',378),(190,'ST','Sao Tome and Principe',239),(191,'SA','Saudi Arabia',966),(192,'SN','Senegal',221),(193,'RS','Serbia',381),(194,'SC','Seychelles',248),(195,'SL','Sierra Leone',232),(196,'SG','Singapore',65),(197,'SK','Slovakia',421),(198,'SI','Slovenia',386),(199,'XG','Smaller Territories of the UK',44),(200,'SB','Solomon Islands',677),(201,'SO','Somalia',252),(202,'ZA','South Africa',27),(203,'GS','South Georgia',0),(204,'SS','South Sudan',211),(205,'ES','Spain',34),(206,'LK','Sri Lanka',94),(207,'SD','Sudan',249),(208,'SR','Suriname',597),(209,'SJ','Svalbard And Jan Mayen Islands',47),(210,'SZ','Swaziland',268),(211,'SE','Sweden',46),(212,'CH','Switzerland',41),(213,'SY','Syria',963),(214,'TW','Taiwan',886),(215,'TJ','Tajikistan',992),(216,'TZ','Tanzania',255),(217,'TH','Thailand',66),(218,'TG','Togo',228),(219,'TK','Tokelau',690),(220,'TO','Tonga',676),(221,'TT','Trinidad And Tobago',1868),(222,'TN','Tunisia',216),(223,'TR','Turkey',90),(224,'TM','Turkmenistan',7370),(225,'TC','Turks And Caicos Islands',1649),(226,'TV','Tuvalu',688),(227,'UG','Uganda',256),(228,'UA','Ukraine',380),(229,'AE','United Arab Emirates',971),(230,'GB','United Kingdom',44),(231,'US','United States',1),(232,'UM','United States Minor Outlying Islands',1),(233,'UY','Uruguay',598),(234,'UZ','Uzbekistan',998),(235,'VU','Vanuatu',678),(236,'VA','Vatican City State (Holy See)',39),(237,'VE','Venezuela',58),(238,'VN','Vietnam',84),(239,'VG','Virgin Islands (British)',1284),(240,'VI','Virgin Islands (US)',1340),(241,'WF','Wallis And Futuna Islands',681),(242,'EH','Western Sahara',212),(243,'YE','Yemen',967),(244,'YU','Yugoslavia',38),(245,'ZM','Zambia',260),(246,'ZW','Zimbabwe',263);

--
-- Table structure for table `currencies`
--

CREATE TABLE `currencies` (
  `id` int(10) unsigned NOT NULL AUTO_INCREMENT,
  `name` varchar(255) COLLATE utf8_unicode_ci NOT NULL,
  `code` varchar(255) COLLATE utf8_unicode_ci NOT NULL,
  `symbol` varchar(255) COLLATE utf8_unicode_ci DEFAULT NULL,
  `precision` int(11) NOT NULL,
  `thousand_separator` varchar(255) COLLATE utf8_unicode_ci NOT NULL,
  `decimal_separator` varchar(255) COLLATE utf8_unicode_ci NOT NULL,
  `swap_currency_symbol` tinyint(1) NOT NULL DEFAULT '0',
  `created_at` timestamp NULL DEFAULT NULL,
  `updated_at` timestamp NULL DEFAULT NULL,
  PRIMARY KEY (`id`)
) ENGINE=InnoDB AUTO_INCREMENT=67 DEFAULT CHARSET=utf8 COLLATE=utf8_unicode_ci;

--
-- Dumping data for table `currencies`
--

INSERT INTO `currencies` VALUES (1,'US Dollar','USD','$',2,',','.',0,'2021-03-24 22:51:30','2021-03-24 22:51:30'),(2,'British Pound','GBP','£',2,',','.',0,'2021-03-24 22:51:30','2021-03-24 22:51:30'),(3,'Euro','EUR','€',2,'.',',',0,'2021-03-24 22:51:30','2021-03-24 22:51:30'),(4,'South African Rand','ZAR','R',2,'.',',',0,'2021-03-24 22:51:30','2021-03-24 22:51:30'),(5,'Danish Krone','DKK','kr',2,'.',',',1,'2021-03-24 22:51:30','2021-03-24 22:51:30'),(6,'Israeli Shekel','ILS','NIS ',2,',','.',0,'2021-03-24 22:51:30','2021-03-24 22:51:30'),(7,'Swedish Krona','SEK','kr',2,'.',',',1,'2021-03-24 22:51:30','2021-03-24 22:51:30'),(8,'Kenyan Shilling','KES','KSh ',2,',','.',0,'2021-03-24 22:51:30','2021-03-24 22:51:30'),(9,'Kuwaiti Dinar','KWD','KWD ',3,',','.',0,'2021-03-24 22:51:30','2021-03-24 22:51:30'),(10,'Canadian Dollar','CAD','C$',2,',','.',0,'2021-03-24 22:51:30','2021-03-24 22:51:30'),(11,'Philippine Peso','PHP','P ',2,',','.',0,'2021-03-24 22:51:30','2021-03-24 22:51:30'),(12,'Indian Rupee','INR','₹',2,',','.',0,'2021-03-24 22:51:30','2021-03-24 22:51:30'),(13,'Australian Dollar','AUD','$',2,',','.',0,'2021-03-24 22:51:30','2021-03-24 22:51:30'),(14,'Singapore Dollar','SGD','S$',2,',','.',0,'2021-03-24 22:51:30','2021-03-24 22:51:30'),(15,'Norske Kroner','NOK','kr',2,'.',',',1,'2021-03-24 22:51:30','2021-03-24 22:51:30'),(16,'New Zealand Dollar','NZD','$',2,',','.',0,'2021-03-24 22:51:30','2021-03-24 22:51:30'),(17,'Vietnamese Dong','VND','₫',0,'.',',',0,'2021-03-24 22:51:30','2021-03-24 22:51:30'),(18,'Swiss Franc','CHF','Fr.',2,'\'','.',0,'2021-03-24 22:51:30','2021-03-24 22:51:30'),(19,'Guatemalan Quetzal','GTQ','Q',2,',','.',0,'2021-03-24 22:51:30','2021-03-24 22:51:30'),(20,'Malaysian Ringgit','MYR','RM',2,',','.',0,'2021-03-24 22:51:30','2021-03-24 22:51:30'),(21,'Brazilian Real','BRL','R$',2,'.',',',0,'2021-03-24 22:51:30','2021-03-24 22:51:30'),(22,'Thai Baht','THB','฿',2,',','.',0,'2021-03-24 22:51:30','2021-03-24 22:51:30'),(23,'Nigerian Naira','NGN','₦',2,',','.',0,'2021-03-24 22:51:30','2021-03-24 22:51:30'),(24,'Argentine Peso','ARS','$',2,'.',',',0,'2021-03-24 22:51:30','2021-03-24 22:51:30'),(25,'Bangladeshi Taka','BDT','Tk',2,',','.',0,'2021-03-24 22:51:30','2021-03-24 22:51:30'),(26,'United Arab Emirates Dirham','AED','DH ',2,',','.',0,'2021-03-24 22:51:30','2021-03-24 22:51:30'),(27,'Hong Kong Dollar','HKD','HK$',2,',','.',0,'2021-03-24 22:51:30','2021-03-24 22:51:30'),(28,'Indonesian Rupiah','IDR','Rp',2,',','.',0,'2021-03-24 22:51:30','2021-03-24 22:51:30'),(29,'Mexican Peso','MXN','$',2,',','.',0,'2021-03-24 22:51:30','2021-03-24 22:51:30'),(30,'Egyptian Pound','EGP','E£',2,',','.',0,'2021-03-24 22:51:30','2021-03-24 22:51:30'),(31,'Colombian Peso','COP','$',2,'.',',',0,'2021-03-24 22:51:30','2021-03-24 22:51:30'),(32,'West African Franc','XOF','CFA ',2,',','.',0,'2021-03-24 22:51:30','2021-03-24 22:51:30'),(33,'Chinese Renminbi','CNY','RMB ',2,',','.',0,'2021-03-24 22:51:30','2021-03-24 22:51:30'),(34,'Rwandan Franc','RWF','RF ',2,',','.',0,'2021-03-24 22:51:30','2021-03-24 22:51:30'),(35,'Tanzanian Shilling','TZS','TSh ',2,',','.',0,'2021-03-24 22:51:30','2021-03-24 22:51:30'),(36,'Netherlands Antillean Guilder','ANG','NAƒ',2,'.',',',0,'2021-03-24 22:51:30','2021-03-24 22:51:30'),(37,'Trinidad and Tobago Dollar','TTD','TT$',2,',','.',0,'2021-03-24 22:51:30','2021-03-24 22:51:30'),(38,'East Caribbean Dollar','XCD','EC$',2,',','.',0,'2021-03-24 22:51:30','2021-03-24 22:51:30'),(39,'Ghanaian Cedi','GHS','‎GH₵',2,',','.',0,'2021-03-24 22:51:30','2021-03-24 22:51:30'),(40,'Bulgarian Lev','BGN','Лв.',2,' ','.',0,'2021-03-24 22:51:30','2021-03-24 22:51:30'),(41,'Aruban Florin','AWG','Afl. ',2,' ','.',0,'2021-03-24 22:51:30','2021-03-24 22:51:30'),(42,'Turkish Lira','TRY','TL ',2,'.',',',0,'2021-03-24 22:51:30','2021-03-24 22:51:30'),(43,'Romanian New Leu','RON','RON',2,',','.',0,'2021-03-24 22:51:30','2021-03-24 22:51:30'),(44,'Croatian Kuna','HRK','kn',2,'.',',',0,'2021-03-24 22:51:30','2021-03-24 22:51:30'),(45,'Saudi Riyal','SAR','‎SِAR',2,',','.',0,'2021-03-24 22:51:30','2021-03-24 22:51:30'),(46,'Japanese Yen','JPY','¥',0,',','.',0,'2021-03-24 22:51:30','2021-03-24 22:51:30'),(47,'Maldivian Rufiyaa','MVR','Rf',2,',','.',0,'2021-03-24 22:51:30','2021-03-24 22:51:30'),(48,'Costa Rican Colón','CRC','₡',2,',','.',0,'2021-03-24 22:51:30','2021-03-24 22:51:30'),(49,'Pakistani Rupee','PKR','Rs ',0,',','.',0,'2021-03-24 22:51:30','2021-03-24 22:51:30'),(50,'Polish Zloty','PLN','zł',2,' ',',',1,'2021-03-24 22:51:30','2021-03-24 22:51:30'),(51,'Sri Lankan Rupee','LKR','LKR',2,',','.',1,'2021-03-24 22:51:30','2021-03-24 22:51:30'),(52,'Czech Koruna','CZK','Kč',2,' ',',',1,'2021-03-24 22:51:30','2021-03-24 22:51:30'),(53,'Uruguayan Peso','UYU','$',2,'.',',',0,'2021-03-24 22:51:30','2021-03-24 22:51:30'),(54,'Namibian Dollar','NAD','$',2,',','.',0,'2021-03-24 22:51:30','2021-03-24 22:51:30'),(55,'Tunisian Dinar','TND','‎د.ت',2,',','.',0,'2021-03-24 22:51:30','2021-03-24 22:51:30'),(56,'Russian Ruble','RUB','₽',2,',','.',0,'2021-03-24 22:51:30','2021-03-24 22:51:30'),(57,'Mozambican Metical','MZN','MT',2,'.',',',1,'2021-03-24 22:51:30','2021-03-24 22:51:30'),(58,'Omani Rial','OMR','ر.ع.',2,',','.',0,'2021-03-24 22:51:30','2021-03-24 22:51:30'),(59,'Ukrainian Hryvnia','UAH','₴',2,',','.',0,'2021-03-24 22:51:30','2021-03-24 22:51:30'),(60,'Macanese Pataca','MOP','MOP$',2,',','.',0,'2021-03-24 22:51:30','2021-03-24 22:51:30'),(61,'Taiwan New Dollar','TWD','NT$',2,',','.',0,'2021-03-24 22:51:30','2021-03-24 22:51:30'),(62,'Dominican Peso','DOP','RD$',2,',','.',0,'2021-03-24 22:51:30','2021-03-24 22:51:30'),(63,'Chilean Peso','CLP','$',2,'.',',',0,'2021-03-24 22:51:30','2021-03-24 22:51:30'),(64,'Serbian Dinar','RSD','RSD',2,'.',',',0,'2021-03-24 22:51:30','2021-03-24 22:51:30'),(65,'Kyrgyzstani som','KGS','С̲ ',2,'.',',',0,'2021-03-24 22:51:30','2021-03-24 22:51:30'),(66,'Iraqi Dinar','IQD','ع.د',2,',','.',0,'2021-03-24 22:51:30','2021-03-24 22:51:30');

--
-- Table structure for table `custom_field_values`
--

CREATE TABLE `custom_field_values` (
  `id` bigint(20) unsigned NOT NULL AUTO_INCREMENT,
  `custom_field_valuable_type` varchar(255) COLLATE utf8_unicode_ci NOT NULL,
  `custom_field_valuable_id` int(10) unsigned NOT NULL,
  `type` varchar(255) COLLATE utf8_unicode_ci NOT NULL,
  `boolean_answer` tinyint(1) DEFAULT NULL,
  `date_answer` date DEFAULT NULL,
  `time_answer` time DEFAULT NULL,
  `string_answer` text COLLATE utf8_unicode_ci,
  `number_answer` bigint(20) unsigned DEFAULT NULL,
  `date_time_answer` datetime DEFAULT NULL,
  `custom_field_id` bigint(20) unsigned NOT NULL,
  `company_id` int(10) unsigned NOT NULL,
  `created_at` timestamp NULL DEFAULT NULL,
  `updated_at` timestamp NULL DEFAULT NULL,
  PRIMARY KEY (`id`),
  KEY `custom_field_values_custom_field_id_foreign` (`custom_field_id`),
  KEY `custom_field_values_company_id_foreign` (`company_id`),
  CONSTRAINT `custom_field_values_company_id_foreign` FOREIGN KEY (`company_id`) REFERENCES `companies` (`id`),
  CONSTRAINT `custom_field_values_custom_field_id_foreign` FOREIGN KEY (`custom_field_id`) REFERENCES `custom_fields` (`id`)
) ENGINE=InnoDB AUTO_INCREMENT=763 DEFAULT CHARSET=utf8 COLLATE=utf8_unicode_ci;

--
-- Dumping data for table `custom_field_values`
--

INSERT INTO `custom_field_values` VALUES (1,'Crater\\Models\\Customer',1,'Input',NULL,NULL,NULL,'GhhFffcvhh',NULL,NULL,1,1,'2021-03-25 17:19:30','2022-01-14 12:50:59'),(2,'Crater\\Models\\Invoice',2,'Input',NULL,NULL,NULL,'Transport',NULL,NULL,3,1,'2021-06-04 02:21:01','2021-06-04 09:33:16'),(3,'Crater\\Models\\Invoice',2,'Input',NULL,NULL,NULL,'Eway',NULL,NULL,2,1,'2021-06-04 02:21:01','2021-06-04 09:33:16'),(4,'Crater\\Models\\Invoice',3,'Input',NULL,NULL,NULL,NULL,NULL,NULL,3,1,'2021-06-04 06:01:22','2021-06-04 06:01:22'),(5,'Crater\\Models\\Invoice',3,'Input',NULL,NULL,NULL,NULL,NULL,NULL,2,1,'2021-06-04 06:01:22','2021-06-04 06:01:22'),(6,'Crater\\Models\\Customer',2,'Input',NULL,NULL,NULL,'08AAOCS5562N1Z1',NULL,NULL,1,1,'2021-06-04 10:24:26','2022-01-14 12:51:00'),(7,'Crater\\Models\\Invoice',4,'Input',NULL,NULL,NULL,NULL,NULL,NULL,3,1,'2021-06-04 10:26:02','2021-06-04 10:26:02'),(8,'Crater\\Models\\Invoice',4,'Input',NULL,NULL,NULL,NULL,NULL,NULL,2,1,'2021-06-04 10:26:02','2021-06-04 10:26:02'),(9,'Crater\\Models\\Customer',3,'Input',NULL,NULL,NULL,'08aaxfm4323k1zq',NULL,NULL,1,1,'2021-06-04 10:53:26','2022-01-14 12:51:00'),(10,'Crater\\Models\\Customer',4,'Input',NULL,NULL,NULL,'08aaacj3347a1z1',NULL,NULL,1,1,'2021-06-04 10:57:23','2022-01-14 12:51:00'),(11,'Crater\\Models\\Customer',5,'Input',NULL,NULL,NULL,'08aaccc1979r1zx',NULL,NULL,1,1,'2021-06-04 11:00:14','2022-01-14 12:51:00'),(12,'Crater\\Models\\Customer',6,'Input',NULL,NULL,NULL,'08ADCPM1252B1Z5',NULL,NULL,1,1,'2021-06-04 11:02:08','2022-01-14 12:51:00'),(13,'Crater\\Models\\Customer',7,'Input',NULL,NULL,NULL,'08AAOFR0882M1Z1',NULL,NULL,1,1,'2021-06-04 11:03:58','2022-01-14 12:51:00'),(14,'Crater\\Models\\Customer',8,'Input',NULL,NULL,NULL,'08Aaaco0429q1z6',NULL,NULL,1,1,'2021-06-04 11:06:19','2022-01-14 12:51:00'),(15,'Crater\\Models\\Customer',9,'Input',NULL,NULL,NULL,'08Cqups5093R1zc',NULL,NULL,1,1,'2021-06-04 11:09:29','2022-01-14 12:51:00'),(16,'Crater\\Models\\Customer',10,'Input',NULL,NULL,NULL,'08AAFCB1596C1Z1',NULL,NULL,1,1,'2021-06-04 11:11:30','2022-01-14 12:51:00'),(17,'Crater\\Models\\Customer',11,'Input',NULL,NULL,NULL,'08AAhcm0469p1zv',NULL,NULL,1,1,'2021-06-04 11:13:47','2022-01-14 12:51:00'),(18,'Crater\\Models\\Customer',12,'Input',NULL,NULL,NULL,'08Apypc2674m1z5',NULL,NULL,1,1,'2021-06-04 11:15:38','2022-01-14 12:51:00'),(19,'Crater\\Models\\Customer',13,'Input',NULL,NULL,NULL,'08acffs3566e1z0',NULL,NULL,1,1,'2021-06-04 11:19:17','2022-01-14 12:51:00'),(20,'Crater\\Models\\Customer',14,'Input',NULL,NULL,NULL,'08adypt0556f1zz',NULL,NULL,1,1,'2021-06-05 01:02:28','2022-01-14 12:51:00'),(21,'Crater\\Models\\Invoice',5,'Input',NULL,NULL,NULL,NULL,NULL,NULL,3,1,'2021-06-05 06:16:35','2021-06-05 06:16:35'),(22,'Crater\\Models\\Invoice',5,'Input',NULL,NULL,NULL,NULL,NULL,NULL,2,1,'2021-06-05 06:16:35','2021-06-05 06:16:35'),(23,'Crater\\Models\\Invoice',6,'Input',NULL,NULL,NULL,NULL,NULL,NULL,3,1,'2021-06-05 09:17:00','2021-06-05 09:17:00'),(24,'Crater\\Models\\Invoice',6,'Input',NULL,NULL,NULL,NULL,NULL,NULL,2,1,'2021-06-05 09:17:00','2021-06-05 09:17:00'),(25,'Crater\\Models\\Customer',15,'Input',NULL,NULL,NULL,'08acjpt5453f1za',NULL,NULL,1,1,'2021-06-05 09:34:04','2022-01-14 12:51:01'),(26,'Crater\\Models\\Customer',16,'Input',NULL,NULL,NULL,'08aasfg0017h1zh',NULL,NULL,1,1,'2021-06-05 09:52:43','2022-01-14 12:51:01'),(27,'Crater\\Models\\Invoice',7,'Input',NULL,NULL,NULL,NULL,NULL,NULL,3,1,'2021-06-05 09:55:24','2021-06-05 09:55:24'),(28,'Crater\\Models\\Invoice',7,'Input',NULL,NULL,NULL,NULL,NULL,NULL,2,1,'2021-06-05 09:55:24','2021-06-05 09:55:24'),(29,'Crater\\Models\\Invoice',8,'Input',NULL,NULL,NULL,NULL,NULL,NULL,3,1,'2021-06-05 10:12:31','2021-06-05 10:12:31'),(30,'Crater\\Models\\Invoice',8,'Input',NULL,NULL,NULL,NULL,NULL,NULL,2,1,'2021-06-05 10:12:31','2021-06-05 10:12:31'),(31,'Crater\\Models\\Invoice',9,'Input',NULL,NULL,NULL,NULL,NULL,NULL,3,1,'2021-06-05 10:14:44','2021-06-05 10:14:44'),(32,'Crater\\Models\\Invoice',9,'Input',NULL,NULL,NULL,NULL,NULL,NULL,2,1,'2021-06-05 10:14:44','2021-06-05 10:14:44'),(33,'Crater\\Models\\Invoice',10,'Input',NULL,NULL,NULL,NULL,NULL,NULL,3,1,'2021-06-05 10:16:47','2021-06-05 10:16:47'),(34,'Crater\\Models\\Invoice',10,'Input',NULL,NULL,NULL,NULL,NULL,NULL,2,1,'2021-06-05 10:16:47','2021-06-05 10:16:47'),(35,'Crater\\Models\\Invoice',11,'Input',NULL,NULL,NULL,NULL,NULL,NULL,3,1,'2021-06-05 10:51:20','2021-06-05 10:51:20'),(36,'Crater\\Models\\Invoice',11,'Input',NULL,NULL,NULL,NULL,NULL,NULL,2,1,'2021-06-05 10:51:20','2021-06-05 10:51:20'),(37,'Crater\\Models\\Invoice',12,'Input',NULL,NULL,NULL,NULL,NULL,NULL,3,1,'2021-06-05 10:59:48','2021-06-05 10:59:48'),(38,'Crater\\Models\\Invoice',12,'Input',NULL,NULL,NULL,NULL,NULL,NULL,2,1,'2021-06-05 10:59:48','2021-06-05 10:59:48'),(39,'Crater\\Models\\Invoice',13,'Input',NULL,NULL,NULL,NULL,NULL,NULL,3,1,'2021-06-05 11:04:28','2021-06-05 11:04:28'),(40,'Crater\\Models\\Invoice',13,'Input',NULL,NULL,NULL,NULL,NULL,NULL,2,1,'2021-06-05 11:04:28','2021-06-05 11:04:28'),(41,'Crater\\Models\\Invoice',14,'Input',NULL,NULL,NULL,NULL,NULL,NULL,3,1,'2021-06-05 11:08:29','2021-06-05 11:08:29'),(42,'Crater\\Models\\Invoice',14,'Input',NULL,NULL,NULL,NULL,NULL,NULL,2,1,'2021-06-05 11:08:29','2021-06-05 11:08:29'),(43,'Crater\\Models\\Invoice',15,'Input',NULL,NULL,NULL,NULL,NULL,NULL,3,1,'2021-06-05 11:17:05','2021-06-05 11:17:05'),(44,'Crater\\Models\\Invoice',15,'Input',NULL,NULL,NULL,NULL,NULL,NULL,2,1,'2021-06-05 11:17:05','2021-06-05 11:17:05'),(45,'Crater\\Models\\Invoice',16,'Input',NULL,NULL,NULL,NULL,NULL,NULL,3,1,'2021-06-05 11:28:49','2021-06-05 11:28:49'),(46,'Crater\\Models\\Invoice',16,'Input',NULL,NULL,NULL,NULL,NULL,NULL,2,1,'2021-06-05 11:28:49','2021-06-05 11:28:49'),(47,'Crater\\Models\\Customer',17,'Input',NULL,NULL,NULL,'08aaefl3300l1zh',NULL,NULL,1,1,'2021-06-10 05:05:49','2022-01-14 12:51:01'),(48,'Crater\\Models\\Invoice',17,'Input',NULL,NULL,NULL,NULL,NULL,NULL,3,1,'2021-06-10 05:17:46','2021-06-10 05:17:46'),(49,'Crater\\Models\\Invoice',17,'Input',NULL,NULL,NULL,NULL,NULL,NULL,2,1,'2021-06-10 05:17:46','2021-06-10 05:17:46'),(50,'Crater\\Models\\Invoice',18,'Input',NULL,NULL,NULL,NULL,NULL,NULL,3,1,'2021-06-10 05:45:57','2021-06-10 05:45:57'),(51,'Crater\\Models\\Invoice',18,'Input',NULL,NULL,NULL,NULL,NULL,NULL,2,1,'2021-06-10 05:45:57','2021-06-10 05:45:57'),(52,'Crater\\Models\\Customer',18,'Input',NULL,NULL,NULL,'08adcpm1286d1zr',NULL,NULL,1,1,'2021-06-10 05:57:40','2022-01-14 12:51:01'),(53,'Crater\\Models\\Invoice',19,'Input',NULL,NULL,NULL,NULL,NULL,NULL,3,1,'2021-06-10 06:04:21','2021-06-10 06:04:21'),(54,'Crater\\Models\\Invoice',19,'Input',NULL,NULL,NULL,NULL,NULL,NULL,2,1,'2021-06-10 06:04:21','2021-06-10 06:04:21'),(55,'Crater\\Models\\Customer',19,'Input',NULL,NULL,NULL,'08ahcpk8996q1z7',NULL,NULL,1,1,'2021-06-10 07:03:46','2022-01-14 12:51:01'),(56,'Crater\\Models\\Invoice',20,'Input',NULL,NULL,NULL,NULL,NULL,NULL,3,1,'2021-06-10 07:20:36','2021-06-10 07:20:36'),(57,'Crater\\Models\\Invoice',20,'Input',NULL,NULL,NULL,NULL,NULL,NULL,2,1,'2021-06-10 07:20:36','2021-06-10 07:20:36'),(58,'Crater\\Models\\Customer',20,'Input',NULL,NULL,NULL,'08aagft7645a1z6',NULL,NULL,1,1,'2021-06-12 05:09:14','2022-01-14 12:51:01'),(59,'Crater\\Models\\Invoice',21,'Input',NULL,NULL,NULL,NULL,NULL,NULL,3,1,'2021-06-12 05:12:54','2021-06-12 05:12:54'),(60,'Crater\\Models\\Invoice',21,'Input',NULL,NULL,NULL,NULL,NULL,NULL,2,1,'2021-06-12 05:12:54','2021-06-12 05:12:54'),(61,'Crater\\Models\\Customer',21,'Input',NULL,NULL,NULL,'08abbfr6272p1zj',NULL,NULL,1,1,'2021-06-13 11:07:07','2022-01-14 12:51:01'),(62,'Crater\\Models\\Invoice',22,'Input',NULL,NULL,NULL,NULL,NULL,NULL,3,1,'2021-06-13 11:18:43','2021-06-13 11:18:43'),(63,'Crater\\Models\\Invoice',22,'Input',NULL,NULL,NULL,NULL,NULL,NULL,2,1,'2021-06-13 11:18:43','2021-06-13 11:18:43'),(64,'Crater\\Models\\Customer',22,'Input',NULL,NULL,NULL,'08axmpr5547g1zx',NULL,NULL,1,1,'2021-06-14 10:32:14','2022-01-14 12:51:01'),(65,'Crater\\Models\\Invoice',23,'Input',NULL,NULL,NULL,NULL,NULL,NULL,3,1,'2021-06-14 10:33:37','2021-06-14 10:33:37'),(66,'Crater\\Models\\Invoice',23,'Input',NULL,NULL,NULL,NULL,NULL,NULL,2,1,'2021-06-14 10:33:37','2021-06-14 10:33:37'),(67,'Crater\\Models\\Invoice',24,'Input',NULL,NULL,NULL,NULL,NULL,NULL,3,1,'2021-06-16 04:26:16','2021-06-16 04:26:16'),(68,'Crater\\Models\\Invoice',24,'Input',NULL,NULL,NULL,NULL,NULL,NULL,2,1,'2021-06-16 04:26:16','2021-06-16 04:26:16'),(69,'Crater\\Models\\Customer',23,'Input',NULL,NULL,NULL,'08aycpn3085c1zk',NULL,NULL,1,1,'2021-06-16 09:30:24','2022-01-14 12:51:01'),(70,'Crater\\Models\\Invoice',25,'Input',NULL,NULL,NULL,NULL,NULL,NULL,3,1,'2021-06-16 09:43:13','2021-06-16 09:43:13'),(71,'Crater\\Models\\Invoice',25,'Input',NULL,NULL,NULL,NULL,NULL,NULL,2,1,'2021-06-16 09:43:13','2021-06-16 09:43:13'),(72,'Crater\\Models\\Customer',24,'Input',NULL,NULL,NULL,'08AABCA2420N1ZU',NULL,NULL,4,2,'2021-06-18 03:51:17','2022-01-14 12:51:01'),(73,'Crater\\Models\\Invoice',26,'Input',NULL,NULL,NULL,NULL,NULL,NULL,5,2,'2021-06-18 03:56:31','2021-06-18 03:56:31'),(74,'Crater\\Models\\Invoice',27,'Input',NULL,NULL,NULL,NULL,NULL,NULL,5,2,'2021-06-18 04:06:51','2021-06-18 04:06:51'),(75,'Crater\\Models\\Invoice',28,'Input',NULL,NULL,NULL,NULL,NULL,NULL,5,2,'2021-06-18 04:09:31','2021-06-18 04:09:31'),(76,'Crater\\Models\\Invoice',29,'Input',NULL,NULL,NULL,NULL,NULL,NULL,5,2,'2021-06-18 06:23:55','2021-06-18 06:23:55'),(77,'Crater\\Models\\Invoice',29,'Input',NULL,NULL,NULL,NULL,NULL,NULL,6,2,'2021-06-18 07:13:47','2021-06-18 07:13:47'),(78,'Crater\\Models\\Invoice',30,'Input',NULL,NULL,NULL,NULL,NULL,NULL,6,2,'2021-06-18 07:15:04','2021-06-18 07:15:04'),(79,'Crater\\Models\\Invoice',30,'Input',NULL,NULL,NULL,NULL,NULL,NULL,5,2,'2021-06-18 07:15:04','2021-06-18 07:15:04'),(80,'Crater\\Models\\Customer',25,'Input',NULL,NULL,NULL,'08afjpt7161d1z7',NULL,NULL,1,1,'2021-06-19 03:43:18','2022-01-14 12:51:01'),(81,'Crater\\Models\\Invoice',31,'Input',NULL,NULL,NULL,NULL,NULL,NULL,3,1,'2021-06-19 07:13:35','2021-06-19 07:13:35'),(82,'Crater\\Models\\Invoice',31,'Input',NULL,NULL,NULL,NULL,NULL,NULL,2,1,'2021-06-19 07:13:35','2021-06-19 07:13:35'),(83,'Crater\\Models\\Customer',26,'Input',NULL,NULL,NULL,'08achfs6434m1zk',NULL,NULL,1,1,'2021-06-20 09:03:30','2022-01-14 12:51:01'),(84,'Crater\\Models\\Invoice',32,'Input',NULL,NULL,NULL,NULL,NULL,NULL,3,1,'2021-06-20 09:07:03','2021-06-20 09:07:03'),(85,'Crater\\Models\\Invoice',32,'Input',NULL,NULL,NULL,NULL,NULL,NULL,2,1,'2021-06-20 09:07:03','2021-06-20 09:07:03'),(86,'Crater\\Models\\Customer',27,'Input',NULL,NULL,NULL,'08aadcp9656r1zd',NULL,NULL,1,1,'2021-06-20 10:48:40','2022-01-14 12:51:01'),(87,'Crater\\Models\\Invoice',33,'Input',NULL,NULL,NULL,NULL,NULL,NULL,3,1,'2021-06-20 10:50:26','2021-06-20 10:50:26'),(88,'Crater\\Models\\Invoice',33,'Input',NULL,NULL,NULL,NULL,NULL,NULL,2,1,'2021-06-20 10:50:26','2021-06-20 10:50:26'),(89,'Crater\\Models\\Customer',28,'Input',NULL,NULL,NULL,'08lfbps1408f1zf',NULL,NULL,1,1,'2021-06-24 08:38:34','2022-01-14 12:51:02'),(90,'Crater\\Models\\Invoice',34,'Input',NULL,NULL,NULL,NULL,NULL,NULL,3,1,'2021-06-24 08:43:24','2021-06-24 08:43:24'),(91,'Crater\\Models\\Invoice',34,'Input',NULL,NULL,NULL,NULL,NULL,NULL,2,1,'2021-06-24 08:43:24','2021-06-24 08:43:24'),(92,'Crater\\Models\\Invoice',35,'Input',NULL,NULL,NULL,NULL,NULL,NULL,3,1,'2021-06-25 01:58:14','2021-06-25 01:58:14'),(93,'Crater\\Models\\Invoice',35,'Input',NULL,NULL,NULL,NULL,NULL,NULL,2,1,'2021-06-25 01:58:14','2021-06-25 01:58:14'),(94,'Crater\\Models\\Customer',29,'Input',NULL,NULL,NULL,'08bjdps3392c1z5',NULL,NULL,1,1,'2021-06-28 06:32:58','2022-01-14 12:51:02'),(95,'Crater\\Models\\Invoice',36,'Input',NULL,NULL,NULL,NULL,NULL,NULL,3,1,'2021-06-28 06:35:09','2021-06-28 06:35:09'),(96,'Crater\\Models\\Invoice',36,'Input',NULL,NULL,NULL,NULL,NULL,NULL,2,1,'2021-06-28 06:35:09','2021-06-28 06:35:09'),(97,'Crater\\Models\\Customer',30,'Input',NULL,NULL,NULL,'08acapb8252b2z5',NULL,NULL,1,1,'2021-06-28 10:32:25','2022-01-14 12:51:02'),(98,'Crater\\Models\\Invoice',37,'Input',NULL,NULL,NULL,NULL,NULL,NULL,3,1,'2021-06-28 10:37:43','2021-06-28 10:37:43'),(99,'Crater\\Models\\Invoice',37,'Input',NULL,NULL,NULL,NULL,NULL,NULL,2,1,'2021-06-28 10:37:43','2021-06-28 10:37:43'),(100,'Crater\\Models\\Invoice',38,'Input',NULL,NULL,NULL,NULL,NULL,NULL,3,1,'2021-06-29 04:24:12','2021-06-29 04:24:12'),(101,'Crater\\Models\\Invoice',38,'Input',NULL,NULL,NULL,NULL,NULL,NULL,2,1,'2021-06-29 04:24:12','2021-06-29 04:24:12'),(102,'Crater\\Models\\Customer',31,'Input',NULL,NULL,NULL,'08AJQPG6747H1ZQ',NULL,NULL,4,2,'2021-06-29 07:20:37','2022-01-14 12:51:02'),(103,'Crater\\Models\\Invoice',39,'Input',NULL,NULL,NULL,NULL,NULL,NULL,6,2,'2021-06-29 07:22:37','2021-06-29 07:22:37'),(104,'Crater\\Models\\Invoice',39,'Input',NULL,NULL,NULL,NULL,NULL,NULL,5,2,'2021-06-29 07:22:37','2021-06-29 07:22:37'),(105,'Crater\\Models\\Invoice',40,'Input',NULL,NULL,NULL,NULL,NULL,NULL,3,1,'2021-07-03 03:25:25','2021-07-03 03:25:25'),(106,'Crater\\Models\\Invoice',40,'Input',NULL,NULL,NULL,NULL,NULL,NULL,2,1,'2021-07-03 03:25:25','2021-07-03 03:25:25'),(107,'Crater\\Models\\Customer',32,'Input',NULL,NULL,NULL,'08AAFCS5548D1ZA',NULL,NULL,4,2,'2021-07-06 08:39:02','2022-01-14 12:51:02'),(108,'Crater\\Models\\Customer',33,'Input',NULL,NULL,NULL,'08AABCM0877H1ZE',NULL,NULL,4,2,'2021-07-06 08:44:13','2022-01-14 12:51:02'),(109,'Crater\\Models\\Customer',34,'Input',NULL,NULL,NULL,'08AAHCS6029H1Z6',NULL,NULL,4,2,'2021-07-06 08:51:41','2022-01-14 12:51:02'),(110,'Crater\\Models\\Invoice',41,'Input',NULL,NULL,NULL,NULL,NULL,NULL,6,2,'2021-07-06 08:54:21','2021-07-06 08:54:21'),(111,'Crater\\Models\\Invoice',41,'Input',NULL,NULL,NULL,NULL,NULL,NULL,5,2,'2021-07-06 08:54:21','2021-07-06 08:54:21'),(112,'Crater\\Models\\Invoice',42,'Input',NULL,NULL,NULL,NULL,NULL,NULL,6,2,'2021-07-06 11:36:01','2021-07-06 11:36:01'),(113,'Crater\\Models\\Invoice',42,'Input',NULL,NULL,NULL,NULL,NULL,NULL,5,2,'2021-07-06 11:36:01','2021-07-06 11:36:01'),(114,'Crater\\Models\\Invoice',43,'Input',NULL,NULL,NULL,NULL,NULL,NULL,6,2,'2021-07-06 11:37:05','2021-07-06 11:37:05'),(115,'Crater\\Models\\Invoice',43,'Input',NULL,NULL,NULL,NULL,NULL,NULL,5,2,'2021-07-06 11:37:05','2021-07-06 11:37:05'),(116,'Crater\\Models\\Invoice',44,'Input',NULL,NULL,NULL,NULL,NULL,NULL,3,1,'2021-07-07 12:45:06','2021-07-07 12:45:06'),(117,'Crater\\Models\\Invoice',44,'Input',NULL,NULL,NULL,NULL,NULL,NULL,2,1,'2021-07-07 12:45:06','2021-07-07 12:45:06'),(118,'Crater\\Models\\Customer',35,'Input',NULL,NULL,NULL,'08aftpr8627l1zd',NULL,NULL,1,1,'2021-07-08 09:25:49','2022-01-14 12:51:02'),(119,'Crater\\Models\\Invoice',45,'Input',NULL,NULL,NULL,NULL,NULL,NULL,3,1,'2021-07-08 10:57:29','2021-07-08 10:57:29'),(120,'Crater\\Models\\Invoice',45,'Input',NULL,NULL,NULL,NULL,NULL,NULL,2,1,'2021-07-08 10:57:29','2021-07-08 10:57:29'),(121,'Crater\\Models\\Invoice',46,'Input',NULL,NULL,NULL,NULL,NULL,NULL,3,1,'2021-07-11 02:13:05','2021-07-11 02:13:05'),(122,'Crater\\Models\\Invoice',46,'Input',NULL,NULL,NULL,NULL,NULL,NULL,2,1,'2021-07-11 02:13:05','2021-07-11 02:13:05'),(123,'Crater\\Models\\Invoice',47,'Input',NULL,NULL,NULL,NULL,NULL,NULL,3,1,'2021-07-13 05:01:32','2021-07-13 05:01:32'),(124,'Crater\\Models\\Invoice',47,'Input',NULL,NULL,NULL,NULL,NULL,NULL,2,1,'2021-07-13 05:01:32','2021-07-13 05:01:32'),(125,'Crater\\Models\\Invoice',48,'Input',NULL,NULL,NULL,NULL,NULL,NULL,3,1,'2021-07-14 02:25:44','2021-07-14 02:25:44'),(126,'Crater\\Models\\Invoice',48,'Input',NULL,NULL,NULL,NULL,NULL,NULL,2,1,'2021-07-14 02:25:44','2021-07-14 02:25:44'),(127,'Crater\\Models\\Invoice',49,'Input',NULL,NULL,NULL,NULL,NULL,NULL,3,1,'2021-07-14 02:29:51','2021-07-14 02:29:51'),(128,'Crater\\Models\\Invoice',49,'Input',NULL,NULL,NULL,NULL,NULL,NULL,2,1,'2021-07-14 02:29:51','2021-07-14 02:29:51'),(129,'Crater\\Models\\Customer',36,'Input',NULL,NULL,NULL,'08abwfs9536l1z0',NULL,NULL,1,1,'2021-07-14 11:33:52','2022-01-14 12:51:02'),(130,'Crater\\Models\\Invoice',50,'Input',NULL,NULL,NULL,NULL,NULL,NULL,3,1,'2021-07-14 11:34:25','2021-07-14 11:34:25'),(131,'Crater\\Models\\Invoice',50,'Input',NULL,NULL,NULL,NULL,NULL,NULL,2,1,'2021-07-14 11:34:25','2021-07-14 11:34:25'),(132,'Crater\\Models\\Customer',37,'Input',NULL,NULL,NULL,'08aapfb6159a1zg',NULL,NULL,1,1,'2021-07-16 08:17:10','2022-01-14 12:51:02'),(133,'Crater\\Models\\Invoice',51,'Input',NULL,NULL,NULL,NULL,NULL,NULL,3,1,'2021-07-16 08:29:31','2021-07-16 08:29:31'),(134,'Crater\\Models\\Invoice',51,'Input',NULL,NULL,NULL,NULL,NULL,NULL,2,1,'2021-07-16 08:29:31','2021-07-16 08:29:31'),(135,'Crater\\Models\\Invoice',52,'Input',NULL,NULL,NULL,'Rj-30-pa-3596',NULL,NULL,3,1,'2021-07-25 06:12:55','2021-07-25 06:22:00'),(136,'Crater\\Models\\Invoice',52,'Input',NULL,NULL,NULL,NULL,NULL,NULL,2,1,'2021-07-25 06:12:55','2021-07-25 06:12:55'),(137,'Crater\\Models\\Customer',38,'Input',NULL,NULL,NULL,'08AABCP2184N1Z2',NULL,NULL,4,2,'2021-07-26 08:32:21','2022-01-14 12:51:02'),(138,'Crater\\Models\\Customer',39,'Input',NULL,NULL,NULL,'08AABCS9149Q1ZI',NULL,NULL,4,2,'2021-07-28 11:59:36','2022-01-14 12:51:02'),(139,'Crater\\Models\\Customer',40,'Input',NULL,NULL,NULL,'08AABCM6221H1ZO',NULL,NULL,4,2,'2021-07-28 12:01:53','2022-01-14 12:51:02'),(140,'Crater\\Models\\Customer',41,'Input',NULL,NULL,NULL,'08ABDCS9609Q1ZH',NULL,NULL,4,2,'2021-07-28 12:04:48','2022-01-14 12:51:03'),(141,'Crater\\Models\\Invoice',53,'Input',NULL,NULL,NULL,NULL,NULL,NULL,6,2,'2021-07-29 11:48:20','2021-07-29 11:48:20'),(142,'Crater\\Models\\Invoice',53,'Input',NULL,NULL,NULL,NULL,NULL,NULL,5,2,'2021-07-29 11:48:20','2021-07-29 11:48:20'),(143,'Crater\\Models\\Invoice',54,'Input',NULL,NULL,NULL,NULL,NULL,NULL,3,1,'2021-07-30 05:00:01','2021-07-30 05:00:01'),(144,'Crater\\Models\\Invoice',54,'Input',NULL,NULL,NULL,NULL,NULL,NULL,2,1,'2021-07-30 05:00:01','2021-07-30 05:00:01'),(145,'Crater\\Models\\Invoice',55,'Input',NULL,NULL,NULL,NULL,NULL,NULL,6,2,'2021-07-30 05:27:59','2021-07-30 05:27:59'),(146,'Crater\\Models\\Invoice',55,'Input',NULL,NULL,NULL,NULL,NULL,NULL,5,2,'2021-07-30 05:27:59','2021-07-30 05:27:59'),(147,'Crater\\Models\\Invoice',56,'Input',NULL,NULL,NULL,NULL,NULL,NULL,6,2,'2021-07-30 05:29:15','2021-07-30 05:29:15'),(148,'Crater\\Models\\Invoice',56,'Input',NULL,NULL,NULL,NULL,NULL,NULL,5,2,'2021-07-30 05:29:15','2021-07-30 05:29:15'),(149,'Crater\\Models\\Invoice',57,'Input',NULL,NULL,NULL,NULL,NULL,NULL,6,2,'2021-07-30 05:32:15','2021-07-30 05:32:15'),(150,'Crater\\Models\\Invoice',57,'Input',NULL,NULL,NULL,NULL,NULL,NULL,5,2,'2021-07-30 05:32:15','2021-07-30 05:32:15'),(151,'Crater\\Models\\Customer',42,'Input',NULL,NULL,NULL,'08AAACS1104Q1ZC',NULL,NULL,4,2,'2021-07-30 05:40:05','2022-01-14 12:51:03'),(152,'Crater\\Models\\Customer',43,'Input',NULL,NULL,NULL,'08AAACR9846A1ZD',NULL,NULL,4,2,'2021-07-30 05:42:04','2022-01-14 12:51:03'),(153,'Crater\\Models\\Invoice',58,'Input',NULL,NULL,NULL,NULL,NULL,NULL,6,2,'2021-07-30 05:43:29','2021-07-30 05:43:29'),(154,'Crater\\Models\\Invoice',58,'Input',NULL,NULL,NULL,NULL,NULL,NULL,5,2,'2021-07-30 05:43:29','2021-07-30 05:43:29'),(155,'Crater\\Models\\Invoice',59,'Input',NULL,NULL,NULL,NULL,NULL,NULL,6,2,'2021-07-30 05:49:40','2021-07-30 05:49:40'),(156,'Crater\\Models\\Invoice',59,'Input',NULL,NULL,NULL,NULL,NULL,NULL,5,2,'2021-07-30 05:49:40','2021-07-30 05:49:40'),(157,'Crater\\Models\\Customer',44,'Input',NULL,NULL,NULL,'08AACCK6751H1ZE',NULL,NULL,4,2,'2021-07-30 05:53:50','2022-01-14 12:51:03'),(158,'Crater\\Models\\Invoice',60,'Input',NULL,NULL,NULL,NULL,NULL,NULL,6,2,'2021-07-30 05:54:54','2021-07-30 05:54:54'),(159,'Crater\\Models\\Invoice',60,'Input',NULL,NULL,NULL,NULL,NULL,NULL,5,2,'2021-07-30 05:54:54','2021-07-30 05:54:54'),(160,'Crater\\Models\\Customer',45,'Input',NULL,NULL,NULL,'08ACHFS6434M1ZK',NULL,NULL,4,2,'2021-07-30 06:26:46','2022-01-14 12:51:03'),(161,'Crater\\Models\\Invoice',61,'Input',NULL,NULL,NULL,NULL,NULL,NULL,6,2,'2021-07-30 06:29:30','2021-07-30 06:29:30'),(162,'Crater\\Models\\Invoice',61,'Input',NULL,NULL,NULL,NULL,NULL,NULL,5,2,'2021-07-30 06:29:30','2021-07-30 06:29:30'),(163,'Crater\\Models\\Customer',46,'Input',NULL,NULL,NULL,'08adofs1623c1z7',NULL,NULL,1,1,'2021-08-02 09:38:42','2022-01-14 12:51:03'),(164,'Crater\\Models\\Invoice',62,'Input',NULL,NULL,NULL,NULL,NULL,NULL,3,1,'2021-08-02 12:16:32','2021-08-02 12:16:32'),(165,'Crater\\Models\\Invoice',62,'Input',NULL,NULL,NULL,NULL,NULL,NULL,2,1,'2021-08-02 12:16:32','2021-08-02 12:16:32'),(166,'Crater\\Models\\Invoice',63,'Input',NULL,NULL,NULL,NULL,NULL,NULL,3,1,'2021-08-03 08:55:21','2021-08-03 08:55:21'),(167,'Crater\\Models\\Invoice',63,'Input',NULL,NULL,NULL,NULL,NULL,NULL,2,1,'2021-08-03 08:55:21','2021-08-03 08:55:21'),(168,'Crater\\Models\\Invoice',64,'Input',NULL,NULL,NULL,NULL,NULL,NULL,3,1,'2021-08-03 09:51:56','2021-08-03 09:51:56'),(169,'Crater\\Models\\Invoice',64,'Input',NULL,NULL,NULL,NULL,NULL,NULL,2,1,'2021-08-03 09:51:56','2021-08-03 09:51:56'),(170,'Crater\\Models\\Invoice',65,'Input',NULL,NULL,NULL,NULL,NULL,NULL,3,1,'2021-08-03 09:59:31','2021-08-03 09:59:31'),(171,'Crater\\Models\\Invoice',65,'Input',NULL,NULL,NULL,NULL,NULL,NULL,2,1,'2021-08-03 09:59:31','2021-08-03 09:59:31'),(172,'Crater\\Models\\Invoice',66,'Input',NULL,NULL,NULL,NULL,NULL,NULL,3,1,'2021-08-03 11:05:48','2021-08-03 11:05:48'),(173,'Crater\\Models\\Invoice',66,'Input',NULL,NULL,NULL,NULL,NULL,NULL,2,1,'2021-08-03 11:05:48','2021-08-03 11:05:48'),(174,'Crater\\Models\\Customer',47,'Input',NULL,NULL,NULL,'08ahwpm0719p1zi',NULL,NULL,1,1,'2021-08-06 08:40:43','2022-01-14 12:51:03'),(175,'Crater\\Models\\Invoice',67,'Input',NULL,NULL,NULL,NULL,NULL,NULL,3,1,'2021-08-06 08:43:41','2021-08-06 08:43:41'),(176,'Crater\\Models\\Invoice',67,'Input',NULL,NULL,NULL,NULL,NULL,NULL,2,1,'2021-08-06 08:43:41','2021-08-06 08:43:41'),(177,'Crater\\Models\\Invoice',68,'Input',NULL,NULL,NULL,NULL,NULL,NULL,3,1,'2021-08-11 06:45:00','2021-08-11 06:45:00'),(178,'Crater\\Models\\Invoice',68,'Input',NULL,NULL,NULL,NULL,NULL,NULL,2,1,'2021-08-11 06:45:00','2021-08-11 06:45:00'),(179,'Crater\\Models\\Invoice',69,'Input',NULL,NULL,NULL,NULL,NULL,NULL,3,1,'2021-08-13 09:03:22','2021-08-13 09:03:22'),(180,'Crater\\Models\\Invoice',69,'Input',NULL,NULL,NULL,NULL,NULL,NULL,2,1,'2021-08-13 09:03:22','2021-08-13 09:03:22'),(181,'Crater\\Models\\Invoice',70,'Input',NULL,NULL,NULL,NULL,NULL,NULL,3,1,'2021-08-25 07:46:45','2021-08-25 07:46:45'),(182,'Crater\\Models\\Invoice',70,'Input',NULL,NULL,NULL,NULL,NULL,NULL,2,1,'2021-08-25 07:46:45','2021-08-25 07:46:45'),(183,'Crater\\Models\\Invoice',71,'Input',NULL,NULL,NULL,NULL,NULL,NULL,3,1,'2021-08-27 08:37:21','2021-08-27 08:37:21'),(184,'Crater\\Models\\Invoice',71,'Input',NULL,NULL,NULL,NULL,NULL,NULL,2,1,'2021-08-27 08:37:21','2021-08-27 08:37:21'),(185,'Crater\\Models\\Invoice',72,'Input',NULL,NULL,NULL,NULL,NULL,NULL,3,1,'2021-08-27 08:49:55','2021-08-27 08:49:55'),(186,'Crater\\Models\\Invoice',72,'Input',NULL,NULL,NULL,NULL,NULL,NULL,2,1,'2021-08-27 08:49:55','2021-08-27 08:49:55'),(187,'Crater\\Models\\Customer',48,'Input',NULL,NULL,NULL,'08aqypt6774E1zu',NULL,NULL,1,1,'2021-08-29 10:32:09','2022-01-14 12:51:03'),(188,'Crater\\Models\\Invoice',73,'Input',NULL,NULL,NULL,NULL,NULL,NULL,3,1,'2021-08-29 10:35:35','2021-08-29 10:35:35'),(189,'Crater\\Models\\Invoice',73,'Input',NULL,NULL,NULL,NULL,NULL,NULL,2,1,'2021-08-29 10:35:35','2021-08-29 10:35:35'),(190,'Crater\\Models\\Invoice',74,'Input',NULL,NULL,NULL,NULL,NULL,NULL,3,1,'2021-08-30 05:31:50','2021-08-30 05:31:50'),(191,'Crater\\Models\\Invoice',74,'Input',NULL,NULL,NULL,NULL,NULL,NULL,2,1,'2021-08-30 05:31:50','2021-08-30 05:31:50'),(192,'Crater\\Models\\Customer',49,'Input',NULL,NULL,NULL,'08aaucs8961m1z5',NULL,NULL,1,1,'2021-09-01 02:31:03','2022-01-14 12:51:03'),(193,'Crater\\Models\\Invoice',75,'Input',NULL,NULL,NULL,NULL,NULL,NULL,3,1,'2021-09-01 02:34:56','2021-09-01 02:34:56'),(194,'Crater\\Models\\Invoice',75,'Input',NULL,NULL,NULL,NULL,NULL,NULL,2,1,'2021-09-01 02:34:56','2021-09-01 02:34:56'),(195,'Crater\\Models\\Invoice',76,'Input',NULL,NULL,NULL,NULL,NULL,NULL,3,1,'2021-09-01 02:41:47','2021-09-01 02:41:47'),(196,'Crater\\Models\\Invoice',76,'Input',NULL,NULL,NULL,NULL,NULL,NULL,2,1,'2021-09-01 02:41:47','2021-09-01 02:41:47'),(197,'Crater\\Models\\Customer',50,'Input',NULL,NULL,NULL,'08aaofk7325c1za',NULL,NULL,1,1,'2021-09-02 12:07:37','2022-01-14 12:51:03'),(198,'Crater\\Models\\Invoice',77,'Input',NULL,NULL,NULL,NULL,NULL,NULL,3,1,'2021-09-02 12:13:07','2021-09-02 12:13:07'),(199,'Crater\\Models\\Invoice',77,'Input',NULL,NULL,NULL,NULL,NULL,NULL,2,1,'2021-09-02 12:13:07','2021-09-02 12:13:07'),(200,'Crater\\Models\\Invoice',78,'Input',NULL,NULL,NULL,NULL,NULL,NULL,3,1,'2021-09-02 12:24:42','2021-09-02 12:24:42'),(201,'Crater\\Models\\Invoice',78,'Input',NULL,NULL,NULL,NULL,NULL,NULL,2,1,'2021-09-02 12:24:42','2021-09-02 12:24:42'),(202,'Crater\\Models\\Customer',51,'Input',NULL,NULL,NULL,'08aahcm3593j1z0',NULL,NULL,1,1,'2021-09-04 04:41:14','2022-01-14 12:51:03'),(203,'Crater\\Models\\Invoice',79,'Input',NULL,NULL,NULL,NULL,NULL,NULL,3,1,'2021-09-04 04:46:11','2021-09-04 04:46:11'),(204,'Crater\\Models\\Invoice',79,'Input',NULL,NULL,NULL,NULL,NULL,NULL,2,1,'2021-09-04 04:46:11','2021-09-04 04:46:11'),(205,'Crater\\Models\\Invoice',80,'Input',NULL,NULL,NULL,NULL,NULL,NULL,3,1,'2021-09-04 10:05:57','2021-09-04 10:05:57'),(206,'Crater\\Models\\Invoice',80,'Input',NULL,NULL,NULL,NULL,NULL,NULL,2,1,'2021-09-04 10:05:57','2021-09-04 10:05:57'),(207,'Crater\\Models\\Invoice',81,'Input',NULL,NULL,NULL,NULL,NULL,NULL,3,1,'2021-09-05 01:52:28','2021-09-05 01:52:28'),(208,'Crater\\Models\\Invoice',81,'Input',NULL,NULL,NULL,NULL,NULL,NULL,2,1,'2021-09-05 01:52:28','2021-09-05 01:52:28'),(209,'Crater\\Models\\Invoice',82,'Input',NULL,NULL,NULL,NULL,NULL,NULL,3,1,'2021-09-05 02:23:47','2021-09-05 02:23:47'),(210,'Crater\\Models\\Invoice',82,'Input',NULL,NULL,NULL,NULL,NULL,NULL,2,1,'2021-09-05 02:23:47','2021-09-05 02:23:47'),(211,'Crater\\Models\\Invoice',83,'Input',NULL,NULL,NULL,NULL,NULL,NULL,3,1,'2021-09-05 02:31:07','2021-09-05 02:31:07'),(212,'Crater\\Models\\Invoice',83,'Input',NULL,NULL,NULL,NULL,NULL,NULL,2,1,'2021-09-05 02:31:07','2021-09-05 02:31:07'),(213,'Crater\\Models\\Invoice',84,'Input',NULL,NULL,NULL,NULL,NULL,NULL,3,1,'2021-09-05 02:42:26','2021-09-05 02:42:26'),(214,'Crater\\Models\\Invoice',84,'Input',NULL,NULL,NULL,NULL,NULL,NULL,2,1,'2021-09-05 02:42:26','2021-09-05 02:42:26'),(215,'Crater\\Models\\Invoice',85,'Input',NULL,NULL,NULL,NULL,NULL,NULL,3,1,'2021-09-05 02:50:53','2021-09-05 02:50:53'),(216,'Crater\\Models\\Invoice',85,'Input',NULL,NULL,NULL,NULL,NULL,NULL,2,1,'2021-09-05 02:50:53','2021-09-05 02:50:53'),(217,'Crater\\Models\\Invoice',86,'Input',NULL,NULL,NULL,NULL,NULL,NULL,3,1,'2021-09-05 02:57:33','2021-09-05 02:57:33'),(218,'Crater\\Models\\Invoice',86,'Input',NULL,NULL,NULL,NULL,NULL,NULL,2,1,'2021-09-05 02:57:33','2021-09-05 02:57:33'),(219,'Crater\\Models\\Invoice',87,'Input',NULL,NULL,NULL,NULL,NULL,NULL,6,2,'2021-09-05 10:55:56','2021-09-05 10:55:56'),(220,'Crater\\Models\\Invoice',87,'Input',NULL,NULL,NULL,NULL,NULL,NULL,5,2,'2021-09-05 10:55:56','2021-09-05 10:55:56'),(221,'Crater\\Models\\Invoice',88,'Input',NULL,NULL,NULL,NULL,NULL,NULL,6,2,'2021-09-05 10:56:57','2021-09-05 10:56:57'),(222,'Crater\\Models\\Invoice',88,'Input',NULL,NULL,NULL,NULL,NULL,NULL,5,2,'2021-09-05 10:56:57','2021-09-05 10:56:57'),(223,'Crater\\Models\\Customer',52,'Input',NULL,NULL,NULL,'08AHYPB1702F1ZJ',NULL,NULL,4,2,'2021-09-05 11:22:32','2022-01-14 12:51:03'),(224,'Crater\\Models\\Invoice',89,'Input',NULL,NULL,NULL,NULL,NULL,NULL,6,2,'2021-09-05 11:24:22','2021-09-05 11:24:22'),(225,'Crater\\Models\\Invoice',89,'Input',NULL,NULL,NULL,NULL,NULL,NULL,5,2,'2021-09-05 11:24:22','2021-09-05 11:24:22'),(226,'Crater\\Models\\Customer',53,'Input',NULL,NULL,NULL,'08AHZPS9187Q1ZJ',NULL,NULL,4,2,'2021-09-05 11:31:23','2022-01-14 12:51:03'),(227,'Crater\\Models\\Invoice',90,'Input',NULL,NULL,NULL,NULL,NULL,NULL,6,2,'2021-09-05 11:35:35','2021-09-05 11:35:35'),(228,'Crater\\Models\\Invoice',90,'Input',NULL,NULL,NULL,NULL,NULL,NULL,5,2,'2021-09-05 11:35:35','2021-09-05 11:35:35'),(229,'Crater\\Models\\Invoice',91,'Input',NULL,NULL,NULL,NULL,NULL,NULL,3,1,'2021-09-06 02:17:15','2021-09-06 02:17:15'),(230,'Crater\\Models\\Invoice',91,'Input',NULL,NULL,NULL,NULL,NULL,NULL,2,1,'2021-09-06 02:17:15','2021-09-06 02:17:15'),(231,'Crater\\Models\\Customer',54,'Input',NULL,NULL,NULL,'08aflpb8354a1z0',NULL,NULL,1,1,'2021-09-06 02:26:40','2022-01-14 12:51:03'),(232,'Crater\\Models\\Invoice',92,'Input',NULL,NULL,NULL,NULL,NULL,NULL,3,1,'2021-09-06 03:13:28','2021-09-06 03:13:28'),(233,'Crater\\Models\\Invoice',92,'Input',NULL,NULL,NULL,NULL,NULL,NULL,2,1,'2021-09-06 03:13:28','2021-09-06 03:13:28'),(234,'Crater\\Models\\Invoice',93,'Input',NULL,NULL,NULL,NULL,NULL,NULL,3,1,'2021-09-08 11:07:45','2021-09-08 11:07:45'),(235,'Crater\\Models\\Invoice',93,'Input',NULL,NULL,NULL,NULL,NULL,NULL,2,1,'2021-09-08 11:07:45','2021-09-08 11:07:45'),(236,'Crater\\Models\\Customer',55,'Input',NULL,NULL,NULL,'08babpk5747a1zz',NULL,NULL,1,1,'2021-09-09 05:25:11','2022-01-14 12:51:04'),(237,'Crater\\Models\\Invoice',94,'Input',NULL,NULL,NULL,NULL,NULL,NULL,3,1,'2021-09-09 05:33:07','2021-09-09 05:33:07'),(238,'Crater\\Models\\Invoice',94,'Input',NULL,NULL,NULL,NULL,NULL,NULL,2,1,'2021-09-09 05:33:07','2021-09-09 05:33:07'),(239,'Crater\\Models\\Customer',56,'Input',NULL,NULL,NULL,'08abpfm4704p1zl',NULL,NULL,1,1,'2021-09-09 05:39:15','2022-01-14 12:51:04'),(240,'Crater\\Models\\Invoice',95,'Input',NULL,NULL,NULL,NULL,NULL,NULL,3,1,'2021-09-09 05:46:45','2021-09-09 05:46:45'),(241,'Crater\\Models\\Invoice',95,'Input',NULL,NULL,NULL,NULL,NULL,NULL,2,1,'2021-09-09 05:46:45','2021-09-09 05:46:45'),(242,'Crater\\Models\\Invoice',96,'Input',NULL,NULL,NULL,NULL,NULL,NULL,3,1,'2021-09-09 06:37:44','2021-09-09 06:37:44'),(243,'Crater\\Models\\Invoice',96,'Input',NULL,NULL,NULL,NULL,NULL,NULL,2,1,'2021-09-09 06:37:44','2021-09-09 06:37:44'),(244,'Crater\\Models\\Invoice',97,'Input',NULL,NULL,NULL,NULL,NULL,NULL,3,1,'2021-09-14 04:06:21','2021-09-14 04:06:21'),(245,'Crater\\Models\\Invoice',97,'Input',NULL,NULL,NULL,NULL,NULL,NULL,2,1,'2021-09-14 04:06:21','2021-09-14 04:06:21'),(246,'Crater\\Models\\Invoice',98,'Input',NULL,NULL,NULL,NULL,NULL,NULL,3,1,'2021-09-14 10:00:39','2021-09-14 10:00:39'),(247,'Crater\\Models\\Invoice',98,'Input',NULL,NULL,NULL,NULL,NULL,NULL,2,1,'2021-09-14 10:00:39','2021-09-14 10:00:39'),(248,'Crater\\Models\\Invoice',99,'Input',NULL,NULL,NULL,NULL,NULL,NULL,3,1,'2021-09-15 10:30:11','2021-09-15 10:30:11'),(249,'Crater\\Models\\Invoice',99,'Input',NULL,NULL,NULL,NULL,NULL,NULL,2,1,'2021-09-15 10:30:11','2021-09-15 10:30:11'),(250,'Crater\\Models\\Invoice',100,'Input',NULL,NULL,NULL,NULL,NULL,NULL,3,1,'2021-09-17 02:32:17','2021-09-17 02:32:17'),(251,'Crater\\Models\\Invoice',100,'Input',NULL,NULL,NULL,NULL,NULL,NULL,2,1,'2021-09-17 02:32:17','2021-09-17 02:32:17'),(252,'Crater\\Models\\Invoice',101,'Input',NULL,NULL,NULL,NULL,NULL,NULL,3,1,'2021-09-17 02:45:21','2021-09-17 02:45:21'),(253,'Crater\\Models\\Invoice',101,'Input',NULL,NULL,NULL,NULL,NULL,NULL,2,1,'2021-09-17 02:45:21','2021-09-17 02:45:21'),(254,'Crater\\Models\\Customer',57,'Input',NULL,NULL,NULL,'08anypt9406e1z9',NULL,NULL,1,1,'2021-09-18 05:11:59','2022-01-14 12:51:04'),(255,'Crater\\Models\\Invoice',102,'Input',NULL,NULL,NULL,NULL,NULL,NULL,3,1,'2021-09-18 05:16:48','2021-09-18 05:16:48'),(256,'Crater\\Models\\Invoice',102,'Input',NULL,NULL,NULL,NULL,NULL,NULL,2,1,'2021-09-18 05:16:48','2021-09-18 05:16:48'),(257,'Crater\\Models\\Customer',58,'Input',NULL,NULL,NULL,'08ayfpt0673f1z9',NULL,NULL,1,1,'2021-09-20 05:51:15','2022-01-14 12:51:04'),(258,'Crater\\Models\\Invoice',103,'Input',NULL,NULL,NULL,NULL,NULL,NULL,3,1,'2021-09-20 05:54:25','2021-09-20 05:54:25'),(259,'Crater\\Models\\Invoice',103,'Input',NULL,NULL,NULL,NULL,NULL,NULL,2,1,'2021-09-20 05:54:25','2021-09-20 05:54:25'),(260,'Crater\\Models\\Invoice',104,'Input',NULL,NULL,NULL,NULL,NULL,NULL,3,1,'2021-09-21 02:23:25','2021-09-21 02:23:25'),(261,'Crater\\Models\\Invoice',104,'Input',NULL,NULL,NULL,NULL,NULL,NULL,2,1,'2021-09-21 02:23:25','2021-09-21 02:23:25'),(262,'Crater\\Models\\Invoice',105,'Input',NULL,NULL,NULL,NULL,NULL,NULL,3,1,'2021-09-21 11:39:06','2021-09-21 11:39:06'),(263,'Crater\\Models\\Invoice',105,'Input',NULL,NULL,NULL,NULL,NULL,NULL,2,1,'2021-09-21 11:39:06','2021-09-21 11:39:06'),(264,'Crater\\Models\\Invoice',106,'Input',NULL,NULL,NULL,NULL,NULL,NULL,3,1,'2021-09-21 13:08:45','2021-09-21 13:08:45'),(265,'Crater\\Models\\Invoice',106,'Input',NULL,NULL,NULL,NULL,NULL,NULL,2,1,'2021-09-21 13:08:45','2021-09-21 13:08:45'),(266,'Crater\\Models\\Invoice',107,'Input',NULL,NULL,NULL,NULL,NULL,NULL,3,1,'2021-09-22 03:44:39','2021-09-22 03:44:39'),(267,'Crater\\Models\\Invoice',107,'Input',NULL,NULL,NULL,NULL,NULL,NULL,2,1,'2021-09-22 03:44:39','2021-09-22 03:44:39'),(268,'Crater\\Models\\Customer',59,'Input',NULL,NULL,NULL,'08AALCS1824L1ZO',NULL,NULL,4,2,'2021-09-23 05:37:39','2022-01-14 12:51:04'),(269,'Crater\\Models\\Invoice',108,'Input',NULL,NULL,NULL,NULL,NULL,NULL,6,2,'2021-09-23 05:44:16','2021-09-23 05:44:16'),(270,'Crater\\Models\\Invoice',108,'Input',NULL,NULL,NULL,NULL,NULL,NULL,5,2,'2021-09-23 05:44:16','2021-09-23 05:44:16'),(271,'Crater\\Models\\Customer',60,'Input',NULL,NULL,NULL,'08AABCH5877N1ZW',NULL,NULL,4,2,'2021-09-23 05:48:53','2022-01-14 12:51:04'),(272,'Crater\\Models\\Invoice',109,'Input',NULL,NULL,NULL,NULL,NULL,NULL,6,2,'2021-09-23 05:50:31','2021-09-23 05:50:31'),(273,'Crater\\Models\\Invoice',109,'Input',NULL,NULL,NULL,NULL,NULL,NULL,5,2,'2021-09-23 05:50:31','2021-09-23 05:50:31'),(274,'Crater\\Models\\Invoice',110,'Input',NULL,NULL,NULL,NULL,NULL,NULL,3,1,'2021-09-26 14:12:50','2021-09-26 14:12:50'),(275,'Crater\\Models\\Invoice',110,'Input',NULL,NULL,NULL,NULL,NULL,NULL,2,1,'2021-09-26 14:12:50','2021-09-26 14:12:50'),(276,'Crater\\Models\\Customer',61,'Input',NULL,NULL,NULL,'08adrfs2156d1zw',NULL,NULL,1,1,'2021-09-29 02:45:36','2022-01-14 12:51:04'),(277,'Crater\\Models\\Invoice',111,'Input',NULL,NULL,NULL,NULL,NULL,NULL,3,1,'2021-09-30 17:01:13','2021-09-30 17:01:13'),(278,'Crater\\Models\\Invoice',111,'Input',NULL,NULL,NULL,NULL,NULL,NULL,2,1,'2021-09-30 17:01:13','2021-09-30 17:01:13'),(279,'Crater\\Models\\Invoice',112,'Input',NULL,NULL,NULL,NULL,NULL,NULL,3,1,'2021-10-01 01:17:40','2021-10-01 01:17:40'),(280,'Crater\\Models\\Invoice',112,'Input',NULL,NULL,NULL,NULL,NULL,NULL,2,1,'2021-10-01 01:17:40','2021-10-01 01:17:40'),(281,'Crater\\Models\\Invoice',113,'Input',NULL,NULL,NULL,NULL,NULL,NULL,3,1,'2021-10-01 01:43:25','2021-10-01 01:43:25'),(282,'Crater\\Models\\Invoice',113,'Input',NULL,NULL,NULL,NULL,NULL,NULL,2,1,'2021-10-01 01:43:25','2021-10-01 01:43:25'),(283,'Crater\\Models\\Invoice',114,'Input',NULL,NULL,NULL,NULL,NULL,NULL,3,1,'2021-10-01 01:48:49','2021-10-01 01:48:49'),(284,'Crater\\Models\\Invoice',114,'Input',NULL,NULL,NULL,NULL,NULL,NULL,2,1,'2021-10-01 01:48:49','2021-10-01 01:48:49'),(285,'Crater\\Models\\Invoice',115,'Input',NULL,NULL,NULL,NULL,NULL,NULL,3,1,'2021-10-01 01:56:21','2021-10-01 01:56:21'),(286,'Crater\\Models\\Invoice',115,'Input',NULL,NULL,NULL,NULL,NULL,NULL,2,1,'2021-10-01 01:56:21','2021-10-01 01:56:21'),(287,'Crater\\Models\\Invoice',116,'Input',NULL,NULL,NULL,NULL,NULL,NULL,3,1,'2021-10-01 02:09:13','2021-10-01 02:09:13'),(288,'Crater\\Models\\Invoice',116,'Input',NULL,NULL,NULL,NULL,NULL,NULL,2,1,'2021-10-01 02:09:13','2021-10-01 02:09:13'),(289,'Crater\\Models\\Invoice',117,'Input',NULL,NULL,NULL,NULL,NULL,NULL,3,1,'2021-10-03 09:01:30','2021-10-03 09:01:30'),(290,'Crater\\Models\\Invoice',117,'Input',NULL,NULL,NULL,NULL,NULL,NULL,2,1,'2021-10-03 09:01:30','2021-10-03 09:01:30'),(291,'Crater\\Models\\Invoice',118,'Input',NULL,NULL,NULL,NULL,NULL,NULL,3,1,'2021-10-03 09:07:26','2021-10-03 09:07:26'),(292,'Crater\\Models\\Invoice',118,'Input',NULL,NULL,NULL,NULL,NULL,NULL,2,1,'2021-10-03 09:07:26','2021-10-03 09:07:26'),(293,'Crater\\Models\\Invoice',119,'Input',NULL,NULL,NULL,NULL,NULL,NULL,6,2,'2021-10-04 02:59:21','2021-10-04 02:59:21'),(294,'Crater\\Models\\Invoice',119,'Input',NULL,NULL,NULL,NULL,NULL,NULL,5,2,'2021-10-04 02:59:21','2021-10-04 02:59:21'),(295,'Crater\\Models\\Invoice',120,'Input',NULL,NULL,NULL,NULL,NULL,NULL,6,2,'2021-10-04 03:02:30','2021-10-04 03:02:30'),(296,'Crater\\Models\\Invoice',120,'Input',NULL,NULL,NULL,NULL,NULL,NULL,5,2,'2021-10-04 03:02:30','2021-10-04 03:02:30'),(297,'Crater\\Models\\Customer',62,'Input',NULL,NULL,NULL,'08AURPM4999H1ZN',NULL,NULL,4,2,'2021-10-05 11:54:15','2022-01-14 12:51:04'),(298,'Crater\\Models\\Invoice',121,'Input',NULL,NULL,NULL,NULL,NULL,NULL,6,2,'2021-10-05 11:56:40','2021-10-05 11:56:40'),(299,'Crater\\Models\\Invoice',121,'Input',NULL,NULL,NULL,NULL,NULL,NULL,5,2,'2021-10-05 11:56:40','2021-10-05 11:56:40'),(300,'Crater\\Models\\Customer',63,'Input',NULL,NULL,NULL,'08AADCP9656R1ZD',NULL,NULL,4,2,'2021-10-05 12:34:43','2022-01-14 12:51:04'),(301,'Crater\\Models\\Invoice',122,'Input',NULL,NULL,NULL,NULL,NULL,NULL,6,2,'2021-10-05 12:35:45','2021-10-05 12:35:45'),(302,'Crater\\Models\\Invoice',122,'Input',NULL,NULL,NULL,NULL,NULL,NULL,5,2,'2021-10-05 12:35:45','2021-10-05 12:35:45'),(303,'Crater\\Models\\Invoice',123,'Input',NULL,NULL,NULL,NULL,NULL,NULL,3,1,'2021-10-09 09:02:20','2021-10-09 09:02:20'),(304,'Crater\\Models\\Invoice',123,'Input',NULL,NULL,NULL,NULL,NULL,NULL,2,1,'2021-10-09 09:02:20','2021-10-09 09:02:20'),(305,'Crater\\Models\\Invoice',124,'Input',NULL,NULL,NULL,NULL,NULL,NULL,6,2,'2021-10-16 09:03:20','2021-10-16 09:03:20'),(306,'Crater\\Models\\Invoice',124,'Input',NULL,NULL,NULL,NULL,NULL,NULL,5,2,'2021-10-16 09:03:20','2021-10-16 09:03:20'),(307,'Crater\\Models\\Customer',64,'Input',NULL,NULL,NULL,'08aafcs5548d1za',NULL,NULL,1,1,'2021-10-18 06:12:10','2022-01-14 12:51:04'),(308,'Crater\\Models\\Invoice',125,'Input',NULL,NULL,NULL,NULL,NULL,NULL,3,1,'2021-10-18 06:17:09','2021-10-18 06:17:09'),(309,'Crater\\Models\\Invoice',125,'Input',NULL,NULL,NULL,NULL,NULL,NULL,2,1,'2021-10-18 06:17:09','2021-10-18 06:17:09'),(310,'Crater\\Models\\Invoice',126,'Input',NULL,NULL,NULL,NULL,NULL,NULL,3,1,'2021-10-24 10:24:39','2021-10-24 10:24:39'),(311,'Crater\\Models\\Invoice',126,'Input',NULL,NULL,NULL,NULL,NULL,NULL,2,1,'2021-10-24 10:24:39','2021-10-24 10:24:39'),(312,'Crater\\Models\\Invoice',127,'Input',NULL,NULL,NULL,NULL,NULL,NULL,6,2,'2021-10-27 02:33:43','2021-10-27 02:33:43'),(313,'Crater\\Models\\Invoice',127,'Input',NULL,NULL,NULL,NULL,NULL,NULL,5,2,'2021-10-27 02:33:43','2021-10-27 02:33:43'),(314,'Crater\\Models\\Customer',65,'Input',NULL,NULL,NULL,'08AAPCS1993Q1Z8',NULL,NULL,4,2,'2021-10-29 14:06:21','2022-01-14 12:51:04'),(315,'Crater\\Models\\Customer',66,'Input',NULL,NULL,NULL,'08AAKCS2132C1ZP',NULL,NULL,4,2,'2021-10-29 14:08:28','2022-01-14 12:51:04'),(316,'Crater\\Models\\Invoice',128,'Input',NULL,NULL,NULL,NULL,NULL,NULL,6,2,'2021-10-30 02:22:46','2021-10-30 02:22:46'),(317,'Crater\\Models\\Invoice',128,'Input',NULL,NULL,NULL,NULL,NULL,NULL,5,2,'2021-10-30 02:22:46','2021-10-30 02:22:46'),(318,'Crater\\Models\\Customer',67,'Input',NULL,NULL,NULL,'08AAACJ3347A1Z1',NULL,NULL,4,2,'2021-10-30 04:48:43','2022-01-14 12:51:04'),(319,'Crater\\Models\\Customer',68,'Input',NULL,NULL,NULL,'08AAGCS5465CIZB',NULL,NULL,4,2,'2021-10-30 04:50:34','2022-01-14 12:51:04'),(320,'Crater\\Models\\Customer',69,'Input',NULL,NULL,NULL,'08AEIPG7916F1ZG',NULL,NULL,4,2,'2021-10-30 05:16:26','2022-01-14 12:51:05'),(321,'Crater\\Models\\Invoice',129,'Input',NULL,NULL,NULL,NULL,NULL,NULL,6,2,'2021-10-30 05:18:03','2021-10-30 05:18:03'),(322,'Crater\\Models\\Invoice',129,'Input',NULL,NULL,NULL,NULL,NULL,NULL,5,2,'2021-10-30 05:18:03','2021-10-30 05:18:03'),(323,'Crater\\Models\\Invoice',130,'Input',NULL,NULL,NULL,NULL,NULL,NULL,6,2,'2021-10-30 05:19:07','2021-10-30 05:19:07'),(324,'Crater\\Models\\Invoice',130,'Input',NULL,NULL,NULL,NULL,NULL,NULL,5,2,'2021-10-30 05:19:07','2021-10-30 05:19:07'),(325,'Crater\\Models\\Invoice',131,'Input',NULL,NULL,NULL,NULL,NULL,NULL,6,2,'2021-10-30 05:20:31','2021-10-30 05:20:31'),(326,'Crater\\Models\\Invoice',131,'Input',NULL,NULL,NULL,NULL,NULL,NULL,5,2,'2021-10-30 05:20:31','2021-10-30 05:20:31'),(327,'Crater\\Models\\Invoice',132,'Input',NULL,NULL,NULL,NULL,NULL,NULL,3,1,'2021-10-31 02:17:44','2021-10-31 02:17:44'),(328,'Crater\\Models\\Invoice',132,'Input',NULL,NULL,NULL,NULL,NULL,NULL,2,1,'2021-10-31 02:17:44','2021-10-31 02:17:44'),(329,'Crater\\Models\\Invoice',133,'Input',NULL,NULL,NULL,NULL,NULL,NULL,3,1,'2021-10-31 02:39:17','2021-10-31 02:39:17'),(330,'Crater\\Models\\Invoice',133,'Input',NULL,NULL,NULL,NULL,NULL,NULL,2,1,'2021-10-31 02:39:17','2021-10-31 02:39:17'),(331,'Crater\\Models\\Invoice',134,'Input',NULL,NULL,NULL,NULL,NULL,NULL,3,1,'2021-11-08 06:58:48','2021-11-08 06:58:48'),(332,'Crater\\Models\\Invoice',134,'Input',NULL,NULL,NULL,NULL,NULL,NULL,2,1,'2021-11-08 06:58:48','2021-11-08 06:58:48'),(333,'Crater\\Models\\Customer',70,'Input',NULL,NULL,NULL,'08ajipt3461b2z7',NULL,NULL,1,1,'2021-11-10 09:02:34','2022-01-14 12:51:05'),(334,'Crater\\Models\\Invoice',135,'Input',NULL,NULL,NULL,NULL,NULL,NULL,3,1,'2021-11-10 09:03:11','2021-11-10 09:03:11'),(335,'Crater\\Models\\Invoice',135,'Input',NULL,NULL,NULL,NULL,NULL,NULL,2,1,'2021-11-10 09:03:11','2021-11-10 09:03:11'),(336,'Crater\\Models\\Invoice',136,'Input',NULL,NULL,NULL,NULL,NULL,NULL,6,2,'2021-11-13 02:11:49','2021-11-13 02:11:49'),(337,'Crater\\Models\\Invoice',136,'Input',NULL,NULL,NULL,NULL,NULL,NULL,5,2,'2021-11-13 02:11:49','2021-11-13 02:11:49'),(338,'Crater\\Models\\Invoice',137,'Input',NULL,NULL,NULL,NULL,NULL,NULL,6,2,'2021-11-13 02:13:47','2021-11-13 02:13:47'),(339,'Crater\\Models\\Invoice',137,'Input',NULL,NULL,NULL,NULL,NULL,NULL,5,2,'2021-11-13 02:13:47','2021-11-13 02:13:47'),(340,'Crater\\Models\\Invoice',138,'Input',NULL,NULL,NULL,NULL,NULL,NULL,6,2,'2021-11-13 02:19:11','2021-11-13 02:19:11'),(341,'Crater\\Models\\Invoice',138,'Input',NULL,NULL,NULL,NULL,NULL,NULL,5,2,'2021-11-13 02:19:11','2021-11-13 02:19:11'),(342,'Crater\\Models\\Invoice',139,'Input',NULL,NULL,NULL,NULL,NULL,NULL,3,1,'2021-11-13 10:01:01','2021-11-13 10:01:01'),(343,'Crater\\Models\\Invoice',139,'Input',NULL,NULL,NULL,NULL,NULL,NULL,2,1,'2021-11-13 10:01:01','2021-11-13 10:01:01'),(344,'Crater\\Models\\Invoice',140,'Input',NULL,NULL,NULL,NULL,NULL,NULL,6,2,'2021-11-20 03:47:49','2021-11-20 03:47:49'),(345,'Crater\\Models\\Invoice',140,'Input',NULL,NULL,NULL,NULL,NULL,NULL,5,2,'2021-11-20 03:47:49','2021-11-20 03:47:49'),(346,'Crater\\Models\\Invoice',141,'Input',NULL,NULL,NULL,NULL,NULL,NULL,6,2,'2021-11-20 03:53:24','2021-11-20 03:53:24'),(347,'Crater\\Models\\Invoice',141,'Input',NULL,NULL,NULL,NULL,NULL,NULL,5,2,'2021-11-20 03:53:24','2021-11-20 03:53:24'),(348,'Crater\\Models\\Customer',71,'Input',NULL,NULL,NULL,'08AAYPB9818R1ZJ',NULL,NULL,4,2,'2021-11-29 06:22:48','2022-01-14 12:51:05'),(349,'Crater\\Models\\Invoice',142,'Input',NULL,NULL,NULL,NULL,NULL,NULL,6,2,'2021-11-29 06:46:24','2021-11-29 06:46:24'),(350,'Crater\\Models\\Invoice',142,'Input',NULL,NULL,NULL,NULL,NULL,NULL,5,2,'2021-11-29 06:46:24','2021-11-29 06:46:24'),(351,'Crater\\Models\\Invoice',143,'Input',NULL,NULL,NULL,NULL,NULL,NULL,6,2,'2021-12-01 12:12:25','2021-12-01 12:12:25'),(352,'Crater\\Models\\Invoice',143,'Input',NULL,NULL,NULL,NULL,NULL,NULL,5,2,'2021-12-01 12:12:25','2021-12-01 12:12:25'),(353,'Crater\\Models\\Customer',72,'Input',NULL,NULL,NULL,'08aaecv5466e1z5',NULL,NULL,1,1,'2021-12-02 10:11:05','2022-01-14 12:51:05'),(354,'Crater\\Models\\Invoice',144,'Input',NULL,NULL,NULL,NULL,NULL,NULL,3,1,'2021-12-02 10:21:05','2021-12-02 10:21:05'),(355,'Crater\\Models\\Invoice',144,'Input',NULL,NULL,NULL,NULL,NULL,NULL,2,1,'2021-12-02 10:21:05','2021-12-02 10:21:05'),(356,'Crater\\Models\\Invoice',145,'Input',NULL,NULL,NULL,NULL,NULL,NULL,3,1,'2021-12-03 09:59:26','2021-12-03 09:59:26'),(357,'Crater\\Models\\Invoice',145,'Input',NULL,NULL,NULL,NULL,NULL,NULL,2,1,'2021-12-03 09:59:26','2021-12-03 09:59:26'),(358,'Crater\\Models\\Invoice',146,'Input',NULL,NULL,NULL,NULL,NULL,NULL,3,1,'2021-12-03 10:08:33','2021-12-03 10:08:33'),(359,'Crater\\Models\\Invoice',146,'Input',NULL,NULL,NULL,NULL,NULL,NULL,2,1,'2021-12-03 10:08:33','2021-12-03 10:08:33'),(360,'Crater\\Models\\Customer',73,'Input',NULL,NULL,NULL,'08aabcr0447g1zl',NULL,NULL,1,1,'2021-12-03 10:23:07','2022-01-14 12:51:05'),(361,'Crater\\Models\\Invoice',147,'Input',NULL,NULL,NULL,NULL,NULL,NULL,3,1,'2021-12-09 02:58:27','2021-12-09 02:58:27'),(362,'Crater\\Models\\Invoice',147,'Input',NULL,NULL,NULL,NULL,NULL,NULL,2,1,'2021-12-09 02:58:27','2021-12-09 02:58:27'),(363,'Crater\\Models\\Invoice',148,'Input',NULL,NULL,NULL,NULL,NULL,NULL,6,2,'2021-12-11 08:00:53','2021-12-11 08:00:53'),(364,'Crater\\Models\\Invoice',148,'Input',NULL,NULL,NULL,NULL,NULL,NULL,5,2,'2021-12-11 08:00:53','2021-12-11 08:00:53'),(365,'Crater\\Models\\Invoice',149,'Input',NULL,NULL,NULL,NULL,NULL,NULL,6,2,'2021-12-11 08:01:40','2021-12-11 08:01:40'),(366,'Crater\\Models\\Invoice',149,'Input',NULL,NULL,NULL,NULL,NULL,NULL,5,2,'2021-12-11 08:01:40','2021-12-11 08:01:40'),(367,'Crater\\Models\\Invoice',150,'Input',NULL,NULL,NULL,NULL,NULL,NULL,6,2,'2021-12-11 08:16:32','2021-12-11 08:16:32'),(368,'Crater\\Models\\Invoice',150,'Input',NULL,NULL,NULL,NULL,NULL,NULL,5,2,'2021-12-11 08:16:32','2021-12-11 08:16:32'),(369,'Crater\\Models\\Customer',74,'Input',NULL,NULL,NULL,'08AADCG0927C1Z1',NULL,NULL,4,2,'2021-12-11 08:19:35','2022-01-14 12:51:05'),(370,'Crater\\Models\\Invoice',151,'Input',NULL,NULL,NULL,NULL,NULL,NULL,6,2,'2021-12-11 08:26:14','2021-12-11 08:26:14'),(371,'Crater\\Models\\Invoice',151,'Input',NULL,NULL,NULL,NULL,NULL,NULL,5,2,'2021-12-11 08:26:14','2021-12-11 08:26:14'),(372,'Crater\\Models\\Customer',75,'Input',NULL,NULL,NULL,'08AABCR0675C1ZN',NULL,NULL,4,2,'2021-12-15 01:39:30','2022-01-14 12:51:05'),(373,'Crater\\Models\\Invoice',152,'Input',NULL,NULL,NULL,NULL,NULL,NULL,6,2,'2021-12-15 04:03:16','2021-12-15 04:03:16'),(374,'Crater\\Models\\Invoice',152,'Input',NULL,NULL,NULL,NULL,NULL,NULL,5,2,'2021-12-15 04:03:16','2021-12-15 04:03:16'),(375,'Crater\\Models\\Invoice',153,'Input',NULL,NULL,NULL,NULL,NULL,NULL,3,1,'2021-12-16 07:27:51','2021-12-16 07:27:51'),(376,'Crater\\Models\\Invoice',153,'Input',NULL,NULL,NULL,NULL,NULL,NULL,2,1,'2021-12-16 07:27:51','2021-12-16 07:27:51'),(377,'Crater\\Models\\Invoice',154,'Input',NULL,NULL,NULL,NULL,NULL,NULL,3,1,'2021-12-17 07:23:35','2021-12-17 07:23:35'),(378,'Crater\\Models\\Invoice',154,'Input',NULL,NULL,NULL,NULL,NULL,NULL,2,1,'2021-12-17 07:23:35','2021-12-17 07:23:35'),(379,'Crater\\Models\\Invoice',155,'Input',NULL,NULL,NULL,NULL,NULL,NULL,3,1,'2021-12-17 13:52:03','2021-12-17 13:52:03'),(380,'Crater\\Models\\Invoice',155,'Input',NULL,NULL,NULL,NULL,NULL,NULL,2,1,'2021-12-17 13:52:03','2021-12-17 13:52:03'),(381,'Crater\\Models\\Invoice',156,'Input',NULL,NULL,NULL,NULL,NULL,NULL,6,2,'2021-12-22 10:29:06','2021-12-22 10:29:06'),(382,'Crater\\Models\\Invoice',156,'Input',NULL,NULL,NULL,NULL,NULL,NULL,5,2,'2021-12-22 10:29:06','2021-12-22 10:29:06'),(383,'Crater\\Models\\Customer',76,'Input',NULL,NULL,NULL,'08AAACU2849J1Z2',NULL,NULL,4,2,'2021-12-22 11:47:20','2022-01-14 12:51:05'),(384,'Crater\\Models\\Invoice',157,'Input',NULL,NULL,NULL,NULL,NULL,NULL,6,2,'2021-12-22 11:48:59','2021-12-22 11:48:59'),(385,'Crater\\Models\\Invoice',157,'Input',NULL,NULL,NULL,NULL,NULL,NULL,5,2,'2021-12-22 11:48:59','2021-12-22 11:48:59'),(386,'Crater\\Models\\Invoice',158,'Input',NULL,NULL,NULL,NULL,NULL,NULL,6,2,'2021-12-22 11:50:02','2021-12-22 11:50:02'),(387,'Crater\\Models\\Invoice',158,'Input',NULL,NULL,NULL,NULL,NULL,NULL,5,2,'2021-12-22 11:50:02','2021-12-22 11:50:02'),(388,'Crater\\Models\\Invoice',159,'Input',NULL,NULL,NULL,NULL,NULL,NULL,6,2,'2021-12-22 11:51:41','2021-12-22 11:51:41'),(389,'Crater\\Models\\Invoice',159,'Input',NULL,NULL,NULL,NULL,NULL,NULL,5,2,'2021-12-22 11:51:41','2021-12-22 11:51:41'),(390,'Crater\\Models\\Customer',77,'Input',NULL,NULL,NULL,'08AABCM3877F1ZC',NULL,NULL,4,2,'2021-12-23 11:25:57','2022-01-14 12:51:05'),(391,'Crater\\Models\\Invoice',160,'Input',NULL,NULL,NULL,NULL,NULL,NULL,6,2,'2021-12-23 11:26:52','2021-12-23 11:26:52'),(392,'Crater\\Models\\Invoice',160,'Input',NULL,NULL,NULL,NULL,NULL,NULL,5,2,'2021-12-23 11:26:52','2021-12-23 11:26:52'),(393,'Crater\\Models\\Invoice',161,'Input',NULL,NULL,NULL,NULL,NULL,NULL,6,2,'2021-12-26 10:32:49','2021-12-26 10:32:49'),(394,'Crater\\Models\\Invoice',161,'Input',NULL,NULL,NULL,NULL,NULL,NULL,5,2,'2021-12-26 10:32:49','2021-12-26 10:32:49'),(395,'Crater\\Models\\Customer',78,'Input',NULL,NULL,NULL,'08BAMPS6015E1ZL',NULL,NULL,4,2,'2021-12-27 08:08:55','2022-01-14 12:51:05'),(396,'Crater\\Models\\Invoice',162,'Input',NULL,NULL,NULL,NULL,NULL,NULL,3,1,'2022-01-03 07:56:45','2022-01-03 07:56:45'),(397,'Crater\\Models\\Invoice',162,'Input',NULL,NULL,NULL,NULL,NULL,NULL,2,1,'2022-01-03 07:56:45','2022-01-03 07:56:45'),(398,'Crater\\Models\\Invoice',163,'Input',NULL,NULL,NULL,NULL,NULL,NULL,6,2,'2022-01-03 08:00:26','2022-01-03 08:00:26'),(399,'Crater\\Models\\Invoice',163,'Input',NULL,NULL,NULL,NULL,NULL,NULL,5,2,'2022-01-03 08:00:26','2022-01-03 08:00:26'),(400,'Crater\\Models\\Invoice',164,'Input',NULL,NULL,NULL,NULL,NULL,NULL,3,1,'2022-01-03 08:11:09','2022-01-03 08:11:09'),(401,'Crater\\Models\\Invoice',164,'Input',NULL,NULL,NULL,NULL,NULL,NULL,2,1,'2022-01-03 08:11:09','2022-01-03 08:11:09'),(402,'Crater\\Models\\Invoice',165,'Input',NULL,NULL,NULL,NULL,NULL,NULL,3,1,'2022-01-03 08:28:43','2022-01-03 08:28:43'),(403,'Crater\\Models\\Invoice',165,'Input',NULL,NULL,NULL,NULL,NULL,NULL,2,1,'2022-01-03 08:28:43','2022-01-03 08:28:43'),(404,'Crater\\Models\\Customer',79,'Input',NULL,NULL,NULL,'08ahypk9295n1zx',NULL,NULL,1,1,'2022-01-03 09:06:53','2022-01-14 12:51:05'),(405,'Crater\\Models\\Invoice',166,'Input',NULL,NULL,NULL,NULL,NULL,NULL,3,1,'2022-01-03 09:10:12','2022-01-03 09:10:12'),(406,'Crater\\Models\\Invoice',166,'Input',NULL,NULL,NULL,NULL,NULL,NULL,2,1,'2022-01-03 09:10:12','2022-01-03 09:10:12'),(407,'Crater\\Models\\Invoice',167,'Input',NULL,NULL,NULL,NULL,NULL,NULL,3,1,'2022-01-03 09:15:08','2022-01-03 09:15:08'),(408,'Crater\\Models\\Invoice',167,'Input',NULL,NULL,NULL,NULL,NULL,NULL,2,1,'2022-01-03 09:15:08','2022-01-03 09:15:08'),(409,'Crater\\Models\\Customer',80,'Input',NULL,NULL,NULL,'08AAACK9885E1Z5',NULL,NULL,4,2,'2022-01-05 02:53:28','2022-01-14 12:51:05'),(410,'Crater\\Models\\Invoice',168,'Input',NULL,NULL,NULL,NULL,NULL,NULL,6,2,'2022-01-05 02:54:31','2022-01-05 02:54:31'),(411,'Crater\\Models\\Invoice',168,'Input',NULL,NULL,NULL,NULL,NULL,NULL,5,2,'2022-01-05 02:54:31','2022-01-05 02:54:31'),(412,'Crater\\Models\\Customer',81,'Input',NULL,NULL,NULL,'08AAHCS8795A1ZZ',NULL,NULL,4,2,'2022-01-05 09:44:21','2022-01-14 12:51:05'),(413,'Crater\\Models\\Customer',82,'Input',NULL,NULL,NULL,'08AAHCS8795A1ZZ',NULL,NULL,4,2,'2022-01-05 09:48:18','2022-01-14 12:51:05'),(414,'Crater\\Models\\Invoice',169,'Input',NULL,NULL,NULL,NULL,NULL,NULL,6,2,'2022-01-05 12:32:22','2022-01-05 12:32:22'),(415,'Crater\\Models\\Invoice',169,'Input',NULL,NULL,NULL,NULL,NULL,NULL,5,2,'2022-01-05 12:32:22','2022-01-05 12:32:22'),(416,'Crater\\Models\\Customer',83,'Input',NULL,NULL,NULL,'08aacca728561zy',NULL,NULL,1,1,'2022-01-08 03:02:25','2022-01-14 12:51:06'),(417,'Crater\\Models\\Invoice',170,'Input',NULL,NULL,NULL,NULL,NULL,NULL,3,1,'2022-01-08 03:05:26','2022-01-08 03:05:26'),(418,'Crater\\Models\\Invoice',170,'Input',NULL,NULL,NULL,NULL,NULL,NULL,2,1,'2022-01-08 03:05:26','2022-01-08 03:05:26'),(419,'Crater\\Models\\Invoice',171,'Input',NULL,NULL,NULL,NULL,NULL,NULL,3,1,'2022-01-13 02:51:55','2022-01-13 02:51:55'),(420,'Crater\\Models\\Invoice',171,'Input',NULL,NULL,NULL,NULL,NULL,NULL,2,1,'2022-01-13 02:51:55','2022-01-13 02:51:55'),(421,'Crater\\Models\\Customer',84,'Input',NULL,NULL,NULL,'08AANCS3717Q2ZJ',NULL,NULL,4,2,'2022-01-15 07:12:22','2022-01-15 07:12:22'),(428,'Crater\\Models\\Invoice',175,'Input',NULL,NULL,NULL,NULL,NULL,NULL,3,1,'2022-01-15 08:33:19','2022-01-15 08:33:19'),(429,'Crater\\Models\\Invoice',175,'Input',NULL,NULL,NULL,NULL,NULL,NULL,2,1,'2022-01-15 08:33:19','2022-01-15 08:33:19'),(444,'Crater\\Models\\Invoice',183,'Input',NULL,NULL,NULL,NULL,NULL,NULL,6,2,'2022-01-16 02:34:27','2022-01-16 02:34:27'),(445,'Crater\\Models\\Invoice',183,'Input',NULL,NULL,NULL,NULL,NULL,NULL,5,2,'2022-01-16 02:34:27','2022-01-16 02:34:27'),(474,'Crater\\Models\\Invoice',198,'Input',NULL,NULL,NULL,NULL,NULL,NULL,6,2,'2022-01-20 08:26:29','2022-01-20 08:26:29'),(475,'Crater\\Models\\Invoice',198,'Input',NULL,NULL,NULL,NULL,NULL,NULL,5,2,'2022-01-20 08:26:29','2022-01-20 08:26:29'),(476,'Crater\\Models\\Invoice',199,'Input',NULL,NULL,NULL,NULL,NULL,NULL,3,1,'2022-01-22 07:12:35','2022-01-22 07:12:35'),(477,'Crater\\Models\\Invoice',199,'Input',NULL,NULL,NULL,NULL,NULL,NULL,2,1,'2022-01-22 07:12:35','2022-01-22 07:12:35'),(478,'Crater\\Models\\Customer',85,'Input',NULL,NULL,NULL,'08AABCJ8367P1ZR',NULL,NULL,4,2,'2022-01-29 06:49:28','2022-01-29 06:49:28'),(479,'Crater\\Models\\Invoice',200,'Input',NULL,NULL,NULL,NULL,NULL,NULL,6,2,'2022-01-29 06:50:33','2022-01-29 06:50:33'),(480,'Crater\\Models\\Invoice',200,'Input',NULL,NULL,NULL,NULL,NULL,NULL,5,2,'2022-01-29 06:50:33','2022-01-29 06:50:33'),(481,'Crater\\Models\\Invoice',201,'Input',NULL,NULL,NULL,NULL,NULL,NULL,6,2,'2022-01-31 04:02:27','2022-01-31 04:02:27'),(482,'Crater\\Models\\Invoice',201,'Input',NULL,NULL,NULL,NULL,NULL,NULL,5,2,'2022-01-31 04:02:27','2022-01-31 04:02:27'),(483,'Crater\\Models\\Invoice',202,'Input',NULL,NULL,NULL,NULL,NULL,NULL,6,2,'2022-01-31 04:03:25','2022-01-31 04:03:25'),(484,'Crater\\Models\\Invoice',202,'Input',NULL,NULL,NULL,NULL,NULL,NULL,5,2,'2022-01-31 04:03:25','2022-01-31 04:03:25'),(485,'Crater\\Models\\Invoice',203,'Input',NULL,NULL,NULL,NULL,NULL,NULL,6,2,'2022-01-31 04:22:07','2022-01-31 04:22:07'),(486,'Crater\\Models\\Invoice',203,'Input',NULL,NULL,NULL,NULL,NULL,NULL,5,2,'2022-01-31 04:22:07','2022-01-31 04:22:07'),(487,'Crater\\Models\\Customer',86,'Input',NULL,NULL,NULL,'08AAECC4274D1ZU',NULL,NULL,4,2,'2022-02-01 01:13:41','2022-02-01 01:13:41'),(510,'Crater\\Models\\Invoice',215,'Input',NULL,NULL,NULL,NULL,NULL,NULL,6,2,'2022-02-01 03:19:07','2022-02-01 03:19:07'),(511,'Crater\\Models\\Invoice',215,'Input',NULL,NULL,NULL,NULL,NULL,NULL,5,2,'2022-02-01 03:19:07','2022-02-01 03:19:07'),(512,'Crater\\Models\\Invoice',216,'Input',NULL,NULL,NULL,NULL,NULL,NULL,6,2,'2022-02-01 04:10:12','2022-02-01 04:10:12'),(513,'Crater\\Models\\Invoice',216,'Input',NULL,NULL,NULL,NULL,NULL,NULL,5,2,'2022-02-01 04:10:12','2022-02-01 04:10:12'),(516,'Crater\\Models\\Invoice',218,'Input',NULL,NULL,NULL,NULL,NULL,NULL,3,1,'2022-02-08 06:05:38','2022-02-08 06:05:38'),(517,'Crater\\Models\\Invoice',218,'Input',NULL,NULL,NULL,NULL,NULL,NULL,2,1,'2022-02-08 06:05:38','2022-02-08 06:05:38'),(518,'Crater\\Models\\Invoice',219,'Input',NULL,NULL,NULL,NULL,NULL,NULL,3,1,'2022-02-08 09:45:16','2022-02-08 09:45:16'),(519,'Crater\\Models\\Invoice',219,'Input',NULL,NULL,NULL,NULL,NULL,NULL,2,1,'2022-02-08 09:45:16','2022-02-08 09:45:16'),(520,'Crater\\Models\\Invoice',220,'Input',NULL,NULL,NULL,NULL,NULL,NULL,3,1,'2022-02-10 14:10:39','2022-02-10 14:10:39'),(521,'Crater\\Models\\Invoice',220,'Input',NULL,NULL,NULL,NULL,NULL,NULL,2,1,'2022-02-10 14:10:39','2022-02-10 14:10:39'),(524,'Crater\\Models\\Invoice',222,'Input',NULL,NULL,NULL,NULL,NULL,NULL,3,1,'2022-02-11 02:46:05','2022-02-11 02:46:05'),(525,'Crater\\Models\\Invoice',222,'Input',NULL,NULL,NULL,NULL,NULL,NULL,2,1,'2022-02-11 02:46:05','2022-02-11 02:46:05'),(526,'Crater\\Models\\Customer',87,'Input',NULL,NULL,NULL,'08axipt3914d1ze',NULL,NULL,1,1,'2022-02-11 07:44:45','2022-02-11 07:44:45'),(529,'Crater\\Models\\Invoice',224,'Input',NULL,NULL,NULL,NULL,NULL,NULL,3,1,'2022-02-11 07:56:48','2022-02-11 07:56:48'),(530,'Crater\\Models\\Invoice',224,'Input',NULL,NULL,NULL,NULL,NULL,NULL,2,1,'2022-02-11 07:56:48','2022-02-11 07:56:48'),(531,'Crater\\Models\\Invoice',225,'Input',NULL,NULL,NULL,NULL,NULL,NULL,3,1,'2022-02-12 11:56:24','2022-02-12 11:56:24'),(532,'Crater\\Models\\Invoice',225,'Input',NULL,NULL,NULL,NULL,NULL,NULL,2,1,'2022-02-12 11:56:24','2022-02-12 11:56:24'),(533,'Crater\\Models\\Invoice',226,'Input',NULL,NULL,NULL,NULL,NULL,NULL,3,1,'2022-02-13 02:13:21','2022-02-13 02:13:21'),(534,'Crater\\Models\\Invoice',226,'Input',NULL,NULL,NULL,NULL,NULL,NULL,2,1,'2022-02-13 02:13:21','2022-02-13 02:13:21'),(537,'Crater\\Models\\Invoice',228,'Input',NULL,NULL,NULL,NULL,NULL,NULL,3,1,'2022-02-13 02:37:42','2022-02-13 02:37:42'),(538,'Crater\\Models\\Invoice',228,'Input',NULL,NULL,NULL,NULL,NULL,NULL,2,1,'2022-02-13 02:37:42','2022-02-13 02:37:42'),(539,'Crater\\Models\\Invoice',229,'Input',NULL,NULL,NULL,NULL,NULL,NULL,6,2,'2022-02-15 12:37:26','2022-02-15 12:37:26'),(540,'Crater\\Models\\Invoice',229,'Input',NULL,NULL,NULL,NULL,NULL,NULL,5,2,'2022-02-15 12:37:26','2022-02-15 12:37:26'),(541,'Crater\\Models\\Invoice',230,'Input',NULL,NULL,NULL,NULL,NULL,NULL,6,2,'2022-02-15 12:38:03','2022-02-15 12:38:03'),(542,'Crater\\Models\\Invoice',230,'Input',NULL,NULL,NULL,NULL,NULL,NULL,5,2,'2022-02-15 12:38:03','2022-02-15 12:38:03'),(543,'Crater\\Models\\Invoice',231,'Input',NULL,NULL,NULL,NULL,NULL,NULL,6,2,'2022-02-15 13:53:32','2022-02-15 13:53:32'),(544,'Crater\\Models\\Invoice',231,'Input',NULL,NULL,NULL,NULL,NULL,NULL,5,2,'2022-02-15 13:53:32','2022-02-15 13:53:32'),(545,'Crater\\Models\\Invoice',232,'Input',NULL,NULL,NULL,NULL,NULL,NULL,3,1,'2022-02-16 02:01:00','2022-02-16 02:01:00'),(546,'Crater\\Models\\Invoice',232,'Input',NULL,NULL,NULL,NULL,NULL,NULL,2,1,'2022-02-16 02:01:00','2022-02-16 02:01:00'),(547,'Crater\\Models\\Invoice',233,'Input',NULL,NULL,NULL,NULL,NULL,NULL,3,1,'2022-02-16 09:01:21','2022-02-16 09:01:21'),(548,'Crater\\Models\\Invoice',233,'Input',NULL,NULL,NULL,NULL,NULL,NULL,2,1,'2022-02-16 09:01:21','2022-02-16 09:01:21'),(549,'Crater\\Models\\Invoice',234,'Input',NULL,NULL,NULL,NULL,NULL,NULL,3,1,'2022-02-18 10:04:06','2022-02-18 10:04:06'),(550,'Crater\\Models\\Invoice',234,'Input',NULL,NULL,NULL,NULL,NULL,NULL,2,1,'2022-02-18 10:04:06','2022-02-18 10:04:06'),(551,'Crater\\Models\\Customer',88,'Input',NULL,NULL,NULL,'08aaick2719f1zk',NULL,NULL,1,1,'2022-02-22 07:01:33','2022-02-22 07:01:33'),(552,'Crater\\Models\\Invoice',235,'Input',NULL,NULL,NULL,NULL,NULL,NULL,3,1,'2022-02-22 07:04:59','2022-02-22 07:04:59'),(553,'Crater\\Models\\Invoice',235,'Input',NULL,NULL,NULL,NULL,NULL,NULL,2,1,'2022-02-22 07:04:59','2022-02-22 07:04:59'),(554,'Crater\\Models\\Customer',89,'Input',NULL,NULL,NULL,'08AAACB5146M1ZJ',NULL,NULL,4,2,'2022-02-23 09:13:22','2022-02-23 09:13:22'),(555,'Crater\\Models\\Invoice',236,'Input',NULL,NULL,NULL,NULL,NULL,NULL,6,2,'2022-02-23 09:13:57','2022-02-23 09:13:57'),(556,'Crater\\Models\\Invoice',236,'Input',NULL,NULL,NULL,NULL,NULL,NULL,5,2,'2022-02-23 09:13:57','2022-02-23 09:13:57'),(557,'Crater\\Models\\Invoice',237,'Input',NULL,NULL,NULL,NULL,NULL,NULL,3,1,'2022-02-24 08:51:59','2022-02-24 08:51:59'),(558,'Crater\\Models\\Invoice',237,'Input',NULL,NULL,NULL,NULL,NULL,NULL,2,1,'2022-02-24 08:51:59','2022-02-24 08:51:59'),(559,'Crater\\Models\\Invoice',238,'Input',NULL,NULL,NULL,NULL,NULL,NULL,3,1,'2022-02-24 09:04:46','2022-02-24 09:04:46'),(560,'Crater\\Models\\Invoice',238,'Input',NULL,NULL,NULL,NULL,NULL,NULL,2,1,'2022-02-24 09:04:46','2022-02-24 09:04:46'),(561,'Crater\\Models\\Invoice',239,'Input',NULL,NULL,NULL,NULL,NULL,NULL,3,1,'2022-03-01 07:14:24','2022-03-01 07:14:24'),(562,'Crater\\Models\\Invoice',239,'Input',NULL,NULL,NULL,NULL,NULL,NULL,2,1,'2022-03-01 07:14:24','2022-03-01 07:14:24'),(563,'Crater\\Models\\Invoice',240,'Input',NULL,NULL,NULL,NULL,NULL,NULL,3,1,'2022-03-02 08:09:17','2022-03-02 08:09:17'),(564,'Crater\\Models\\Invoice',240,'Input',NULL,NULL,NULL,NULL,NULL,NULL,2,1,'2022-03-02 08:09:17','2022-03-02 08:09:17'),(565,'Crater\\Models\\Invoice',241,'Input',NULL,NULL,NULL,NULL,NULL,NULL,3,1,'2022-03-02 08:18:04','2022-03-02 08:18:04'),(566,'Crater\\Models\\Invoice',241,'Input',NULL,NULL,NULL,NULL,NULL,NULL,2,1,'2022-03-02 08:18:04','2022-03-02 08:18:04'),(567,'Crater\\Models\\Invoice',242,'Input',NULL,NULL,NULL,NULL,NULL,NULL,3,1,'2022-03-02 10:10:03','2022-03-02 10:10:03'),(568,'Crater\\Models\\Invoice',242,'Input',NULL,NULL,NULL,NULL,NULL,NULL,2,1,'2022-03-02 10:10:03','2022-03-02 10:10:03'),(569,'Crater\\Models\\Invoice',243,'Input',NULL,NULL,NULL,NULL,NULL,NULL,6,2,'2022-03-03 12:15:41','2022-03-03 12:15:41'),(570,'Crater\\Models\\Invoice',243,'Input',NULL,NULL,NULL,NULL,NULL,NULL,5,2,'2022-03-03 12:15:41','2022-03-03 12:15:41'),(571,'Crater\\Models\\Invoice',244,'Input',NULL,NULL,NULL,NULL,NULL,NULL,6,2,'2022-03-04 05:06:31','2022-03-04 05:06:31'),(572,'Crater\\Models\\Invoice',244,'Input',NULL,NULL,NULL,NULL,NULL,NULL,5,2,'2022-03-04 05:06:31','2022-03-04 05:06:31'),(581,'Crater\\Models\\Invoice',249,'Input',NULL,NULL,NULL,NULL,NULL,NULL,3,1,'2022-03-05 07:09:51','2022-03-05 07:09:51'),(582,'Crater\\Models\\Invoice',249,'Input',NULL,NULL,NULL,NULL,NULL,NULL,2,1,'2022-03-05 07:09:51','2022-03-05 07:09:51'),(583,'Crater\\Models\\Invoice',250,'Input',NULL,NULL,NULL,NULL,NULL,NULL,6,2,'2022-03-07 13:54:01','2022-03-07 13:54:01'),(584,'Crater\\Models\\Invoice',250,'Input',NULL,NULL,NULL,NULL,NULL,NULL,5,2,'2022-03-07 13:54:01','2022-03-07 13:54:01'),(585,'Crater\\Models\\Customer',90,'Input',NULL,NULL,NULL,'08AACCB4798H1ZC',NULL,NULL,4,2,'2022-03-08 06:45:56','2022-03-08 06:45:56'),(586,'Crater\\Models\\Invoice',251,'Input',NULL,NULL,NULL,NULL,NULL,NULL,6,2,'2022-03-08 08:49:45','2022-03-08 08:49:45'),(587,'Crater\\Models\\Invoice',251,'Input',NULL,NULL,NULL,NULL,NULL,NULL,5,2,'2022-03-08 08:49:45','2022-03-08 08:49:45'),(590,'Crater\\Models\\Invoice',253,'Input',NULL,NULL,NULL,NULL,NULL,NULL,3,1,'2022-03-09 06:06:32','2022-03-09 06:06:32'),(591,'Crater\\Models\\Invoice',253,'Input',NULL,NULL,NULL,NULL,NULL,NULL,2,1,'2022-03-09 06:06:32','2022-03-09 06:06:32'),(592,'Crater\\Models\\Invoice',254,'Input',NULL,NULL,NULL,NULL,NULL,NULL,3,1,'2022-03-09 06:31:23','2022-03-09 06:31:23'),(593,'Crater\\Models\\Invoice',254,'Input',NULL,NULL,NULL,NULL,NULL,NULL,2,1,'2022-03-09 06:31:23','2022-03-09 06:31:23'),(594,'Crater\\Models\\Customer',91,'Input',NULL,NULL,NULL,'08AFGPP1517C1ZS',NULL,NULL,4,2,'2022-03-11 06:20:22','2022-03-11 06:20:22'),(595,'Crater\\Models\\Invoice',255,'Input',NULL,NULL,NULL,NULL,NULL,NULL,6,2,'2022-03-14 03:32:11','2022-03-14 03:32:11'),(596,'Crater\\Models\\Invoice',255,'Input',NULL,NULL,NULL,NULL,NULL,NULL,5,2,'2022-03-14 03:32:11','2022-03-14 03:32:11'),(597,'Crater\\Models\\Invoice',256,'Input',NULL,NULL,NULL,NULL,NULL,NULL,3,1,'2022-03-14 11:24:58','2022-03-14 11:24:58'),(598,'Crater\\Models\\Invoice',256,'Input',NULL,NULL,NULL,NULL,NULL,NULL,2,1,'2022-03-14 11:24:58','2022-03-14 11:24:58'),(599,'Crater\\Models\\Invoice',257,'Input',NULL,NULL,NULL,NULL,NULL,NULL,6,2,'2022-03-16 09:47:09','2022-03-16 09:47:09'),(600,'Crater\\Models\\Invoice',257,'Input',NULL,NULL,NULL,NULL,NULL,NULL,5,2,'2022-03-16 09:47:09','2022-03-16 09:47:09'),(601,'Crater\\Models\\Invoice',258,'Input',NULL,NULL,NULL,NULL,NULL,NULL,6,2,'2022-03-16 09:47:59','2022-03-16 09:47:59'),(602,'Crater\\Models\\Invoice',258,'Input',NULL,NULL,NULL,NULL,NULL,NULL,5,2,'2022-03-16 09:47:59','2022-03-16 09:47:59'),(603,'Crater\\Models\\Invoice',259,'Input',NULL,NULL,NULL,NULL,NULL,NULL,6,2,'2022-03-16 11:35:05','2022-03-16 11:35:05'),(604,'Crater\\Models\\Invoice',259,'Input',NULL,NULL,NULL,NULL,NULL,NULL,5,2,'2022-03-16 11:35:05','2022-03-16 11:35:05'),(605,'Crater\\Models\\Invoice',260,'Input',NULL,NULL,NULL,NULL,NULL,NULL,6,2,'2022-03-19 17:21:26','2022-03-19 17:21:26'),(606,'Crater\\Models\\Invoice',260,'Input',NULL,NULL,NULL,NULL,NULL,NULL,5,2,'2022-03-19 17:21:26','2022-03-19 17:21:26'),(607,'Crater\\Models\\Invoice',261,'Input',NULL,NULL,NULL,NULL,NULL,NULL,6,2,'2022-03-19 17:33:34','2022-03-19 17:33:34'),(608,'Crater\\Models\\Invoice',261,'Input',NULL,NULL,NULL,NULL,NULL,NULL,5,2,'2022-03-19 17:33:34','2022-03-19 17:33:34'),(609,'Crater\\Models\\Invoice',262,'Input',NULL,NULL,NULL,NULL,NULL,NULL,6,2,'2022-03-26 02:04:10','2022-03-26 02:04:10'),(610,'Crater\\Models\\Invoice',262,'Input',NULL,NULL,NULL,NULL,NULL,NULL,5,2,'2022-03-26 02:04:10','2022-03-26 02:04:10'),(611,'Crater\\Models\\Invoice',263,'Input',NULL,NULL,NULL,NULL,NULL,NULL,6,2,'2022-03-26 02:10:56','2022-03-26 02:10:56'),(612,'Crater\\Models\\Invoice',263,'Input',NULL,NULL,NULL,NULL,NULL,NULL,5,2,'2022-03-26 02:10:56','2022-03-26 02:10:56'),(613,'Crater\\Models\\Invoice',264,'Input',NULL,NULL,NULL,NULL,NULL,NULL,6,2,'2022-03-26 02:12:47','2022-03-26 02:12:47'),(614,'Crater\\Models\\Invoice',264,'Input',NULL,NULL,NULL,NULL,NULL,NULL,5,2,'2022-03-26 02:12:47','2022-03-26 02:12:47'),(615,'Crater\\Models\\Invoice',265,'Input',NULL,NULL,NULL,NULL,NULL,NULL,6,2,'2022-03-26 05:43:00','2022-03-26 05:43:00'),(616,'Crater\\Models\\Invoice',265,'Input',NULL,NULL,NULL,NULL,NULL,NULL,5,2,'2022-03-26 05:43:00','2022-03-26 05:43:00'),(617,'Crater\\Models\\Invoice',266,'Input',NULL,NULL,NULL,NULL,NULL,NULL,3,1,'2022-03-26 06:09:54','2022-03-26 06:09:54'),(618,'Crater\\Models\\Invoice',266,'Input',NULL,NULL,NULL,NULL,NULL,NULL,2,1,'2022-03-26 06:09:54','2022-03-26 06:09:54'),(619,'Crater\\Models\\Invoice',267,'Input',NULL,NULL,NULL,NULL,NULL,NULL,3,1,'2022-03-26 06:34:09','2022-03-26 06:34:09'),(620,'Crater\\Models\\Invoice',267,'Input',NULL,NULL,NULL,NULL,NULL,NULL,2,1,'2022-03-26 06:34:09','2022-03-26 06:34:09'),(621,'Crater\\Models\\Invoice',268,'Input',NULL,NULL,NULL,NULL,NULL,NULL,3,1,'2022-03-29 10:04:46','2022-03-29 10:04:46'),(622,'Crater\\Models\\Invoice',268,'Input',NULL,NULL,NULL,NULL,NULL,NULL,2,1,'2022-03-29 10:04:46','2022-03-29 10:04:46'),(623,'Crater\\Models\\Invoice',269,'Input',NULL,NULL,NULL,NULL,NULL,NULL,3,1,'2022-03-30 07:26:03','2022-03-30 07:26:03'),(624,'Crater\\Models\\Invoice',269,'Input',NULL,NULL,NULL,NULL,NULL,NULL,2,1,'2022-03-30 07:26:03','2022-03-30 07:26:03'),(625,'Crater\\Models\\Customer',92,'Input',NULL,NULL,NULL,'08AAACR9846A1ZA',NULL,NULL,1,1,'2022-04-01 07:22:10','2022-04-01 07:22:10'),(626,'Crater\\Models\\Invoice',270,'Input',NULL,NULL,NULL,NULL,NULL,NULL,3,1,'2022-04-01 07:27:07','2022-04-01 07:27:07'),(627,'Crater\\Models\\Invoice',270,'Input',NULL,NULL,NULL,NULL,NULL,NULL,2,1,'2022-04-01 07:27:07','2022-04-01 07:27:07'),(628,'Crater\\Models\\Invoice',271,'Input',NULL,NULL,NULL,NULL,NULL,NULL,3,1,'2022-04-01 07:33:04','2022-04-01 07:33:04'),(629,'Crater\\Models\\Invoice',271,'Input',NULL,NULL,NULL,NULL,NULL,NULL,2,1,'2022-04-01 07:33:04','2022-04-01 07:33:04'),(630,'Crater\\Models\\Invoice',272,'Input',NULL,NULL,NULL,NULL,NULL,NULL,3,1,'2022-04-03 06:34:44','2022-04-03 06:34:44'),(631,'Crater\\Models\\Invoice',272,'Input',NULL,NULL,NULL,NULL,NULL,NULL,2,1,'2022-04-03 06:34:44','2022-04-03 06:34:44'),(632,'Crater\\Models\\Invoice',273,'Input',NULL,NULL,NULL,NULL,NULL,NULL,6,2,'2022-04-08 08:42:59','2022-04-08 08:42:59'),(633,'Crater\\Models\\Invoice',273,'Input',NULL,NULL,NULL,NULL,NULL,NULL,5,2,'2022-04-08 08:42:59','2022-04-08 08:42:59'),(634,'Crater\\Models\\Invoice',274,'Input',NULL,NULL,NULL,NULL,NULL,NULL,3,1,'2022-04-09 07:15:34','2022-04-09 07:15:34'),(635,'Crater\\Models\\Invoice',274,'Input',NULL,NULL,NULL,NULL,NULL,NULL,2,1,'2022-04-09 07:15:34','2022-04-09 07:15:34'),(636,'Crater\\Models\\Invoice',275,'Input',NULL,NULL,NULL,NULL,NULL,NULL,3,1,'2022-04-09 10:18:02','2022-04-09 10:18:02'),(637,'Crater\\Models\\Invoice',275,'Input',NULL,NULL,NULL,NULL,NULL,NULL,2,1,'2022-04-09 10:18:02','2022-04-09 10:18:02'),(638,'Crater\\Models\\Invoice',276,'Input',NULL,NULL,NULL,NULL,NULL,NULL,3,1,'2022-04-10 10:50:45','2022-04-10 10:50:45'),(639,'Crater\\Models\\Invoice',276,'Input',NULL,NULL,NULL,NULL,NULL,NULL,2,1,'2022-04-10 10:50:45','2022-04-10 10:50:45'),(640,'Crater\\Models\\Invoice',277,'Input',NULL,NULL,NULL,NULL,NULL,NULL,6,2,'2022-04-13 11:31:28','2022-04-13 11:31:28'),(641,'Crater\\Models\\Invoice',277,'Input',NULL,NULL,NULL,NULL,NULL,NULL,5,2,'2022-04-13 11:31:28','2022-04-13 11:31:28'),(642,'Crater\\Models\\Customer',93,'Input',NULL,NULL,NULL,'08ADQFS8462H1ZC',NULL,NULL,4,2,'2022-04-13 11:33:43','2022-04-13 11:33:43'),(643,'Crater\\Models\\Customer',94,'Input',NULL,NULL,NULL,'08AACCA7285Q1ZY',NULL,NULL,4,2,'2022-04-13 11:35:56','2022-04-13 11:35:56'),(644,'Crater\\Models\\Invoice',278,'Input',NULL,NULL,NULL,NULL,NULL,NULL,6,2,'2022-04-13 14:43:34','2022-04-13 14:43:34'),(645,'Crater\\Models\\Invoice',278,'Input',NULL,NULL,NULL,NULL,NULL,NULL,5,2,'2022-04-13 14:43:34','2022-04-13 14:43:34'),(646,'Crater\\Models\\Invoice',279,'Input',NULL,NULL,NULL,NULL,NULL,NULL,6,2,'2022-04-13 14:45:04','2022-04-13 14:45:04'),(647,'Crater\\Models\\Invoice',279,'Input',NULL,NULL,NULL,NULL,NULL,NULL,5,2,'2022-04-13 14:45:04','2022-04-13 14:45:04'),(648,'Crater\\Models\\Invoice',280,'Input',NULL,NULL,NULL,NULL,NULL,NULL,6,2,'2022-04-13 14:51:39','2022-04-13 14:51:39'),(649,'Crater\\Models\\Invoice',280,'Input',NULL,NULL,NULL,NULL,NULL,NULL,5,2,'2022-04-13 14:51:39','2022-04-13 14:51:39'),(650,'Crater\\Models\\Invoice',281,'Input',NULL,NULL,NULL,NULL,NULL,NULL,6,2,'2022-04-21 02:20:33','2022-04-21 02:20:33'),(651,'Crater\\Models\\Invoice',281,'Input',NULL,NULL,NULL,NULL,NULL,NULL,5,2,'2022-04-21 02:20:33','2022-04-21 02:20:33'),(654,'Crater\\Models\\Invoice',283,'Input',NULL,NULL,NULL,NULL,NULL,NULL,3,1,'2022-04-21 06:21:18','2022-04-21 06:21:18'),(655,'Crater\\Models\\Invoice',283,'Input',NULL,NULL,NULL,NULL,NULL,NULL,2,1,'2022-04-21 06:21:18','2022-04-21 06:21:18'),(656,'Crater\\Models\\Invoice',284,'Input',NULL,NULL,NULL,NULL,NULL,NULL,3,1,'2022-05-01 09:36:02','2022-05-01 09:36:02'),(657,'Crater\\Models\\Invoice',284,'Input',NULL,NULL,NULL,NULL,NULL,NULL,2,1,'2022-05-01 09:36:02','2022-05-01 09:36:02'),(658,'Crater\\Models\\Invoice',285,'Input',NULL,NULL,NULL,NULL,NULL,NULL,3,1,'2022-05-01 09:49:48','2022-05-01 09:49:48'),(659,'Crater\\Models\\Invoice',285,'Input',NULL,NULL,NULL,NULL,NULL,NULL,2,1,'2022-05-01 09:49:48','2022-05-01 09:49:48'),(660,'Crater\\Models\\Customer',95,'Input',NULL,NULL,NULL,'08alqpt5126p2z4',NULL,NULL,1,1,'2022-05-01 10:53:12','2022-05-01 10:53:12'),(663,'Crater\\Models\\Invoice',287,'Input',NULL,NULL,NULL,NULL,NULL,NULL,3,1,'2022-05-01 11:00:24','2022-05-01 11:00:24'),(664,'Crater\\Models\\Invoice',287,'Input',NULL,NULL,NULL,NULL,NULL,NULL,2,1,'2022-05-01 11:00:24','2022-05-01 11:00:24'),(665,'Crater\\Models\\Invoice',288,'Input',NULL,NULL,NULL,NULL,NULL,NULL,3,1,'2022-05-01 11:06:09','2022-05-01 11:06:09'),(666,'Crater\\Models\\Invoice',288,'Input',NULL,NULL,NULL,NULL,NULL,NULL,2,1,'2022-05-01 11:06:09','2022-05-01 11:06:09'),(667,'Crater\\Models\\Invoice',289,'Input',NULL,NULL,NULL,NULL,NULL,NULL,3,1,'2022-05-01 11:29:09','2022-05-01 11:29:09'),(668,'Crater\\Models\\Invoice',289,'Input',NULL,NULL,NULL,NULL,NULL,NULL,2,1,'2022-05-01 11:29:09','2022-05-01 11:29:09'),(669,'Crater\\Models\\Invoice',290,'Input',NULL,NULL,NULL,NULL,NULL,NULL,6,2,'2022-05-03 04:22:22','2022-05-03 04:22:22'),(670,'Crater\\Models\\Invoice',290,'Input',NULL,NULL,NULL,NULL,NULL,NULL,5,2,'2022-05-03 04:22:22','2022-05-03 04:22:22'),(671,'Crater\\Models\\Invoice',291,'Input',NULL,NULL,NULL,NULL,NULL,NULL,6,2,'2022-05-03 04:23:15','2022-05-03 04:23:15'),(672,'Crater\\Models\\Invoice',291,'Input',NULL,NULL,NULL,NULL,NULL,NULL,5,2,'2022-05-03 04:23:15','2022-05-03 04:23:15'),(673,'Crater\\Models\\Invoice',292,'Input',NULL,NULL,NULL,NULL,NULL,NULL,6,2,'2022-05-04 09:56:46','2022-05-04 09:56:46'),(674,'Crater\\Models\\Invoice',292,'Input',NULL,NULL,NULL,NULL,NULL,NULL,5,2,'2022-05-04 09:56:46','2022-05-04 09:56:46'),(675,'Crater\\Models\\Invoice',293,'Input',NULL,NULL,NULL,NULL,NULL,NULL,6,2,'2022-05-07 06:41:21','2022-05-07 06:41:21'),(676,'Crater\\Models\\Invoice',293,'Input',NULL,NULL,NULL,NULL,NULL,NULL,5,2,'2022-05-07 06:41:21','2022-05-07 06:41:21'),(677,'Crater\\Models\\Invoice',294,'Input',NULL,NULL,NULL,NULL,NULL,NULL,3,1,'2022-05-08 05:05:06','2022-05-08 05:05:06'),(678,'Crater\\Models\\Invoice',294,'Input',NULL,NULL,NULL,NULL,NULL,NULL,2,1,'2022-05-08 05:05:06','2022-05-08 05:05:06'),(679,'Crater\\Models\\Invoice',295,'Input',NULL,NULL,NULL,NULL,NULL,NULL,3,1,'2022-05-08 05:11:04','2022-05-08 05:11:04'),(680,'Crater\\Models\\Invoice',295,'Input',NULL,NULL,NULL,NULL,NULL,NULL,2,1,'2022-05-08 05:11:04','2022-05-08 05:11:04'),(719,'Crater\\Models\\Invoice',315,'Input',NULL,NULL,NULL,NULL,NULL,NULL,6,2,'2022-05-30 01:41:37','2022-05-30 01:41:37'),(720,'Crater\\Models\\Invoice',315,'Input',NULL,NULL,NULL,NULL,NULL,NULL,5,2,'2022-05-30 01:41:37','2022-05-30 01:41:37'),(721,'Crater\\Models\\Invoice',316,'Input',NULL,NULL,NULL,NULL,NULL,NULL,6,2,'2022-05-30 21:10:50','2022-05-30 21:10:50'),(722,'Crater\\Models\\Invoice',316,'Input',NULL,NULL,NULL,NULL,NULL,NULL,5,2,'2022-05-30 21:10:50','2022-05-30 21:10:50'),(725,'Crater\\Models\\Invoice',318,'Input',NULL,NULL,NULL,NULL,NULL,NULL,6,2,'2022-05-30 21:26:11','2022-05-30 21:26:11'),(726,'Crater\\Models\\Invoice',318,'Input',NULL,NULL,NULL,NULL,NULL,NULL,5,2,'2022-05-30 21:26:11','2022-05-30 21:26:11'),(727,'Crater\\Models\\Customer',96,'Input',NULL,NULL,NULL,'08AABCH6795D1ZE',NULL,NULL,4,2,'2022-05-30 21:43:20','2022-05-30 21:43:20'),(728,'Crater\\Models\\Invoice',319,'Input',NULL,NULL,NULL,NULL,NULL,NULL,6,2,'2022-05-30 21:44:26','2022-05-30 21:44:26'),(729,'Crater\\Models\\Invoice',319,'Input',NULL,NULL,NULL,NULL,NULL,NULL,5,2,'2022-05-30 21:44:26','2022-05-30 21:44:26'),(730,'Crater\\Models\\Invoice',320,'Input',NULL,NULL,NULL,NULL,NULL,NULL,3,1,'2022-06-03 00:04:22','2022-06-03 00:04:22'),(731,'Crater\\Models\\Invoice',320,'Input',NULL,NULL,NULL,NULL,NULL,NULL,2,1,'2022-06-03 00:04:22','2022-06-03 00:04:22'),(732,'Crater\\Models\\Invoice',321,'Input',NULL,NULL,NULL,NULL,NULL,NULL,3,1,'2022-06-03 00:16:16','2022-06-03 00:16:16'),(733,'Crater\\Models\\Invoice',321,'Input',NULL,NULL,NULL,NULL,NULL,NULL,2,1,'2022-06-03 00:16:16','2022-06-03 00:16:16'),(734,'Crater\\Models\\Invoice',322,'Input',NULL,NULL,NULL,NULL,NULL,NULL,3,1,'2022-06-03 00:23:19','2022-06-03 00:23:19'),(735,'Crater\\Models\\Invoice',322,'Input',NULL,NULL,NULL,NULL,NULL,NULL,2,1,'2022-06-03 00:23:19','2022-06-03 00:23:19'),(736,'Crater\\Models\\Invoice',323,'Input',NULL,NULL,NULL,NULL,NULL,NULL,6,2,'2022-06-03 09:44:58','2022-06-03 09:44:58'),(737,'Crater\\Models\\Invoice',323,'Input',NULL,NULL,NULL,NULL,NULL,NULL,5,2,'2022-06-03 09:44:58','2022-06-03 09:44:58'),(738,'Crater\\Models\\Customer',97,'Input',NULL,NULL,NULL,'08AXCPD1434E1Z3',NULL,NULL,4,2,'2022-06-04 06:12:16','2022-06-04 06:12:16'),(739,'Crater\\Models\\Invoice',324,'Input',NULL,NULL,NULL,NULL,NULL,NULL,6,2,'2022-06-04 06:12:47','2022-06-04 06:12:47'),(740,'Crater\\Models\\Invoice',324,'Input',NULL,NULL,NULL,NULL,NULL,NULL,5,2,'2022-06-04 06:12:47','2022-06-04 06:12:47'),(745,'Crater\\Models\\Invoice',327,'Input',NULL,NULL,NULL,NULL,NULL,NULL,6,2,'2022-06-08 05:37:42','2022-06-08 05:37:42'),(746,'Crater\\Models\\Invoice',327,'Input',NULL,NULL,NULL,NULL,NULL,NULL,5,2,'2022-06-08 05:37:42','2022-06-08 05:37:42'),(749,'Crater\\Models\\Invoice',329,'Input',NULL,NULL,NULL,NULL,NULL,NULL,6,2,'2022-06-17 03:25:02','2022-06-17 03:25:02'),(750,'Crater\\Models\\Invoice',329,'Input',NULL,NULL,NULL,NULL,NULL,NULL,5,2,'2022-06-17 03:25:02','2022-06-17 03:25:02'),(761,'Crater\\Models\\Invoice',335,'Input',NULL,NULL,NULL,NULL,NULL,NULL,3,1,'2022-06-18 02:45:23','2022-06-18 02:45:23'),(762,'Crater\\Models\\Invoice',335,'Input',NULL,NULL,NULL,NULL,NULL,NULL,2,1,'2022-06-18 02:45:23','2022-06-18 02:45:23');

--
-- Table structure for table `custom_fields`
--

CREATE TABLE `custom_fields` (
  `id` bigint(20) unsigned NOT NULL AUTO_INCREMENT,
  `name` varchar(255) COLLATE utf8_unicode_ci NOT NULL,
  `slug` varchar(255) COLLATE utf8_unicode_ci NOT NULL,
  `label` varchar(255) COLLATE utf8_unicode_ci NOT NULL,
  `model_type` varchar(255) COLLATE utf8_unicode_ci NOT NULL,
  `type` varchar(255) COLLATE utf8_unicode_ci NOT NULL,
  `placeholder` varchar(255) COLLATE utf8_unicode_ci DEFAULT NULL,
  `options` json DEFAULT NULL,
  `boolean_answer` tinyint(1) DEFAULT NULL,
  `date_answer` date DEFAULT NULL,
  `time_answer` time DEFAULT NULL,
  `string_answer` text COLLATE utf8_unicode_ci,
  `number_answer` bigint(20) unsigned DEFAULT NULL,
  `date_time_answer` datetime DEFAULT NULL,
  `is_required` tinyint(1) NOT NULL DEFAULT '0',
  `order` bigint(20) unsigned NOT NULL DEFAULT '1',
  `company_id` int(10) unsigned NOT NULL,
  `created_at` timestamp NULL DEFAULT NULL,
  `updated_at` timestamp NULL DEFAULT NULL,
  PRIMARY KEY (`id`),
  KEY `custom_fields_company_id_foreign` (`company_id`),
  CONSTRAINT `custom_fields_company_id_foreign` FOREIGN KEY (`company_id`) REFERENCES `companies` (`id`)
) ENGINE=InnoDB AUTO_INCREMENT=7 DEFAULT CHARSET=utf8 COLLATE=utf8_unicode_ci;

--
-- Dumping data for table `custom_fields`
--

INSERT INTO `custom_fields` VALUES (1,'gst_no','CUSTOM_CUSTOMER_GST_NO','GST No','Customer','Input',NULL,'[]',NULL,NULL,NULL,NULL,NULL,NULL,1,1,1,'2021-03-25 17:18:35','2021-06-03 19:22:02'),(2,'eway_bill_number','CUSTOM_INVOICE_EWAY_BILL_NO','EWay Bill No','Invoice','Input','EWay Bill No','[]',NULL,NULL,NULL,NULL,NULL,NULL,0,1,1,'2021-06-03 19:17:13','2021-06-03 19:21:45'),(3,'transport_vehicle_no','CUSTOM_INVOICE_TRANSPORT_VEHICLE_NO','Transport Vehicle No','Invoice','Input',NULL,'[]',NULL,NULL,NULL,NULL,NULL,NULL,0,1,1,'2021-06-03 19:18:21','2021-06-03 19:21:28'),(4,'gst_no','CUSTOM_CUSTOMER_GST_NO_1','GST No','Customer','Input',NULL,'[]',NULL,NULL,NULL,NULL,NULL,NULL,1,1,2,'2021-06-18 03:47:55','2021-06-18 07:12:26'),(5,'eway_bill_number','CUSTOM_INVOICE_EWAY_BILL_NO_1','EWay Bill No','Invoice','Input',NULL,'[]',NULL,NULL,NULL,NULL,NULL,NULL,0,1,2,'2021-06-18 03:48:44','2021-06-18 07:12:54'),(6,'transport_vehicle_no','CUSTOM_INVOICE_TRANSPORT_VEHICLE_NO_1','Transport Vehicle No','Invoice','Input',NULL,'[]',NULL,NULL,NULL,NULL,NULL,NULL,0,1,2,'2021-06-18 07:13:31','2021-06-18 07:13:31');

--
-- Table structure for table `estimate_items`
--

CREATE TABLE `estimate_items` (
  `id` int(10) unsigned NOT NULL AUTO_INCREMENT,
  `name` varchar(255) COLLATE utf8_unicode_ci NOT NULL,
  `description` text COLLATE utf8_unicode_ci,
  `discount_type` varchar(255) COLLATE utf8_unicode_ci NOT NULL,
  `quantity` decimal(15,2) NOT NULL,
  `unit_name` varchar(255) COLLATE utf8_unicode_ci DEFAULT NULL,
  `discount` decimal(15,2) DEFAULT NULL,
  `discount_val` bigint(20) unsigned DEFAULT NULL,
  `price` bigint(20) unsigned NOT NULL,
  `tax` bigint(20) unsigned NOT NULL,
  `total` bigint(20) unsigned NOT NULL,
  `item_id` int(10) unsigned DEFAULT NULL,
  `estimate_id` int(10) unsigned NOT NULL,
  `company_id` int(10) unsigned DEFAULT NULL,
  `created_at` timestamp NULL DEFAULT NULL,
  `updated_at` timestamp NULL DEFAULT NULL,
  `exchange_rate` decimal(19,6) DEFAULT NULL,
  `base_discount_val` bigint(20) unsigned DEFAULT NULL,
  `base_price` bigint(20) unsigned DEFAULT NULL,
  `base_tax` bigint(20) unsigned DEFAULT NULL,
  `base_total` bigint(20) unsigned DEFAULT NULL,
  PRIMARY KEY (`id`),
  KEY `estimate_items_item_id_foreign` (`item_id`),
  KEY `estimate_items_estimate_id_foreign` (`estimate_id`),
  KEY `estimate_items_company_id_foreign` (`company_id`),
  CONSTRAINT `estimate_items_company_id_foreign` FOREIGN KEY (`company_id`) REFERENCES `companies` (`id`) ON DELETE CASCADE,
  CONSTRAINT `estimate_items_estimate_id_foreign` FOREIGN KEY (`estimate_id`) REFERENCES `estimates` (`id`) ON DELETE CASCADE,
  CONSTRAINT `estimate_items_item_id_foreign` FOREIGN KEY (`item_id`) REFERENCES `items` (`id`) ON DELETE CASCADE
) ENGINE=InnoDB DEFAULT CHARSET=utf8 COLLATE=utf8_unicode_ci;

--
-- Dumping data for table `estimate_items`
--


--
-- Table structure for table `estimates`
--

CREATE TABLE `estimates` (
  `id` int(10) unsigned NOT NULL AUTO_INCREMENT,
  `sequence_number` mediumint(8) unsigned DEFAULT NULL,
  `customer_sequence_number` mediumint(8) unsigned DEFAULT NULL,
  `estimate_date` date NOT NULL,
  `expiry_date` date DEFAULT NULL,
  `estimate_number` varchar(255) COLLATE utf8_unicode_ci NOT NULL,
  `status` varchar(255) COLLATE utf8_unicode_ci NOT NULL,
  `reference_number` varchar(255) COLLATE utf8_unicode_ci DEFAULT NULL,
  `tax_per_item` varchar(255) COLLATE utf8_unicode_ci NOT NULL,
  `discount_per_item` varchar(255) COLLATE utf8_unicode_ci NOT NULL,
  `notes` text COLLATE utf8_unicode_ci,
  `discount` decimal(15,2) DEFAULT NULL,
  `discount_type` varchar(255) COLLATE utf8_unicode_ci DEFAULT NULL,
  `discount_val` bigint(20) unsigned DEFAULT NULL,
  `sub_total` bigint(20) unsigned NOT NULL,
  `total` bigint(20) unsigned NOT NULL,
  `tax` bigint(20) unsigned NOT NULL,
  `unique_hash` varchar(255) COLLATE utf8_unicode_ci DEFAULT NULL,
  `company_id` int(10) unsigned DEFAULT NULL,
  `created_at` timestamp NULL DEFAULT NULL,
  `updated_at` timestamp NULL DEFAULT NULL,
  `creator_id` int(10) unsigned DEFAULT NULL,
  `template_name` varchar(255) COLLATE utf8_unicode_ci DEFAULT NULL,
  `customer_id` bigint(20) unsigned DEFAULT NULL,
  `exchange_rate` decimal(19,6) DEFAULT NULL,
  `base_discount_val` bigint(20) unsigned DEFAULT NULL,
  `base_sub_total` bigint(20) unsigned DEFAULT NULL,
  `base_total` bigint(20) unsigned DEFAULT NULL,
  `base_tax` bigint(20) unsigned DEFAULT NULL,
  `currency_id` int(10) unsigned DEFAULT NULL,
  `sales_tax_type` varchar(255) COLLATE utf8_unicode_ci DEFAULT NULL,
  `sales_tax_address_type` varchar(255) COLLATE utf8_unicode_ci DEFAULT NULL,
  PRIMARY KEY (`id`),
  KEY `estimates_company_id_foreign` (`company_id`),
  KEY `estimates_creator_id_foreign` (`creator_id`),
  KEY `estimates_customer_id_foreign` (`customer_id`),
  KEY `estimates_currency_id_foreign` (`currency_id`),
  CONSTRAINT `estimates_company_id_foreign` FOREIGN KEY (`company_id`) REFERENCES `companies` (`id`) ON DELETE CASCADE,
  CONSTRAINT `estimates_creator_id_foreign` FOREIGN KEY (`creator_id`) REFERENCES `users` (`id`) ON DELETE CASCADE,
  CONSTRAINT `estimates_currency_id_foreign` FOREIGN KEY (`currency_id`) REFERENCES `currencies` (`id`),
  CONSTRAINT `estimates_customer_id_foreign` FOREIGN KEY (`customer_id`) REFERENCES `customers` (`id`)
) ENGINE=InnoDB DEFAULT CHARSET=utf8 COLLATE=utf8_unicode_ci;

--
-- Dumping data for table `estimates`
--


--
-- Table structure for table `exchange_rate_logs`
--

CREATE TABLE `exchange_rate_logs` (
  `id` bigint(20) unsigned NOT NULL AUTO_INCREMENT,
  `company_id` int(10) unsigned DEFAULT NULL,
  `base_currency_id` int(10) unsigned DEFAULT NULL,
  `currency_id` int(10) unsigned DEFAULT NULL,
  `exchange_rate` decimal(19,6) DEFAULT NULL,
  `created_at` timestamp NULL DEFAULT NULL,
  `updated_at` timestamp NULL DEFAULT NULL,
  PRIMARY KEY (`id`),
  KEY `exchange_rate_logs_company_id_foreign` (`company_id`),
  KEY `exchange_rate_logs_base_currency_id_foreign` (`base_currency_id`),
  KEY `exchange_rate_logs_currency_id_foreign` (`currency_id`),
  CONSTRAINT `exchange_rate_logs_base_currency_id_foreign` FOREIGN KEY (`base_currency_id`) REFERENCES `currencies` (`id`),
  CONSTRAINT `exchange_rate_logs_company_id_foreign` FOREIGN KEY (`company_id`) REFERENCES `companies` (`id`),
  CONSTRAINT `exchange_rate_logs_currency_id_foreign` FOREIGN KEY (`currency_id`) REFERENCES `currencies` (`id`)
) ENGINE=InnoDB DEFAULT CHARSET=utf8 COLLATE=utf8_unicode_ci;

--
-- Dumping data for table `exchange_rate_logs`
--


--
-- Table structure for table `expense_categories`
--

CREATE TABLE `expense_categories` (
  `id` int(10) unsigned NOT NULL AUTO_INCREMENT,
  `name` varchar(255) COLLATE utf8_unicode_ci NOT NULL,
  `description` varchar(255) COLLATE utf8_unicode_ci DEFAULT NULL,
  `company_id` int(10) unsigned DEFAULT NULL,
  `created_at` timestamp NULL DEFAULT NULL,
  `updated_at` timestamp NULL DEFAULT NULL,
  PRIMARY KEY (`id`),
  KEY `expense_categories_company_id_foreign` (`company_id`),
  CONSTRAINT `expense_categories_company_id_foreign` FOREIGN KEY (`company_id`) REFERENCES `companies` (`id`) ON DELETE CASCADE
) ENGINE=InnoDB AUTO_INCREMENT=3 DEFAULT CHARSET=utf8 COLLATE=utf8_unicode_ci;

--
-- Dumping data for table `expense_categories`
--

INSERT INTO `expense_categories` VALUES (1,'Interest',NULL,1,'2021-06-06 04:31:31','2021-06-06 04:31:31'),(2,'Transport',NULL,1,'2021-06-06 04:31:44','2021-06-06 04:31:44');

--
-- Table structure for table `expenses`
--

CREATE TABLE `expenses` (
  `id` int(10) unsigned NOT NULL AUTO_INCREMENT,
  `expense_date` date NOT NULL,
  `attachment_receipt` varchar(255) COLLATE utf8_unicode_ci DEFAULT NULL,
  `amount` bigint(20) unsigned NOT NULL,
  `notes` text COLLATE utf8_unicode_ci,
  `expense_category_id` int(10) unsigned NOT NULL,
  `company_id` int(10) unsigned DEFAULT NULL,
  `created_at` timestamp NULL DEFAULT NULL,
  `updated_at` timestamp NULL DEFAULT NULL,
  `creator_id` int(10) unsigned DEFAULT NULL,
  `customer_id` bigint(20) unsigned DEFAULT NULL,
  `exchange_rate` decimal(19,6) DEFAULT NULL,
  `base_amount` bigint(20) unsigned DEFAULT NULL,
  `currency_id` int(10) unsigned DEFAULT NULL,
  `payment_method_id` int(10) unsigned DEFAULT NULL,
  PRIMARY KEY (`id`),
  KEY `expenses_expense_category_id_foreign` (`expense_category_id`),
  KEY `expenses_company_id_foreign` (`company_id`),
  KEY `expenses_creator_id_foreign` (`creator_id`),
  KEY `expenses_payment_method_id_foreign` (`payment_method_id`),
  CONSTRAINT `expenses_company_id_foreign` FOREIGN KEY (`company_id`) REFERENCES `companies` (`id`) ON DELETE CASCADE,
  CONSTRAINT `expenses_creator_id_foreign` FOREIGN KEY (`creator_id`) REFERENCES `users` (`id`) ON DELETE CASCADE,
  CONSTRAINT `expenses_expense_category_id_foreign` FOREIGN KEY (`expense_category_id`) REFERENCES `expense_categories` (`id`) ON DELETE CASCADE,
  CONSTRAINT `expenses_payment_method_id_foreign` FOREIGN KEY (`payment_method_id`) REFERENCES `payment_methods` (`id`)
) ENGINE=InnoDB DEFAULT CHARSET=utf8 COLLATE=utf8_unicode_ci;

--
-- Dumping data for table `expenses`
--


--
-- Table structure for table `invoice_items`
--

CREATE TABLE `invoice_items` (
  `id` int(10) unsigned NOT NULL AUTO_INCREMENT,
  `name` varchar(255) COLLATE utf8_unicode_ci NOT NULL,
  `description` text COLLATE utf8_unicode_ci,
  `discount_type` varchar(255) COLLATE utf8_unicode_ci NOT NULL,
  `price` bigint(20) unsigned NOT NULL,
  `quantity` decimal(15,2) NOT NULL,
  `unit_name` varchar(255) COLLATE utf8_unicode_ci DEFAULT NULL,
  `discount` decimal(15,2) DEFAULT NULL,
  `discount_val` bigint(20) unsigned NOT NULL,
  `tax` bigint(20) unsigned NOT NULL,
  `total` bigint(20) unsigned NOT NULL,
  `invoice_id` int(10) unsigned DEFAULT NULL,
  `item_id` int(10) unsigned DEFAULT NULL,
  `company_id` int(10) unsigned DEFAULT NULL,
  `created_at` timestamp NULL DEFAULT NULL,
  `updated_at` timestamp NULL DEFAULT NULL,
  `recurring_invoice_id` bigint(20) unsigned DEFAULT NULL,
  `base_price` bigint(20) unsigned DEFAULT NULL,
  `exchange_rate` decimal(19,6) DEFAULT NULL,
  `base_discount_val` bigint(20) unsigned DEFAULT NULL,
  `base_tax` bigint(20) unsigned DEFAULT NULL,
  `base_total` bigint(20) unsigned DEFAULT NULL,
  PRIMARY KEY (`id`),
  KEY `invoice_items_invoice_id_foreign` (`invoice_id`),
  KEY `invoice_items_item_id_foreign` (`item_id`),
  KEY `invoice_items_company_id_foreign` (`company_id`),
  KEY `invoice_items_recurring_invoice_id_foreign` (`recurring_invoice_id`),
  CONSTRAINT `invoice_items_company_id_foreign` FOREIGN KEY (`company_id`) REFERENCES `companies` (`id`) ON DELETE CASCADE,
  CONSTRAINT `invoice_items_invoice_id_foreign` FOREIGN KEY (`invoice_id`) REFERENCES `invoices` (`id`) ON DELETE CASCADE,
  CONSTRAINT `invoice_items_item_id_foreign` FOREIGN KEY (`item_id`) REFERENCES `items` (`id`) ON DELETE CASCADE,
  CONSTRAINT `invoice_items_recurring_invoice_id_foreign` FOREIGN KEY (`recurring_invoice_id`) REFERENCES `recurring_invoices` (`id`)
) ENGINE=InnoDB AUTO_INCREMENT=984 DEFAULT CHARSET=utf8 COLLATE=utf8_unicode_ci;

--
-- Dumping data for table `invoice_items`
--

INSERT INTO `invoice_items` VALUES (155,'Black Converter','HSN 3204','none',31400,25.00,NULL,0.00,0,0,785000,11,NULL,1,'2021-06-05 10:51:30','2022-01-14 12:51:10',NULL,31400,1.000000,0,0,785000),(156,'Z Black Converter','HSN 3204','none',35600,75.00,NULL,0.00,0,0,2670000,11,NULL,1,'2021-06-05 10:51:30','2022-01-14 12:51:10',NULL,35600,1.000000,0,0,2670000),(159,'E Black Converter','HSN 3204','none',42400,25.00,NULL,0.00,0,0,1060000,12,NULL,1,'2021-06-05 10:59:56','2022-01-14 12:51:10',NULL,42400,1.000000,0,0,1060000),(160,'Z Black Converter','HSN 3204','none',35600,100.00,NULL,0.00,0,0,3560000,12,NULL,1,'2021-06-05 10:59:56','2022-01-14 12:51:10',NULL,35600,1.000000,0,0,3560000),(162,'E Black Converter','HSN 3204','none',42400,80.00,NULL,0.00,0,0,3392000,13,NULL,1,'2021-06-05 11:04:39','2022-01-14 12:51:10',NULL,42400,1.000000,0,0,3392000),(165,'Z Black Converter','HSN 3204','none',35600,100.00,NULL,0.00,0,0,3560000,14,NULL,1,'2021-06-05 11:12:33','2022-01-14 12:51:10',NULL,35600,1.000000,0,0,3560000),(166,'Brown Converter','HSN 3204','none',42400,25.00,NULL,0.00,0,0,1060000,14,NULL,1,'2021-06-05 11:12:33','2022-01-14 12:51:10',NULL,42400,1.000000,0,0,1060000),(169,'Brown Converter','HSN 3204','none',42400,50.00,NULL,0.00,0,0,2120000,15,NULL,1,'2021-06-05 11:17:17','2022-01-14 12:51:10',NULL,42400,1.000000,0,0,2120000),(170,'Z Black Converter','HSN 3204','none',35600,25.00,NULL,0.00,0,0,890000,15,NULL,1,'2021-06-05 11:17:17','2022-01-14 12:51:10',NULL,35600,1.000000,0,0,890000),(172,'Z Black Converter','HSN 3204','none',35600,200.00,NULL,0.00,0,0,7120000,4,NULL,1,'2021-06-05 11:19:53','2022-01-14 12:51:09',NULL,35600,1.000000,0,0,7120000),(193,'Black Converter','HSN 3204','none',30200,75.00,NULL,0.00,0,0,2265000,17,NULL,1,'2021-06-10 06:36:49','2022-01-14 12:51:10',NULL,30200,1.000000,0,0,2265000),(196,'Brown Converter','HSN 3204','none',42400,5.00,NULL,0.00,0,0,212000,19,NULL,1,'2021-06-10 06:41:29','2022-01-14 12:51:10',NULL,42400,1.000000,0,0,212000),(197,'E Black Converter','HSN 3204','none',42400,38.44,NULL,0.00,0,0,1629856,19,NULL,1,'2021-06-10 06:41:29','2022-01-14 12:51:10',NULL,42400,1.000000,0,0,1629856),(198,'Black Converter','HSN 3204','none',30800,75.00,NULL,0.00,0,0,2310000,18,NULL,1,'2021-06-10 06:43:28','2022-01-14 12:51:10',NULL,30800,1.000000,0,0,2310000),(199,'Brown Converter','HSN 3204','none',42400,25.00,NULL,0.00,0,0,1060000,18,NULL,1,'2021-06-10 06:43:28','2022-01-14 12:51:10',NULL,42400,1.000000,0,0,1060000),(201,'Black Converter','HSN 3204','none',30500,100.00,NULL,0.00,0,0,3050000,20,NULL,1,'2021-06-10 07:20:36','2022-01-14 12:51:10',NULL,30500,1.000000,0,0,3050000),(202,'E Black Converter','HSN 3204','none',40200,5.00,NULL,0.00,0,0,201000,20,NULL,1,'2021-06-10 07:20:36','2022-01-14 12:51:10',NULL,40200,1.000000,0,0,201000),(204,'Black Converter','HSN 3204','none',31356,200.00,NULL,0.00,0,0,6271200,21,NULL,1,'2021-06-12 05:13:50','2022-01-14 12:51:10',NULL,31356,1.000000,0,0,6271200),(208,'Black Converter','HSN 3204','none',30510,50.00,NULL,0.00,0,0,1525500,22,NULL,1,'2021-06-14 09:06:12','2022-01-14 12:51:10',NULL,30510,1.000000,0,0,1525500),(210,'Black Converter','HSN 3204','none',30510,50.00,NULL,0.00,0,0,1525500,23,NULL,1,'2021-06-14 10:34:13','2022-01-14 12:51:10',NULL,30510,1.000000,0,0,1525500),(235,'Z Black Converter','HSN 3204','none',35339,200.00,NULL,0.00,0,0,7067800,24,NULL,1,'2021-06-16 09:36:25','2022-01-14 12:51:10',NULL,35339,1.000000,0,0,7067800),(236,'E Black Converter','HSN 3204','none',42380,25.00,NULL,0.00,0,0,1059500,24,NULL,1,'2021-06-16 09:36:25','2022-01-14 12:51:10',NULL,42380,1.000000,0,0,1059500),(238,'Black Converter','HSN 3204','none',30800,75.00,NULL,0.00,0,0,2310000,25,NULL,1,'2021-06-16 09:46:16','2022-01-14 12:51:10',NULL,30800,1.000000,0,0,2310000),(268,'Stone Cutting Segment','HSN 3204','none',2800,1575.00,NULL,0.00,0,0,4410000,30,NULL,2,'2021-06-18 08:37:11','2022-01-14 12:51:10',NULL,2800,1.000000,0,0,4410000),(270,'Black Converter','HSN 3204','none',31360,200.00,NULL,0.00,0,0,6272000,31,NULL,1,'2021-06-19 07:13:44','2022-01-14 12:51:10',NULL,31360,1.000000,0,0,6272000),(272,'Black Converter','HSN 3204','none',29681,200.00,NULL,0.00,0,0,5936200,32,NULL,1,'2021-06-20 09:07:50','2022-01-14 12:51:10',NULL,29681,1.000000,0,0,5936200),(277,'RED CONVERTER','HSN 3204','none',42400,4.75,NULL,0.00,0,0,201400,35,NULL,1,'2021-06-26 05:38:21','2022-01-14 12:51:10',NULL,42400,1.000000,0,0,201400),(278,'Black Converter','HSN 3204','none',31400,172.00,NULL,0.00,0,0,5400800,33,NULL,1,'2021-06-26 09:09:03','2022-01-14 12:51:10',NULL,31400,1.000000,0,0,5400800),(279,'Black Converter','HSN 3204','none',31000,200.00,NULL,0.00,0,0,6200000,34,NULL,1,'2021-06-26 09:11:04','2022-01-14 12:51:10',NULL,31000,1.000000,0,0,6200000),(281,'Black Converter','HSN 3204','none',31380,50.00,NULL,0.00,0,0,1569000,36,NULL,1,'2021-06-28 06:36:27','2022-01-14 12:51:10',NULL,31380,1.000000,0,0,1569000),(283,'Black Converter','HSN 3204','none',31360,75.00,NULL,0.00,0,0,2352000,37,NULL,1,'2021-06-28 10:38:01','2022-01-14 12:51:10',NULL,31360,1.000000,0,0,2352000),(290,'Stone Cutting Segment','HSN 3204','none',2889,2250.00,NULL,0.00,0,0,6500250,39,NULL,2,'2021-06-29 07:25:05','2022-01-14 12:51:10',NULL,2889,1.000000,0,0,6500250),(293,'E Black Converter','HSN 3204','none',42372,200.00,NULL,0.00,0,0,8474400,38,NULL,1,'2021-07-05 01:12:35','2022-01-14 12:51:10',NULL,42372,1.000000,0,0,8474400),(306,'Stone Cutting Segment','HSN 3204','none',2800,1900.00,NULL,0.00,0,0,5320000,41,NULL,2,'2021-07-06 11:39:21','2022-01-14 12:51:11',NULL,2800,1.000000,0,0,5320000),(308,'Stone Cutting Segment','HSN 3204','none',2800,1760.00,NULL,0.00,0,0,4928000,43,NULL,2,'2021-07-06 11:39:57','2022-01-14 12:51:10',NULL,2800,1.000000,0,0,4928000),(327,'Black Converter','HSN 3204','none',29660,225.00,NULL,0.00,0,0,6673500,16,NULL,1,'2021-07-13 04:58:04','2022-01-14 12:51:10',NULL,29660,1.000000,0,0,6673500),(329,'Black Converter','HSN 3204','none',29660,200.00,NULL,0.00,0,0,5932000,47,NULL,1,'2021-07-13 05:04:13','2022-01-14 12:51:10',NULL,29660,1.000000,0,0,5932000),(330,'epoxy 35% filling','HSN','none',55100,1.00,NULL,0.00,0,0,55100,46,NULL,1,'2021-07-13 05:43:13','2022-01-14 12:51:10',NULL,55100,1.000000,0,0,55100),(331,'MORE GLOW EPOXY RESIN','HSN','none',40600,40.00,NULL,0.00,0,0,1624000,46,NULL,1,'2021-07-13 05:43:13','2022-01-14 12:51:10',NULL,40600,1.000000,0,0,1624000),(332,'Black Converter','HSN 3204','none',31390,100.00,NULL,0.00,0,0,3139000,46,NULL,1,'2021-07-13 05:43:13','2022-01-14 12:51:10',NULL,31390,1.000000,0,0,3139000),(333,'Black Converter','HSN 3204','none',31400,50.00,NULL,0.00,0,0,1570000,48,NULL,1,'2021-07-14 02:25:44','2022-01-14 12:51:10',NULL,31400,1.000000,0,0,1570000),(334,'Black Converter','HSN 3204','none',31400,50.00,NULL,0.00,0,0,1570000,49,NULL,1,'2021-07-14 02:29:51','2022-01-14 12:51:10',NULL,31400,1.000000,0,0,1570000),(337,'Black Converter','HSN 3204','none',31100,75.00,NULL,0.00,0,0,2332500,50,NULL,1,'2021-07-14 11:37:18','2022-01-14 12:51:11',NULL,31100,1.000000,0,0,2332500),(338,'Brown Converter','HSN 3204','none',42400,10.00,NULL,0.00,0,0,424000,51,NULL,1,'2021-07-16 08:29:31','2022-01-14 12:51:11',NULL,42400,1.000000,0,0,424000),(339,'MORE GLOW EPOXY RESIN','HSN 3907','none',38130,40.00,NULL,0.00,0,0,1525200,51,NULL,1,'2021-07-16 08:29:31','2022-01-14 12:51:11',NULL,38130,1.000000,0,0,1525200),(340,'Black Converter','HSN 3204','none',28390,150.00,NULL,0.00,0,0,4258500,45,NULL,1,'2021-07-17 06:08:59','2022-01-14 12:51:11',NULL,28390,1.000000,0,0,4258500),(341,'Z Black Converter','HSN 3204','none',35600,100.00,NULL,0.00,0,0,3560000,40,NULL,1,'2021-07-21 09:20:26','2022-01-14 12:51:10',NULL,35600,1.000000,0,0,3560000),(347,'Black Converter','HSN 3204','none',30520,200.00,NULL,0.00,0,0,6104000,52,NULL,1,'2021-07-25 06:22:00','2022-01-14 12:51:10',NULL,30520,1.000000,0,0,6104000),(348,'MORE GLOW EPOXY RESIN','HSN 3907','none',38980,40.00,NULL,0.00,0,0,1559200,52,NULL,1,'2021-07-25 06:22:00','2022-01-14 12:51:10',NULL,38980,1.000000,0,0,1559200),(353,'Z Black Converter','HSN 3204','none',35600,50.00,NULL,0.00,0,0,1780000,54,NULL,1,'2021-07-30 05:00:01','2022-01-14 12:51:10',NULL,35600,1.000000,0,0,1780000),(362,'Stone Cutting Segment','HSN 8202','none',2800,1320.00,NULL,0.00,0,0,3696000,58,NULL,2,'2021-07-30 05:56:24','2022-01-14 12:51:11',NULL,2800,1.000000,0,0,3696000),(365,'Stone Cutting Segment','HSN 8202','none',2700,2178.00,NULL,0.00,0,0,5880600,53,NULL,2,'2021-07-30 05:57:11','2022-01-14 12:51:11',NULL,2700,1.000000,0,0,5880600),(366,'Stone Cutting Segment','HSN 8202','none',2600,1909.00,NULL,0.00,0,0,4963400,56,NULL,2,'2021-07-30 06:09:51','2022-01-14 12:51:11',NULL,2600,1.000000,0,0,4963400),(369,'Stone Cutting Segment','HSN 8202','none',3200,1261.00,NULL,0.00,0,0,4035200,61,NULL,2,'2021-07-30 06:29:38','2022-01-14 12:51:11',NULL,3200,1.000000,0,0,4035200),(371,'Black Converter','HSN 3204','none',31360,25.00,NULL,0.00,0,0,784000,62,NULL,1,'2021-08-02 12:18:03','2022-01-14 12:51:11',NULL,31360,1.000000,0,0,784000),(373,'Black Converter','HSN 3204','none',29665,200.00,NULL,0.00,0,0,5933000,63,NULL,1,'2021-08-03 08:55:54','2022-01-14 12:51:10',NULL,29665,1.000000,0,0,5933000),(374,'Black Converter','HSN 3204','none',31400,200.00,NULL,0.00,0,0,6280000,64,NULL,1,'2021-08-03 09:51:56','2022-01-14 12:51:10',NULL,31400,1.000000,0,0,6280000),(375,'Brown Converter','HSN 3204','none',40330,25.00,NULL,0.00,0,0,1008250,64,NULL,1,'2021-08-03 09:51:56','2022-01-14 12:51:10',NULL,40330,1.000000,0,0,1008250),(378,'MORE GLOW EPOXY RESIN','HSN 3907','none',38985,120.00,NULL,0.00,0,0,4678200,65,NULL,1,'2021-08-03 10:00:13','2022-01-14 12:51:10',NULL,38985,1.000000,0,0,4678200),(381,'Brown Converter','HSN 3204','none',40690,100.00,NULL,0.00,0,0,4069000,66,NULL,1,'2021-08-03 11:06:35','2022-01-14 12:51:10',NULL,40690,1.000000,0,0,4069000),(382,'Black Converter','HSN 3204','none',31310,25.00,NULL,0.00,0,0,782750,66,NULL,1,'2021-08-03 11:06:35','2022-01-14 12:51:10',NULL,31310,1.000000,0,0,782750),(385,'Black Converter','HSN 3204','none',31361,50.00,NULL,0.00,0,0,1568050,67,NULL,1,'2021-08-06 08:45:05','2022-01-14 12:51:11',NULL,31361,1.000000,0,0,1568050),(386,'Black Converter','HSN 3204','none',30900,50.00,NULL,0.00,0,0,1545000,44,NULL,1,'2021-08-10 10:45:01','2022-01-14 12:51:10',NULL,30900,1.000000,0,0,1545000),(387,'Brown Converter','HSN 3204','none',41750,25.00,NULL,0.00,0,0,1043750,44,NULL,1,'2021-08-10 10:45:01','2022-01-14 12:51:10',NULL,41750,1.000000,0,0,1043750),(388,'Black Converter','HSN 3204','none',29665,200.00,NULL,0.00,0,0,5933000,68,NULL,1,'2021-08-11 06:45:00','2022-01-14 12:51:10',NULL,29665,1.000000,0,0,5933000),(389,'Black Converter','HSN 3204','none',27967,200.00,NULL,0.00,0,0,5593400,69,NULL,1,'2021-08-13 09:03:22','2022-01-14 12:51:10',NULL,27967,1.000000,0,0,5593400),(402,'Black Converter','HSN 3204','none',30515,25.00,NULL,0.00,0,0,762875,73,NULL,1,'2021-08-29 10:39:25','2022-01-14 12:51:11',NULL,30515,1.000000,0,0,762875),(404,'Black Converter','HSN 3204','none',30510,75.00,NULL,0.00,0,0,2288250,74,NULL,1,'2021-08-31 04:58:22','2022-01-14 12:51:11',NULL,30510,1.000000,0,0,2288250),(409,'Black Converter','HSN 3204','none',31400,75.00,NULL,0.00,0,0,2355000,75,NULL,1,'2021-09-01 02:51:36','2022-01-14 12:51:11',NULL,31400,1.000000,0,0,2355000),(410,'Brown Converter','HSN 3204','none',40700,150.00,NULL,0.00,0,0,6105000,75,NULL,1,'2021-09-01 02:51:36','2022-01-14 12:51:11',NULL,40700,1.000000,0,0,6105000),(414,'Z Black Converter','HSN 3204','none',35600,75.00,NULL,0.00,0,0,2670000,77,NULL,1,'2021-09-02 12:14:48','2022-01-14 12:51:11',NULL,35600,1.000000,0,0,2670000),(415,'E Black Converter','HSN 3204','none',42400,50.00,NULL,0.00,0,0,2120000,77,NULL,1,'2021-09-02 12:14:48','2022-01-14 12:51:11',NULL,42400,1.000000,0,0,2120000),(416,'MORE GLOW EPOXY RESIN','HSN 3907','none',38940,40.00,NULL,0.00,0,0,1557600,77,NULL,1,'2021-09-02 12:14:48','2022-01-14 12:51:11',NULL,38940,1.000000,0,0,1557600),(418,'Z Black Converter','HSN 3204','none',33052,25.00,NULL,0.00,0,0,826300,79,NULL,1,'2021-09-04 04:46:11','2022-01-14 12:51:11',NULL,33052,1.000000,0,0,826300),(419,'Black Converter','HSN 3204','none',30000,150.00,NULL,0.00,0,0,4500000,80,NULL,1,'2021-09-04 10:05:57','2022-01-14 12:51:09',NULL,30000,1.000000,0,0,4500000),(420,'MORE GLOW EPOXY RESIN','HSN 3907','none',35810,80.00,NULL,0.00,0,0,2864800,80,NULL,1,'2021-09-04 10:05:57','2022-01-14 12:51:09',NULL,35810,1.000000,0,0,2864800),(424,'Black Converter','HSN 3204','none',30933,150.00,NULL,0.00,0,0,4639950,82,NULL,1,'2021-09-05 02:24:50','2022-01-14 12:51:10',NULL,30933,1.000000,0,0,4639950),(427,'Black Converter','HSN 3204','none',31400,100.00,NULL,0.00,0,0,3140000,83,NULL,1,'2021-09-05 02:31:40','2022-01-14 12:51:10',NULL,31400,1.000000,0,0,3140000),(428,'MORE GLOW EPOXY RESIN','HSN 3907','none',36120,40.00,NULL,0.00,0,0,1444800,83,NULL,1,'2021-09-05 02:31:40','2022-01-14 12:51:10',NULL,36120,1.000000,0,0,1444800),(431,'Z Black Converter','HSN 3204','none',35600,100.00,NULL,0.00,0,0,3560000,85,NULL,1,'2021-09-05 02:50:53','2022-01-14 12:51:11',NULL,35600,1.000000,0,0,3560000),(432,'MORE GLOW EPOXY RESIN','HSN 3907','none',37340,80.00,NULL,0.00,0,0,2987200,85,NULL,1,'2021-09-05 02:50:53','2022-01-14 12:51:11',NULL,37340,1.000000,0,0,2987200),(434,'MORE GLOW EPOXY RESIN','HSN 3907','none',37570,120.00,NULL,0.00,0,0,4508400,78,NULL,1,'2021-09-05 02:58:53','2022-01-14 12:51:10',NULL,37570,1.000000,0,0,4508400),(435,'Black Converter','HSN 3204','none',31400,50.00,NULL,0.00,0,0,1570000,72,NULL,1,'2021-09-05 03:01:31','2022-01-14 12:51:10',NULL,31400,1.000000,0,0,1570000),(436,'RED CONVERTER','HSN 3204','none',42400,5.00,NULL,0.00,0,0,212000,72,NULL,1,'2021-09-05 03:01:31','2022-01-14 12:51:10',NULL,42400,1.000000,0,0,212000),(437,'MORE GLOW EPOXY RESIN','HSN 3907','none',38850,80.00,NULL,0.00,0,0,3108000,72,NULL,1,'2021-09-05 03:01:31','2022-01-14 12:51:10',NULL,38850,1.000000,0,0,3108000),(438,'Black Converter','HSN 3204','none',30000,50.00,NULL,0.00,0,0,1500000,81,NULL,1,'2021-09-05 03:02:39','2022-01-14 12:51:10',NULL,30000,1.000000,0,0,1500000),(439,'MORE GLOW EPOXY RESIN','HSN 3907','none',38460,80.00,NULL,0.00,0,0,3076800,81,NULL,1,'2021-09-05 03:02:39','2022-01-14 12:51:10',NULL,38460,1.000000,0,0,3076800),(446,'Z Black Converter','HSN 3204','none',34747,25.00,NULL,0.00,0,0,868675,91,NULL,1,'2021-09-06 02:17:15','2022-01-14 12:51:10',NULL,34747,1.000000,0,0,868675),(454,'Stone Cutting Segment','HSN 8202','none',2700,2185.00,NULL,0.00,0,0,5899500,88,NULL,2,'2021-09-07 06:30:06','2022-01-14 12:51:11',NULL,2700,1.000000,0,0,5899500),(455,'Brown Converter','HSN 3204','none',38000,25.00,NULL,0.00,0,0,950000,71,NULL,1,'2021-09-07 09:36:29','2022-01-14 12:51:10',NULL,38000,1.000000,0,0,950000),(456,'Black Converter','HSN 3204','none',29970,150.00,NULL,0.00,0,0,4495500,71,NULL,1,'2021-09-07 09:36:29','2022-01-14 12:51:10',NULL,29970,1.000000,0,0,4495500),(458,'Black Converter','HSN 3204','none',30933,150.00,NULL,0.00,0,0,4639950,93,NULL,1,'2021-09-08 11:08:22','2022-01-14 12:51:10',NULL,30933,1.000000,0,0,4639950),(461,'Black Converter','HSN 3204','none',30000,200.00,NULL,0.00,0,0,6000000,95,NULL,1,'2021-09-09 05:46:45','2022-01-14 12:51:11',NULL,30000,1.000000,0,0,6000000),(462,'MORE GLOW EPOXY RESIN','HSN 3907','none',34747,40.00,NULL,0.00,0,0,1389880,95,NULL,1,'2021-09-09 05:46:45','2022-01-14 12:51:11',NULL,34747,1.000000,0,0,1389880),(466,'Black Converter','HSN 3204','none',29662,200.00,NULL,0.00,0,0,5932400,96,NULL,1,'2021-09-09 06:42:55','2022-01-14 12:51:11',NULL,29662,1.000000,0,0,5932400),(467,'MORE GLOW EPOXY RESIN','HSN 3907','none',36420,6.70,NULL,0.00,0,0,244014,96,NULL,1,'2021-09-09 06:42:55','2022-01-14 12:51:11',NULL,36420,1.000000,0,0,244014),(469,'Stone Cutting Segment','HSN 8202','none',2700,1725.00,NULL,0.00,0,0,4657500,89,NULL,2,'2021-09-12 06:28:42','2022-01-14 12:51:11',NULL,2700,1.000000,0,0,4657500),(470,'Brown Converter','HSN 3204','none',40200,50.00,NULL,0.00,0,0,2010000,84,NULL,1,'2021-09-12 11:08:16','2022-01-14 12:51:10',NULL,40200,1.000000,0,0,2010000),(471,'Z Black Converter','HSN 3204','none',34400,50.00,NULL,0.00,0,0,1720000,84,NULL,1,'2021-09-12 11:08:16','2022-01-14 12:51:10',NULL,34400,1.000000,0,0,1720000),(472,'Stone Cutting Segment','HSN 8202','none',2800,1650.00,NULL,0.00,0,0,4620000,87,NULL,2,'2021-09-12 11:25:31','2022-01-14 12:51:10',NULL,2800,1.000000,0,0,4620000),(476,'Black Converter','HSN 3204','none',30000,25.00,NULL,0.00,0,0,750000,97,NULL,1,'2021-09-14 04:06:58','2022-01-14 12:51:11',NULL,30000,1.000000,0,0,750000),(477,'Brown Converter','HSN 3204','none',40000,25.00,NULL,0.00,0,0,1000000,97,NULL,1,'2021-09-14 04:06:58','2022-01-14 12:51:11',NULL,40000,1.000000,0,0,1000000),(478,'MORE GLOW EPOXY RESIN','HSN 3907','none',36125,80.00,NULL,0.00,0,0,2890000,97,NULL,1,'2021-09-14 04:06:58','2022-01-14 12:51:11',NULL,36125,1.000000,0,0,2890000),(480,'Black Converter','HSN 3204','none',29665,200.00,NULL,0.00,0,0,5933000,98,NULL,1,'2021-09-14 10:00:48','2022-01-14 12:51:11',NULL,29665,1.000000,0,0,5933000),(482,'Black Converter','HSN 3204','none',29665,200.00,NULL,0.00,0,0,5933000,99,NULL,1,'2021-09-15 10:30:19','2022-01-14 12:51:10',NULL,29665,1.000000,0,0,5933000),(483,'MORE GLOW EPOXY RESIN','HSN 3907','none',36500,80.00,NULL,0.00,0,0,2920000,76,NULL,1,'2021-09-15 10:32:51','2022-01-14 12:51:10',NULL,36500,1.000000,0,0,2920000),(484,'Black Converter','HSN 3204','none',27240,75.00,NULL,0.00,0,0,2043000,76,NULL,1,'2021-09-15 10:32:51','2022-01-14 12:51:10',NULL,27240,1.000000,0,0,2043000),(488,'Black Converter','HSN 3204','none',30510,75.00,NULL,0.00,0,0,2288250,100,NULL,1,'2021-09-17 03:58:31','2022-01-14 12:51:11',NULL,30510,1.000000,0,0,2288250),(489,'Brown Converter','HSN 3204','none',40700,25.00,NULL,0.00,0,0,1017500,101,NULL,1,'2021-09-17 04:00:19','2022-01-14 12:51:10',NULL,40700,1.000000,0,0,1017500),(490,'Z Black Converter','HSN 3204','none',33040,50.00,NULL,0.00,0,0,1652000,101,NULL,1,'2021-09-17 04:00:19','2022-01-14 12:51:10',NULL,33040,1.000000,0,0,1652000),(491,'Stone Cutting Segment','HSN 8202','none',2600,1974.00,NULL,0.00,0,0,5132400,59,NULL,2,'2021-09-17 07:51:38','2022-01-14 12:51:11',NULL,2600,1.000000,0,0,5132400),(492,'Black Converter','HSN 3204','none',29665,50.00,NULL,0.00,0,0,1483250,92,NULL,1,'2021-09-17 08:40:23','2022-01-14 12:51:11',NULL,29665,1.000000,0,0,1483250),(494,'Black Converter','HSN 3204','none',30510,25.00,NULL,0.00,0,0,762750,102,NULL,1,'2021-09-18 05:17:01','2022-01-14 12:51:12',NULL,30510,1.000000,0,0,762750),(497,'Black Converter','HSN 3204','none',29662,200.00,NULL,0.00,0,0,5932400,103,NULL,1,'2021-09-20 05:55:31','2022-01-14 12:51:12',NULL,29662,1.000000,0,0,5932400),(499,'Black Converter','HSN 3204','none',30679,125.00,NULL,0.00,0,0,3834875,104,NULL,1,'2021-09-21 02:24:01','2022-01-14 12:51:10',NULL,30679,1.000000,0,0,3834875),(501,'Black Converter','HSN 3204','none',29665,200.00,NULL,0.00,0,0,5933000,105,NULL,1,'2021-09-21 11:39:12','2022-01-14 12:51:11',NULL,29665,1.000000,0,0,5933000),(502,'Black Converter','HSN 3204','none',29665,200.00,NULL,0.00,0,0,5933000,106,NULL,1,'2021-09-21 13:08:45','2022-01-14 12:51:10',NULL,29665,1.000000,0,0,5933000),(505,'MORE GLOW EPOXY RESIN','HSN 3907','none',35500,80.00,NULL,0.00,0,0,2840000,107,NULL,1,'2021-09-22 03:45:04','2022-01-14 12:51:11',NULL,35500,1.000000,0,0,2840000),(506,'Brown Converter','HSN 3204','none',40100,30.00,NULL,0.00,0,0,1203000,107,NULL,1,'2021-09-22 03:45:04','2022-01-14 12:51:11',NULL,40100,1.000000,0,0,1203000),(515,'Stone Cutting Segment','HSN 8202','none',3000,1710.00,NULL,0.00,0,0,5130000,109,NULL,2,'2021-09-23 06:28:46','2022-01-14 12:51:13',NULL,3000,1.000000,0,0,5130000),(516,'Stone Cutting Segment','HSN 8202','none',2800,2024.00,NULL,0.00,0,0,5667200,57,NULL,2,'2021-09-24 08:36:15','2022-01-14 12:51:11',NULL,2800,1.000000,0,0,5667200),(522,'Z Black Converter','HSN 3204','none',34748,25.00,NULL,0.00,0,0,868700,112,NULL,1,'2021-10-01 01:17:40','2022-01-14 12:51:10',NULL,34748,1.000000,0,0,868700),(525,'Black Converter','HSN 3204','none',29662,150.00,NULL,0.00,0,0,4449300,113,NULL,1,'2021-10-01 01:45:27','2022-01-14 12:51:10',NULL,29662,1.000000,0,0,4449300),(526,'MORE GLOW EPOXY RESIN','HSN 3907','none',35010,23.00,NULL,0.00,0,0,805230,114,NULL,1,'2021-10-01 01:48:49','2022-01-14 12:51:11',NULL,35010,1.000000,0,0,805230),(529,'Black Converter','HSN 3204','none',29662,150.00,NULL,0.00,0,0,4449300,115,NULL,1,'2021-10-01 01:57:01','2022-01-14 12:51:10',NULL,29662,1.000000,0,0,4449300),(530,'Brown Converter','HSN 3204','none',39828,45.00,NULL,0.00,0,0,1792260,115,NULL,1,'2021-10-01 01:57:01','2022-01-14 12:51:10',NULL,39828,1.000000,0,0,1792260),(531,'Black Converter','HSN 3204','none',30510,25.00,NULL,0.00,0,0,762750,116,NULL,1,'2021-10-01 02:09:13','2022-01-14 12:51:11',NULL,30510,1.000000,0,0,762750),(532,'Black Converter','HSN 3204','none',30510,75.00,NULL,0.00,0,0,2288250,117,NULL,1,'2021-10-03 09:01:30','2022-01-14 12:51:11',NULL,30510,1.000000,0,0,2288250),(533,'Black Converter','HSN 3204','none',29473,225.00,NULL,0.00,0,0,6631425,118,NULL,1,'2021-10-03 09:07:26','2022-01-14 12:51:10',NULL,29473,1.000000,0,0,6631425),(545,'Stone Cutting Segment','HSN 8202','none',2000,2500.00,NULL,0.00,0,0,5000000,121,NULL,2,'2021-10-05 12:11:41','2022-01-14 12:51:13',NULL,2000,1.000000,0,0,5000000),(546,'Stone Cutting Segment','HSN 8202','none',2000,2500.00,NULL,0.00,0,0,5000000,119,NULL,2,'2021-10-05 12:11:57','2022-01-14 12:51:13',NULL,2000,1.000000,0,0,5000000),(547,'Stone Cutting Segment','HSN 8202','none',2600,2392.00,NULL,0.00,0,0,6219200,120,NULL,2,'2021-10-05 12:19:04','2022-01-14 12:51:11',NULL,2600,1.000000,0,0,6219200),(549,'Stone Cutting Segment','HSN 8202','none',3400,494.00,NULL,0.00,0,0,1679600,122,NULL,2,'2021-10-05 12:36:00','2022-01-14 12:51:13',NULL,3400,1.000000,0,0,1679600),(550,'Black Converter','HSN 3204','none',32204,400.00,NULL,0.00,0,0,12881600,123,NULL,1,'2021-10-09 09:02:20','2022-01-14 12:51:11',NULL,32204,1.000000,0,0,12881600),(551,'Black Converter','HSN 3204','none',30500,25.00,NULL,0.00,0,0,762500,111,NULL,1,'2021-10-09 09:07:03','2022-01-14 12:51:13',NULL,30500,1.000000,0,0,762500),(552,'MORE GLOW EPOXY RESIN','HSN 3907','none',36447,40.00,NULL,0.00,0,0,1457880,111,NULL,1,'2021-10-09 09:07:03','2022-01-14 12:51:13',NULL,36447,1.000000,0,0,1457880),(561,'Black Converter','HSN 3204','none',30000,25.00,NULL,0.00,0,0,750000,94,NULL,1,'2021-10-12 16:18:41','2022-01-14 12:51:11',NULL,30000,1.000000,0,0,750000),(562,'MORE GLOW EPOXY RESIN','HSN 3907','none',36230,40.00,NULL,0.00,0,0,1449200,94,NULL,1,'2021-10-12 16:18:41','2022-01-14 12:51:11',NULL,36230,1.000000,0,0,1449200),(563,'MORE GLOW EPOXY RESIN','HSN 3907','none',37000,40.00,NULL,0.00,0,0,1480000,110,NULL,1,'2021-10-12 16:19:53','2022-01-14 12:51:10',NULL,37000,1.000000,0,0,1480000),(564,'Black Converter','HSN 3204','none',30739,50.00,NULL,0.00,0,0,1536950,110,NULL,1,'2021-10-12 16:19:53','2022-01-14 12:51:10',NULL,30739,1.000000,0,0,1536950),(567,'Stone Cutting Segment','HSN 3204','none',2800,2180.00,NULL,0.00,0,0,6104000,42,NULL,2,'2021-10-18 06:09:36','2022-01-14 12:51:10',NULL,2800,1.000000,0,0,6104000),(569,'Z Black Converter','HSN 3204','none',34747,25.00,NULL,0.00,0,0,868675,125,NULL,1,'2021-10-18 06:17:25','2022-01-14 12:51:13',NULL,34747,1.000000,0,0,868675),(570,'Stone Cutting Segment','HSN 8202','none',2800,2140.00,NULL,0.00,0,0,5992000,60,NULL,2,'2021-10-22 03:35:57','2022-01-14 12:51:11',NULL,2800,1.000000,0,0,5992000),(571,'Z Black Converter','HSN 3204','none',35595,25.00,NULL,0.00,0,0,889875,126,NULL,1,'2021-10-24 10:24:39','2022-01-14 12:51:11',NULL,35595,1.000000,0,0,889875),(583,'Stone Cutting Segment','HSN 8202','none',2800,2033.00,NULL,0.00,0,0,5692400,127,NULL,2,'2021-10-30 05:23:02','2022-01-14 12:51:10',NULL,2800,1.000000,0,0,5692400),(584,'Stone Cutting Segment','HSN 8202','none',2700,2140.00,NULL,0.00,0,0,5778000,128,NULL,2,'2021-10-30 05:23:14','2022-01-14 12:51:13',NULL,2700,1.000000,0,0,5778000),(587,'Stone Cutting Segment','HSN 8202','none',2700,2100.00,NULL,0.00,0,0,5670000,131,NULL,2,'2021-10-30 05:23:48','2022-01-14 12:51:13',NULL,2700,1.000000,0,0,5670000),(589,'Stone Cutting Segment','HSN 8202','none',2700,1440.00,NULL,0.00,0,0,3888000,130,NULL,2,'2021-10-30 05:35:17','2022-01-14 12:51:13',NULL,2700,1.000000,0,0,3888000),(591,'Black Converter','HSN 3204','none',32500,100.00,NULL,0.00,0,0,3250000,132,NULL,1,'2021-10-31 02:17:44','2022-01-14 12:51:10',NULL,32500,1.000000,0,0,3250000),(592,'Brown Converter','HSN 3204','none',41190,25.00,NULL,0.00,0,0,1029750,132,NULL,1,'2021-10-31 02:17:44','2022-01-14 12:51:10',NULL,41190,1.000000,0,0,1029750),(593,'Black Converter','HSN 3204','none',27850,75.00,NULL,0.00,0,0,2088750,133,NULL,1,'2021-10-31 02:39:17','2022-01-14 12:51:10',NULL,27850,1.000000,0,0,2088750),(594,'Black Converter','HSN 3204','none',32205,200.00,NULL,0.00,0,0,6441000,134,NULL,1,'2021-11-08 06:58:48','2022-01-14 12:51:11',NULL,32205,1.000000,0,0,6441000),(595,'Stone Cutting Segment','HSN 8202','none',2700,2354.00,NULL,0.00,0,0,6355800,124,NULL,2,'2021-11-09 08:08:26','2022-01-14 12:51:11',NULL,2700,1.000000,0,0,6355800),(596,'Black Converter','HSN 3204','none',32204,200.00,NULL,0.00,0,0,6440800,135,NULL,1,'2021-11-10 09:03:11','2022-01-14 12:51:13',NULL,32204,1.000000,0,0,6440800),(605,'Black Converter','HSN 3204','none',31360,200.00,NULL,0.00,0,0,6272000,139,NULL,1,'2021-11-13 10:01:01','2022-01-14 12:51:10',NULL,31360,1.000000,0,0,6272000),(614,'Gangsaw Segment','23/20X10X4.0/4.5MM\nHSN 8202','none',2600,2645.00,NULL,0.00,0,0,6877000,141,NULL,2,'2021-12-01 12:08:20','2022-01-14 12:51:11',NULL,2600,1.000000,0,0,6877000),(618,'Stone Cutting Segment','HSN 8202','none',2700,1518.00,NULL,0.00,0,0,4098600,108,NULL,2,'2021-12-02 04:39:45','2022-01-14 12:51:13',NULL,2700,1.000000,0,0,4098600),(621,'MORE GLOW EPOXY RESIN','HSN 3907','none',42000,80.00,NULL,0.00,0,0,3360000,144,NULL,1,'2021-12-02 10:23:59','2022-01-14 12:51:13',NULL,42000,1.000000,0,0,3360000),(622,'Black Converter','HSN 3204','none',33000,100.00,NULL,0.00,0,0,3300000,144,NULL,1,'2021-12-02 10:23:59','2022-01-14 12:51:13',NULL,33000,1.000000,0,0,3300000),(623,'Black Converter','HSN 3204','none',32205,200.00,NULL,0.00,0,0,6441000,145,NULL,1,'2021-12-03 09:59:26','2022-01-14 12:51:11',NULL,32205,1.000000,0,0,6441000),(624,'Brown Converter','HSN 3204','none',44000,5.00,NULL,0.00,0,0,220000,146,NULL,1,'2021-12-03 10:08:33','2022-01-14 12:51:13',NULL,44000,1.000000,0,0,220000),(625,'E Black Converter','HSN 3204','none',43960,75.00,NULL,0.00,0,0,3297000,146,NULL,1,'2021-12-03 10:08:33','2022-01-14 12:51:13',NULL,43960,1.000000,0,0,3297000),(626,'Z Black Converter','HSN 3204','none',33040,50.00,NULL,0.00,0,0,1652000,147,NULL,1,'2021-12-09 02:58:27','2022-01-14 12:51:10',NULL,33040,1.000000,0,0,1652000),(627,'Brown Converter','HSN 3204','none',41165,45.00,NULL,0.00,0,0,1852425,147,NULL,1,'2021-12-09 02:58:27','2022-01-14 12:51:10',NULL,41165,1.000000,0,0,1852425),(637,'Gangsaw Segment','23/20X10X4.0/4.5MM\nHSN 8202','none',2800,1840.00,NULL,0.00,0,0,5152000,140,NULL,2,'2021-12-11 10:36:23','2022-01-14 12:51:11',NULL,2800,1.000000,0,0,5152000),(638,'Gangsaw Segment','23/20X10X4.0/4.5MM\nHSN 8202','none',2800,2268.00,NULL,0.00,0,0,6350400,138,NULL,2,'2021-12-11 10:36:38','2022-01-14 12:51:11',NULL,2800,1.000000,0,0,6350400),(639,'Gangsaw Segment','23/20X10X4.0/4.5MM\nHSN 8202','none',2800,536.00,NULL,0.00,0,0,1500800,142,NULL,2,'2021-12-11 10:37:04','2022-01-14 12:51:13',NULL,2800,1.000000,0,0,1500800),(643,'Black Converter','HSN 3204','none',33899,200.00,NULL,0.00,0,0,6779800,153,NULL,1,'2021-12-16 07:27:51','2022-01-14 12:51:10',NULL,33899,1.000000,0,0,6779800),(644,'Gangsaw Segment','23/20X10X4.0/4.5MM\nHSN 8202','none',2700,2037.00,NULL,0.00,0,0,5499900,151,NULL,2,'2021-12-16 07:41:40','2022-01-14 12:51:13',NULL,2700,1.000000,0,0,5499900),(647,'Gangsaw Segment','23/20X10X4.0/4.5MM\nHSN 8202','none',2300,2000.00,NULL,0.00,0,0,4600000,149,NULL,2,'2021-12-16 07:47:39','2022-01-14 12:51:13',NULL,2300,1.000000,0,0,4600000),(648,'Gangsaw Segment','23/20X10X4.0/4.5MM\nHSN 8202','none',2300,3000.00,NULL,0.00,0,0,6900000,148,NULL,2,'2021-12-16 07:47:55','2022-01-14 12:51:13',NULL,2300,1.000000,0,0,6900000),(650,'Black Converter','HSN 3204','none',33055,200.00,NULL,0.00,0,0,6611000,154,NULL,1,'2021-12-17 07:33:05','2022-01-14 12:51:13',NULL,33055,1.000000,0,0,6611000),(651,'Z Black Converter','HSN 3204','none',32700,25.00,NULL,0.00,0,0,817500,155,NULL,1,'2021-12-17 13:52:03','2022-01-14 12:51:10',NULL,32700,1.000000,0,0,817500),(652,'Brown Converter','HSN 3204','none',41880,25.00,NULL,0.00,0,0,1047000,155,NULL,1,'2021-12-17 13:52:03','2022-01-14 12:51:10',NULL,41880,1.000000,0,0,1047000),(662,'Gangsaw Segment','23/20X10X4.0/4.5MM\nHSN 8202','none',2700,1890.00,NULL,0.00,0,0,5103000,152,NULL,2,'2021-12-23 06:27:08','2022-01-14 12:51:13',NULL,2700,1.000000,0,0,5103000),(664,'Gangsaw Segment','23/20X10X4.0/4.5MM\nHSN 8202','none',2700,1926.00,NULL,0.00,0,0,5200200,160,NULL,2,'2021-12-23 11:27:52','2022-01-14 12:51:13',NULL,2700,1.000000,0,0,5200200),(665,'Stone Cutting Segment','HSN 8202','none',2700,1827.00,NULL,0.00,0,0,4932900,129,NULL,2,'2021-12-24 07:02:35','2022-01-14 12:51:13',NULL,2700,1.000000,0,0,4932900),(671,'Gangsaw Segment','23/20X10X4.0/4.5MM\nHSN 8202','none',2700,2121.00,NULL,0.00,0,0,5726700,161,NULL,2,'2022-01-03 06:38:18','2022-01-14 12:51:13',NULL,2700,1.000000,0,0,5726700),(672,'Z Black Converter','HSN 3204','none',35600,25.00,NULL,0.00,0,0,890000,162,NULL,1,'2022-01-03 07:56:45','2022-01-14 12:51:11',NULL,35600,1.000000,0,0,890000),(676,'Black Converter','HSN 3204','none',32820,125.00,NULL,0.00,0,0,4102500,164,NULL,1,'2022-01-03 08:18:52','2022-01-14 12:51:10',NULL,32820,1.000000,0,0,4102500),(677,'Brown Converter','HSN 3204','none',41830,25.00,NULL,0.00,0,0,1045750,164,NULL,1,'2022-01-03 08:18:52','2022-01-14 12:51:10',NULL,41830,1.000000,0,0,1045750),(678,'Z Black Converter','HSN 3204','none',38136,75.00,NULL,0.00,0,0,2860200,165,NULL,1,'2022-01-03 08:28:43','2022-01-14 12:51:10',NULL,38136,1.000000,0,0,2860200),(679,'Black Converter','HSN 3204','none',35035,75.00,NULL,0.00,0,0,2627625,166,NULL,1,'2022-01-03 09:10:12','2022-01-14 12:51:13',NULL,35035,1.000000,0,0,2627625),(680,'E Black Converter','HSN 3204','none',44071,25.00,NULL,0.00,0,0,1101775,167,NULL,1,'2022-01-03 09:15:08','2022-01-14 12:51:13',NULL,44071,1.000000,0,0,1101775),(682,'Gangsaw Segment','23/20X10X4.0/4.5MM\nHSN 8202','none',2800,2310.00,NULL,0.00,0,0,6468000,157,NULL,2,'2022-01-03 10:22:35','2022-01-14 12:51:13',NULL,2800,1.000000,0,0,6468000),(684,'Gangsaw Segment','23/20X10X4.0/4.5MM\nHSN 8202','none',2500,2000.00,NULL,0.00,0,0,5000000,150,NULL,2,'2022-01-03 10:30:01','2022-01-14 12:51:11',NULL,2500,1.000000,0,0,5000000),(686,'Gangsaw Segment','23/20X10X4.0/4.5MM\nHSN 8202','none',2800,1974.00,NULL,0.00,0,0,5527200,158,NULL,2,'2022-01-03 10:33:41','2022-01-14 12:51:13',NULL,2800,1.000000,0,0,5527200),(687,'Gangsaw Segment','23/20X10X4.0/4.5MM\nHSN 8202','none',3000,2508.00,NULL,0.00,0,0,7524000,159,NULL,2,'2022-01-03 10:33:56','2022-01-14 12:51:11',NULL,3000,1.000000,0,0,7524000),(688,'Stone Cutting Segment','HSN 8202','none',3800,428.00,NULL,0.00,0,0,1626400,163,NULL,2,'2022-01-03 10:34:18','2022-01-14 12:51:13',NULL,3800,1.000000,0,0,1626400),(689,'Dressing Set','5.5MM','none',4242,330.00,NULL,0.00,0,0,1399860,143,NULL,2,'2022-01-03 10:38:28','2022-01-14 12:51:13',NULL,4242,1.000000,0,0,1399860),(698,'Gangsaw Segment','23/20X10X4.0/4.5MM\nHSN 8202','none',3000,2016.00,NULL,0.00,0,0,6048000,168,NULL,2,'2022-01-06 09:26:40','2022-01-14 12:51:13',NULL,3000,1.000000,0,0,6048000),(702,'Gangsaw Segment','23/20X10X4.0/4.5MM\nHSN 8202','none',2800,2016.00,NULL,0.00,0,0,5644800,169,NULL,2,'2022-01-10 03:40:41','2022-01-14 12:51:13',NULL,2800,1.000000,0,0,5644800),(704,'Gangsaw Segment','23/20X10X4.0/4.5MM\nHSN 8202','none',2800,1575.00,NULL,0.00,0,0,4410000,156,NULL,2,'2022-01-11 05:16:47','2022-01-14 12:51:10',NULL,2800,1.000000,0,0,4410000),(705,'Black Converter','HSN 3204','none',33899,25.00,NULL,0.00,0,0,847475,170,NULL,1,'2022-01-12 05:35:56','2022-01-14 12:51:13',NULL,33899,1.000000,0,0,847475),(706,'Z Black Converter','HSN 3204','none',33900,25.00,NULL,0.00,0,0,847500,171,NULL,1,'2022-01-13 02:51:55','2022-01-14 12:51:10',NULL,33900,1.000000,0,0,847500),(707,'Stone Cutting Segment','HSN 8202','none',2800,2415.00,NULL,0.00,0,0,6762000,55,NULL,2,'2022-01-14 11:11:47','2022-01-14 12:51:11',NULL,2800,1.000000,0,0,6762000),(734,'Gangsaw Segment','23/20X10X4.0/4.5MM\nHSN 8202','none',2800,2247.00,NULL,0.00,0,0,6291600,183,NULL,2,'2022-01-16 04:16:09','2022-01-16 04:16:09',NULL,2800,1.000000,0,0,6291600),(740,'Z Black Converter','HSN 3204','none',35600,25.00,NULL,0.00,0,0,890000,175,NULL,1,'2022-01-17 11:47:46','2022-01-17 11:47:46',NULL,35600,1.000000,0,0,890000),(753,'Gangsaw Segment','23/20X10X4.0/4.5MM\nHSN 8202','none',2700,2100.00,NULL,0.00,0,0,5670000,198,NULL,2,'2021-11-12 20:41:29','2022-01-14 07:21:09',NULL,0,NULL,0,0,0),(757,'Gangsaw Segment','23/20X10X4.0/4.5MM\nHSN 8202','none',3000,2033.00,NULL,0.00,0,0,6099000,200,NULL,2,'2022-01-29 07:02:37','2022-01-29 07:02:37',NULL,3000,1.000000,0,0,6099000),(758,'Gangsaw Segment','23/20X10X4.0/4.5MM\nHSN 8202','none',2200,2000.00,NULL,0.00,0,0,4400000,201,NULL,2,'2021-11-12 20:41:29','2022-01-14 07:21:09',NULL,0,NULL,0,0,0),(759,'Gangsaw Segment','23/20X10X4.0/4.5MM\nHSN 8202','none',2200,2000.00,NULL,0.00,0,0,4400000,202,NULL,2,'2021-11-12 20:41:29','2022-01-14 07:21:09',NULL,0,NULL,0,0,0),(760,'Gangsaw Segment','23/20X10X4.0/4.5MM\nHSN 8202','none',2700,2033.00,NULL,0.00,0,0,5489100,203,NULL,2,'2021-11-12 20:41:29','2022-01-14 07:21:09',NULL,0,NULL,0,0,0),(776,'Gangsaw Segment','23/20X10X4.0/4.5MM\nHSN 8202','none',3000,2205.00,'Pcs',0.00,0,0,6615000,215,NULL,2,'2022-02-01 04:07:18','2022-02-01 04:07:18',NULL,3000,1.000000,0,0,6615000),(777,'Gangsaw Segment','23/20X10X4.0/4.5MM\nHSN 8202','none',3000,1424.00,'Pcs',0.00,0,0,4272000,216,NULL,2,'2021-11-12 20:41:29','2022-01-14 07:21:09',NULL,0,NULL,0,0,0),(778,'Black Converter','HSN 3204','none',29200,200.00,NULL,0.00,0,0,5840000,199,NULL,1,'2022-02-01 07:10:39','2022-02-01 07:10:39',NULL,29200,1.000000,0,0,5840000),(781,'Black Converter','HSN 3204','none',32205,200.00,'kg',0.00,0,0,6441000,219,NULL,1,'2021-03-24 22:57:48','2022-01-14 07:21:09',NULL,0,NULL,0,0,0),(784,'Black Converter','HSN 3204','none',32628,100.00,'kg',0.00,0,0,3262800,220,NULL,1,'2022-02-10 15:42:44','2022-02-10 15:42:44',NULL,32628,1.000000,0,0,3262800),(785,'Black Converter','HSN 3204','none',32000,50.00,'kg',0.00,0,0,1600000,222,NULL,1,'2021-03-24 22:57:48','2022-01-14 07:21:09',NULL,0,NULL,0,0,0),(786,'Brown Converter','HSN 3204','none',43080,75.00,'kg',0.00,0,0,3231000,222,NULL,1,'2021-06-04 03:57:08','2022-01-14 07:21:09',NULL,0,NULL,0,0,0),(792,'Black Converter','HSN 3204','none',32205,200.00,'kg',0.00,0,0,6441000,224,NULL,1,'2021-03-24 22:57:48','2022-01-14 07:21:09',NULL,0,NULL,0,0,0),(793,'Black Converter','HSN 3204','none',29665,200.00,'kg',0.00,0,0,5933000,218,NULL,1,'2022-02-11 07:59:59','2022-02-11 07:59:59',NULL,29665,1.000000,0,0,5933000),(794,'Black Converter','HSN 3204','none',32205,200.00,'kg',0.00,0,0,6441000,225,NULL,1,'2021-03-24 22:57:48','2022-01-14 07:21:09',NULL,0,NULL,0,0,0),(795,'Z Black Converter','HSN 3204','none',33900,25.00,'kg',0.00,0,0,847500,226,NULL,1,'2021-06-04 03:58:41','2022-01-14 07:21:09',NULL,0,NULL,0,0,0),(799,'Black Converter','HSN 3204','none',33900,125.00,'kg',0.00,0,0,4237500,228,NULL,1,'2021-03-24 22:57:48','2022-01-14 07:21:09',NULL,0,NULL,0,0,0),(800,'Gangsaw Segment','23/20X10X4.0/4.5MM\nHSN 8202','none',3000,1583.00,'Pcs',0.00,0,0,4749000,229,NULL,2,'2021-11-12 20:41:29','2022-01-14 07:21:09',NULL,3000,1.000000,0,0,4749000),(801,'Gangsaw Segment','23/20X10X4.0/4.5MM\nHSN 8202','none',3000,1583.00,'Pcs',0.00,0,0,4749000,230,NULL,2,'2021-11-12 20:41:29','2022-01-14 07:21:09',NULL,3000,1.000000,0,0,4749000),(804,'Black Converter','HSN 3204','none',32205,200.00,'kg',0.00,0,0,6441000,233,NULL,1,'2021-03-24 22:57:48','2022-01-14 07:21:09',NULL,32205,1.000000,0,0,6441000),(805,'Z Black Converter','HSN 3204','none',35500,48.00,'kg',0.00,0,0,1704000,234,NULL,1,'2021-06-04 03:58:41','2022-01-14 07:21:09',NULL,35500,1.000000,0,0,1704000),(806,'Black Converter','HSN 3204','none',33900,25.00,'kg',0.00,0,0,847500,235,NULL,1,'2021-03-24 22:57:48','2022-01-14 07:21:09',NULL,33900,1.000000,0,0,847500),(807,'Z Black Converter','HSN 3204','none',33900,25.00,'kg',0.00,0,0,847500,232,NULL,1,'2022-02-22 07:29:08','2022-02-22 07:29:08',NULL,33900,1.000000,0,0,847500),(809,'Gangsaw Segment','23/20X10X4.0/4.5MM\nHSN 8202','none',3000,2090.00,'Pcs',0.00,0,0,6270000,236,NULL,2,'2022-02-23 09:18:48','2022-02-23 09:18:48',NULL,3000,1.000000,0,0,6270000),(810,'Black Converter','HSN 3204','none',33580,200.00,'kg',0.00,0,0,6716000,237,NULL,1,'2021-03-24 22:57:48','2022-01-14 07:21:09',NULL,33580,1.000000,0,0,6716000),(812,'Black Converter','HSN 3204','none',29240,200.00,'kg',0.00,0,0,5848000,238,NULL,1,'2022-02-24 09:29:10','2022-02-24 09:29:10',NULL,29240,1.000000,0,0,5848000),(817,'Black Converter','HSN 3204','none',31400,150.00,'kg',0.00,0,0,4710000,239,NULL,1,'2022-03-01 07:35:15','2022-03-01 07:35:15',NULL,31400,1.000000,0,0,4710000),(818,'E Black Converter','HSN 3204','none',43000,50.00,'kg',0.00,0,0,2150000,239,NULL,1,'2022-03-01 07:35:15','2022-03-01 07:35:15',NULL,43000,1.000000,0,0,2150000),(819,'Brown Converter','HSN 3204','none',42550,25.00,'kg',0.00,0,0,1063750,239,NULL,1,'2022-03-01 07:35:15','2022-03-01 07:35:15',NULL,42550,1.000000,0,0,1063750),(820,'MORE GLOW EPOXY RESIN','HSN 3907','none',40000,80.00,'Ltr',0.00,0,0,3200000,240,NULL,1,'2021-06-04 04:00:26','2022-01-17 12:19:21',NULL,40000,1.000000,0,0,3200000),(821,'Black Converter','HSN 3204','none',31941,100.00,'kg',0.00,0,0,3194100,240,NULL,1,'2021-03-24 22:57:48','2022-01-14 07:21:09',NULL,31941,1.000000,0,0,3194100),(822,'Black Converter','HSN 3204','none',32210,50.00,'kg',0.00,0,0,1610500,241,NULL,1,'2021-03-24 22:57:48','2022-01-14 07:21:09',NULL,32210,1.000000,0,0,1610500),(823,'MORE GLOW EPOXY RESIN','HSN 3907','none',42500,40.00,'Ltr',0.00,0,0,1700000,242,NULL,1,'2021-06-04 04:00:26','2022-01-17 12:19:21',NULL,42500,1.000000,0,0,1700000),(824,'Black Converter','HSN 3204','none',33831,75.00,'kg',0.00,0,0,2537325,242,NULL,1,'2021-03-24 22:57:48','2022-01-14 07:21:09',NULL,33831,1.000000,0,0,2537325),(826,'Gangsaw Segment','23/20X10X4.0/4.5MM\nHSN 8202','none',2800,2354.00,'Pcs',0.00,0,0,6591200,231,NULL,2,'2022-03-03 12:10:06','2022-03-03 12:10:06',NULL,2800,1.000000,0,0,6591200),(828,'Gangsaw Segment','23/20X10X4.0/4.5MM\nHSN 8202','none',2800,2289.00,'Pcs',0.00,0,0,6409200,243,NULL,2,'2022-03-03 12:16:53','2022-03-03 12:16:53',NULL,2800,1.000000,0,0,6409200),(839,'Black Converter','HSN 3204','none',32204,200.00,'kg',0.00,0,0,6440800,249,NULL,1,'2021-03-24 22:57:48','2022-01-14 07:21:09',NULL,32204,1.000000,0,0,6440800),(841,'Gangsaw Segment','23/20X10X4.0/4.5MM\nHSN 8202','none',2700,2185.00,'Pcs',0.00,0,0,5899500,250,NULL,2,'2021-11-12 20:41:29','2022-01-14 07:21:09',NULL,2700,1.000000,0,0,5899500),(842,'Gangsaw Segment','23/20X10X4.0/4.5MM\nHSN 8202','none',2900,2000.00,'Pcs',0.00,0,0,5800000,251,NULL,2,'2021-11-12 20:41:29','2022-01-14 07:21:09',NULL,2900,1.000000,0,0,5800000),(845,'Z Black Converter','HSN 3204','none',33900,25.00,'kg',0.00,0,0,847500,253,NULL,1,'2021-06-04 03:58:41','2022-01-14 07:21:09',NULL,33900,1.000000,0,0,847500),(848,'Black Converter','HSN 3204','none',32204,200.00,'kg',0.00,0,0,6440800,254,NULL,1,'2021-03-24 22:57:48','2022-01-14 07:21:09',NULL,32204,1.000000,0,0,6440800),(850,'Gangsaw Segment','23/20X10X4.0/4.5MM\nHSN 8202','none',2800,2205.00,'Pcs',0.00,0,0,6174000,244,NULL,2,'2022-03-11 06:22:08','2022-03-11 06:22:08',NULL,2800,1.000000,0,0,6174000),(851,'Gangsaw Segment','23/20X10X4.0/4.5MM\nHSN 8202','none',2000,4000.00,'Pcs',0.00,0,0,8000000,255,NULL,2,'2021-11-12 20:41:29','2022-01-14 07:21:09',NULL,2000,1.000000,0,0,8000000),(852,'Z Black Converter','HSN 3204','none',33900,25.00,'kg',0.00,0,0,847500,256,NULL,1,'2021-06-04 03:58:41','2022-01-14 07:21:09',NULL,33900,1.000000,0,0,847500),(854,'Gangsaw Segment','23/20X10X4.0/4.5MM\nHSN 8202','none',3000,2052.00,'Pcs',0.00,0,0,6156000,258,NULL,2,'2021-11-12 20:41:29','2022-01-14 07:21:09',NULL,3000,1.000000,0,0,6156000),(855,'Gangsaw Segment','23/20X10X4.0/4.5MM\nHSN 8202','none',2000,10000.00,'Pcs',0.00,0,0,20000000,259,NULL,2,'2021-11-12 20:41:29','2022-01-14 07:21:09',NULL,2000,1.000000,0,0,20000000),(858,'Gangsaw Segment','23/20X10X4.0/4.5MM\nHSN 8202','none',2000,11000.00,'Pcs',0.00,0,0,22000000,261,NULL,2,'2022-03-21 05:44:44','2022-03-21 05:44:44',NULL,2000,1.000000,0,0,22000000),(861,'Gangsaw Segment','23/20X10X4.0/4.5MM\nHSN 8202','none',3000,2310.00,'Pcs',0.00,0,0,6930000,257,NULL,2,'2022-03-25 13:13:23','2022-03-25 13:13:23',NULL,3000,1.000000,0,0,6930000),(863,'Gangsaw Segment','23/20X10X4.0/4.5MM\nHSN 8202','none',2800,1575.00,'Pcs',0.00,0,0,4410000,260,NULL,2,'2022-03-25 13:16:31','2022-03-25 13:16:31',NULL,2800,1.000000,0,0,4410000),(864,'Gangsaw Segment','23/20X10X4.0/4.5MM\nHSN 8202','none',2700,1920.00,'Pcs',0.00,0,0,5184000,262,NULL,2,'2021-11-12 20:41:29','2022-01-14 07:21:09',NULL,2700,1.000000,0,0,5184000),(865,'Gangsaw Segment','23/20X10X4.0/4.5MM\nHSN 8202','none',2800,1974.00,'Pcs',0.00,0,0,5527200,263,NULL,2,'2021-11-12 20:41:29','2022-01-14 07:21:09',NULL,2800,1.000000,0,0,5527200),(866,'Gangsaw Segment','23/20X10X4.0/4.5MM\nHSN 8202','none',2700,2033.00,'Pcs',0.00,0,0,5489100,264,NULL,2,'2021-11-12 20:41:29','2022-01-14 07:21:09',NULL,2700,1.000000,0,0,5489100),(868,'MORE GLOW EPOXY RESIN','HSN 3907','none',36500,37.00,'Ltr',0.00,0,0,1350500,266,NULL,1,'2021-06-04 04:00:26','2022-01-17 12:19:21',NULL,36500,1.000000,0,0,1350500),(869,'Brown Converter','HSN 3204','none',41505,167.00,'kg',0.00,0,0,6931335,266,NULL,1,'2021-06-04 03:57:08','2022-01-14 07:21:09',NULL,41505,1.000000,0,0,6931335),(870,'Gangsaw Segment','23/20X10X4.0/4.5MM\nHSN 8202','none',3000,2289.00,'Pcs',0.00,0,0,6867000,265,NULL,2,'2022-03-26 06:18:04','2022-03-26 06:18:04',NULL,3000,1.000000,0,0,6867000),(871,'MORE GLOW EPOXY RESIN','HSN 3907','none',44500,92.00,'Ltr',0.00,0,0,4094000,267,NULL,1,'2021-06-04 04:00:26','2022-01-17 12:19:21',NULL,44500,1.000000,0,0,4094000),(872,'Black Converter','HSN 3204','none',34490,100.00,'kg',0.00,0,0,3449000,267,NULL,1,'2021-03-24 22:57:48','2022-01-14 07:21:09',NULL,34490,1.000000,0,0,3449000),(873,'Black Converter','HSN 3204','none',27967,200.00,'kg',0.00,0,0,5593400,268,NULL,1,'2021-03-24 22:57:48','2022-01-14 07:21:09',NULL,27967,1.000000,0,0,5593400),(875,'Black Converter','HSN 3204','none',29240,200.00,'kg',0.00,0,0,5848000,269,NULL,1,'2022-03-30 07:29:02','2022-03-30 07:29:02',NULL,29240,1.000000,0,0,5848000),(878,'Brown Converter','HSN 3204','none',41100,25.00,'kg',0.00,0,0,1027500,271,NULL,1,'2021-06-04 03:57:08','2022-01-14 07:21:09',NULL,41100,1.000000,0,0,1027500),(879,'E Black Converter','HSN 3204','none',43665,25.00,'kg',0.00,0,0,1091625,271,NULL,1,'2021-06-04 20:19:59','2022-01-14 07:21:09',NULL,43665,1.000000,0,0,1091625),(880,'Black Converter','HSN 3204','none',36000,25.00,'kg',0.00,0,0,900000,270,NULL,1,'2022-04-01 07:47:57','2022-04-01 07:47:57',NULL,36000,1.000000,0,0,900000),(881,'MORE GLOW EPOXY RESIN','HSN 3907','none',45220,80.00,'Ltr',0.00,0,0,3617600,270,NULL,1,'2022-04-01 07:47:57','2022-04-01 07:47:57',NULL,45220,1.000000,0,0,3617600),(883,'Black Converter','HSN 3204','none',29662,200.00,'kg',0.00,0,0,5932400,272,NULL,1,'2022-04-03 06:35:02','2022-04-03 06:35:02',NULL,29662,1.000000,0,0,5932400),(884,'Gangsaw Segment','23/20X10X4.0/4.5MM\nHSN 8202','none',3000,2346.00,'Pcs',0.00,0,0,7038000,273,NULL,2,'2021-11-12 20:41:29','2022-01-14 07:21:09',NULL,3000,1.000000,0,0,7038000),(885,'Black Converter','HSN 3204','none',31400,54.00,'kg',0.00,0,0,1695600,274,NULL,1,'2021-03-24 22:57:48','2022-01-14 07:21:09',NULL,31400,1.000000,0,0,1695600),(886,'MORE GLOW EPOXY RESIN','HSN 3907','none',35910,46.00,'Ltr',0.00,0,0,1651860,274,NULL,1,'2021-06-04 04:00:26','2022-01-17 12:19:21',NULL,35910,1.000000,0,0,1651860),(887,'Black Converter','HSN 3204','none',32205,200.00,'kg',0.00,0,0,6441000,275,NULL,1,'2021-03-24 22:57:48','2022-01-14 07:21:09',NULL,32205,1.000000,0,0,6441000),(888,'Black Converter','HSN 3204','none',32205,200.00,'kg',0.00,0,0,6441000,276,NULL,1,'2021-03-24 22:57:48','2022-01-14 07:21:09',NULL,32205,1.000000,0,0,6441000),(889,'Gangsaw Segment','23/20X10X4.0/4.5MM\nHSN 8202','none',3000,2310.00,'Pcs',0.00,0,0,6930000,277,NULL,2,'2021-11-12 20:41:29','2022-01-14 07:21:09',NULL,3000,1.000000,0,0,6930000),(890,'Gangsaw Segment','23/20X10X4.0/4.5MM\nHSN 8202','none',3000,1900.00,'Pcs',0.00,0,0,5700000,278,NULL,2,'2021-11-12 20:41:29','2022-01-14 07:21:09',NULL,3000,1.000000,0,0,5700000),(891,'Gangsaw Segment','23/20X10X4.0/4.5MM\nHSN 8202','none',3000,1520.00,'Pcs',0.00,0,0,4560000,279,NULL,2,'2021-11-12 20:41:29','2022-01-14 07:21:09',NULL,3000,1.000000,0,0,4560000),(893,'Gangsaw Segment','23/20X10X4.0/4.5MM\nHSN 8202','none',3000,1869.00,'Pcs',0.00,0,0,5607000,280,NULL,2,'2022-04-21 02:17:25','2022-04-21 02:17:25',NULL,3000,1.000000,0,0,5607000),(897,'Gangsaw Segment','23/20X10X4.0/4.5MM\nHSN 8202','none',3000,2489.00,'Pcs',0.00,0,0,7467000,281,NULL,2,'2022-04-21 02:21:56','2022-04-21 02:21:56',NULL,3000,1.000000,0,0,7467000),(899,'Z Black Converter','HSN 3204','none',34840,225.00,'kg',0.00,0,0,7839000,283,NULL,1,'2022-04-21 06:28:32','2022-04-21 06:28:32',NULL,34840,1.000000,0,0,7839000),(900,'Black Converter','HSN 3204','none',31400,75.00,'kg',0.00,0,0,2355000,284,NULL,1,'2021-03-24 22:57:48','2022-01-14 07:21:09',NULL,31400,1.000000,0,0,2355000),(901,'E Black Converter','HSN 3204','none',44000,50.00,'kg',0.00,0,0,2200000,284,NULL,1,'2021-06-04 20:19:59','2022-01-14 07:21:09',NULL,44000,1.000000,0,0,2200000),(902,'Black Converter','HSN 3204','none',34000,75.00,'kg',0.00,0,0,2550000,285,NULL,1,'2021-03-24 22:57:48','2022-01-14 07:21:09',NULL,34000,1.000000,0,0,2550000),(903,'MORE GLOW EPOXY RESIN','HSN 3907','none',45245,80.00,'Ltr',0.00,0,0,3619600,285,NULL,1,'2021-06-04 04:00:26','2022-01-17 12:19:21',NULL,45245,1.000000,0,0,3619600),(906,'Black Converter','HSN 3204','none',32204,172.75,'kg',0.00,0,0,5563241,287,NULL,1,'2021-03-24 22:57:48','2022-01-14 07:21:09',NULL,32204,1.000000,0,0,5563241),(907,'Black Converter','HSN 3204','none',31400,25.00,'kg',0.00,0,0,785000,288,NULL,1,'2021-03-24 22:57:48','2022-01-14 07:21:09',NULL,31400,1.000000,0,0,785000),(908,'MORE GLOW EPOXY RESIN','HSN 3907','none',43154,80.00,'Ltr',0.00,0,0,3452320,288,NULL,1,'2021-06-04 04:00:26','2022-01-17 12:19:21',NULL,43154,1.000000,0,0,3452320),(909,'Z Black Converter','HSN 3204','none',35594,25.00,'kg',0.00,0,0,889850,289,NULL,1,'2021-06-04 03:58:41','2022-01-14 07:21:09',NULL,35594,1.000000,0,0,889850),(912,'Gangsaw Segment','23/20X10X4.0/4.5MM\nHSN 8202','none',2800,2247.00,'Pcs',0.00,0,0,6291600,291,NULL,2,'2022-05-03 04:23:42','2022-05-03 04:23:42',NULL,2800,1.000000,0,0,6291600),(913,'Gangsaw Segment','23/20X10X4.0/4.5MM\nHSN 8202','none',2200,2500.00,'Pcs',0.00,0,0,5500000,292,NULL,2,'2021-11-12 20:41:29','2022-01-14 07:21:09',NULL,2200,1.000000,0,0,5500000),(914,'Gangsaw Segment','23/20X10X4.0/4.5MM\nHSN 8202','none',3000,1680.00,'Pcs',0.00,0,0,5040000,290,NULL,2,'2022-05-04 10:03:12','2022-05-04 10:03:12',NULL,3000,1.000000,0,0,5040000),(916,'Gangsaw Segment','23/20X10X4.0/4.5MM\nHSN 8202','none',2800,2016.00,'Pcs',0.00,0,0,5644800,293,NULL,2,'2022-05-07 07:20:22','2022-05-07 07:20:22',NULL,2800,1.000000,0,0,5644800),(917,'Black Converter','HSN 3204','none',29240,200.00,'kg',0.00,0,0,5848000,294,NULL,1,'2021-03-24 22:57:48','2022-01-14 07:21:09',NULL,29240,1.000000,0,0,5848000),(918,'Black Converter','HSN 3204','none',32210,50.00,'kg',0.00,0,0,1610500,295,NULL,1,'2021-03-24 22:57:48','2022-01-14 07:21:09',NULL,32210,1.000000,0,0,1610500),(942,'Gangsaw Segment','23/20X10X4.0/4.5MM\nHSN 8202','none',3000,2346.00,NULL,0.00,0,0,7038000,315,NULL,2,'2022-05-30 01:56:20','2022-05-30 01:56:20',NULL,3000,1.000000,0,0,7038000),(943,'Gangsaw Segment','23/20X10X4.0/4.5MM\nHSN 8202','none',3000,1968.00,NULL,0.00,0,0,5904000,316,NULL,2,'2021-11-13 02:11:29','2022-01-14 12:51:09',NULL,3000,1.000000,0,0,5904000),(947,'Brown Converter','HSN 3204','none',41000,30.00,NULL,0.00,0,0,1230000,320,NULL,1,'2021-06-04 09:27:08','2022-01-14 12:51:09',NULL,41000,1.000000,0,0,1230000),(948,'Black Converter','HSN 3204','none',31900,75.00,NULL,0.00,0,0,2392500,320,NULL,1,'2021-03-25 04:27:48','2022-01-14 12:51:09',NULL,31900,1.000000,0,0,2392500),(949,'E Black Converter','HSN 3204','none',43059,50.00,NULL,0.00,0,0,2152950,320,NULL,1,'2021-06-05 01:49:59','2022-01-14 12:51:09',NULL,43059,1.000000,0,0,2152950),(950,'Brown Converter','HSN 3204','none',42000,25.00,NULL,0.00,0,0,1050000,321,NULL,1,'2021-06-04 09:27:08','2022-01-14 12:51:09',NULL,42000,1.000000,0,0,1050000),(951,'Black Converter','HSN 3204','none',32887,200.00,NULL,0.00,0,0,6577400,321,NULL,1,'2021-03-25 04:27:48','2022-01-14 12:51:09',NULL,32887,1.000000,0,0,6577400),(952,'Black Converter','HSN 3204','none',32205,200.00,NULL,0.00,0,0,6441000,322,NULL,1,'2021-03-25 04:27:48','2022-01-14 12:51:09',NULL,32205,1.000000,0,0,6441000),(959,'Gangsaw Segment','23/20X10X4.0/4.5MM\nHSN 8202','none',3000,2033.00,NULL,0.00,0,0,6099000,323,NULL,2,'2022-06-04 06:07:48','2022-06-04 06:07:48',NULL,3000,1.000000,0,0,6099000),(963,'Gangsaw Segment','23/20X10X4.0/4.5MM\nHSN 8202','none',3300,1900.00,NULL,0.00,0,0,6270000,324,NULL,2,'2022-06-04 06:56:15','2022-06-04 06:56:15',NULL,3300,1.000000,0,0,6270000),(964,'Gangsaw Segment','23/20X10X4.0/4.5MM\nHSN 8202','none',3000,2420.00,NULL,0.00,0,0,7260000,318,NULL,2,'2022-06-07 07:23:52','2022-06-07 07:23:52',NULL,3000,1.000000,0,0,7260000),(966,'Gangsaw Segment','23/20X10X4.0/4.5MM\nHSN 8202','none',3000,2247.00,NULL,0.00,0,0,6741000,319,NULL,2,'2022-06-07 07:25:11','2022-06-07 07:25:11',NULL,3000,1.000000,0,0,6741000),(970,'Gangsaw Segment','23/20X10X4.0/4.5MM\nHSN 8202','none',2200,2500.00,NULL,0.00,0,0,5500000,327,NULL,2,'2021-11-13 02:11:29','2022-01-14 12:51:09',NULL,2200,1.000000,0,0,5500000),(974,'Gangsaw Segment','23/20X10X4.0/4.5MM\nHSN 8202','none',3000,2200.00,NULL,0.00,0,0,6600000,329,NULL,2,'2021-11-13 02:11:29','2022-01-14 12:51:09',NULL,3000,1.000000,0,0,6600000),(983,'Black Converter','HSN 3204','none',32204,200.00,NULL,0.00,0,0,6440800,335,NULL,1,'2022-06-18 02:47:24','2022-06-18 02:47:24',NULL,32204,1.000000,0,0,6440800);

--
-- Table structure for table `invoices`
--

CREATE TABLE `invoices` (
  `id` int(10) unsigned NOT NULL AUTO_INCREMENT,
  `sequence_number` mediumint(8) unsigned DEFAULT NULL,
  `customer_sequence_number` mediumint(8) unsigned DEFAULT NULL,
  `invoice_date` date NOT NULL,
  `due_date` date DEFAULT NULL,
  `invoice_number` varchar(255) COLLATE utf8_unicode_ci NOT NULL,
  `reference_number` varchar(255) COLLATE utf8_unicode_ci DEFAULT NULL,
  `status` varchar(255) COLLATE utf8_unicode_ci NOT NULL,
  `paid_status` varchar(255) COLLATE utf8_unicode_ci NOT NULL,
  `tax_per_item` varchar(255) COLLATE utf8_unicode_ci NOT NULL,
  `discount_per_item` varchar(255) COLLATE utf8_unicode_ci NOT NULL,
  `notes` text COLLATE utf8_unicode_ci,
  `discount_type` varchar(255) COLLATE utf8_unicode_ci DEFAULT NULL,
  `discount` decimal(15,2) DEFAULT NULL,
  `discount_val` bigint(20) unsigned DEFAULT NULL,
  `sub_total` bigint(20) unsigned NOT NULL,
  `total` bigint(20) unsigned NOT NULL,
  `tax` bigint(20) unsigned NOT NULL,
  `due_amount` bigint(20) unsigned NOT NULL,
  `sent` tinyint(1) NOT NULL DEFAULT '0',
  `viewed` tinyint(1) NOT NULL DEFAULT '0',
  `unique_hash` varchar(255) COLLATE utf8_unicode_ci DEFAULT NULL,
  `company_id` int(10) unsigned DEFAULT NULL,
  `created_at` timestamp NULL DEFAULT NULL,
  `updated_at` timestamp NULL DEFAULT NULL,
  `creator_id` int(10) unsigned DEFAULT NULL,
  `template_name` varchar(255) COLLATE utf8_unicode_ci DEFAULT NULL,
  `customer_id` bigint(20) unsigned DEFAULT NULL,
  `recurring_invoice_id` bigint(20) unsigned DEFAULT NULL,
  `exchange_rate` decimal(19,6) DEFAULT NULL,
  `base_discount_val` bigint(20) unsigned DEFAULT NULL,
  `base_sub_total` bigint(20) unsigned DEFAULT NULL,
  `base_total` bigint(20) unsigned DEFAULT NULL,
  `base_tax` bigint(20) unsigned DEFAULT NULL,
  `base_due_amount` bigint(20) unsigned DEFAULT NULL,
  `currency_id` int(10) unsigned DEFAULT NULL,
  `sales_tax_type` varchar(255) COLLATE utf8_unicode_ci DEFAULT NULL,
  `sales_tax_address_type` varchar(255) COLLATE utf8_unicode_ci DEFAULT NULL,
  `overdue` tinyint(1) NOT NULL DEFAULT '0',
  PRIMARY KEY (`id`),
  KEY `invoices_company_id_foreign` (`company_id`),
  KEY `invoices_creator_id_foreign` (`creator_id`),
  KEY `invoices_customer_id_foreign` (`customer_id`),
  KEY `invoices_recurring_invoice_id_foreign` (`recurring_invoice_id`),
  KEY `invoices_currency_id_foreign` (`currency_id`),
  CONSTRAINT `invoices_company_id_foreign` FOREIGN KEY (`company_id`) REFERENCES `companies` (`id`) ON DELETE CASCADE,
  CONSTRAINT `invoices_creator_id_foreign` FOREIGN KEY (`creator_id`) REFERENCES `users` (`id`) ON DELETE CASCADE,
  CONSTRAINT `invoices_currency_id_foreign` FOREIGN KEY (`currency_id`) REFERENCES `currencies` (`id`),
  CONSTRAINT `invoices_customer_id_foreign` FOREIGN KEY (`customer_id`) REFERENCES `customers` (`id`),
  CONSTRAINT `invoices_recurring_invoice_id_foreign` FOREIGN KEY (`recurring_invoice_id`) REFERENCES `recurring_invoices` (`id`)
) ENGINE=InnoDB AUTO_INCREMENT=336 DEFAULT CHARSET=utf8 COLLATE=utf8_unicode_ci;

--
-- Dumping data for table `invoices`
--

INSERT INTO `invoices` VALUES (4,1,1,'2021-05-01','2021-05-01','INV-1',NULL,'SENT','UNPAID','0','0','<p><strong>Bank Detail</strong></p><p>NAME : Amar Speciality Chemicals</p><p>Bank Name : AXIS Bank</p><p>A/C No : 921020008506724</p><p>IFSC CODE : UTIB0003293</p>','fixed',0.00,0,7120000,8401600,1281600,8401600,0,0,'pqR81G67x1jxVrme4POY',1,'2021-06-01 10:56:02','2022-05-25 13:18:53',4,'invoice3',2,NULL,1.000000,7120000,7120000,8401600,1281600,8401600,12,NULL,NULL,1),(11,2,1,'2021-05-05','2021-05-05','INV-2',NULL,'DRAFT','UNPAID','0','0','<p><strong>Bank Detail</strong></p><p>NAME : Amar Speciality Chemicals</p><p>Bank Name : AXIS Bank</p><p>A/C No : 921020008506724</p><p>IFSC CODE : UTIB0003293</p>','fixed',0.00,0,3455000,4076900,621900,4076900,0,0,'MYG7qn8Rge8gPjV6mL4p',1,'2021-06-05 05:21:20','2022-01-14 12:51:10',4,'invoice3',14,NULL,1.000000,3455000,3455000,4076900,621900,4076900,12,NULL,NULL,0),(12,3,1,'2021-05-12','2021-05-12','INV-03',NULL,'DRAFT','UNPAID','0','0','<p><strong>Bank Detail</strong></p><p>NAME : Amar Speciality Chemicals</p><p>Bank Name : AXIS Bank</p><p>A/C No : 921020008506724</p><p>IFSC CODE : UTIB0003293</p>','fixed',0.00,0,4620000,5451600,831600,5451600,0,0,'ej8R46OMbrvgrPGN1vDn',1,'2021-06-05 05:29:48','2022-01-14 12:51:10',4,'invoice1',14,NULL,1.000000,4620000,4620000,5451600,831600,5451600,12,NULL,NULL,0),(13,4,1,'2021-05-14','2021-05-14','INV-04',NULL,'DRAFT','UNPAID','0','0','<p><strong>Bank Detail</strong></p><p>NAME : Amar Speciality Chemicals</p><p>Bank Name : AXIS Bank</p><p>A/C No : 921020008506724</p><p>IFSC CODE : UTIB0003293</p>','fixed',0.00,0,3392000,4002560,610560,4002560,0,0,'Nn7G62Dpx7mxrO4LPjVM',1,'2021-06-05 05:34:28','2022-01-14 12:51:10',4,'invoice1',8,NULL,1.000000,3392000,3392000,4002560,610560,4002560,12,NULL,NULL,0),(14,5,1,'2021-05-20','2021-05-20','INV-05',NULL,'DRAFT','UNPAID','0','0','<p><strong>Bank Detail</strong></p><p>NAME : Amar Speciality Chemicals</p><p>Bank Name : AXIS Bank</p><p>A/C No : 921020008506724</p><p>IFSC CODE : UTIB0003293</p>','fixed',0.00,0,4620000,5451600,831600,5451600,0,0,'mN8GMj2OgqYgpqRLnV1P',1,'2021-06-05 05:38:29','2022-01-14 12:51:10',4,'invoice1',14,NULL,1.000000,4620000,4620000,5451600,831600,5451600,12,NULL,NULL,0),(15,6,1,'2021-05-25','2021-05-25','INV-06',NULL,'DRAFT','UNPAID','0','0','<p><strong>Bank Detail</strong></p><p>NAME : Amar Speciality Chemicals</p><p>Bank Name : AXIS Bank</p><p>A/C No : 921020008506724</p><p>IFSC CODE : UTIB0003293</p>','fixed',0.00,0,3010000,3551800,541800,3551800,0,0,'7OVm2e8pgR2xq16LrM4n',1,'2021-06-05 05:47:05','2022-01-14 12:51:10',4,'invoice1',16,NULL,1.000000,3010000,3010000,3551800,541800,3551800,12,NULL,NULL,0),(16,7,1,'2021-06-05','2021-06-05','INV-07',NULL,'DRAFT','UNPAID','0','0','<p><strong>Bank Detail</strong></p><p>NAME : Amar Speciality Chemicals</p><p>Bank Name : AXIS Bank</p><p>A/C No : 921020008506724</p><p>IFSC CODE : UTIB0003293</p>','fixed',0.00,0,6673500,7874730,1201230,7874730,0,0,'LpdPhwxYMY0c6s46DIik6IcJBVDmICIpvfFPfNnJJxTaANUbRPjoNnSALW6z',1,'2021-06-03 04:24:41','2022-01-14 12:51:10',NULL,'invoice1',15,NULL,1.000000,6673500,6673500,7874730,1201230,7874730,12,NULL,NULL,0),(17,8,1,'2021-06-06','2021-06-06','INV-08',NULL,'DRAFT','UNPAID','0','0','<p><strong>Bank Detail</strong></p><p>NAME : Amar Speciality Chemicals</p><p>Bank Name : AXIS Bank</p><p>A/C No : 921020008506724</p><p>IFSC CODE : UTIB0003293</p>','fixed',0.00,0,2265000,2672700,407700,2672700,0,0,'LN76enDVbpvbRmvj82pP',1,'2021-06-09 18:17:46','2022-01-14 12:51:10',4,'invoice3',17,NULL,1.000000,2265000,2265000,2672700,407700,2672700,12,NULL,NULL,0),(18,9,1,'2021-06-07','2021-06-07','INV-09',NULL,'DRAFT','UNPAID','0','0','<p><strong>Bank Detail</strong></p><p>NAME : Amar Speciality Chemicals</p><p>Bank Name : AXIS Bank</p><p>A/C No : 921020008506724</p><p>IFSC CODE : UTIB0003293</p>','fixed',0.00,0,3370000,3976600,606600,3976600,0,0,'LVvYq874xVPxjG2mP6RO',1,'2021-06-10 00:15:57','2022-01-14 12:51:10',4,'invoice3',9,NULL,1.000000,3370000,3370000,3976600,606600,3976600,12,NULL,NULL,0),(19,10,1,'2021-06-07','2021-06-07','INV-10',NULL,'DRAFT','UNPAID','0','0','<p><strong>Bank Detail</strong></p><p>NAME : Amar Speciality Chemicals</p><p>Bank Name : AXIS Bank</p><p>A/C No : 921020008506724</p><p>IFSC CODE : UTIB0003293</p>','percentage',0.00,0,1841856,2173390,331534,2173390,0,0,'nDqORpGYbDrgLev4VPMm',1,'2021-06-09 19:04:21','2022-01-14 12:51:10',4,'invoice3',18,NULL,1.000000,1841856,1841856,2173390,331534,2173390,12,NULL,NULL,0),(20,11,1,'2021-06-08','2021-06-08','INV-11',NULL,'DRAFT','UNPAID','0','0','<p><strong>Bank Detail</strong></p><p>NAME : Amar Speciality Chemicals</p><p>Bank Name : AXIS Bank</p><p>A/C No : 921020008506724</p><p>IFSC CODE : UTIB0003293</p>','fixed',0.00,0,3251000,3836180,585180,3836180,0,0,'NmYv2Lrpg28gjM4G8P71',1,'2021-06-10 07:20:36','2022-01-14 12:51:10',4,'invoice3',19,NULL,1.000000,3251000,3251000,3836180,585180,3836180,12,NULL,NULL,0),(21,12,1,'2021-06-12','2021-06-12','INV-12',NULL,'DRAFT','UNPAID','0','0','<p><strong>Bank Detail</strong></p><p>NAME : Amar Speciality Chemicals</p><p>Bank Name : AXIS Bank</p><p>A/C No : 921020008506724</p><p>IFSC CODE : UTIB0003293</p>','fixed',0.00,0,6271200,7400016,1128816,7400016,0,0,'6jO2NYr8bN8xmLG4Pep1',1,'2021-06-11 23:42:54','2022-01-14 12:51:10',4,'invoice3',20,NULL,1.000000,6271200,6271200,7400016,1128816,7400016,12,NULL,NULL,0),(22,13,1,'2021-06-13','2021-06-13','INV-13',NULL,'DRAFT','UNPAID','0','0','<p><strong>Bank Detail</strong></p><p>NAME : Amar Speciality Chemicals</p><p>Bank Name : AXIS Bank</p><p>A/C No : 921020008506724</p><p>IFSC CODE : UTIB0003293</p>','fixed',0.00,0,1525500,1800090,274590,1800090,0,0,'82MORpV4xL7xnGDr7ve6',1,'2021-06-13 00:18:43','2022-01-14 12:51:10',4,'invoice3',21,NULL,1.000000,1525500,1525500,1800090,274590,1800090,12,NULL,NULL,0),(23,14,1,'2021-06-14','2021-06-14','INV-14',NULL,'DRAFT','UNPAID','0','0','<p><strong>Bank Detail</strong></p><p>NAME : Amar Speciality Chemicals</p><p>Bank Name : AXIS Bank</p><p>A/C No : 921020008506724</p><p>IFSC CODE : UTIB0003293</p>','fixed',0.00,0,1525500,1800090,274590,1800090,0,0,'ODR8nvGjg82gLqp4m26r',1,'2021-06-14 05:03:37','2022-01-14 12:51:10',4,'invoice3',22,NULL,1.000000,1525500,1525500,1800090,274590,1800090,12,NULL,NULL,0),(24,15,1,'2021-06-16','2021-06-16','INV-15',NULL,'DRAFT','UNPAID','0','0','<p><strong>Bank Detail</strong></p><p>NAME : Amar Speciality Chemicals</p><p>Bank Name : AXIS Bank</p><p>A/C No : 921020008506724</p><p>IFSC CODE : UTIB0003293</p>','fixed',0.00,0,8127300,9590214,1462914,9590214,0,0,'q26Ompr4gO7PgeVGLnMj',1,'2021-06-13 21:26:16','2022-01-14 12:51:10',4,'invoice3',14,NULL,1.000000,8127300,8127300,9590214,1462914,9590214,12,NULL,NULL,0),(25,16,1,'2021-06-16','2021-06-16','INV-16',NULL,'DRAFT','UNPAID','0','0','<p><strong>Bank Detail</strong></p><p>NAME : Amar Speciality Chemicals</p><p>Bank Name : AXIS Bank</p><p>A/C No : 921020008506724</p><p>IFSC CODE : UTIB0003293</p>','fixed',0.00,0,2310000,2725800,415800,2725800,0,0,'GLV6N74pbMVVb1Dqr8nP',1,'2021-06-16 04:13:13','2022-01-14 12:51:10',4,'invoice3',23,NULL,1.000000,2310000,2310000,2725800,415800,2725800,12,NULL,NULL,0),(30,77,1,'2021-06-18','2021-06-18','AMR-77',NULL,'DRAFT','UNPAID','NO','NO','<p><strong>Bank Detail</strong></p><p>Name : AMAR SUPERHARD TOOLS</p><p>Bank   : Axis Bank</p><p>A\\C No : 918020103188858</p><p>IFSC : UTIB0003293</p>','fixed',100.00,10000,4410000,5192000,792000,5192000,0,0,'e8V1DGOqxnYexnjNmpYR',2,'2021-06-15 18:45:04','2022-01-14 12:51:10',5,'invoice1',24,NULL,1.000000,4410000,4410000,5192000,792000,5192000,12,NULL,NULL,0),(31,17,1,'2021-06-19','2021-06-26','INV-17',NULL,'DRAFT','UNPAID','0','0','<p><strong>Bank Detail</strong></p><p>NAME : Amar Speciality Chemicals</p><p>Bank Name : AXIS Bank</p><p>A/C No : 921020008506724</p><p>IFSC CODE : UTIB0003293</p>','fixed',0.00,0,6272000,7400960,1128960,7400960,0,0,'qR842vOYbGN7gePMGLn7',1,'2021-06-19 01:43:35','2022-01-14 12:51:10',4,'invoice2',25,NULL,1.000000,6272000,6272000,7400960,1128960,7400960,12,NULL,NULL,0),(32,18,1,'2021-06-20','2021-06-20','INV-18',NULL,'DRAFT','UNPAID','0','0','<p><strong>Bank Detail</strong></p><p>NAME : Amar Speciality Chemicals</p><p>Bank Name : AXIS Bank</p><p>A/C No : 921020008506724</p><p>IFSC CODE : UTIB0003293</p>','fixed',0.00,0,5936200,7004716,1068516,7004716,0,0,'R64pMOj8bvL1be7qDL1N',1,'2021-06-20 03:37:03','2022-01-14 12:51:10',4,'invoice2',26,NULL,1.000000,5936200,5936200,7004716,1068516,7004716,12,NULL,NULL,0),(33,19,1,'2021-06-20','2021-06-20','INV-19',NULL,'DRAFT','UNPAID','0','0','<p><strong>Bank Detail</strong></p><p>NAME : Amar Speciality Chemicals</p><p>Bank Name : AXIS Bank</p><p>A/C No : 921020008506724</p><p>IFSC CODE : UTIB0003293</p>','fixed',0.00,0,5400800,6372944,972144,6372944,0,0,'27PVveOmgj7ngrNLRG16',1,'2021-06-19 23:50:26','2022-01-14 12:51:10',4,'invoice3',27,NULL,1.000000,5400800,5400800,6372944,972144,6372944,12,NULL,NULL,0),(34,20,1,'2021-06-24','2021-06-24','INV-20',NULL,'DRAFT','UNPAID','0','0','<p><strong>Bank Detail</strong></p><p>NAME : Amar Speciality Chemicals</p><p>Bank Name : AXIS Bank</p><p>A/C No : 921020008506724</p><p>IFSC CODE : UTIB0003293</p>','fixed',0.00,0,6200000,7316000,1116000,7316000,0,0,'VPN1qMOjxmpOx4e2Y68D',1,'2021-06-24 03:13:24','2022-01-14 12:51:10',4,'invoice3',28,NULL,1.000000,6200000,6200000,7316000,1116000,7316000,12,NULL,NULL,0),(35,21,1,'2021-06-25','2021-06-25','INV-21',NULL,'DRAFT','UNPAID','0','0','<p><strong>Bank Detail</strong></p><p>NAME : Amar Speciality Chemicals</p><p>Bank Name : AXIS Bank</p><p>A/C No : 921020008506724</p><p>IFSC CODE : UTIB0003293</p>','fixed',0.00,0,201400,237652,36252,237652,0,0,'MYG7qn8Rgen8gPjV6mL4',1,'2021-06-24 20:28:14','2022-01-14 12:51:10',4,'invoice3',11,NULL,1.000000,201400,201400,237652,36252,237652,12,NULL,NULL,0),(36,22,1,'2021-06-28','2021-06-28','INV-22',NULL,'DRAFT','UNPAID','0','0','<p><strong>Bank Detail</strong></p><p>NAME : Amar Speciality Chemicals</p><p>Bank Name : AXIS Bank</p><p>A/C No : 921020008506724</p><p>IFSC CODE : UTIB0003293</p>','fixed',0.00,0,1569000,1851420,282420,1851420,0,0,'ej8R46OMbrevxrPGN1vD',1,'2021-06-28 01:05:09','2022-01-14 12:51:10',4,'invoice3',29,NULL,1.000000,1569000,1569000,1851420,282420,1851420,12,NULL,NULL,0),(37,23,1,'2021-06-28','2021-06-28','INV-23',NULL,'DRAFT','UNPAID','0','0','<p><strong>Bank Detail</strong></p><p>NAME : Amar Speciality Chemicals</p><p>Bank Name : AXIS Bank</p><p>A/C No : 921020008506724</p><p>IFSC CODE : UTIB0003293</p>','fixed',0.00,0,2352000,2775360,423360,2775360,0,0,'Nn7G62Dpx72mbrO4LPjV',1,'2021-06-28 05:07:43','2022-01-14 12:51:10',4,'invoice3',30,NULL,1.000000,2352000,2352000,2775360,423360,2775360,12,NULL,NULL,0),(38,24,1,'2021-06-29','2021-06-29','INV-24',NULL,'DRAFT','UNPAID','0','0','<p><strong>Bank Detail</strong></p><p>NAME : Amar Speciality Chemicals</p><p>Bank Name : AXIS Bank</p><p>A/C No : 921020008506724</p><p>IFSC CODE : UTIB0003293</p>','fixed',0.00,0,8474400,9999792,1525392,9999792,0,0,'mN8GMj2Ogq6YxpqRLnV1',1,'2021-06-28 11:54:12','2022-01-14 12:51:10',4,'invoice3',14,NULL,1.000000,8474400,8474400,9999792,1525392,9999792,12,NULL,NULL,0),(39,78,1,'2021-06-20','2021-06-20','AMR-78',NULL,'DRAFT','UNPAID','NO','NO','<p><strong>Bank Detail</strong></p><p>Name : Amar Superhard Tools</p><p>Bank   : Axis Bank</p><p>A\\C No : 918020103188858</p><p>IFSC : UTIB0003293</p>','fixed',0.00,0,6500250,7670295,1170045,7670295,0,0,'7OVm2e8pgR62bq16LrM4',2,'2021-06-28 14:52:37','2022-01-14 12:51:10',5,'invoice1',31,NULL,1.000000,6500250,6500250,7670295,1170045,7670295,12,NULL,NULL,0),(40,25,1,'2021-07-03','2021-07-03','INV-25',NULL,'DRAFT','UNPAID','0','0','<p><strong>Bank Detail</strong></p><p>NAME : Amar Speciality Chemicals</p><p>Bank Name : AXIS Bank</p><p>A/C No : 921020008506724</p><p>IFSC CODE : UTIB0003293</p>','fixed',0.00,0,3560000,4200800,640800,4200800,0,0,'4Neq6vY1x4V1bjrLDPGR',1,'2021-07-02 16:25:25','2022-01-14 12:51:10',4,'invoice3',10,NULL,1.000000,3560000,3560000,4200800,640800,4200800,12,NULL,NULL,0),(41,79,1,'2021-06-22','2021-06-22','AMR-79',NULL,'DRAFT','UNPAID','NO','NO','<p><strong>Bank Detail</strong></p><p>Name : Amar Superhard Tools</p><p>Bank   : Axis Bank</p><p>A\\C No : 918020103188858</p><p>IFSC : UTIB0003293</p>','fixed',0.00,0,5320000,6277600,957600,6277600,0,0,'LN76enDVbpLvbRmvj82p',2,'2021-07-05 10:54:21','2022-01-14 12:51:11',5,'invoice1',34,NULL,1.000000,5320000,5320000,6277600,957600,6277600,12,NULL,NULL,0),(42,80,1,'2021-06-23','2021-06-23','AMR-80',NULL,'DRAFT','UNPAID','NO','NO','<p><strong>Bank Detail</strong></p><p>Name : Amar Superhard Tools</p><p>Bank   : Axis Bank</p><p>A\\C No : 918020103188858</p><p>IFSC : UTIB0003293</p>','fixed',0.00,0,6104000,7202720,1098720,7202720,0,0,'LVvYq874xVNPbjG2mP6R',2,'2021-07-05 08:06:01','2022-01-14 12:51:10',5,'invoice1',32,NULL,1.000000,6104000,6104000,7202720,1098720,7202720,12,NULL,NULL,0),(43,81,1,'2021-06-26','2021-06-26','AMR-81',NULL,'DRAFT','UNPAID','NO','NO','<p><strong>Bank Detail</strong></p><p>Name : Amar Superhard Tools</p><p>Bank   : Axis Bank</p><p>A\\C No : 918020103188858</p><p>IFSC : UTIB0003293</p>','fixed',0.00,0,4928000,5815040,887040,5815040,0,0,'nDqORpGYbDLrxLev4VPM',2,'2021-07-05 13:37:05','2022-01-14 12:51:10',5,'invoice1',33,NULL,1.000000,4928000,4928000,5815040,887040,5815040,12,NULL,NULL,0),(44,26,1,'2021-07-04','2021-07-04','INV-26',NULL,'DRAFT','UNPAID','0','0',NULL,'fixed',0.00,0,2588750,3054725,465975,3054725,0,0,'NmYv2Lrpg248bjM4G8P7',1,'2021-07-06 14:45:06','2022-01-14 12:51:10',4,'invoice1',27,NULL,1.000000,2588750,2588750,3054725,465975,3054725,12,NULL,NULL,0),(45,27,1,'2021-07-08','2021-07-08','INV-27',NULL,'DRAFT','UNPAID','0','0','<p><strong>Bank Detail</strong></p><p>NAME : Amar Speciality Chemicals</p><p>Bank Name : AXIS Bank</p><p>A/C No : 921020008506724</p><p>IFSC CODE : UTIB0003293</p>','fixed',0.00,0,4258500,5025030,766530,5025030,0,0,'6jO2NYr8bNY8xmLG4Pep',1,'2021-07-07 12:57:29','2022-01-14 12:51:11',4,'invoice3',35,NULL,1.000000,4258500,4258500,5025030,766530,5025030,12,NULL,NULL,0),(46,28,1,'2021-07-11','2021-07-11','INV-28',NULL,'DRAFT','UNPAID','0','0','<p><strong>Bank Detail</strong></p><p>NAME : Amar Speciality Chemicals</p><p>Bank Name : AXIS Bank</p><p>A/C No : 921020008506724</p><p>IFSC CODE : UTIB0003293</p>','fixed',0.00,0,4818100,5685358,867258,5685358,0,0,'82MORpV4xLN7gnGDr7ve',1,'2021-07-10 15:13:05','2022-01-14 12:51:10',4,'invoice3',12,NULL,1.000000,4818100,4818100,5685358,867258,5685358,12,NULL,NULL,0),(47,29,1,'2021-07-13','2021-07-13','INV-29',NULL,'DRAFT','UNPAID','0','0','<p><strong>Bank Detail</strong></p><p>NAME : Amar Speciality Chemicals</p><p>Bank Name : AXIS Bank</p><p>A/C No : 921020008506724</p><p>IFSC CODE : UTIB0003293</p>','fixed',0.00,0,5932000,6999760,1067760,6999760,0,0,'ODR8nvGjg8L2bLqp4m26',1,'2021-07-12 23:31:32','2022-01-14 12:51:10',4,'invoice3',15,NULL,1.000000,5932000,5932000,6999760,1067760,6999760,12,NULL,NULL,0),(48,30,1,'2021-07-14','2021-07-14','INV-30',NULL,'DRAFT','UNPAID','0','0','<p><strong>Bank Detail</strong></p><p>NAME : Amar Speciality Chemicals</p><p>Bank Name : AXIS Bank</p><p>A/C No : 921020008506724</p><p>IFSC CODE : UTIB0003293</p>','fixed',0.00,0,1570000,1852600,282600,1852600,0,0,'q26Ompr4gONPbeVGLnMj',1,'2021-07-14 02:25:44','2022-01-14 12:51:10',4,'invoice3',23,NULL,1.000000,1570000,1570000,1852600,282600,1852600,12,NULL,NULL,0),(49,31,1,'2021-07-14','2021-07-14','INV-31',NULL,'DRAFT','UNPAID','0','0','<p><strong>Bank Detail</strong></p><p>NAME : Amar Speciality Chemicals</p><p>Bank Name : AXIS Bank</p><p>A/C No : 921020008506724</p><p>IFSC CODE : UTIB0003293</p>','fixed',0.00,0,1570000,1852600,282600,1852600,0,0,'GLV6N74pbMMVb1Dqr8nP',1,'2021-07-14 02:29:51','2022-01-14 12:51:10',4,'invoice3',22,NULL,1.000000,1570000,1570000,1852600,282600,1852600,12,NULL,NULL,0),(50,32,1,'2021-07-14','2021-07-14','INV-32',NULL,'DRAFT','UNPAID','0','0','<p><strong>Bank Detail</strong></p><p>NAME : Amar Speciality Chemicals</p><p>Bank Name : AXIS Bank</p><p>A/C No : 921020008506724</p><p>IFSC CODE : UTIB0003293</p>','fixed',0.00,0,2332500,2752350,419850,2752350,0,0,'qP7MVLYGgYMMgm1DepN8',1,'2021-07-14 00:34:25','2022-01-14 12:51:11',4,'invoice3',36,NULL,1.000000,2332500,2332500,2752350,419850,2752350,12,NULL,NULL,0),(51,33,1,'2021-07-16','2021-07-23','INV-33',NULL,'DRAFT','UNPAID','0','0','<p><strong>Bank Detail</strong></p><p>NAME : Amar Speciality Chemicals</p><p>Bank Name : AXIS Bank</p><p>A/C No : 921020008506724</p><p>IFSC CODE : UTIB0003293</p>','fixed',0.00,0,1949200,2300056,350856,2300056,0,0,'nO6qNrj2xPP4xmeMVvG1',1,'2021-07-16 08:29:31','2022-01-14 12:51:11',4,'invoice3',37,NULL,1.000000,1949200,1949200,2300056,350856,2300056,12,NULL,NULL,0),(52,34,1,'2021-07-25','2021-07-25','INV-34',NULL,'DRAFT','UNPAID','0','0','<p><strong>Bank Detail</strong></p><p>NAME : Amar Speciality Chemicals</p><p>Bank Name : AXIS Bank</p><p>A/C No : 921020008506724</p><p>IFSC CODE : UTIB0003293</p>','fixed',0.00,0,7663200,9042576,1379376,9042576,0,0,'pqR81G67x14jxVrme4PO',1,'2021-07-24 19:12:55','2022-01-14 12:51:10',4,'invoice3',29,NULL,1.000000,7663200,7663200,9042576,1379376,9042576,12,NULL,NULL,0),(53,87,1,'2021-07-26','2021-07-26','AMR-87',NULL,'DRAFT','UNPAID','NO','NO','<p><strong>Bank Detail</strong></p><p>Name : Amar Superhard Tools</p><p>Bank   : Axis Bank</p><p>A\\C No : 918020103188858</p><p>IFSC : UTIB0003293</p>','fixed',0.00,0,5880600,6939108,1058508,6939108,0,0,'O1e6D4M7x6VOgVGY2q8r',2,'2021-07-28 13:48:20','2022-01-14 12:51:11',5,'invoice1',38,NULL,1.000000,5880600,5880600,6939108,1058508,6939108,12,NULL,NULL,0),(54,35,1,'2021-07-26','2021-08-06','INV-35',NULL,'DRAFT','UNPAID','0','0','<p><strong>Bank Detail</strong></p><p>NAME : Amar Speciality Chemicals</p><p>Bank Name : AXIS Bank</p><p>A/C No : 921020008506724</p><p>IFSC CODE : UTIB0003293</p>','fixed',0.00,0,1780000,2100400,320400,2100400,0,0,'e8V1DGOqxnLegnjNmpYR',1,'2021-07-30 05:00:01','2022-01-14 12:51:10',4,'invoice3',13,NULL,1.000000,1780000,1780000,2100400,320400,2100400,12,NULL,NULL,0),(55,82,1,'2021-07-08','2021-07-08','AMR-82',NULL,'DRAFT','UNPAID','NO','NO','<p><strong>Bank Detail</strong></p><p>Name : Amar Superhard Tools</p><p>Bank   : Axis Bank</p><p>A\\C No : 918020103188858</p><p>IFSC : UTIB0003293</p>','fixed',0.00,0,6762000,7979160,1217160,7979160,0,0,'qR842vOYbGV7bePMGLn7',2,'2021-07-29 18:27:59','2022-01-14 12:51:11',5,'invoice1',41,NULL,1.000000,6762000,6762000,7979160,1217160,7979160,12,NULL,NULL,0),(56,83,1,'2021-07-08','2021-07-08','AMR-83',NULL,'DRAFT','UNPAID','NO','NO','<p><strong>Bank Detail</strong></p><p>Name : Amar Superhard Tools</p><p>Bank   : Axis Bank</p><p>A\\C No : 918020103188858</p><p>IFSC : UTIB0003293</p>','fixed',0.00,0,4963400,5856812,893412,5856812,0,0,'R64pMOj8bvV1ge7qDL1N',2,'2021-07-29 23:59:15','2022-01-14 12:51:11',5,'invoice1',39,NULL,1.000000,4963400,4963400,5856812,893412,5856812,12,NULL,NULL,0),(57,85,1,'2021-07-15','2021-07-15','AMR-85',NULL,'DRAFT','UNPAID','NO','NO','<p><strong>Bank Detail</strong></p><p>Name : Amar Superhard Tools</p><p>Bank   : Axis Bank</p><p>A\\C No : 918020103188858</p><p>IFSC : UTIB0003293</p>','fixed',0.00,0,5667200,6687296,1020096,6687296,0,0,'27PVveOmgj2nxrNLRG16',2,'2021-07-29 18:32:15','2022-01-14 12:51:11',5,'invoice1',40,NULL,1.000000,5667200,5667200,6687296,1020096,6687296,12,NULL,NULL,0),(58,84,1,'2021-07-11','2021-07-11','AMR-84',NULL,'DRAFT','UNPAID','NO','NO','<p><strong>Bank Detail</strong></p><p>Name : Amar Superhard Tools</p><p>Bank   : Axis Bank</p><p>A\\C No : 918020103188858</p><p>IFSC : UTIB0003293</p>','fixed',0.00,0,3696000,4361280,665280,4361280,0,0,'VPN1qMOjxmMOb4e2Y68D',2,'2021-07-30 00:13:29','2022-01-14 12:51:11',5,'invoice1',43,NULL,1.000000,3696000,3696000,4361280,665280,4361280,12,NULL,NULL,0),(59,86,1,'2021-07-17','2021-07-17','AMR-86',NULL,'DRAFT','UNPAID','NO','NO','<p><strong>Bank Detail</strong></p><p>Name : Amar Superhard Tools</p><p>Bank   : Axis Bank</p><p>A\\C No : 918020103188858</p><p>IFSC : UTIB0003293</p>','fixed',0.00,0,5132400,6056232,923832,6056232,0,0,'MYG7qn8Rgej8bPjV6mL4',2,'2021-07-29 13:19:40','2022-01-14 12:51:11',5,'invoice1',42,NULL,1.000000,5132400,5132400,6056232,923832,6056232,12,NULL,NULL,0),(60,88,1,'2021-07-28','2021-07-28','AMR-88',NULL,'DRAFT','UNPAID','NO','NO','<p><strong>Bank Detail</strong></p><p>Name : Amar Superhard Tools</p><p>Bank   : Axis Bank</p><p>A\\C No : 918020103188858</p><p>IFSC : UTIB0003293</p>','fixed',0.00,0,5992000,7070560,1078560,7070560,0,0,'ej8R46OMbrVvxrPGN1vD',2,'2021-07-29 18:54:54','2022-01-14 12:51:11',5,'invoice1',44,NULL,1.000000,5992000,5992000,7070560,1078560,7070560,12,NULL,NULL,0),(61,89,1,'2021-07-30','2021-07-30','AMR-89',NULL,'DRAFT','UNPAID','NO','NO','<p><strong>Bank Detail</strong></p><p>Name : Amar Superhard Tools</p><p>Bank   : Axis Bank</p><p>A\\C No : 918020103188858</p><p>IFSC : UTIB0003293</p>','fixed',0.00,0,4035200,4761536,726336,4761536,0,0,'Nn7G62Dpx71mxrO4LPjV',2,'2021-07-30 00:59:30','2022-01-14 12:51:11',5,'invoice1',45,NULL,1.000000,4035200,4035200,4761536,726336,4761536,12,NULL,NULL,0),(62,36,1,'2021-07-26','2021-07-26','INV-36',NULL,'DRAFT','UNPAID','0','0','<p><strong>Bank Detail</strong></p><p>NAME : Amar Speciality Chemicals</p><p>Bank Name : AXIS Bank</p><p>A/C No : 921020008506724</p><p>IFSC CODE : UTIB0003293</p>','fixed',0.00,0,784000,925120,141120,925120,0,0,'mN8GMj2Ogq2YgpqRLnV1',1,'2021-08-02 06:46:32','2022-01-14 12:51:11',4,'invoice3',46,NULL,1.000000,784000,784000,925120,141120,925120,12,NULL,NULL,0),(63,41,1,'2021-08-03','2021-08-03','INV-41',NULL,'DRAFT','UNPAID','0','0','<p><strong>Bank Detail</strong></p><p>NAME : Amar Speciality Chemicals</p><p>Bank Name : AXIS Bank</p><p>A/C No : 921020008506724</p><p>IFSC CODE : UTIB0003293</p>','fixed',0.00,0,5933000,7000940,1067940,7000940,0,0,'7OVm2e8pgRL2gq16LrM4',1,'2021-08-03 03:25:21','2022-01-14 12:51:10',4,'invoice3',28,NULL,1.000000,5933000,5933000,7000940,1067940,7000940,12,NULL,NULL,0),(64,37,1,'2021-07-27','2021-07-27','INV-37',NULL,'DRAFT','UNPAID','0','0','<p><strong>Bank Detail</strong></p><p>NAME : Amar Speciality Chemicals</p><p>Bank Name : AXIS Bank</p><p>A/C No : 921020008506724</p><p>IFSC CODE : UTIB0003293</p>','fixed',0.00,0,7288250,8600135,1311885,8600135,0,0,'4Neq6vY1x4D1bjrLDPGR',1,'2021-08-03 09:51:56','2022-01-14 12:51:10',4,'invoice3',9,NULL,1.000000,7288250,7288250,8600135,1311885,8600135,12,NULL,NULL,0),(65,39,1,'2021-07-29','2021-07-29','INV-39',NULL,'DRAFT','UNPAID','0','0','<p><strong>Bank Detail</strong></p><p>NAME : Amar Speciality Chemicals</p><p>Bank Name : AXIS Bank</p><p>A/C No : 921020008506724</p><p>IFSC CODE : UTIB0003293</p>','fixed',0.00,0,4678200,5520276,842076,5520276,0,0,'LN76enDVbpDvgRmvj82p',1,'2021-08-02 22:59:31','2022-01-14 12:51:10',4,'invoice3',9,NULL,1.000000,4678200,4678200,5520276,842076,5520276,12,NULL,NULL,0),(66,38,1,'2021-07-28','2021-07-28','INV-38',NULL,'DRAFT','UNPAID','0','0','<p><strong>Bank Detail</strong></p><p>NAME : Amar Speciality Chemicals</p><p>Bank Name : AXIS Bank</p><p>A/C No : 921020008506724</p><p>IFSC CODE : UTIB0003293</p>','fixed',0.00,0,4851750,5725065,873315,5725065,0,0,'LVvYq874xVqPxjG2mP6R',1,'2021-08-03 05:35:48','2022-01-14 12:51:10',4,'invoice3',16,NULL,1.000000,4851750,4851750,5725065,873315,5725065,12,NULL,NULL,0),(67,40,1,'2021-07-30','2021-07-30','INV-40',NULL,'DRAFT','UNPAID','0','0','<p><strong>Bank Detail</strong></p><p>NAME : Amar Speciality Chemicals</p><p>Bank Name : AXIS Bank</p><p>A/C No : 921020008506724</p><p>IFSC CODE : UTIB0003293</p>','fixed',0.00,0,1568050,1850299,282249,1850299,0,0,'nDqORpGYbDVrbLev4VPM',1,'2021-08-05 21:43:41','2022-01-14 12:51:11',4,'invoice3',47,NULL,1.000000,1568050,1568050,1850299,282249,1850299,12,NULL,NULL,0),(68,42,1,'2021-08-11','2021-08-11','INV-42',NULL,'DRAFT','UNPAID','0','0','<p><strong>Bank Detail</strong></p><p>NAME : Amar Speciality Chemicals</p><p>Bank Name : AXIS Bank</p><p>A/C No : 921020008506724</p><p>IFSC CODE : UTIB0003293</p>','fixed',0.00,0,5933000,7000940,1067940,7000940,0,0,'NmYv2Lrpg2V8gjM4G8P7',1,'2021-08-11 06:45:00','2022-01-14 12:51:10',4,'invoice3',20,NULL,1.000000,5933000,5933000,7000940,1067940,7000940,12,NULL,NULL,0),(69,43,1,'2021-08-13','2021-08-13','INV-43',NULL,'DRAFT','UNPAID','0','0','<p><strong>Bank Detail</strong></p><p>NAME : Amar Speciality Chemicals</p><p>Bank Name : AXIS Bank</p><p>A/C No : 921020008506724</p><p>IFSC CODE : UTIB0003293</p>','fixed',0.00,0,5593400,6600212,1006812,6600212,0,0,'6jO2NYr8bNn8xmLG4Pep',1,'2021-08-13 09:03:22','2022-01-14 12:51:10',4,'invoice3',15,NULL,1.000000,5593400,5593400,6600212,1006812,6600212,12,NULL,NULL,0),(71,44,1,'2021-08-14','2021-08-14','INV-44',NULL,'DRAFT','UNPAID','0','0','<p><strong>Bank Detail</strong></p><p>NAME : Amar Speciality Chemicals</p><p>Bank Name : AXIS Bank</p><p>A/C No : 921020008506724</p><p>IFSC CODE : UTIB0003293</p>','fixed',0.00,0,5445500,6425690,980190,6425690,0,0,'ODR8nvGjg8N2xLqp4m26',1,'2021-08-27 03:07:21','2022-01-14 12:51:10',4,'invoice3',9,NULL,1.000000,5445500,5445500,6425690,980190,6425690,12,NULL,NULL,0),(72,45,1,'2021-08-15','2021-08-15','INV-45',NULL,'DRAFT','UNPAID','0','0','<p><strong>Bank Detail</strong></p><p>NAME : Amar Speciality Chemicals</p><p>Bank Name : AXIS Bank</p><p>A/C No : 921020008506724</p><p>IFSC CODE : UTIB0003293</p>','fixed',0.00,0,4890000,5770200,880200,5770200,0,0,'q26Ompr4gOYPxeVGLnMj',1,'2021-08-27 03:19:55','2022-01-14 12:51:10',4,'invoice3',12,NULL,1.000000,4890000,4890000,5770200,880200,5770200,12,NULL,NULL,0),(73,46,1,'2021-08-15','2021-08-15','INV-46',NULL,'DRAFT','UNPAID','0','0','<p><strong>Bank Detail</strong></p><p>NAME : Amar Speciality Chemicals</p><p>Bank Name : AXIS Bank</p><p>A/C No : 921020008506724</p><p>IFSC CODE : UTIB0003293</p>','fixed',0.00,0,762875,900193,137318,900193,0,0,'GLV6N74pbMOVx1Dqr8nP',1,'2021-08-29 05:05:35','2022-01-14 12:51:11',4,'invoice3',48,NULL,1.000000,762875,762875,900193,137318,900193,12,NULL,NULL,0),(74,47,1,'2021-08-16','2021-08-16','INV-47',NULL,'DRAFT','UNPAID','0','0','<p><strong>Bank Detail</strong></p><p>NAME : Amar Speciality Chemicals</p><p>Bank Name : AXIS Bank</p><p>A/C No : 921020008506724</p><p>IFSC CODE : UTIB0003293</p>','fixed',0.00,0,2288250,2700135,411885,2700135,0,0,'qP7MVLYGgY7Mbm1DepN8',1,'2021-08-30 00:01:50','2022-01-14 12:51:11',4,'invoice3',46,NULL,1.000000,2288250,2288250,2700135,411885,2700135,12,NULL,NULL,0),(75,48,1,'2021-08-16','2021-08-16','INV-48',NULL,'DRAFT','UNPAID','0','0','<p><strong>Bank Detail</strong></p><p>NAME : Amar Speciality Chemicals</p><p>Bank Name : AXIS Bank</p><p>A/C No : 921020008506724</p><p>IFSC CODE : UTIB0003293</p>','fixed',0.00,0,8460000,9982800,1522800,9982800,0,0,'nO6qNrj2xP44gmeMVvG1',1,'2021-08-31 21:04:56','2022-01-14 12:51:11',4,'invoice3',49,NULL,1.000000,8460000,8460000,9982800,1522800,9982800,12,NULL,NULL,0),(76,49,1,'2021-08-17','2021-08-17','INV-49',NULL,'DRAFT','UNPAID','0','0','<p><strong>Bank Detail</strong></p><p>NAME : Amar Speciality Chemicals</p><p>Bank Name : AXIS Bank</p><p>A/C No : 921020008506724</p><p>IFSC CODE : UTIB0003293</p>','fixed',0.00,0,4963000,5856340,893340,5856340,0,0,'pqR81G67x1VjbVrme4PO',1,'2021-08-31 21:11:47','2022-01-14 12:51:10',4,'invoice3',26,NULL,1.000000,4963000,4963000,5856340,893340,5856340,12,NULL,NULL,0),(77,50,1,'2021-08-18','2021-08-18','INV-50',NULL,'DRAFT','UNPAID','0','0','<p><strong>Bank Detail</strong></p><p>NAME : Amar Speciality Chemicals</p><p>Bank Name : AXIS Bank</p><p>A/C No : 921020008506724</p><p>IFSC CODE : UTIB0003293</p>','fixed',0.00,0,6347600,7490168,1142568,7490168,0,0,'O1e6D4M7x6DOgVGY2q8r',1,'2021-09-02 06:43:07','2022-01-14 12:51:11',4,'invoice3',50,NULL,1.000000,6347600,6347600,7490168,1142568,7490168,12,NULL,NULL,0),(78,51,1,'2021-08-19','2021-08-19','INV-51',NULL,'DRAFT','UNPAID','0','0','<p><strong>Bank Detail</strong></p><p>NAME : Amar Speciality Chemicals</p><p>Bank Name : AXIS Bank</p><p>A/C No : 921020008506724</p><p>IFSC CODE : UTIB0003293</p>','fixed',0.00,0,4508400,5319912,811512,5319912,0,0,'e8V1DGOqxnGexnjNmpYR',1,'2021-09-02 06:54:42','2022-01-14 12:51:10',4,'invoice3',9,NULL,1.000000,4508400,4508400,5319912,811512,5319912,12,NULL,NULL,0),(79,52,1,'2021-08-19','2021-08-19','INV-52',NULL,'DRAFT','UNPAID','0','0','<p><strong>Bank Detail</strong></p><p>NAME : Amar Speciality Chemicals</p><p>Bank Name : AXIS Bank</p><p>A/C No : 921020008506724</p><p>IFSC CODE : UTIB0003293</p>','fixed',0.00,0,826300,975034,148734,975034,0,0,'qR842vOYbG27bePMGLn7',1,'2021-09-04 04:46:11','2022-01-14 12:51:11',4,'invoice3',51,NULL,1.000000,826300,826300,975034,148734,975034,12,NULL,NULL,0),(80,53,1,'2021-08-20','2021-08-20','INV-53',NULL,'DRAFT','UNPAID','0','0','<p><strong>Bank Detail</strong></p><p>NAME : Amar Speciality Chemicals</p><p>Bank Name : AXIS Bank</p><p>A/C No : 921020008506724</p><p>IFSC CODE : UTIB0003293</p>','fixed',0.00,0,7364800,8690464,1325664,8690464,0,0,'R64pMOj8bvY1ge7qDL1N',1,'2021-09-04 10:05:57','2022-01-14 12:51:09',4,'invoice3',2,NULL,1.000000,7364800,7364800,8690464,1325664,8690464,12,NULL,NULL,0),(81,54,1,'2021-08-21','2021-08-21','INV-54',NULL,'DRAFT','UNPAID','0','0','<p><strong>Bank Detail</strong></p><p>NAME : Amar Speciality Chemicals</p><p>Bank Name : AXIS Bank</p><p>A/C No : 921020008506724</p><p>IFSC CODE : UTIB0003293</p>','fixed',0.00,0,4576800,5400624,823824,5400624,0,0,'27PVveOmgjenxrNLRG16',1,'2021-09-04 20:22:28','2022-01-14 12:51:10',4,'invoice3',12,NULL,1.000000,4576800,4576800,5400624,823824,5400624,12,NULL,NULL,0),(82,55,1,'2021-08-21','2021-08-21','INV-55',NULL,'DRAFT','UNPAID','0','0','<p><strong>Bank Detail</strong></p><p>NAME : Amar Speciality Chemicals</p><p>Bank Name : AXIS Bank</p><p>A/C No : 921020008506724</p><p>IFSC CODE : UTIB0003293</p>','fixed',0.00,0,4639950,5475141,835191,5475141,0,0,'VPN1qMOjxmLOx4e2Y68D',1,'2021-09-04 20:53:47','2022-01-14 12:51:10',4,'invoice3',23,NULL,1.000000,4639950,4639950,5475141,835191,5475141,12,NULL,NULL,0),(83,56,1,'2021-08-22','2021-08-22','INV-56',NULL,'DRAFT','UNPAID','0','0','<p><strong>Bank Detail</strong></p><p>NAME : Amar Speciality Chemicals</p><p>Bank Name : AXIS Bank</p><p>A/C No : 921020008506724</p><p>IFSC CODE : UTIB0003293</p>','fixed',0.00,0,4584800,5410064,825264,5410064,0,0,'MYG7qn8Rgee8gPjV6mL4',1,'2021-09-04 21:01:07','2022-01-14 12:51:10',4,'invoice3',22,NULL,1.000000,4584800,4584800,5410064,825264,5410064,12,NULL,NULL,0),(84,57,1,'2021-08-22','2021-08-22','INV-57',NULL,'DRAFT','UNPAID','0','0','<p><strong>Bank Detail</strong></p><p>NAME : Amar Speciality Chemicals</p><p>Bank Name : AXIS Bank</p><p>A/C No : 921020008506724</p><p>IFSC CODE : UTIB0003293</p>','fixed',0.00,0,3730000,4401400,671400,4401400,0,0,'ej8R46OMbrLvgrPGN1vD',1,'2021-09-04 21:12:26','2022-01-14 12:51:10',4,'invoice3',6,NULL,1.000000,3730000,3730000,4401400,671400,4401400,12,NULL,NULL,0),(85,58,1,'2021-08-23','2021-08-23','INV-58',NULL,'DRAFT','UNPAID','0','0','<p><strong>Bank Detail</strong></p><p>NAME : Amar Speciality Chemicals</p><p>Bank Name : AXIS Bank</p><p>A/C No : 921020008506724</p><p>IFSC CODE : UTIB0003293</p>','fixed',0.00,0,6547200,7725696,1178496,7725696,0,0,'Nn7G62Dpx7pmxrO4LPjV',1,'2021-09-05 02:50:53','2022-01-14 12:51:11',4,'invoice3',50,NULL,1.000000,6547200,6547200,7725696,1178496,7725696,12,NULL,NULL,0),(87,90,1,'2021-08-06','2021-08-06','AMR-90',NULL,'DRAFT','UNPAID','NO','NO','<p><strong>Bank Detail</strong></p><p>Name : Amar Superhard Tools</p><p>Bank   : Axis Bank</p><p>A\\C No : 918020103188858</p><p>IFSC : UTIB0003293</p>','fixed',0.00,0,4620000,5451600,831600,5451600,0,0,'7OVm2e8pgR42gq16LrM4',2,'2021-09-04 18:25:56','2022-01-14 12:51:10',5,'invoice1',33,NULL,1.000000,4620000,4620000,5451600,831600,5451600,12,NULL,NULL,0),(88,91,1,'2021-08-09','2021-08-09','AMR-91',NULL,'DRAFT','UNPAID','NO','NO','<p><strong>Bank Detail</strong></p><p>Name : Amar Superhard Tools</p><p>Bank   : Axis Bank</p><p>A\\C No : 918020103188858</p><p>IFSC : UTIB0003293</p>','fixed',0.00,0,5899500,6961410,1061910,6961410,0,0,'4Neq6vY1x4p1xjrLDPGR',2,'2021-09-04 07:26:57','2022-01-14 12:51:11',5,'invoice1',34,NULL,1.000000,5899500,5899500,6961410,1061910,6961410,12,NULL,NULL,0),(89,92,1,'2021-08-12','2021-08-12','AMR-92',NULL,'DRAFT','UNPAID','NO','NO','<p><strong>Bank Detail</strong></p><p>Name : Amar Superhard Tools</p><p>Bank   : Axis Bank</p><p>A\\C No : 918020103188858</p><p>IFSC : UTIB0003293</p>','fixed',0.00,0,4657500,5495850,838350,5495850,0,0,'LN76enDVbp1vbRmvj82p',2,'2021-09-04 18:54:22','2022-01-14 12:51:11',5,'invoice1',52,NULL,1.000000,4657500,4657500,5495850,838350,5495850,12,NULL,NULL,0),(91,60,1,'2021-08-25','2021-08-25','INV-60',NULL,'DRAFT','UNPAID','0','0','<p><strong>Bank Detail</strong></p><p>NAME : Amar Speciality Chemicals</p><p>Bank Name : AXIS Bank</p><p>A/C No : 921020008506724</p><p>IFSC CODE : UTIB0003293</p>','fixed',0.00,0,868675,1025037,156362,1025037,0,0,'nDqORpGYbDerbLev4VPM',1,'2021-09-06 02:17:15','2022-01-14 12:51:10',4,'invoice3',13,NULL,1.000000,868675,868675,1025037,156362,1025037,12,NULL,NULL,0),(92,61,1,'2021-08-25','2021-08-25','INV-61',NULL,'DRAFT','UNPAID','0','0','<p><strong>Bank Detail</strong></p><p>NAME : Amar Speciality Chemicals</p><p>Bank Name : AXIS Bank</p><p>A/C No : 921020008506724</p><p>IFSC CODE : UTIB0003293</p>','fixed',0.00,0,1483250,1750235,266985,1750235,0,0,'NmYv2Lrpg2p8bjM4G8P7',1,'2021-09-05 21:43:28','2022-01-14 12:51:11',4,'invoice3',54,NULL,1.000000,1483250,1483250,1750235,266985,1750235,12,NULL,NULL,0),(93,59,1,'2021-08-24','2021-08-24','INV-59',NULL,'DRAFT','UNPAID','0','0','<p><strong>Bank Detail</strong></p><p>NAME : Amar Speciality Chemicals</p><p>Bank Name : AXIS Bank</p><p>A/C No : 921020008506724</p><p>IFSC CODE : UTIB0003293</p>','fixed',0.00,0,4639950,5475141,835191,5475141,0,0,'6jO2NYr8bNM8xmLG4Pep',1,'2021-09-08 05:37:45','2022-01-14 12:51:10',4,'invoice3',30,NULL,1.000000,4639950,4639950,5475141,835191,5475141,12,NULL,NULL,0),(94,62,1,'2021-09-01','2021-09-01','INV-62',NULL,'DRAFT','UNPAID','0','0','<p><strong>Bank Detail</strong></p><p>NAME : Amar Speciality Chemicals</p><p>Bank Name : AXIS Bank</p><p>A/C No : 921020008506724</p><p>IFSC CODE : UTIB0003293</p>','fixed',0.00,0,2199200,2595056,395856,2595056,0,0,'82MORpV4xL17xnGDr7ve',1,'2021-09-09 00:03:07','2022-01-14 12:51:11',4,'invoice3',55,NULL,1.000000,2199200,2199200,2595056,395856,2595056,12,NULL,NULL,0),(95,63,1,'2021-09-02','2021-09-02','INV-63',NULL,'DRAFT','UNPAID','0','0','<p><strong>Bank Detail</strong></p><p>NAME : Amar Speciality Chemicals</p><p>Bank Name : AXIS Bank</p><p>A/C No : 921020008506724</p><p>IFSC CODE : UTIB0003293</p>','fixed',0.00,0,7389880,8720058,1330178,8720058,0,0,'ODR8nvGjg8D2gLqp4m26',1,'2021-09-09 05:46:45','2022-01-14 12:51:11',4,'invoice3',56,NULL,1.000000,7389880,7389880,8720058,1330178,8720058,12,NULL,NULL,0),(96,64,1,'2021-09-03','2021-09-03','INV-64',NULL,'DRAFT','UNPAID','0','0','<p><strong>Bank Detail</strong></p><p>NAME : Amar Speciality Chemicals</p><p>Bank Name : AXIS Bank</p><p>A/C No : 921020008506724</p><p>IFSC CODE : UTIB0003293</p>','fixed',0.00,0,6176414,7288169,1111755,7288169,0,0,'q26Ompr4gOGPxeVGLnMj',1,'2021-09-08 19:37:44','2022-01-14 12:51:11',4,'invoice3',36,NULL,1.000000,6176414,6176414,7288169,1111755,7288169,12,NULL,NULL,0),(97,65,1,'2021-09-04','2021-09-04','INV-65',NULL,'COMPLETED','PAID','0','0','<p><strong>Bank Detail</strong></p><p>NAME : Amar Speciality Chemicals</p><p>Bank Name : AXIS Bank</p><p>A/C No : 921020008506724</p><p>IFSC CODE : UTIB0003293</p>','fixed',0.00,0,4640000,5475200,835200,0,0,0,'GLV6N74pbM6Vg1Dqr8nP',1,'2021-09-13 22:36:21','2022-01-14 12:51:11',4,'invoice3',56,NULL,1.000000,4640000,4640000,5475200,835200,0,12,NULL,NULL,0),(98,66,1,'2021-09-14','2021-09-14','INV-66',NULL,'DRAFT','UNPAID','0','0','<p><strong>Bank Detail</strong></p><p>NAME : Amar Speciality Chemicals</p><p>Bank Name : AXIS Bank</p><p>A/C No : 921020008506724</p><p>IFSC CODE : UTIB0003293</p>','fixed',0.00,0,5933000,7000940,1067940,7000940,0,0,'qP7MVLYGgYPMgm1DepN8',1,'2021-09-14 04:30:39','2022-01-14 12:51:11',4,'invoice3',55,NULL,1.000000,5933000,5933000,7000940,1067940,7000940,12,NULL,NULL,0),(99,67,1,'2021-09-15','2021-09-15','INV-67',NULL,'DRAFT','UNPAID','0','0','<p><strong>Bank Detail</strong></p><p>NAME : Amar Speciality Chemicals</p><p>Bank Name : AXIS Bank</p><p>A/C No : 921020008506724</p><p>IFSC CODE : UTIB0003293</p>','fixed',0.00,0,5933000,7000940,1067940,7000940,0,0,'nO6qNrj2xPN4bmeMVvG1',1,'2021-09-15 05:00:11','2022-01-14 12:51:10',4,'invoice3',26,NULL,1.000000,5933000,5933000,7000940,1067940,7000940,12,NULL,NULL,0),(100,68,1,'2021-09-16','2021-09-16','INV-68',NULL,'DRAFT','UNPAID','0','0','<p><strong>Bank Detail</strong></p><p>NAME : Amar Speciality Chemicals</p><p>Bank Name : AXIS Bank</p><p>A/C No : 921020008506724</p><p>IFSC CODE : UTIB0003293</p>','fixed',0.00,0,2288250,2700135,411885,2700135,0,0,'q26Ompr4gOGGxeVGLnMj',1,'2021-09-16 21:02:17','2022-01-14 12:51:11',4,'invoice3',48,NULL,1.000000,2288250,2288250,2700135,411885,2700135,12,NULL,NULL,0),(101,69,1,'2021-09-16','2021-09-16','INV-69',NULL,'DRAFT','UNPAID','0','0','<p><strong>Bank Detail</strong></p><p>NAME : Amar Speciality Chemicals</p><p>Bank Name : AXIS Bank</p><p>A/C No : 921020008506724</p><p>IFSC CODE : UTIB0003293</p>','fixed',0.00,0,2669500,3150010,480510,3150010,0,0,'GLV6N74pbM62g1Dqr8nP',1,'2021-09-16 21:15:21','2022-01-14 12:51:10',4,'invoice3',6,NULL,1.000000,2669500,2669500,3150010,480510,3150010,12,NULL,NULL,0),(102,70,1,'2021-09-17','2021-09-17','INV-70',NULL,'DRAFT','UNPAID','0','0','<p><strong>Bank Detail</strong></p><p>NAME : Amar Speciality Chemicals</p><p>Bank Name : AXIS Bank</p><p>A/C No : 921020008506724</p><p>IFSC CODE : UTIB0003293</p>','fixed',0.00,0,762750,900045,137295,900045,0,0,'qP7MVLYGgYPNgm1DepN8',1,'2021-09-17 23:46:48','2022-01-14 12:51:12',4,'invoice3',57,NULL,1.000000,762750,762750,900045,137295,900045,12,NULL,NULL,0),(103,71,1,'2021-09-20','2021-09-20','INV-71',NULL,'DRAFT','UNPAID','0','0','<p><strong>Bank Detail</strong></p><p>NAME : Amar Speciality Chemicals</p><p>Bank Name : AXIS Bank</p><p>A/C No : 921020008506724</p><p>IFSC CODE : UTIB0003293</p>','fixed',0.00,0,5932400,7000232,1067832,7000232,0,0,'nO6qNrj2xPNYbmeMVvG1',1,'2021-09-20 00:24:25','2022-01-14 12:51:12',4,'invoice3',58,NULL,1.000000,5932400,5932400,7000232,1067832,7000232,12,NULL,NULL,0),(104,72,1,'2021-09-21','2021-09-21','INV-72',NULL,'DRAFT','UNPAID','0','0','<p><strong>Bank Detail</strong></p><p>NAME : Amar Speciality Chemicals</p><p>Bank Name : AXIS Bank</p><p>A/C No : 921020008506724</p><p>IFSC CODE : UTIB0003293</p>','fixed',0.00,0,3834875,4525153,690278,4525153,0,0,'pqR81G67x1j2xVrme4PO',1,'2021-09-20 20:53:25','2022-01-14 12:51:10',4,'invoice3',19,NULL,1.000000,3834875,3834875,4525153,690278,4525153,12,NULL,NULL,0),(105,73,1,'2021-09-21','2021-09-21','INV-73',NULL,'COMPLETED','PAID','0','0','<p><strong>Bank Detail</strong></p><p>NAME : Amar Speciality Chemicals</p><p>Bank Name : AXIS Bank</p><p>A/C No : 921020008506724</p><p>IFSC CODE : UTIB0003293</p>','fixed',0.00,0,5933000,7000940,1067940,0,0,0,'O1e6D4M7x68egVGY2q8r',1,'2021-09-21 06:09:06','2022-01-14 12:51:11',4,'invoice3',56,NULL,1.000000,5933000,5933000,7000940,1067940,0,12,NULL,NULL,0),(106,74,1,'2021-09-21','2021-09-21','INV-74',NULL,'DRAFT','UNPAID','0','0','<p><strong>Bank Detail</strong></p><p>NAME : Amar Speciality Chemicals</p><p>Bank Name : AXIS Bank</p><p>A/C No : 921020008506724</p><p>IFSC CODE : UTIB0003293</p>','fixed',0.00,0,5933000,7000940,1067940,7000940,0,0,'e8V1DGOqxnDMxnjNmpYR',1,'2021-09-21 13:08:45','2022-01-14 12:51:10',4,'invoice3',23,NULL,1.000000,5933000,5933000,7000940,1067940,7000940,12,NULL,NULL,0),(107,75,1,'2021-09-22','2021-09-22','INV-75',NULL,'COMPLETED','PAID','0','0','<p><strong>Bank Detail</strong></p><p>NAME : Amar Speciality Chemicals</p><p>Bank Name : AXIS Bank</p><p>A/C No : 921020008506724</p><p>IFSC CODE : UTIB0003293</p>','fixed',0.00,0,4043000,4770740,727740,0,0,0,'qR842vOYbGrPgePMGLn7',1,'2021-09-21 22:14:39','2022-01-14 12:51:11',4,'invoice3',56,NULL,1.000000,4043000,4043000,4770740,727740,0,12,NULL,NULL,0),(108,93,1,'2021-09-01','2021-09-01','AMR-93',NULL,'DRAFT','UNPAID','NO','NO','<p><strong>Bank Detail</strong></p><p>Name : Amar Superhard Tools</p><p>Bank   : Axis Bank</p><p>A\\C No : 918020103188858</p><p>IFSC : UTIB0003293</p>','fixed',0.00,0,4098600,4836348,737748,4836348,0,0,'R64pMOj8bvmObe7qDL1N',2,'2021-09-22 07:44:16','2022-01-14 12:51:13',5,'invoice1',59,NULL,1.000000,4098600,4098600,4836348,737748,4836348,12,NULL,NULL,0),(109,94,1,'2021-09-03','2021-09-03','AMR-94',NULL,'DRAFT','UNPAID','NO','NO','<p><strong>Bank Detail</strong></p><p>Name : Amar Superhard Tools</p><p>Bank   : Axis Bank</p><p>A\\C No : 918020103188858</p><p>IFSC : UTIB0003293</p>','fixed',0.00,0,5130000,6053400,923400,6053400,0,0,'27PVveOmgj4qgrNLRG16',2,'2021-09-22 13:20:31','2022-01-14 12:51:13',5,'invoice1',60,NULL,1.000000,5130000,5130000,6053400,923400,6053400,12,NULL,NULL,0),(110,76,1,'2021-09-22','2021-09-22','INV-76',NULL,'DRAFT','UNPAID','0','0','<p><strong>Bank Detail</strong></p><p>NAME : Amar Speciality Chemicals</p><p>Bank Name : AXIS Bank</p><p>A/C No : 921020008506724</p><p>IFSC CODE : UTIB0003293</p>','fixed',0.00,0,3016950,3560001,543051,3560001,0,0,'VPN1qMOjxm2Db4e2Y68D',1,'2021-09-25 05:12:50','2022-01-14 12:51:10',4,'invoice3',22,NULL,1.000000,3016950,3016950,3560001,543051,3560001,12,NULL,NULL,0),(111,77,1,'2021-09-23','2021-09-23','INV-77',NULL,'DRAFT','UNPAID','0','0','<p><strong>Bank Detail</strong></p><p>NAME : Amar Speciality Chemicals</p><p>Bank Name : AXIS Bank</p><p>A/C No : 921020008506724</p><p>IFSC CODE : UTIB0003293</p>','fixed',0.00,0,2220380,2620048,399668,2620048,0,0,'MYG7qn8Rgev1bPjV6mL4',1,'2021-09-30 11:31:13','2022-01-14 12:51:13',4,'invoice3',61,NULL,1.000000,2220380,2220380,2620048,399668,2620048,12,NULL,NULL,0),(112,78,1,'2021-09-23','2021-09-23','INV-78',NULL,'DRAFT','UNPAID','0','0','<p><strong>Bank Detail</strong></p><p>NAME : Amar Speciality Chemicals</p><p>Bank Name : AXIS Bank</p><p>A/C No : 921020008506724</p><p>IFSC CODE : UTIB0003293</p>','fixed',0.00,0,868700,1025066,156366,1025066,0,0,'ej8R46OMbrnYxrPGN1vD',1,'2021-10-01 01:17:40','2022-01-14 12:51:10',4,'invoice3',13,NULL,1.000000,868700,868700,1025066,156366,1025066,12,NULL,NULL,0),(113,79,1,'2021-09-24','2021-09-24','INV-79',NULL,'DRAFT','UNPAID','0','0','<p><strong>Bank Detail</strong></p><p>NAME : Amar Speciality Chemicals</p><p>Bank Name : AXIS Bank</p><p>A/C No : 921020008506724</p><p>IFSC CODE : UTIB0003293</p>','fixed',0.00,0,4449300,5250174,800874,5250174,0,0,'Nn7G62Dpx7NYgrO4LPjV',1,'2021-09-30 20:13:25','2022-01-14 12:51:10',4,'invoice3',2,NULL,1.000000,4449300,4449300,5250174,800874,5250174,12,NULL,NULL,0),(114,80,1,'2021-09-24','2021-09-24','INV-80',NULL,'COMPLETED','PAID','0','0','<p><strong>Bank Detail</strong></p><p>NAME : Amar Speciality Chemicals</p><p>Bank Name : AXIS Bank</p><p>A/C No : 921020008506724</p><p>IFSC CODE : UTIB0003293</p>','fixed',0.00,0,805230,950171,144941,0,0,0,'mN8GMj2Ogq7rbpqRLnV1',1,'2021-10-01 01:48:49','2022-01-14 12:51:11',4,'invoice3',56,NULL,1.000000,805230,805230,950171,144941,0,12,NULL,NULL,0),(115,81,1,'2021-09-25','2021-09-25','INV-81',NULL,'DRAFT','UNPAID','0','0','<p><strong>Bank Detail</strong></p><p>NAME : Amar Speciality Chemicals</p><p>Bank Name : AXIS Bank</p><p>A/C No : 921020008506724</p><p>IFSC CODE : UTIB0003293</p>','fixed',0.00,0,6241560,7365041,1123481,7365041,0,0,'7OVm2e8pgRvGgq16LrM4',1,'2021-09-30 20:26:21','2022-01-14 12:51:10',4,'invoice3',9,NULL,1.000000,6241560,6241560,7365041,1123481,7365041,12,NULL,NULL,0),(116,82,1,'2021-09-25','2021-09-25','INV-82',NULL,'DRAFT','UNPAID','0','0','<p><strong>Bank Detail</strong></p><p>NAME : Amar Speciality Chemicals</p><p>Bank Name : AXIS Bank</p><p>A/C No : 921020008506724</p><p>IFSC CODE : UTIB0003293</p>','fixed',0.00,0,762750,900045,137295,900045,0,0,'4Neq6vY1x4NmgjrLDPGR',1,'2021-10-01 02:09:13','2022-01-14 12:51:11',4,'invoice3',48,NULL,1.000000,762750,762750,900045,137295,900045,12,NULL,NULL,0),(117,83,1,'2021-09-26','2021-09-26','INV-83',NULL,'DRAFT','UNPAID','0','0','<p><strong>Bank Detail</strong></p><p>NAME : Amar Speciality Chemicals</p><p>Bank Name : AXIS Bank</p><p>A/C No : 921020008506724</p><p>IFSC CODE : UTIB0003293</p>','fixed',0.00,0,2288250,2700135,411885,2700135,0,0,'LN76enDVbp7mbRmvj82p',1,'2021-10-03 09:01:30','2022-01-14 12:51:11',4,'invoice3',46,NULL,1.000000,2288250,2288250,2700135,411885,2700135,12,NULL,NULL,0),(118,84,1,'2021-10-03','2021-10-03','INV-84',NULL,'DRAFT','UNPAID','0','0','<p><strong>Bank Detail</strong></p><p>NAME : Amar Speciality Chemicals</p><p>Bank Name : AXIS Bank</p><p>A/C No : 921020008506724</p><p>IFSC CODE : UTIB0003293</p>','fixed',0.00,0,6631425,7825082,1193657,7825082,0,0,'LVvYq874xVOMgjG2mP6R',1,'2021-10-03 09:07:26','2022-01-14 12:51:10',4,'invoice3',15,NULL,1.000000,6631425,6631425,7825082,1193657,7825082,12,NULL,NULL,0),(119,95,1,'2021-09-08','2021-09-08','AMR-95',NULL,'DRAFT','UNPAID','NO','NO','<p><strong>Bank Detail</strong></p><p>Name : Amar Superhard Tools</p><p>Bank   : Axis Bank</p><p>A\\C No : 918020103188858</p><p>IFSC : UTIB0003293</p>','fixed',0.00,0,5000000,5900000,900000,5900000,0,0,'nDqORpGYbD8NbLev4VPM',2,'2021-10-02 23:29:21','2022-01-14 12:51:13',5,'invoice1',62,NULL,1.000000,5000000,5000000,5900000,900000,5900000,12,NULL,NULL,0),(120,96,1,'2021-09-17','2021-09-17','AMR-96',NULL,'DRAFT','UNPAID','NO','NO','<p><strong>Bank Detail</strong></p><p>Name : Amar Superhard Tools</p><p>Bank   : Axis Bank</p><p>A\\C No : 918020103188858</p><p>IFSC : UTIB0003293</p>','fixed',0.00,0,6219200,7338656,1119456,7338656,0,0,'NmYv2Lrpg2nRgjM4G8P7',2,'2021-10-03 10:32:30','2022-01-14 12:51:11',5,'invoice1',39,NULL,1.000000,6219200,6219200,7338656,1119456,7338656,12,NULL,NULL,0),(121,97,1,'2021-09-26','2021-09-26','AMR-97',NULL,'DRAFT','UNPAID','NO','NO','<p><strong>Bank Detail</strong></p><p>Name : Amar Superhard Tools</p><p>Bank   : Axis Bank</p><p>A\\C No : 918020103188858</p><p>IFSC : UTIB0003293</p>','fixed',0.00,0,5000000,5900000,900000,5900000,0,0,'6jO2NYr8bNrYbmLG4Pep',2,'2021-10-05 00:56:40','2022-01-14 12:51:13',5,'invoice1',62,NULL,1.000000,5000000,5000000,5900000,900000,5900000,12,NULL,NULL,0),(122,98,1,'2021-09-28','2021-09-28','AMR-98',NULL,'DRAFT','UNPAID','NO','NO','<p><strong>Bank Detail</strong></p><p>Name : Amar Superhard Tools</p><p>Bank   : Axis Bank</p><p>A\\C No : 918020103188858</p><p>IFSC : UTIB0003293</p>','fixed',0.00,0,1679600,1981928,302328,1981928,0,0,'82MORpV4xLVObnGDr7ve',2,'2021-10-05 07:05:45','2022-01-14 12:51:13',5,'invoice1',63,NULL,1.000000,1679600,1679600,1981928,302328,1981928,12,NULL,NULL,0),(123,85,1,'2021-10-09','2021-10-09','INV-85',NULL,'COMPLETED','PAID','0','0','<p><strong>Bank Detail</strong></p><p>NAME : Amar Speciality Chemicals</p><p>Bank Name : AXIS Bank</p><p>A/C No : 921020008506724</p><p>IFSC CODE : UTIB0003293</p>','fixed',0.00,0,12881600,15200288,2318688,0,0,0,'ODR8nvGjg8YDgLqp4m26',1,'2021-10-09 09:02:20','2022-01-14 12:51:11',4,'invoice3',56,NULL,1.000000,12881600,12881600,15200288,2318688,0,12,NULL,NULL,0),(124,99,1,'2021-10-02','2021-10-02','AMR-99',NULL,'DRAFT','UNPAID','NO','NO','<p><strong>Bank Detail</strong></p><p>Name : Amar Superhard Tools</p><p>Bank   : Axis Bank</p><p>A\\C No : 918020103188858</p><p>IFSC : UTIB0003293</p>','fixed',0.00,0,6355800,7499844,1144044,7499844,0,0,'q26Ompr4gOLGgeVGLnMj',2,'2021-10-15 22:03:20','2022-01-14 12:51:11',5,'invoice1',38,NULL,1.000000,6355800,6355800,7499844,1144044,7499844,12,NULL,NULL,0),(125,86,1,'2021-10-10','2021-10-10','INV-86',NULL,'DRAFT','UNPAID','0','0','<p><strong>Bank Detail</strong></p><p>NAME : Amar Speciality Chemicals</p><p>Bank Name : AXIS Bank</p><p>A/C No : 921020008506724</p><p>IFSC CODE : UTIB0003293</p>','fixed',0.00,0,868675,1025037,156362,1025037,0,0,'GLV6N74pbM22b1Dqr8nP',1,'2021-10-18 00:47:09','2022-01-14 12:51:13',4,'invoice3',64,NULL,1.000000,868675,868675,1025037,156362,1025037,12,NULL,NULL,0),(126,87,1,'2021-10-11','2021-10-11','INV-87',NULL,'DRAFT','UNPAID','0','0','<p><strong>Bank Detail</strong></p><p>NAME : Amar Speciality Chemicals</p><p>Bank Name : AXIS Bank</p><p>A/C No : 921020008506724</p><p>IFSC CODE : UTIB0003293</p>','fixed',0.00,0,889875,1050053,160178,1050053,0,0,'qP7MVLYGgYeNgm1DepN8',1,'2021-10-24 10:24:39','2022-01-14 12:51:11',4,'invoice3',51,NULL,1.000000,889875,889875,1050053,160178,1050053,12,NULL,NULL,0),(127,100,1,'2021-10-04','2021-10-04','AMR-100',NULL,'DRAFT','UNPAID','NO','NO','<p><strong>Bank Detail</strong></p><p>Name : Amar Superhard Tools</p><p>Bank   : Axis Bank</p><p>A\\C No : 918020103188858</p><p>IFSC : UTIB0003293</p>','fixed',0.00,0,5692400,6717032,1024632,6717032,0,0,'nO6qNrj2xPvYgmeMVvG1',2,'2021-10-26 10:03:43','2022-01-14 12:51:10',5,'invoice1',32,NULL,1.000000,5692400,5692400,6717032,1024632,6717032,12,NULL,NULL,0),(128,101,1,'2021-10-06','2021-10-06','AMR-101',NULL,'DRAFT','UNPAID','NO','NO','<p><strong>Bank Detail</strong></p><p>Name : Amar Superhard Tools</p><p>Bank   : Axis Bank</p><p>A\\C No : 918020103188858</p><p>IFSC : UTIB0003293</p>','fixed',0.00,0,5778000,6818040,1040040,6818040,0,0,'pqR81G67x1q2bVrme4PO',2,'2021-10-29 09:52:46','2022-01-14 12:51:13',5,'invoice1',65,NULL,1.000000,5778000,5778000,6818040,1040040,6818040,12,NULL,NULL,0),(129,102,1,'2021-10-10','2021-10-10','AMR-102',NULL,'DRAFT','UNPAID','NO','NO','<p><strong>Bank Detail</strong></p><p>Name : Amar Superhard Tools</p><p>Bank   : Axis Bank</p><p>A\\C No : 918020103188858</p><p>IFSC : UTIB0003293</p>','fixed',0.00,0,4932900,5820822,887922,5820822,0,0,'O1e6D4M7x6OebVGY2q8r',2,'2021-10-29 01:48:03','2022-01-14 12:51:13',5,'invoice1',69,NULL,1.000000,4932900,4932900,5820822,887922,5820822,12,NULL,NULL,0),(130,103,1,'2021-10-25','2021-10-25','AMR-103',NULL,'DRAFT','UNPAID','NO','NO','<p><strong>Bank Detail</strong></p><p>Name : Amar Superhard Tools</p><p>Bank   : Axis Bank</p><p>A\\C No : 918020103188858</p><p>IFSC : UTIB0003293</p>','fixed',0.00,0,3888000,4587840,699840,4587840,0,0,'e8V1DGOqxnpMgnjNmpYR',2,'2021-10-29 12:49:07','2022-01-14 12:51:13',5,'invoice1',68,NULL,1.000000,3888000,3888000,4587840,699840,4587840,12,NULL,NULL,0),(131,104,1,'2021-10-27','2021-10-27','AMR-104',NULL,'DRAFT','UNPAID','NO','NO','<p><strong>Bank Detail</strong></p><p>Name : Amar Superhard Tools</p><p>Bank   : Axis Bank</p><p>A\\C No : 918020103188858</p><p>IFSC : UTIB0003293</p>','fixed',0.00,0,5670000,6690600,1020600,6690600,0,0,'qR842vOYbGmPxePMGLn7',2,'2021-10-29 23:50:31','2022-01-14 12:51:13',5,'invoice1',66,NULL,1.000000,5670000,5670000,6690600,1020600,6690600,12,NULL,NULL,0),(132,88,1,'2021-10-12','2021-10-12','INV-88',NULL,'DRAFT','UNPAID','0','0','<p><strong>Bank Detail</strong></p><p>NAME : Amar Speciality Chemicals</p><p>Bank Name : AXIS Bank</p><p>A/C No : 921020008506724</p><p>IFSC CODE : UTIB0003293</p>','fixed',0.00,0,4279750,5050105,770355,5050105,0,0,'R64pMOj8bv7Obe7qDL1N',1,'2021-10-31 02:17:44','2022-01-14 12:51:10',4,'invoice3',9,NULL,1.000000,4279750,4279750,5050105,770355,5050105,12,NULL,NULL,0),(133,89,1,'2021-10-13','2021-10-13','INV-89',NULL,'DRAFT','UNPAID','0','0','<p><strong>Bank Detail</strong></p><p>NAME : Amar Speciality Chemicals</p><p>Bank Name : AXIS Bank</p><p>A/C No : 921020008506724</p><p>IFSC CODE : UTIB0003293</p>','fixed',0.00,0,2088750,2464725,375975,2464725,0,0,'27PVveOmgjpqgrNLRG16',1,'2021-10-31 02:39:17','2022-01-14 12:51:10',4,'invoice3',25,NULL,1.000000,2088750,2088750,2464725,375975,2464725,12,NULL,NULL,0),(134,90,1,'2021-11-08','2021-11-08','INV-90',NULL,'DRAFT','UNPAID','0','0','<p><strong>Bank Detail</strong></p><p>NAME : Amar Speciality Chemicals</p><p>Bank Name : AXIS Bank</p><p>A/C No : 921020008506724</p><p>IFSC CODE : UTIB0003293</p>','fixed',0.00,0,6441000,7600380,1159380,7600380,0,0,'VPN1qMOjxmnDb4e2Y68D',1,'2021-11-08 06:58:48','2022-01-14 12:51:11',4,'invoice3',56,NULL,1.000000,6441000,6441000,7600380,1159380,7600380,12,NULL,NULL,0),(135,91,1,'2021-11-10','2021-11-17','INV-91',NULL,'DRAFT','UNPAID','0','0','<p><strong>Bank Detail</strong></p><p>NAME : Amar Speciality Chemicals</p><p>Bank Name : AXIS Bank</p><p>A/C No : 921020008506724</p><p>IFSC CODE : UTIB0003293</p>','fixed',0.00,0,6440800,7600144,1159344,7600144,0,0,'MYG7qn8Rger1xPjV6mL4',1,'2021-11-10 09:03:11','2022-01-14 12:51:13',4,'invoice3',70,NULL,1.000000,6440800,6440800,7600144,1159344,7600144,12,NULL,NULL,0),(138,106,1,'2021-11-07','2021-11-07','AMR-106',NULL,'DRAFT','UNPAID','NO','NO','<p><strong>Bank Detail</strong></p><p>Name : Amar Superhard Tools</p><p>Bank   : Axis Bank</p><p>A\\C No : 918020103188858</p><p>IFSC : UTIB0003293</p>','fixed',0.00,0,6350400,7493472,1143072,7493472,0,0,'mN8GMj2OgqLrbpqRLnV1',2,'2021-11-12 04:19:11','2022-01-14 12:51:11',5,'invoice1',44,NULL,1.000000,6350400,6350400,7493472,1143072,7493472,12,NULL,NULL,0),(139,92,1,'2021-11-13','2021-11-13','INV-92',NULL,'DRAFT','UNPAID','0','0','<p><strong>Bank Detail</strong></p><p>NAME : Amar Speciality Chemicals</p><p>Bank Name : AXIS Bank</p><p>A/C No : 921020008506724</p><p>IFSC CODE : UTIB0003293</p>','fixed',0.00,0,6272000,7400960,1128960,7400960,0,0,'7OVm2e8pgRnGxq16LrM4',1,'2021-11-13 10:01:01','2022-01-14 12:51:10',4,'invoice3',15,NULL,1.000000,6272000,6272000,7400960,1128960,7400960,12,NULL,NULL,0),(140,105,1,'2021-11-01','2021-11-01','AMR-105',NULL,'DRAFT','UNPAID','NO','NO','<p><strong>Bank Detail</strong></p><p>Name : Amar Superhard Tools</p><p>Bank   : Axis Bank</p><p>A\\C No : 918020103188858</p><p>IFSC : UTIB0003293</p>','fixed',0.00,0,5152000,6079360,927360,6079360,0,0,'4Neq6vY1x4jmxjrLDPGR',2,'2021-11-19 11:17:49','2022-01-14 12:51:11',5,'invoice1',52,NULL,1.000000,5152000,5152000,6079360,927360,6079360,12,NULL,NULL,0),(141,108,1,'2021-11-19','2021-11-19','AMR-108',NULL,'DRAFT','UNPAID','NO','NO','<p><strong>Bank Detail</strong></p><p>Name : Amar Superhard Tools</p><p>Bank   : Axis Bank</p><p>A\\C No : 918020103188858</p><p>IFSC : UTIB0003293</p>','fixed',0.00,0,6877000,8114860,1237860,8114860,0,0,'LN76enDVbpGmgRmvj82p',2,'2021-11-19 22:23:24','2022-01-14 12:51:11',5,'invoice1',39,NULL,1.000000,6877000,6877000,8114860,1237860,8114860,12,NULL,NULL,0),(142,107,1,'2021-11-12','2021-11-12','AMR-107',NULL,'DRAFT','UNPAID','NO','NO','<p><strong>Bank Detail</strong></p><p>Name : Amar Superhard Tools</p><p>Bank   : Axis Bank</p><p>A\\C No : 918020103188858</p><p>IFSC : UTIB0003293</p>','fixed',0.00,0,1500800,1770944,270144,1770944,0,0,'LVvYq874xV7MgjG2mP6R',2,'2021-11-28 19:46:24','2022-01-14 12:51:13',5,'invoice1',71,NULL,1.000000,1500800,1500800,1770944,270144,1770944,12,NULL,NULL,0),(143,109,1,'2021-11-22','2021-11-22','AMR-109',NULL,'DRAFT','UNPAID','NO','NO','<p><strong>Bank Detail</strong></p><p>Name : Amar Superhard Tools</p><p>Bank   : Axis Bank</p><p>A\\C No : 918020103188858</p><p>IFSC : UTIB0003293</p>','fixed',0.00,0,1399860,1651835,251975,1651835,0,0,'nDqORpGYbDGNbLev4VPM',2,'2021-12-01 01:12:25','2022-01-14 12:51:13',5,'invoice1',60,NULL,1.000000,1399860,1399860,1651835,251975,1651835,12,NULL,NULL,0),(144,93,1,'2021-11-14','2021-11-14','INV-93',NULL,'DRAFT','UNPAID','0','0','<p><strong>Bank Detail</strong></p><p>NAME : Amar Speciality Chemicals</p><p>Bank Name : AXIS Bank</p><p>A/C No : 921020008506724</p><p>IFSC CODE : UTIB0003293</p>','fixed',0.00,0,6660000,7858800,1198800,7858800,0,0,'NmYv2Lrpg2mRbjM4G8P7',1,'2021-12-02 04:51:05','2022-01-14 12:51:13',4,'invoice3',72,NULL,1.000000,6660000,6660000,7858800,1198800,7858800,12,NULL,NULL,0),(145,96,1,'2021-12-03','2021-12-03','INV-96',NULL,'DRAFT','UNPAID','0','0','<p><strong>Bank Detail</strong></p><p>NAME : Amar Speciality Chemicals</p><p>Bank Name : AXIS Bank</p><p>A/C No : 921020008506724</p><p>IFSC CODE : UTIB0003293</p>','fixed',0.00,0,6441000,7600380,1159380,7600380,0,0,'6jO2NYr8bNLYgmLG4Pep',1,'2021-12-03 09:59:26','2022-01-14 12:51:11',4,'invoice3',56,NULL,1.000000,6441000,6441000,7600380,1159380,7600380,12,NULL,NULL,0),(146,94,1,'2021-11-15','2021-11-15','INV-94',NULL,'DRAFT','UNPAID','0','0','<p><strong>Bank Detail</strong></p><p>NAME : Amar Speciality Chemicals</p><p>Bank Name : AXIS Bank</p><p>A/C No : 921020008506724</p><p>IFSC CODE : UTIB0003293</p>','fixed',0.00,0,3517000,4150060,633060,4150060,0,0,'82MORpV4xLROxnGDr7ve',1,'2021-12-03 10:08:33','2022-01-14 12:51:13',4,'invoice3',64,NULL,1.000000,3517000,3517000,4150060,633060,4150060,12,NULL,NULL,0),(147,95,1,'2021-11-16','2021-11-16','INV-95',NULL,'DRAFT','UNPAID','0','0','<p><strong>Bank Detail</strong></p><p>NAME : Amar Speciality Chemicals</p><p>Bank Name : AXIS Bank</p><p>A/C No : 921020008506724</p><p>IFSC CODE : UTIB0003293</p>','fixed',0.00,0,3504425,4135222,630797,4135222,0,0,'ODR8nvGjg8VDgLqp4m26',1,'2021-12-09 02:58:27','2022-01-14 12:51:10',4,'invoice3',6,NULL,1.000000,3504425,3504425,4135222,630797,4135222,12,NULL,NULL,0),(148,110,1,'2021-12-02','2021-12-02','AMR-110',NULL,'DRAFT','UNPAID','NO','NO','<p><strong>Bank Detail</strong></p><p>Name : Amar Superhard Tools</p><p>Bank   : Axis Bank</p><p>A\\C No : 918020103188858</p><p>IFSC : UTIB0003293</p>','fixed',0.00,0,6900000,8142000,1242000,8142000,0,0,'q26Ompr4gOVGxeVGLnMj',2,'2021-12-11 02:30:53','2022-01-14 12:51:13',5,'invoice1',62,NULL,1.000000,6900000,6900000,8142000,1242000,8142000,12,NULL,NULL,0),(149,112,1,'2021-12-07','2021-12-07','AMR-112',NULL,'DRAFT','UNPAID','NO','NO','<p><strong>Bank Detail</strong></p><p>Name : Amar Superhard Tools</p><p>Bank   : Axis Bank</p><p>A\\C No : 918020103188858</p><p>IFSC : UTIB0003293</p>','fixed',0.00,0,4600000,5428000,828000,5428000,0,0,'GLV6N74pbMe2b1Dqr8nP',2,'2021-12-10 10:01:40','2022-01-14 12:51:13',5,'invoice1',62,NULL,1.000000,4600000,4600000,5428000,828000,5428000,12,NULL,NULL,0),(150,111,1,'2021-12-04','2021-12-04','AMR-111',NULL,'DRAFT','UNPAID','NO','NO','<p><strong>Bank Detail</strong></p><p>Name : Amar Superhard Tools</p><p>Bank   : Axis Bank</p><p>A\\C No : 918020103188858</p><p>IFSC : UTIB0003293</p>','fixed',0.00,0,5000000,5900000,900000,5900000,0,0,'qP7MVLYGgYNNxm1DepN8',2,'2021-12-10 15:46:32','2022-01-14 12:51:11',5,'invoice1',42,NULL,1.000000,5000000,5000000,5900000,900000,5900000,12,NULL,NULL,0),(151,113,1,'2021-12-10','2021-12-10','AMR-113',NULL,'DRAFT','UNPAID','NO','NO','<p><strong>Bank Detail</strong></p><p>Name : Amar Superhard Tools</p><p>Bank   : Axis Bank</p><p>A\\C No : 918020103188858</p><p>IFSC : UTIB0003293</p>','fixed',0.00,0,5499900,6489882,989982,6489882,0,0,'nO6qNrj2xPrYbmeMVvG1',2,'2021-12-10 15:56:14','2022-01-14 12:51:13',5,'invoice1',74,NULL,1.000000,5499900,5499900,6489882,989982,6489882,12,NULL,NULL,0),(152,114,1,'2021-12-13','2021-12-13','AMR-114',NULL,'DRAFT','UNPAID','NO','NO','<p><strong>Bank Detail</strong></p><p>Name : Amar Superhard Tools</p><p>Bank   : Axis Bank</p><p>A\\C No : 918020103188858</p><p>IFSC : UTIB0003293</p>','fixed',0.00,0,5103000,6021540,918540,6021540,0,0,'pqR81G67x1N2gVrme4PO',2,'2021-12-14 11:33:16','2022-01-14 12:51:13',5,'invoice1',75,NULL,1.000000,5103000,5103000,6021540,918540,6021540,12,NULL,NULL,0),(153,97,1,'2021-12-16','2021-12-16','INV-97',NULL,'DRAFT','UNPAID','0','0','<p><strong>Bank Detail</strong></p><p>NAME : Amar Speciality Chemicals</p><p>Bank Name : AXIS Bank</p><p>A/C No : 921020008506724</p><p>IFSC CODE : UTIB0003293</p>','fixed',0.00,0,6779800,8000164,1220364,8000164,0,0,'O1e6D4M7x6mebVGY2q8r',1,'2021-12-16 07:27:51','2022-01-14 12:51:10',4,'invoice3',23,NULL,1.000000,6779800,6779800,8000164,1220364,8000164,12,NULL,NULL,0),(154,98,1,'2021-12-17','2021-12-17','INV-98',NULL,'DRAFT','UNPAID','0','0','<p><strong>Bank Detail</strong></p><p>NAME : Amar Speciality Chemicals</p><p>Bank Name : AXIS Bank</p><p>A/C No : 921020008506724</p><p>IFSC CODE : UTIB0003293</p>','fixed',0.00,0,6611000,7800980,1189980,7800980,0,0,'e8V1DGOqxneMxnjNmpYR',1,'2021-12-17 01:53:35','2022-01-14 12:51:13',4,'invoice3',70,NULL,1.000000,6611000,6611000,7800980,1189980,7800980,12,NULL,NULL,0),(155,99,1,'2021-12-17','2021-12-17','INV-99',NULL,'DRAFT','UNPAID','0','0','<p><strong>Bank Detail</strong></p><p>NAME : Amar Speciality Chemicals</p><p>Bank Name : AXIS Bank</p><p>A/C No : 921020008506724</p><p>IFSC CODE : UTIB0003293</p>','fixed',0.00,0,1864500,2200110,335610,2200110,0,0,'qR842vOYbGDPbePMGLn7',1,'2021-12-17 13:52:03','2022-01-14 12:51:10',4,'invoice3',6,NULL,1.000000,1864500,1864500,2200110,335610,2200110,12,NULL,NULL,0),(156,115,1,'2021-12-14','2021-12-14','AMR-115',NULL,'DRAFT','UNPAID','NO','NO','<p><strong>Bank Detail</strong></p><p>Name : Amar Superhard Tools</p><p>Bank   : Axis Bank</p><p>A\\C No : 918020103188858</p><p>IFSC : UTIB0003293</p>','fixed',0.00,0,4410000,5203800,793800,5203800,0,0,'R64pMOj8bvPOge7qDL1N',2,'2021-12-21 06:59:06','2022-01-14 12:51:10',5,'invoice1',24,NULL,1.000000,4410000,4410000,5203800,793800,5203800,12,NULL,NULL,0),(157,116,1,'2021-12-17','2021-12-17','AMR-116',NULL,'DRAFT','UNPAID','NO','NO','<p><strong>Bank Detail</strong></p><p>Name : Amar Superhard Tools</p><p>Bank   : Axis Bank</p><p>A\\C No : 918020103188858</p><p>IFSC : UTIB0003293</p>','fixed',0.00,0,6468000,7632240,1164240,7632240,0,0,'27PVveOmgjPqxrNLRG16',2,'2021-12-21 08:18:59','2022-01-14 12:51:13',5,'invoice1',78,NULL,1.000000,6468000,6468000,7632240,1164240,7632240,12,NULL,NULL,0),(158,117,1,'2021-12-18','2021-12-18','AMR-117',NULL,'DRAFT','UNPAID','NO','NO','<p><strong>Bank Detail</strong></p><p>Name : Amar Superhard Tools</p><p>Bank   : Axis Bank</p><p>A\\C No : 918020103188858</p><p>IFSC : UTIB0003293</p>','fixed',0.00,0,5527200,6522096,994896,6522096,0,0,'VPN1qMOjxmjDx4e2Y68D',2,'2021-12-22 06:20:02','2022-01-14 12:51:13',5,'invoice1',67,NULL,1.000000,5527200,5527200,6522096,994896,6522096,12,NULL,NULL,0),(159,118,1,'2021-12-21','2021-12-21','AMR-118',NULL,'DRAFT','UNPAID','NO','NO','<p><strong>Bank Detail</strong></p><p>Name : Amar Superhard Tools</p><p>Bank   : Axis Bank</p><p>A\\C No : 918020103188858</p><p>IFSC : UTIB0003293</p>','fixed',0.00,0,7524000,8878320,1354320,8878320,0,0,'MYG7qn8Rge71bPjV6mL4',2,'2021-12-21 19:21:41','2022-01-14 12:51:11',5,'invoice1',43,NULL,1.000000,7524000,7524000,8878320,1354320,8878320,12,NULL,NULL,0),(160,119,1,'2021-12-22','2021-12-22','AMR-119',NULL,'DRAFT','UNPAID','NO','NO','<p><strong>Bank Detail</strong></p><p>Name : Amar Superhard Tools</p><p>Bank   : Axis Bank</p><p>A\\C No : 918020103188858</p><p>IFSC : UTIB0003293</p>','fixed',0.00,0,5200200,6136236,936036,6136236,0,0,'ej8R46OMbrjYgrPGN1vD',2,'2021-12-23 05:56:52','2022-01-14 12:51:13',5,'invoice1',77,NULL,1.000000,5200200,5200200,6136236,936036,6136236,12,NULL,NULL,0),(161,120,1,'2021-12-23','2021-12-23','AMR-120',NULL,'DRAFT','UNPAID','NO','NO','<p><strong>Bank Detail</strong></p><p>Name : Amar Superhard Tools</p><p>Bank   : Axis Bank</p><p>A\\C No : 918020103188858</p><p>IFSC : UTIB0003293</p>','fixed',0.00,0,5726700,6757506,1030806,6757506,0,0,'Nn7G62Dpx7eYbrO4LPjV',2,'2021-12-25 23:32:49','2022-01-14 12:51:13',5,'invoice1',65,NULL,1.000000,5726700,5726700,6757506,1030806,6757506,12,NULL,NULL,0),(162,100,1,'2021-12-18','2021-12-18','INV-100',NULL,'DRAFT','UNPAID','0','0','<p><strong>Bank Detail</strong></p><p>NAME : Amar Speciality Chemicals</p><p>Bank Name : AXIS Bank</p><p>A/C No : 921020008506724</p><p>IFSC CODE : UTIB0003293</p>','fixed',0.00,0,890000,1050200,160200,1050200,0,0,'mN8GMj2OgqprbpqRLnV1',1,'2022-01-03 07:56:45','2022-01-14 12:51:11',4,'invoice3',51,NULL,1.000000,890000,890000,1050200,160200,1050200,12,NULL,NULL,0),(163,121,1,'2021-12-26','2021-12-26','AMR-121',NULL,'DRAFT','UNPAID','NO','NO','<p><strong>Bank Detail</strong></p><p>Name : Amar Superhard Tools</p><p>Bank   : Axis Bank</p><p>A\\C No : 918020103188858</p><p>IFSC : UTIB0003293</p>','fixed',0.00,0,1626400,1919152,292752,1919152,0,0,'7OVm2e8pgRmGgq16LrM4',2,'2022-01-02 21:00:26','2022-01-14 12:51:13',5,'invoice1',63,NULL,1.000000,1626400,1626400,1919152,292752,1919152,12,NULL,NULL,0),(164,101,1,'2021-12-19','2021-12-19','INV-101',NULL,'DRAFT','UNPAID','0','0','<p><strong>Bank Detail</strong></p><p>NAME : Amar Speciality Chemicals</p><p>Bank Name : AXIS Bank</p><p>A/C No : 921020008506724</p><p>IFSC CODE : UTIB0003293</p>','fixed',0.00,0,5148250,6074935,926685,6074935,0,0,'4Neq6vY1x42mbjrLDPGR',1,'2022-01-03 02:41:09','2022-01-14 12:51:10',4,'invoice3',9,NULL,1.000000,5148250,5148250,6074935,926685,6074935,12,NULL,NULL,0),(165,102,1,'2021-12-20','2021-12-20','INV-102',NULL,'DRAFT','UNPAID','0','0','<p><strong>Bank Detail</strong></p><p>NAME : Amar Speciality Chemicals</p><p>Bank Name : AXIS Bank</p><p>A/C No : 921020008506724</p><p>IFSC CODE : UTIB0003293</p>','fixed',0.00,0,2860200,3375036,514836,3375036,0,0,'LN76enDVbpjmbRmvj82p',1,'2022-01-03 08:28:43','2022-01-14 12:51:10',4,'invoice3',3,NULL,1.000000,2860200,2860200,3375036,514836,3375036,12,NULL,NULL,0),(166,103,1,'2021-12-21','2021-12-21','INV-103',NULL,'DRAFT','UNPAID','0','0','<p><strong>Bank Detail</strong></p><p>NAME : Amar Speciality Chemicals</p><p>Bank Name : AXIS Bank</p><p>A/C No : 921020008506724</p><p>IFSC CODE : UTIB0003293</p>','fixed',0.00,0,2627625,3100598,472973,3100598,0,0,'LVvYq874xVmMgjG2mP6R',1,'2022-01-03 09:10:12','2022-01-14 12:51:13',4,'invoice3',79,NULL,1.000000,2627625,2627625,3100598,472973,3100598,12,NULL,NULL,0),(167,104,1,'2021-12-23','2021-12-23','INV-104',NULL,'DRAFT','UNPAID','0','0','<p><strong>Bank Detail</strong></p><p>NAME : Amar Speciality Chemicals</p><p>Bank Name : AXIS Bank</p><p>A/C No : 921020008506724</p><p>IFSC CODE : UTIB0003293</p>','fixed',0.00,0,1101775,1300095,198320,1300095,0,0,'nDqORpGYbDpNxLev4VPM',1,'2022-01-03 09:15:08','2022-01-14 12:51:13',4,'invoice3',64,NULL,1.000000,1101775,1101775,1300095,198320,1300095,12,NULL,NULL,0),(168,122,1,'2021-12-30','2021-12-30','AMR-122',NULL,'DRAFT','UNPAID','NO','NO','<p><strong>Bank Detail</strong></p><p>Name : Amar Superhard Tools</p><p>Bank   : Axis Bank</p><p>A\\C No : 918020103188858</p><p>IFSC : UTIB0003293</p>','fixed',0.00,0,6048000,7136640,1088640,7136640,0,0,'NmYv2Lrpg22RgjM4G8P7',2,'2022-01-04 10:24:31','2022-01-14 12:51:13',5,'invoice1',80,NULL,1.000000,6048000,6048000,7136640,1088640,7136640,12,NULL,NULL,0),(169,123,1,'2021-12-31','2021-12-31','AMR-123',NULL,'DRAFT','UNPAID','NO','NO','<p><strong>Bank Detail</strong></p><p>Name : Amar Superhard Tools</p><p>Bank   : Axis Bank</p><p>A\\C No : 918020103188858</p><p>IFSC : UTIB0003293</p>','fixed',0.00,0,5644800,6660864,1016064,6660864,0,0,'6jO2NYr8bNOYgmLG4Pep',2,'2022-01-04 09:02:22','2022-01-14 12:51:13',5,'invoice1',82,NULL,1.000000,5644800,5644800,6660864,1016064,6660864,12,NULL,NULL,0),(170,105,1,'2021-12-24','2021-12-24','INV-105',NULL,'DRAFT','UNPAID','0','0','<p><strong>Bank Detail</strong></p><p>NAME : Amar Speciality Chemicals</p><p>Bank Name : AXIS Bank</p><p>A/C No : 921020008506724</p><p>IFSC CODE : UTIB0003293</p>','fixed',0.00,0,847475,1000021,152546,1000021,0,0,'82MORpV4xLLOxnGDr7ve',1,'2022-01-07 16:05:26','2022-01-14 12:51:13',4,'invoice3',83,NULL,1.000000,847475,847475,1000021,152546,1000021,12,NULL,NULL,0),(171,106,1,'2022-01-07','2022-01-07','INV-106',NULL,'DRAFT','UNPAID','0','0','<p><strong>Bank Detail</strong></p><p>NAME : Amar Speciality Chemicals</p><p>Bank Name : AXIS Bank</p><p>A/C No : 921020008506724</p><p>IFSC CODE : UTIB0003293</p>','fixed',0.00,0,847500,1000050,152550,1000050,0,0,'ODR8nvGjg84DbLqp4m26',1,'2022-01-13 02:51:55','2022-01-14 12:51:10',4,'invoice3',6,NULL,1.000000,847500,847500,1000050,152550,1000050,12,NULL,NULL,0),(175,107,2,'2022-01-15','2022-01-22','INV-107',NULL,'DRAFT','UNPAID','0','0','<p><strong>Bank Detail</strong></p><p>NAME : Amar Speciality Chemicals</p><p>Bank Name : AXIS Bank</p><p>A/C No : 921020008506724</p><p>IFSC CODE : UTIB0003293</p>','fixed',0.00,0,890000,1050200,160200,1050200,0,0,'nO6qNrj2xPYYxmeMVvG1',1,'2022-01-15 08:33:19','2022-01-17 11:47:46',4,'invoice1',6,NULL,1.000000,0,890000,1050200,160200,1050200,12,NULL,NULL,0),(183,124,1,'2022-01-01','2022-01-01','AMR-124',NULL,'DRAFT','UNPAID','NO','NO','<p><strong>Bank Detail</strong></p><p>Name : <strong>AMAR SUPERHARD TOOLS</strong></p><p>Bank : <strong>AXIS BANK</strong></p><p>A\\C No : <strong>918020103188858</strong></p><p>IFSC : <strong>UTIB0003293</strong></p>','fixed',0.00,0,6291600,7424088,1132488,7424088,0,0,'MYG7qn8Rgem1bPjV6mL4',2,'2022-01-16 02:34:27','2022-01-16 04:16:09',1,'invoice1',84,NULL,1.000000,0,6291600,7424088,1132488,7424088,12,NULL,NULL,0),(198,125,2,'2022-01-03','2022-01-03','AMR-125',NULL,'DRAFT','UNPAID','NO','NO','<p><strong>Bank Detail</strong></p><p>Name : <strong>AMAR SUPERHARD TOOLS</strong></p><p>Bank : <strong>AXIS BANK</strong></p><p>A\\C No : <strong>918020103188858</strong></p><p>IFSC : <strong>UTIB0003293</strong></p>','fixed',0.00,0,5670000,6690600,1020600,6690600,0,0,'qP7MVLYGgY4Nbm1DepN8',2,'2022-01-20 08:26:29','2022-01-20 08:26:29',1,'invoice1',66,NULL,NULL,0,0,0,0,0,12,NULL,NULL,0),(199,108,2,'2022-01-22','2022-01-22','INV-108',NULL,'DRAFT','UNPAID','0','0','<p><strong>Bank Detail</strong></p><p>NAME : Amar Speciality Chemicals</p><p>Bank Name : AXIS Bank</p><p>A/C No : 921020008506724</p><p>IFSC CODE : UTIB0003293</p>','fixed',0.00,0,5840000,6891200,1051200,6891200,0,0,'nO6qNrj2xPnYxmeMVvG1',1,'2022-01-22 07:12:35','2022-02-01 07:10:39',4,'invoice1',15,NULL,1.000000,0,5840000,6891200,1051200,6891200,12,NULL,NULL,0),(200,126,1,'2022-01-06','2022-01-06','AMR-126',NULL,'DRAFT','UNPAID','NO','NO','<p><strong>Bank Detail</strong></p><p>Name : <strong>AMAR SUPERHARD TOOLS</strong></p><p>Bank : <strong>AXIS BANK</strong></p><p>A\\C No : <strong>918020103188858</strong></p><p>IFSC : <strong>UTIB0003293</strong></p>','fixed',0.00,0,6099000,7196820,1097820,7196820,0,0,'q26Ompr4gO66beVGLnMj',2,'2022-01-29 06:50:33','2022-01-29 07:02:37',1,'invoice1',85,NULL,1.000000,0,6099000,7196820,1097820,7196820,12,NULL,NULL,0),(201,127,2,'2022-01-09','2022-01-09','AMR-127',NULL,'DRAFT','UNPAID','NO','NO','<p><strong>Bank Detail</strong></p><p>Name : <strong>AMAR SUPERHARD TOOLS</strong></p><p>Bank : <strong>AXIS BANK</strong></p><p>A\\C No : <strong>918020103188858</strong></p><p>IFSC : <strong>UTIB0003293</strong></p>','fixed',0.00,0,4400000,5192000,792000,5192000,0,0,'GLV6N74pbMP1b1Dqr8nP',2,'2022-01-31 04:02:27','2022-01-31 04:02:27',1,'invoice1',62,NULL,NULL,0,0,0,0,0,12,NULL,NULL,0),(202,128,3,'2022-01-10','2022-01-10','AMR-128',NULL,'DRAFT','UNPAID','NO','NO','<p><strong>Bank Detail</strong></p><p>Name : <strong>AMAR SUPERHARD TOOLS</strong></p><p>Bank : <strong>AXIS BANK</strong></p><p>A\\C No : <strong>918020103188858</strong></p><p>IFSC : <strong>UTIB0003293</strong></p>','fixed',0.00,0,4400000,5192000,792000,5192000,0,0,'qP7MVLYGgY4Obm1DepN8',2,'2022-01-31 04:03:25','2022-01-31 04:03:25',1,'invoice1',62,NULL,NULL,0,0,0,0,0,12,NULL,NULL,0),(203,129,2,'2022-01-12','2022-01-12','AMR-129',NULL,'DRAFT','UNPAID','NO','NO','<p><strong>Bank Detail</strong></p><p>Name : <strong>AMAR SUPERHARD TOOLS</strong></p><p>Bank : <strong>AXIS BANK</strong></p><p>A\\C No : <strong>918020103188858</strong></p><p>IFSC : <strong>UTIB0003293</strong></p>','fixed',0.00,0,5489100,6477138,988038,6477138,0,0,'nO6qNrj2xPnMxmeMVvG1',2,'2022-01-31 04:22:07','2022-01-31 04:22:07',1,'invoice1',32,NULL,NULL,0,0,0,0,0,12,NULL,NULL,0),(215,130,1,'2022-01-15','2022-01-15','AMR-130',NULL,'DRAFT','UNPAID','NO','NO','<p><strong>Bank Detail</strong></p><p>Name : <strong>AMAR SUPERHARD TOOLS</strong></p><p>Bank : <strong>AXIS BANK</strong></p><p>A\\C No : <strong>918020103188858</strong></p><p>IFSC : <strong>UTIB0003293</strong></p>','fixed',0.00,0,6615000,7805700,1190700,7805700,0,0,'7OVm2e8pgRjPgq16LrM4',2,'2022-02-01 03:19:07','2022-02-01 04:07:18',1,'invoice1',86,NULL,1.000000,0,6615000,7805700,1190700,7805700,12,NULL,NULL,0),(216,131,2,'2022-01-18','2022-01-18','AMR-131',NULL,'DRAFT','UNPAID','NO','NO','<p><strong>Bank Detail</strong></p><p>Name : <strong>AMAR SUPERHARD TOOLS</strong></p><p>Bank : <strong>AXIS BANK</strong></p><p>A\\C No : <strong>918020103188858</strong></p><p>IFSC : <strong>UTIB0003293</strong></p>','fixed',0.00,0,4272000,5040960,768960,5040960,0,0,'4Neq6vY1x4qMbjrLDPGR',2,'2022-02-01 04:10:12','2022-02-01 04:10:12',1,'invoice1',71,NULL,NULL,0,0,0,0,0,12,NULL,NULL,0),(218,110,3,'2022-02-08','2022-02-15','INV-112',NULL,'DRAFT','UNPAID','0','0','<p><strong>Bank Detail</strong></p><p>NAME : Amar Speciality Chemicals</p><p>Bank Name : AXIS Bank</p><p>A/C No : 921020008506724</p><p>IFSC CODE : UTIB0003293</p>','fixed',0.00,0,5933000,7000940,1067940,7000940,0,0,'LVvYq874xVrqbjG2mP6R',1,'2022-02-08 06:05:38','2022-02-11 07:59:59',4,'invoice3',56,NULL,1.000000,0,5933000,7000940,1067940,7000940,12,NULL,NULL,0),(219,111,2,'2022-02-08','2022-02-08','INV-113',NULL,'DRAFT','UNPAID','0','0','<p><strong>Bank Detail</strong></p><p>NAME : Amar Speciality Chemicals</p><p>Bank Name : AXIS Bank</p><p>A/C No : 921020008506724</p><p>IFSC CODE : UTIB0003293</p>','fixed',0.00,0,6441000,7600380,1159380,7600380,0,0,'nDqORpGYbD4exLev4VPM',1,'2022-02-08 09:45:16','2022-02-08 09:45:16',4,'invoice3',26,NULL,NULL,0,0,0,0,0,12,NULL,NULL,0),(220,112,2,'2022-01-23','2022-02-17','INV-109',NULL,'DRAFT','UNPAID','0','0','<p><strong>Bank Detail</strong></p><p>NAME : Amar Speciality Chemicals</p><p>Bank Name : AXIS Bank</p><p>A/C No : 921020008506724</p><p>IFSC CODE : UTIB0003293</p>','fixed',0.00,0,3262800,3850104,587304,3850104,0,0,'NmYv2Lrpg2NGxjM4G8P7',1,'2022-02-10 14:10:39','2022-02-10 15:42:44',4,'invoice3',46,NULL,1.000000,0,3262800,3850104,587304,3850104,12,NULL,NULL,0),(222,113,2,'2022-01-24','2022-01-24','INV-110',NULL,'DRAFT','UNPAID','0','0','<p><strong>Bank Detail</strong></p><p>NAME : Amar Speciality Chemicals</p><p>Bank Name : AXIS Bank</p><p>A/C No : 921020008506724</p><p>IFSC CODE : UTIB0003293</p>','fixed',0.00,0,4831000,5700580,869580,5700580,0,0,'82MORpV4xLPRbnGDr7ve',1,'2022-02-11 02:46:05','2022-02-11 02:46:05',4,'invoice3',9,NULL,NULL,0,0,0,0,0,12,NULL,NULL,0),(224,114,1,'2022-01-24','2022-01-24','INV-111',NULL,'DRAFT','UNPAID','0','0','<p><strong>Bank Detail</strong></p><p>NAME : Amar Speciality Chemicals</p><p>Bank Name : AXIS Bank</p><p>A/C No : 921020008506724</p><p>IFSC CODE : UTIB0003293</p>','fixed',0.00,0,6441000,7600380,1159380,7600380,0,0,'q26Ompr4gOn6xeVGLnMj',1,'2022-02-11 07:56:48','2022-02-11 07:56:48',4,'invoice2',87,NULL,NULL,0,0,0,0,0,12,NULL,NULL,0),(225,115,2,'2022-02-12','2022-02-21','INV-114',NULL,'DRAFT','UNPAID','0','0','<p><strong>Bank Detail</strong></p><p>NAME : Amar Speciality Chemicals</p><p>Bank Name : AXIS Bank</p><p>A/C No : 921020008506724</p><p>IFSC CODE : UTIB0003293</p>','fixed',0.00,0,6441000,7600380,1159380,7600380,0,0,'GLV6N74pbM11x1Dqr8nP',1,'2022-02-12 11:56:24','2022-02-12 11:56:24',4,'invoice3',87,NULL,NULL,0,0,0,0,0,12,NULL,NULL,0),(226,116,3,'2022-02-13','2022-02-20','INV-115',NULL,'DRAFT','UNPAID','0','0','<p><strong>Bank Detail</strong></p><p>NAME : Amar Speciality Chemicals</p><p>Bank Name : AXIS Bank</p><p>A/C No : 921020008506724</p><p>IFSC CODE : UTIB0003293</p>','fixed',0.00,0,847500,1000050,152550,1000050,0,0,'qP7MVLYGgYrOxm1DepN8',1,'2022-02-13 02:13:21','2022-02-13 02:13:21',4,'invoice3',6,NULL,NULL,0,0,0,0,0,12,NULL,NULL,0),(228,117,3,'2022-02-13','2022-02-20','INV-116',NULL,'DRAFT','UNPAID','0','0','<p><strong>Bank Detail</strong></p><p>NAME : Amar Speciality Chemicals</p><p>Bank Name : AXIS Bank</p><p>A/C No : 921020008506724</p><p>IFSC CODE : UTIB0003293</p>','fixed',0.00,0,4237500,5000250,762750,5000250,0,0,'pqR81G67x1ePbVrme4PO',1,'2022-02-13 02:37:42','2022-02-13 02:37:42',4,'invoice3',46,NULL,NULL,0,0,0,0,0,12,NULL,NULL,0),(229,132,2,'2022-02-02','2022-02-02','AMR-132',NULL,'DRAFT','UNPAID','NO','NO','<p><strong>Bank Detail</strong></p><p>Name : <strong>AMAR SUPERHARD TOOLS</strong></p><p>Bank : <strong>AXIS BANK</strong></p><p>A\\C No : <strong>918020103188858</strong></p><p>IFSC : <strong>UTIB0003293</strong></p>','fixed',0.00,0,4749000,5603820,854820,5603820,0,0,'O1e6D4M7x6ejgVGY2q8r',2,'2022-02-15 12:37:26','2022-02-15 12:37:26',1,'invoice1',77,NULL,1.000000,0,4749000,5603820,854820,5603820,12,NULL,NULL,0),(230,133,3,'2022-02-05','2022-02-05','AMR-133',NULL,'DRAFT','UNPAID','NO','NO','<p><strong>Bank Detail</strong></p><p>Name : <strong>AMAR SUPERHARD TOOLS</strong></p><p>Bank : <strong>AXIS BANK</strong></p><p>A\\C No : <strong>918020103188858</strong></p><p>IFSC : <strong>UTIB0003293</strong></p>','fixed',0.00,0,4749000,5603820,854820,5603820,0,0,'e8V1DGOqxnmRgnjNmpYR',2,'2022-02-15 12:38:03','2022-02-15 12:38:03',1,'invoice1',77,NULL,1.000000,0,4749000,5603820,854820,5603820,12,NULL,NULL,0),(231,134,2,'2022-02-08','2022-02-08','AMR-134',NULL,'DRAFT','UNPAID','NO','NO','<p><strong>Bank Detail</strong></p><p>Name : <strong>AMAR SUPERHARD TOOLS</strong></p><p>Bank : <strong>AXIS BANK</strong></p><p>A\\C No : <strong>918020103188858</strong></p><p>IFSC : <strong>UTIB0003293</strong></p>','fixed',0.00,0,6591200,7777616,1186416,7777616,0,0,'qR842vOYbG48xePMGLn7',2,'2022-02-15 13:53:32','2022-03-03 12:10:06',1,'invoice1',84,NULL,1.000000,0,6591200,7777616,1186416,7777616,12,NULL,NULL,0),(232,118,4,'2022-02-14','2022-02-23','INV-117',NULL,'DRAFT','UNPAID','0','0','<p><strong>Bank Detail</strong></p><p>NAME : Amar Speciality Chemicals</p><p>Bank Name : AXIS Bank</p><p>A/C No : 921020008506724</p><p>IFSC CODE : UTIB0003293</p>','fixed',0.00,0,847500,1000050,152550,1000050,0,0,'R64pMOj8bvr8xe7qDL1N',1,'2022-02-16 02:01:00','2022-02-22 07:29:08',1,'invoice1',6,NULL,1.000000,0,847500,1000050,152550,1000050,12,NULL,NULL,0),(233,119,2,'2022-02-16','2022-02-23','INV-118',NULL,'DRAFT','UNPAID','0','0','<p><strong>Bank Detail</strong></p><p>NAME : Amar Speciality Chemicals</p><p>Bank Name : AXIS Bank</p><p>A/C No : 921020008506724</p><p>IFSC CODE : UTIB0003293</p>','fixed',0.00,0,6441000,7600380,1159380,7600380,0,0,'27PVveOmgjnYxrNLRG16',1,'2022-02-16 09:01:21','2022-02-16 09:01:21',4,'invoice3',55,NULL,1.000000,0,6441000,7600380,1159380,7600380,12,NULL,NULL,0),(234,120,2,'2022-02-17','2022-02-25','INV-119',NULL,'DRAFT','UNPAID','0','0','<p><strong>Bank Detail</strong></p><p>NAME : Amar Speciality Chemicals</p><p>Bank Name : AXIS Bank</p><p>A/C No : 921020008506724</p><p>IFSC CODE : UTIB0003293</p>','fixed',0.00,0,1704000,2010720,306720,2010720,0,0,'VPN1qMOjxmmvx4e2Y68D',1,'2022-02-18 10:04:06','2022-02-18 10:04:06',4,'invoice3',51,NULL,1.000000,0,1704000,2010720,306720,2010720,12,NULL,NULL,0),(235,121,1,'2022-02-22','2022-02-22','INV-120',NULL,'DRAFT','UNPAID','0','0','<p><strong>Bank Detail</strong></p><p>NAME : Amar Speciality Chemicals</p><p>Bank Name : AXIS Bank</p><p>A/C No : 921020008506724</p><p>IFSC CODE : UTIB0003293</p>','fixed',0.00,0,847500,1000050,152550,1000050,0,0,'MYG7qn8RgeMGgPjV6mL4',1,'2022-02-22 07:04:59','2022-02-22 07:04:59',4,'invoice3',88,NULL,1.000000,0,847500,1000050,152550,1000050,12,NULL,NULL,0),(236,135,1,'2022-02-10','2022-02-10','AMR-135',NULL,'DRAFT','UNPAID','NO','NO','<p><strong>Bank Detail</strong></p><p>Name : <strong>AMAR SUPERHARD TOOLS</strong></p><p>Bank : <strong>AXIS BANK</strong></p><p>A\\C No : <strong>918020103188858</strong></p><p>IFSC : <strong>UTIB0003293</strong></p>','fixed',0.00,0,6270000,7398600,1128600,7398600,0,0,'ej8R46OMbrp8grPGN1vD',2,'2022-02-23 09:13:57','2022-02-23 09:18:48',1,'invoice1',89,NULL,1.000000,0,6270000,7398600,1128600,7398600,12,NULL,NULL,0),(237,122,2,'2022-02-23','2022-03-03','INV-121',NULL,'DRAFT','UNPAID','0','0','<p><strong>Bank Detail</strong></p><p>NAME : Amar Speciality Chemicals</p><p>Bank Name : AXIS Bank</p><p>A/C No : 921020008506724</p><p>IFSC CODE : UTIB0003293</p>','fixed',0.00,0,6716000,7924880,1208880,7924880,0,0,'Nn7G62Dpx7L4xrO4LPjV',1,'2022-02-24 08:51:59','2022-02-24 08:51:59',4,'invoice3',27,NULL,1.000000,0,6716000,7924880,1208880,7924880,12,NULL,NULL,0),(238,123,3,'2022-02-24','2022-02-24','INV-122',NULL,'DRAFT','UNPAID','0','0','<p><strong>Bank Detail</strong></p><p>NAME : Amar Speciality Chemicals</p><p>Bank Name : AXIS Bank</p><p>A/C No : 921020008506724</p><p>IFSC CODE : UTIB0003293</p>','fixed',0.00,0,5848000,6900640,1052640,6900640,0,0,'mN8GMj2OgqmnbpqRLnV1',1,'2022-02-24 09:04:46','2022-02-24 09:29:10',1,'invoice3',15,NULL,1.000000,0,5848000,6900640,1052640,6900640,12,NULL,NULL,0),(239,124,3,'2022-02-25','2022-02-28','INV-123',NULL,'DRAFT','UNPAID','0','0','<p><strong>Bank Detail</strong></p><p>NAME : Amar Speciality Chemicals</p><p>Bank Name : AXIS Bank</p><p>A/C No : 921020008506724</p><p>IFSC CODE : UTIB0003293</p>','fixed',0.00,0,7923750,9350025,1426275,9350025,0,0,'7OVm2e8pgRVPxq16LrM4',1,'2022-03-01 07:14:24','2022-03-01 07:35:15',4,'invoice3',9,NULL,1.000000,0,7923750,9350025,1426275,9350025,12,NULL,NULL,0),(240,125,2,'2022-02-26','2022-02-26','INV-124',NULL,'DRAFT','UNPAID','0','0','<p><strong>Bank Detail</strong></p><p>NAME : Amar Speciality Chemicals</p><p>Bank Name : AXIS Bank</p><p>A/C No : 921020008506724</p><p>IFSC CODE : UTIB0003293</p>','fixed',0.00,0,6394100,7545038,1150938,7545038,0,0,'4Neq6vY1x4PMbjrLDPGR',1,'2022-03-02 08:09:17','2022-03-02 08:09:17',4,'invoice3',12,NULL,1.000000,0,6394100,7545038,1150938,7545038,12,NULL,NULL,0),(241,126,4,'2022-02-26','2022-02-26','INV-125',NULL,'DRAFT','UNPAID','0','0','<p><strong>Bank Detail</strong></p><p>NAME : Amar Speciality Chemicals</p><p>Bank Name : AXIS Bank</p><p>A/C No : 921020008506724</p><p>IFSC CODE : UTIB0003293</p>','fixed',0.00,0,1610500,1900390,289890,1900390,0,0,'LN76enDVbpPLgRmvj82p',1,'2022-03-02 08:18:04','2022-03-02 08:18:04',4,'invoice3',46,NULL,1.000000,0,1610500,1900390,289890,1900390,12,NULL,NULL,0),(242,127,2,'2022-02-26','2022-02-26','INV-126',NULL,'DRAFT','UNPAID','0','0','<p><strong>Bank Detail</strong></p><p>NAME : Amar Speciality Chemicals</p><p>Bank Name : AXIS Bank</p><p>A/C No : 921020008506724</p><p>IFSC CODE : UTIB0003293</p>','fixed',0.00,0,4237325,5000044,762719,5000044,0,0,'LVvYq874xVDqxjG2mP6R',1,'2022-03-02 10:10:03','2022-03-02 10:10:03',4,'invoice3',72,NULL,1.000000,0,4237325,5000044,762719,5000044,12,NULL,NULL,0),(243,136,2,'2022-02-15','2022-02-15','AMR-136',NULL,'DRAFT','UNPAID','NO','NO','<p><strong>Bank Detail</strong></p><p>Name : <strong>AMAR SUPERHARD TOOLS</strong></p><p>Bank : <strong>AXIS BANK</strong></p><p>A\\C No : <strong>918020103188858</strong></p><p>IFSC : <strong>UTIB0003293</strong></p>','fixed',0.00,0,6409200,7562856,1153656,7562856,0,0,'nDqORpGYbDjexLev4VPM',2,'2022-03-03 12:15:41','2022-03-03 12:16:53',1,'invoice1',78,NULL,1.000000,0,6409200,7562856,1153656,7562856,12,NULL,NULL,0),(244,137,1,'2022-02-16','2022-02-16','AMR-137',NULL,'DRAFT','UNPAID','NO','NO','<p><strong>Bank Detail</strong></p><p>Name : <strong>AMAR SUPERHARD TOOLS</strong></p><p>Bank : <strong>AXIS BANK</strong></p><p>A\\C No : <strong>918020103188858</strong></p><p>IFSC : <strong>UTIB0003293</strong></p>','fixed',0.00,0,6174000,7285320,1111320,7285320,0,0,'NmYv2Lrpg2MGgjM4G8P7',2,'2022-03-04 05:06:31','2022-03-11 06:22:08',1,'invoice1',91,NULL,1.000000,0,6174000,7285320,1111320,7285320,12,NULL,NULL,0),(249,128,3,'2022-03-05','2022-03-05','INV-127',NULL,'DRAFT','UNPAID','0','0','<p><strong>Bank Detail</strong></p><p>NAME : Amar Speciality Chemicals</p><p>Bank Name : AXIS Bank</p><p>A/C No : 921020008506724</p><p>IFSC CODE : UTIB0003293</p>','fixed',0.00,0,6440800,7600144,1159344,7600144,0,0,'GLV6N74pbML1x1Dqr8nP',1,'2022-03-05 07:09:51','2022-03-05 07:09:51',1,'invoice2',27,NULL,1.000000,0,6440800,7600144,1159344,7600144,12,NULL,NULL,0),(250,138,2,'2022-02-20','2022-02-20','AMR-138',NULL,'DRAFT','UNPAID','NO','NO','<p><strong>Bank Detail</strong></p><p>Name : <strong>AMAR SUPERHARD TOOLS</strong></p><p>Bank : <strong>AXIS BANK</strong></p><p>A\\C No : <strong>918020103188858</strong></p><p>IFSC : <strong>UTIB0003293</strong></p>','fixed',0.00,0,5899500,6961410,1061910,6961410,0,0,'qP7MVLYGgYOObm1DepN8',2,'2022-03-07 13:54:01','2022-03-07 13:54:01',1,'invoice1',75,NULL,1.000000,0,5899500,6961410,1061910,6961410,12,NULL,NULL,0),(251,139,1,'2022-02-22','2022-02-22','AMR-139',NULL,'DRAFT','UNPAID','NO','NO','<p><strong>Bank Detail</strong></p><p>Name : <strong>AMAR SUPERHARD TOOLS</strong></p><p>Bank : <strong>AXIS BANK</strong></p><p>A\\C No : <strong>918020103188858</strong></p><p>IFSC : <strong>UTIB0003293</strong></p>','fixed',0.00,0,5800000,6844000,1044000,6844000,0,0,'nO6qNrj2xPqMxmeMVvG1',2,'2022-03-08 08:49:45','2022-03-08 08:49:45',1,'invoice1',90,NULL,1.000000,0,5800000,6844000,1044000,6844000,12,NULL,NULL,0),(253,130,5,'2022-03-08','2022-03-16','INV 128',NULL,'DRAFT','UNPAID','0','0','<p><strong>Bank Detail</strong></p><p>NAME : Amar Speciality Chemicals</p><p>Bank Name : AXIS Bank</p><p>A/C No : 921020008506724</p><p>IFSC CODE : UTIB0003293</p>','fixed',0.00,0,847500,1000050,152550,1000050,0,0,'O1e6D4M7x66jxVGY2q8r',1,'2022-03-09 06:06:32','2022-03-09 06:06:32',4,'invoice3',6,NULL,1.000000,0,847500,1000050,152550,1000050,12,NULL,NULL,0),(254,131,3,'2022-03-09','2022-03-09','INV-129',NULL,'DRAFT','UNPAID','0','0','<p><strong>Bank Detail</strong></p><p>NAME : Amar Speciality Chemicals</p><p>Bank Name : AXIS Bank</p><p>A/C No : 921020008506724</p><p>IFSC CODE : UTIB0003293</p>','fixed',0.00,0,6440800,7600144,1159344,7600144,0,0,'e8V1DGOqxnMRxnjNmpYR',1,'2022-03-09 06:31:23','2022-03-09 06:31:23',1,'invoice2',87,NULL,1.000000,0,6440800,7600144,1159344,7600144,12,NULL,NULL,0),(255,140,4,'2022-03-02','2022-03-02','AMR-140',NULL,'DRAFT','UNPAID','NO','NO','<p><strong>Bank Detail</strong></p><p>Name : <strong>AMAR SUPERHARD TOOLS</strong></p><p>Bank : <strong>AXIS BANK</strong></p><p>A\\C No : <strong>918020103188858</strong></p><p>IFSC : <strong>UTIB0003293</strong></p>','fixed',0.00,0,8000000,9440000,1440000,9440000,0,0,'qR842vOYbGq8bePMGLn7',2,'2022-03-14 03:32:11','2022-03-14 03:32:11',1,'invoice1',62,NULL,1.000000,0,8000000,9440000,1440000,9440000,12,NULL,NULL,0),(256,132,6,'2022-03-10','2022-03-21','INV-130',NULL,'DRAFT','UNPAID','0','0','<p><strong>Bank Detail</strong></p><p>NAME : Amar Speciality Chemicals</p><p>Bank Name : AXIS Bank</p><p>A/C No : 921020008506724</p><p>IFSC CODE : UTIB0003293</p>','fixed',0.00,0,847500,1000050,152550,1000050,0,0,'R64pMOj8bvj8be7qDL1N',1,'2022-03-14 11:24:58','2022-03-14 11:24:58',4,'invoice3',6,NULL,1.000000,0,847500,1000050,152550,1000050,12,NULL,NULL,0),(257,141,2,'2022-03-03','2022-03-03','AMR-141',NULL,'DRAFT','UNPAID','NO','NO','<p><strong>Bank Detail</strong></p><p>Name : <strong>AMAR SUPERHARD TOOLS</strong></p><p>Bank : <strong>AXIS BANK</strong></p><p>A\\C No : <strong>918020103188858</strong></p><p>IFSC : <strong>UTIB0003293</strong></p>','fixed',0.00,0,6930000,8177400,1247400,8177400,0,0,'27PVveOmgjGYxrNLRG16',2,'2022-03-16 09:47:09','2022-03-25 13:13:23',1,'invoice1',86,NULL,1.000000,0,6930000,8177400,1247400,8177400,12,NULL,NULL,0),(258,142,2,'2022-03-06','2022-03-06','AMR-142',NULL,'DRAFT','UNPAID','NO','NO','<p><strong>Bank Detail</strong></p><p>Name : <strong>AMAR SUPERHARD TOOLS</strong></p><p>Bank : <strong>AXIS BANK</strong></p><p>A\\C No : <strong>918020103188858</strong></p><p>IFSC : <strong>UTIB0003293</strong></p>','fixed',0.00,0,6156000,7264080,1108080,7264080,0,0,'VPN1qMOjxmOvx4e2Y68D',2,'2022-03-16 09:47:59','2022-03-16 09:47:59',1,'invoice1',80,NULL,1.000000,0,6156000,7264080,1108080,7264080,12,NULL,NULL,0),(259,143,5,'2022-03-16','2022-03-16','AMR-144',NULL,'DRAFT','UNPAID','NO','NO','<p><strong>Bank Detail</strong></p><p>Name : <strong>AMAR SUPERHARD TOOLS</strong></p><p>Bank : <strong>AXIS BANK</strong></p><p>A\\C No : <strong>918020103188858</strong></p><p>IFSC : <strong>UTIB0003293</strong></p>','fixed',0.00,0,20000000,23600000,3600000,23600000,0,0,'MYG7qn8RgeYGgPjV6mL4',2,'2022-03-16 11:35:05','2022-03-16 11:35:05',1,'invoice1',62,NULL,1.000000,0,20000000,23600000,3600000,23600000,12,NULL,NULL,0),(260,144,2,'2022-03-12','2022-03-12','AMR-143',NULL,'DRAFT','UNPAID','NO','NO','<p><strong>Bank Detail</strong></p><p>Name : <strong>AMAR SUPERHARD TOOLS</strong></p><p>Bank : <strong>AXIS BANK</strong></p><p>A\\C No : <strong>918020103188858</strong></p><p>IFSC : <strong>UTIB0003293</strong></p>','fixed',0.00,0,4410000,5203800,793800,5203800,0,0,'ej8R46OMbr68brPGN1vD',2,'2022-03-19 17:21:26','2022-03-25 13:16:31',1,'invoice1',24,NULL,1.000000,0,4410000,5203800,793800,5203800,12,NULL,NULL,0),(261,145,6,'2022-03-21','2022-03-21','AMR-145',NULL,'DRAFT','UNPAID','NO','NO','<p><strong>Bank Detail</strong></p><p>Name : <strong>AMAR SUPERHARD TOOLS</strong></p><p>Bank : <strong>AXIS BANK</strong></p><p>A\\C No : <strong>918020103188858</strong></p><p>IFSC : <strong>UTIB0003293</strong></p>','fixed',0.00,0,22000000,25960000,3960000,25960000,0,0,'Nn7G62Dpx7n4brO4LPjV',2,'2022-03-19 17:33:34','2022-03-21 05:44:44',1,'invoice1',62,NULL,1.000000,0,22000000,25960000,3960000,25960000,12,NULL,NULL,0),(262,146,2,'2022-03-23','2022-03-23','AMR-146',NULL,'DRAFT','UNPAID','NO','NO','<p><strong>Bank Detail</strong></p><p>Name : <strong>AMAR SUPERHARD TOOLS</strong></p><p>Bank : <strong>AXIS BANK</strong></p><p>A\\C No : <strong>918020103188858</strong></p><p>IFSC : <strong>UTIB0003293</strong></p>','fixed',0.00,0,5184000,6117120,933120,6117120,0,0,'mN8GMj2Ogq1nbpqRLnV1',2,'2022-03-26 02:04:10','2022-03-26 02:04:10',1,'invoice1',52,NULL,1.000000,0,5184000,6117120,933120,6117120,12,NULL,NULL,0),(263,147,2,'2022-03-24','2022-03-24','AMR-147',NULL,'DRAFT','UNPAID','NO','NO','<p><strong>Bank Detail</strong></p><p>Name : <strong>AMAR SUPERHARD TOOLS</strong></p><p>Bank : <strong>AXIS BANK</strong></p><p>A\\C No : <strong>918020103188858</strong></p><p>IFSC : <strong>UTIB0003293</strong></p>','fixed',0.00,0,5527200,6522096,994896,6522096,0,0,'7OVm2e8pgRqPxq16LrM4',2,'2022-03-26 02:10:56','2022-03-26 02:10:56',1,'invoice1',67,NULL,1.000000,0,5527200,6522096,994896,6522096,12,NULL,NULL,0),(264,148,3,'2022-03-26','2022-04-26','AMR-148',NULL,'DRAFT','UNPAID','NO','NO','<p><strong>Bank Detail</strong></p><p>Name : <strong>AMAR SUPERHARD TOOLS</strong></p><p>Bank : <strong>AXIS BANK</strong></p><p>A\\C No : <strong>918020103188858</strong></p><p>IFSC : <strong>UTIB0003293</strong></p>','fixed',0.00,0,5489100,6477138,988038,6477138,0,0,'4Neq6vY1x48MbjrLDPGR',2,'2022-03-26 02:12:47','2022-03-26 02:12:47',1,'invoice1',32,NULL,1.000000,0,5489100,6477138,988038,6477138,12,NULL,NULL,0),(265,149,2,'2022-03-26','2022-03-26','AMR-149',NULL,'DRAFT','UNPAID','NO','NO','<p><strong>Bank Detail</strong></p><p>Name : <strong>AMAR SUPERHARD TOOLS</strong></p><p>Bank : <strong>AXIS BANK</strong></p><p>A\\C No : <strong>918020103188858</strong></p><p>IFSC : <strong>UTIB0003293</strong></p>','fixed',0.00,0,6867000,8103060,1236060,8103060,0,0,'LN76enDVbpRLbRmvj82p',2,'2022-03-26 05:43:00','2022-03-26 06:18:04',1,'invoice1',41,NULL,1.000000,0,6867000,8103060,1236060,8103060,12,NULL,NULL,0),(266,133,2,'2022-03-11','2022-04-02','INV-131',NULL,'DRAFT','UNPAID','0','0','<p><strong>Bank Detail</strong></p><p>NAME : Amar Speciality Chemicals</p><p>Bank Name : AXIS Bank</p><p>A/C No : 921020008506724</p><p>IFSC CODE : UTIB0003293</p>','fixed',0.00,0,8281835,9772565,1490730,9772565,0,0,'LVvYq874xVGqxjG2mP6R',1,'2022-03-26 06:09:54','2022-03-26 06:09:54',4,'invoice3',49,NULL,1.000000,0,8281835,9772565,1490730,9772565,12,NULL,NULL,0),(267,134,3,'2022-03-12','2022-03-31','INV-132',NULL,'DRAFT','UNPAID','0','0','<p><strong>Bank Detail</strong></p><p>NAME : Amar Speciality Chemicals</p><p>Bank Name : AXIS Bank</p><p>A/C No : 921020008506724</p><p>IFSC CODE : UTIB0003293</p>','fixed',0.00,0,7543000,8900740,1357740,8900740,0,0,'nDqORpGYbDOexLev4VPM',1,'2022-03-26 06:34:09','2022-03-26 06:34:09',4,'invoice3',12,NULL,1.000000,0,7543000,8900740,1357740,8900740,12,NULL,NULL,0),(268,135,4,'2022-03-13','2022-03-13','INV-133',NULL,'DRAFT','UNPAID','0','0','<p><strong>Bank Detail</strong></p><p>NAME : Amar Speciality Chemicals</p><p>Bank Name : AXIS Bank</p><p>A/C No : 921020008506724</p><p>IFSC CODE : UTIB0003293</p>','fixed',0.00,0,5593400,6600212,1006812,6600212,0,0,'NmYv2Lrpg2rGxjM4G8P7',1,'2022-03-29 10:04:46','2022-03-29 10:04:46',4,'invoice3',15,NULL,1.000000,0,5593400,6600212,1006812,6600212,12,NULL,NULL,0),(269,136,5,'2022-03-30','2022-03-30','INV-136',NULL,'DRAFT','UNPAID','0','0','<p><strong>Bank Detail</strong></p><p>NAME : Amar Speciality Chemicals</p><p>Bank Name : AXIS Bank</p><p>A/C No : 921020008506724</p><p>IFSC CODE : UTIB0003293</p>','fixed',0.00,0,5848000,6900640,1052640,6900640,0,0,'6jO2NYr8bNmrgmLG4Pep',1,'2022-03-30 07:26:03','2022-03-30 07:29:02',4,'invoice3',15,NULL,1.000000,0,5848000,6900640,1052640,6900640,12,NULL,NULL,0),(270,137,1,'2022-03-15','2022-03-15','INV-134',NULL,'DRAFT','UNPAID','0','0','<p><strong>Bank Detail</strong></p><p>NAME : Amar Speciality Chemicals</p><p>Bank Name : AXIS Bank</p><p>A/C No : 921020008506724</p><p>IFSC CODE : UTIB0003293</p>','fixed',0.00,0,4517600,5330768,813168,5330768,0,0,'82MORpV4xLvRxnGDr7ve',1,'2022-04-01 07:27:07','2022-04-01 07:47:57',4,'invoice3',92,NULL,1.000000,0,4517600,5330768,813168,5330768,12,NULL,NULL,0),(271,138,4,'2022-03-18','2022-03-31','INV-135',NULL,'DRAFT','UNPAID','0','0','<p><strong>Bank Detail</strong></p><p>NAME : Amar Speciality Chemicals</p><p>Bank Name : AXIS Bank</p><p>A/C No : 921020008506724</p><p>IFSC CODE : UTIB0003293</p>','fixed',0.00,0,2119125,2500568,381443,2500568,0,0,'ODR8nvGjg8r4xLqp4m26',1,'2022-04-01 07:33:04','2022-04-01 07:33:04',4,'invoice3',9,NULL,1.000000,0,2119125,2500568,381443,2500568,12,NULL,NULL,0),(272,139,4,'2022-04-03','2022-04-03','INV-138',NULL,'DRAFT','UNPAID','0','0','<p><strong>Bank Detail</strong></p><p>NAME : Amar Speciality Chemicals</p><p>Bank Name : AXIS Bank</p><p>A/C No : 921020008506724</p><p>IFSC CODE : UTIB0003293</p>','fixed',0.00,0,5932400,7000232,1067832,7000232,0,0,'q26Ompr4gOO6geVGLnMj',1,'2022-04-03 06:34:44','2022-04-03 06:35:02',4,'invoice3',56,NULL,1.000000,0,5932400,7000232,1067832,7000232,12,NULL,NULL,0),(273,150,2,'2022-03-27','2022-03-27','AMR-150',NULL,'DRAFT','UNPAID','NO','NO','<p><strong>Bank Detail</strong></p><p>Name : <strong>AMAR SUPERHARD TOOLS</strong></p><p>Bank : <strong>AXIS BANK</strong></p><p>A\\C No : <strong>918020103188858</strong></p><p>IFSC : <strong>UTIB0003293</strong></p>','fixed',0.00,0,7038000,8304840,1266840,8304840,0,0,'GLV6N74pbMj1x1Dqr8nP',2,'2022-04-08 08:42:59','2022-04-08 08:42:59',1,'invoice1',89,NULL,1.000000,0,7038000,8304840,1266840,8304840,12,NULL,NULL,0),(274,140,2,'2022-03-31','2022-03-31','INV-137',NULL,'DRAFT','UNPAID','0','0','<p><strong>Bank Detail</strong></p><p>NAME : Amar Speciality Chemicals</p><p>Bank Name : AXIS Bank</p><p>A/C No : 921020008506724</p><p>IFSC CODE : UTIB0003293</p>','fixed',0.00,0,3347460,3950003,602543,3950003,0,0,'qP7MVLYGgYmObm1DepN8',1,'2022-04-09 07:15:34','2022-04-09 07:15:34',4,'invoice3',79,NULL,1.000000,0,3347460,3950003,602543,3950003,12,NULL,NULL,0),(275,141,3,'2022-04-09','2022-04-20','INV-139',NULL,'DRAFT','UNPAID','0','0','<p><strong>Bank Detail</strong></p><p>NAME : Amar Speciality Chemicals</p><p>Bank Name : AXIS Bank</p><p>A/C No : 921020008506724</p><p>IFSC CODE : UTIB0003293</p>','fixed',0.00,0,6441000,7600380,1159380,7600380,0,0,'nO6qNrj2xPMMxmeMVvG1',1,'2022-04-09 10:18:02','2022-04-09 10:18:02',4,'invoice3',55,NULL,1.000000,0,6441000,7600380,1159380,7600380,12,NULL,NULL,0),(276,142,4,'2022-04-10','2022-04-17','INV-140',NULL,'DRAFT','UNPAID','0','0','<p><strong>Bank Detail</strong></p><p>NAME : Amar Speciality Chemicals</p><p>Bank Name : AXIS Bank</p><p>A/C No : 921020008506724</p><p>IFSC CODE : UTIB0003293</p>','fixed',0.00,0,6441000,7600380,1159380,7600380,0,0,'pqR81G67x1RPxVrme4PO',1,'2022-04-10 10:50:45','2022-04-10 10:50:45',4,'invoice3',87,NULL,1.000000,0,6441000,7600380,1159380,7600380,12,NULL,NULL,0),(277,151,3,'2022-04-02','2022-04-02','AMR-151',NULL,'DRAFT','UNPAID','NO','NO','<p><strong>Bank Detail</strong></p><p>Name : <strong>AMAR SUPERHARD TOOLS</strong></p><p>Bank : <strong>AXIS BANK</strong></p><p>A\\C No : <strong>918020103188858</strong></p><p>IFSC : <strong>UTIB0003293</strong></p>','fixed',0.00,0,6930000,8177400,1247400,8177400,0,0,'O1e6D4M7x62jgVGY2q8r',2,'2022-04-13 11:31:28','2022-04-13 11:31:28',1,'invoice1',86,NULL,1.000000,0,6930000,8177400,1247400,8177400,12,NULL,NULL,0),(278,152,1,'2022-04-03','2022-04-03','AMR-152',NULL,'DRAFT','UNPAID','NO','NO','<p><strong>Bank Detail</strong></p><p>Name : <strong>AMAR SUPERHARD TOOLS</strong></p><p>Bank : <strong>AXIS BANK</strong></p><p>A\\C No : <strong>918020103188858</strong></p><p>IFSC : <strong>UTIB0003293</strong></p>','fixed',0.00,0,5700000,6726000,1026000,6726000,0,0,'e8V1DGOqxnVRxnjNmpYR',2,'2022-04-13 14:43:34','2022-04-13 14:43:34',1,'invoice1',94,NULL,1.000000,0,5700000,6726000,1026000,6726000,12,NULL,NULL,0),(279,153,1,'2022-04-05','2022-04-05','AMR-153',NULL,'DRAFT','UNPAID','NO','NO','<p><strong>Bank Detail</strong></p><p>Name : <strong>AMAR SUPERHARD TOOLS</strong></p><p>Bank : <strong>AXIS BANK</strong></p><p>A\\C No : <strong>918020103188858</strong></p><p>IFSC : <strong>UTIB0003293</strong></p>','fixed',0.00,0,4560000,5380800,820800,5380800,0,0,'qR842vOYbGP8bePMGLn7',2,'2022-04-13 14:45:04','2022-04-13 14:45:04',1,'invoice1',93,NULL,1.000000,0,4560000,5380800,820800,5380800,12,NULL,NULL,0),(280,154,2,'2022-04-06','2022-04-06','AMR-154',NULL,'DRAFT','UNPAID','NO','NO','<p><strong>Bank Detail</strong></p><p>Name : <strong>AMAR SUPERHARD TOOLS</strong></p><p>Bank : <strong>AXIS BANK</strong></p><p>A\\C No : <strong>918020103188858</strong></p><p>IFSC : <strong>UTIB0003293</strong></p>','fixed',0.00,0,5607000,6616260,1009260,6616260,0,0,'R64pMOj8bvR8be7qDL1N',2,'2022-04-13 14:51:39','2022-04-21 02:17:24',1,'invoice1',69,NULL,1.000000,0,5607000,6616260,1009260,6616260,12,NULL,NULL,0),(281,155,2,'2022-04-09','2022-04-09','AMR-155',NULL,'DRAFT','UNPAID','NO','NO','<p><strong>Bank Detail</strong></p><p>Name : <strong>AMAR SUPERHARD TOOLS</strong></p><p>Bank : <strong>AXIS BANK</strong></p><p>A\\C No : <strong>918020103188858</strong></p><p>IFSC : <strong>UTIB0003293</strong></p>','fixed',0.00,0,7467000,8811060,1344060,8811060,0,0,'27PVveOmgjVYxrNLRG16',2,'2022-04-21 02:20:33','2022-04-21 02:21:56',1,'invoice1',43,NULL,1.000000,0,7467000,8811060,1344060,8811060,12,NULL,NULL,0),(283,143,3,'2022-04-21','2022-04-21','INV-141',NULL,'DRAFT','UNPAID','0','0','<p><strong>Bank Detail</strong></p><p>NAME : Amar Speciality Chemicals</p><p>Bank Name : AXIS Bank</p><p>A/C No : 921020008506724</p><p>IFSC CODE : UTIB0003293</p>','fixed',0.00,0,7839000,9250020,1411020,9250020,0,0,'MYG7qn8Rge8GgPjV6mL4',1,'2022-04-21 06:21:18','2022-04-21 06:28:32',4,'invoice3',51,NULL,1.000000,0,7839000,9250020,1411020,9250020,12,NULL,NULL,0),(284,144,5,'2022-04-22','2022-04-22','INV-142',NULL,'DRAFT','UNPAID','0','0','<p><strong>Bank Detail</strong></p><p>NAME : Amar Speciality Chemicals</p><p>Bank Name : AXIS Bank</p><p>A/C No : 921020008506724</p><p>IFSC CODE : UTIB0003293</p>','fixed',0.00,0,4555000,5374900,819900,5374900,0,0,'ej8R46OMbrR8grPGN1vD',1,'2022-05-01 09:36:02','2022-05-01 09:36:02',4,'invoice3',9,NULL,1.000000,0,4555000,5374900,819900,5374900,12,NULL,NULL,0),(285,145,4,'2022-04-23','2022-04-23','INV-143',NULL,'DRAFT','UNPAID','0','0','<p><strong>Bank Detail</strong></p><p>NAME : Amar Speciality Chemicals</p><p>Bank Name : AXIS Bank</p><p>A/C No : 921020008506724</p><p>IFSC CODE : UTIB0003293</p>','fixed',0.00,0,6169600,7280128,1110528,7280128,0,0,'Nn7G62Dpx7r4grO4LPjV',1,'2022-05-01 09:49:48','2022-05-01 09:49:48',4,'invoice3',12,NULL,1.000000,0,6169600,7280128,1110528,7280128,12,NULL,NULL,0),(287,147,5,'2022-04-25','2022-04-25','INV-145',NULL,'DRAFT','UNPAID','0','0','<p><strong>Bank Detail</strong></p><p>NAME : Amar Speciality Chemicals</p><p>Bank Name : AXIS Bank</p><p>A/C No : 921020008506724</p><p>IFSC CODE : UTIB0003293</p>','fixed',0.00,0,5563241,6564624,1001383,6564624,0,0,'7OVm2e8pgR8Pxq16LrM4',1,'2022-05-01 11:00:24','2022-05-01 11:00:24',4,'invoice3',46,NULL,1.000000,0,5563241,6564624,1001383,6564624,12,NULL,NULL,0),(288,148,3,'2022-04-26','2022-04-26','INV-146',NULL,'DRAFT','UNPAID','0','0','<p><strong>Bank Detail</strong></p><p>NAME : Amar Speciality Chemicals</p><p>Bank Name : AXIS Bank</p><p>A/C No : 921020008506724</p><p>IFSC CODE : UTIB0003293</p>','fixed',0.00,0,4237320,5000038,762718,5000038,0,0,'4Neq6vY1x4nMbjrLDPGR',1,'2022-05-01 11:06:09','2022-05-01 11:06:09',4,'invoice3',72,NULL,1.000000,0,4237320,5000038,762718,5000038,12,NULL,NULL,0),(289,149,1,'2022-04-24','2022-04-24','INV-144',NULL,'DRAFT','UNPAID','0','0','<p><strong>Bank Detail</strong></p><p>NAME : Amar Speciality Chemicals</p><p>Bank Name : AXIS Bank</p><p>A/C No : 921020008506724</p><p>IFSC CODE : UTIB0003293</p>','fixed',0.00,0,889850,1050023,160173,1050023,0,0,'LN76enDVbpnLgRmvj82p',1,'2022-05-01 11:29:09','2022-05-01 11:29:09',4,'invoice3',95,NULL,1.000000,0,889850,1050023,160173,1050023,12,NULL,NULL,0),(290,156,2,'2022-04-10','2022-04-10','AMR-156',NULL,'DRAFT','UNPAID','NO','NO','<p><strong>Bank Detail</strong></p><p>Name : <strong>AMAR SUPERHARD TOOLS</strong></p><p>Bank : <strong>AXIS BANK</strong></p><p>A\\C No : <strong>918020103188858</strong></p><p>IFSC : <strong>UTIB0003293</strong></p>','fixed',0.00,0,5040000,5947200,907200,5947200,0,0,'LVvYq874xVRqgjG2mP6R',2,'2022-05-03 04:22:22','2022-05-04 10:03:12',1,'invoice1',68,NULL,1.000000,0,5040000,5947200,907200,5947200,12,NULL,NULL,0),(291,157,3,'2022-04-12','2022-04-12','AMR-157',NULL,'DRAFT','UNPAID','NO','NO','<p><strong>Bank Detail</strong></p><p>Name : <strong>AMAR SUPERHARD TOOLS</strong></p><p>Bank : <strong>AXIS BANK</strong></p><p>A\\C No : <strong>918020103188858</strong></p><p>IFSC : <strong>UTIB0003293</strong></p>','fixed',0.00,0,6291600,7424088,1132488,7424088,0,0,'nDqORpGYbDqebLev4VPM',2,'2022-05-03 04:23:15','2022-05-03 04:23:42',1,'invoice1',84,NULL,1.000000,0,6291600,7424088,1132488,7424088,12,NULL,NULL,0),(292,158,7,'2022-04-15','2022-04-15','AMR-158',NULL,'DRAFT','UNPAID','NO','NO','<p><strong>Bank Detail</strong></p><p>Name : <strong>AMAR SUPERHARD TOOLS</strong></p><p>Bank : <strong>AXIS BANK</strong></p><p>A\\C No : <strong>918020103188858</strong></p><p>IFSC : <strong>UTIB0003293</strong></p>','fixed',0.00,0,5500000,6490000,990000,6490000,0,0,'NmYv2Lrpg21GbjM4G8P7',2,'2022-05-04 09:56:46','2022-05-04 09:56:46',1,'invoice1',62,NULL,1.000000,0,5500000,6490000,990000,6490000,12,NULL,NULL,0),(293,159,2,'2022-04-20','2022-04-20','AMR-159',NULL,'DRAFT','UNPAID','NO','NO','<p><strong>Bank Detail</strong></p><p>Name : <strong>AMAR SUPERHARD TOOLS</strong></p><p>Bank : <strong>AXIS BANK</strong></p><p>A\\C No : <strong>918020103188858</strong></p><p>IFSC : <strong>UTIB0003293</strong></p>','fixed',0.00,0,5644800,6660864,1016064,6660864,0,0,'6jO2NYr8bNprgmLG4Pep',2,'2022-05-07 06:41:21','2022-05-07 07:20:22',1,'invoice1',82,NULL,1.000000,0,5644800,6660864,1016064,6660864,12,NULL,NULL,0),(294,150,6,'2022-05-08','2022-05-15','INV-147',NULL,'DRAFT','UNPAID','0','0','<p><strong>Bank Detail</strong></p><p>NAME : Amar Speciality Chemicals</p><p>Bank Name : AXIS Bank</p><p>A/C No : 921020008506724</p><p>IFSC CODE : UTIB0003293</p>','fixed',0.00,0,5848000,6900640,1052640,6900640,0,0,'82MORpV4xLpRxnGDr7ve',1,'2022-05-08 05:05:06','2022-05-08 05:05:06',4,'invoice3',15,NULL,1.000000,0,5848000,6900640,1052640,6900640,12,NULL,NULL,0),(295,151,6,'2022-05-08','2022-05-15','INV-148',NULL,'DRAFT','UNPAID','0','0','<p><strong>Bank Detail</strong></p><p>NAME : Amar Speciality Chemicals</p><p>Bank Name : AXIS Bank</p><p>A/C No : 921020008506724</p><p>IFSC CODE : UTIB0003293</p>','fixed',0.00,0,1610500,1900390,289890,1900390,0,0,'ODR8nvGjg8m4bLqp4m26',1,'2022-05-08 05:11:04','2022-05-08 05:11:04',4,'invoice3',46,NULL,1.000000,0,1610500,1900390,289890,1900390,12,NULL,NULL,0),(315,160,3,'2022-05-04','2022-05-04','AMR-160',NULL,'DRAFT','UNPAID','NO','NO','<p><strong>Bank Detail</strong></p><p>Name : <strong>AMAR SUPERHARD TOOLS</strong></p><p>Bank : <strong>AXIS BANK</strong></p><p>A\\C No : <strong>918020103188858</strong></p><p>IFSC : <strong>UTIB0003293</strong></p>','fixed',0.00,0,7038000,8304840,1266840,8304840,0,0,'7OVm2e8pgRe4xq16LrM4',2,'2022-05-30 01:41:37','2022-05-30 01:56:20',1,'invoice1',89,NULL,1.000000,0,7038000,8304840,1266840,8304840,12,NULL,NULL,0),(316,161,3,'2022-05-05','2022-05-05','AMR-161',NULL,'DRAFT','UNPAID','NO','NO','<p><strong>Bank Detail</strong></p><p>Name : <strong>AMAR SUPERHARD TOOLS</strong></p><p>Bank : <strong>AXIS BANK</strong></p><p>A\\C No : <strong>918020103188858</strong></p><p>IFSC : <strong>UTIB0003293</strong></p>','fixed',0.00,0,5904000,6966720,1062720,6966720,0,0,'4Neq6vY1x4GNbjrLDPGR',2,'2022-05-30 21:10:50','2022-05-30 21:10:50',1,'invoice1',71,NULL,1.000000,0,5904000,6966720,1062720,6966720,12,NULL,NULL,0),(318,163,4,'2022-05-10','2022-05-10','AMR-162',NULL,'DRAFT','UNPAID','NO','NO','<p><strong>Bank Detail</strong></p><p>Name : <strong>AMAR SUPERHARD TOOLS</strong></p><p>Bank : <strong>AXIS BANK</strong></p><p>A\\C No : <strong>918020103188858</strong></p><p>IFSC : <strong>UTIB0003293</strong></p>','fixed',0.00,0,7260000,8566800,1306800,8566800,0,0,'LVvYq874xVYmxjG2mP6R',2,'2022-05-30 21:26:11','2022-06-04 06:05:02',1,'invoice1',86,NULL,1.000000,0,7260000,8566800,1306800,8566800,12,NULL,NULL,0),(319,164,1,'2022-05-16','2022-05-16','AMR-163',NULL,'DRAFT','UNPAID','NO','NO','<p><strong>Bank Detail</strong></p><p>Name : <strong>AMAR SUPERHARD TOOLS</strong></p><p>Bank : <strong>AXIS BANK</strong></p><p>A\\C No : <strong>918020103188858</strong></p><p>IFSC : <strong>UTIB0003293</strong></p>','fixed',0.00,0,6741000,7954380,1213380,7954380,0,0,'nDqORpGYbDmDxLev4VPM',2,'2022-05-30 21:44:26','2022-06-07 07:25:11',1,'invoice1',96,NULL,1.000000,0,6741000,7954380,1213380,7954380,12,NULL,NULL,0),(320,152,6,'2022-05-10','2022-06-03','INV 149',NULL,'DRAFT','UNPAID','0','0','<p><strong>Bank Detail</strong></p><p>NAME : Amar Speciality Chemicals</p><p>Bank Name : AXIS Bank</p><p>A/C No : 921020008506724</p><p>IFSC CODE : UTIB0003293</p>','fixed',0.00,0,5775450,6815031,1039581,6815031,0,0,'NmYv2Lrpg26OxjM4G8P7',1,'2022-06-03 00:04:22','2022-06-03 00:04:22',4,'invoice3',9,NULL,1.000000,0,5775450,6815031,1039581,6815031,12,NULL,NULL,0),(321,153,4,'2022-05-12','2022-06-10','INV-150',NULL,'DRAFT','UNPAID','0','0','<p><strong>Bank Detail</strong></p><p>NAME : Amar Speciality Chemicals</p><p>Bank Name : AXIS Bank</p><p>A/C No : 921020008506724</p><p>IFSC CODE : UTIB0003293</p>','fixed',0.00,0,7627400,9000332,1372932,9000332,0,0,'6jO2NYr8bNG6xmLG4Pep',1,'2022-06-03 00:16:16','2022-06-03 00:16:16',4,'invoice3',27,NULL,1.000000,0,7627400,9000332,1372932,9000332,12,NULL,NULL,0),(322,154,5,'2022-05-13','2022-06-10','INV-151',NULL,'DRAFT','UNPAID','0','0','<p><strong>Bank Detail</strong></p><p>NAME : Amar Speciality Chemicals</p><p>Bank Name : AXIS Bank</p><p>A/C No : 921020008506724</p><p>IFSC CODE : UTIB0003293</p>','fixed',0.00,0,6441000,7600380,1159380,7600380,0,0,'82MORpV4xL62gnGDr7ve',1,'2022-06-03 00:23:19','2022-06-03 00:23:19',4,'invoice3',87,NULL,1.000000,0,6441000,7600380,1159380,7600380,12,NULL,NULL,0),(323,165,4,'2022-05-21','2022-05-21','AMR-164',NULL,'DRAFT','UNPAID','NO','NO','<p><strong>Bank Detail</strong></p><p>Name : <strong>AMAR SUPERHARD TOOLS</strong></p><p>Bank : <strong>AXIS BANK</strong></p><p>A\\C No : <strong>918020103188858</strong></p><p>IFSC : <strong>UTIB0003293</strong></p>','fixed',0.00,0,6099000,7196820,1097820,7196820,0,0,'ODR8nvGjg8ergLqp4m26',2,'2022-06-03 09:44:58','2022-06-04 06:07:48',1,'invoice1',32,NULL,1.000000,0,6099000,7196820,1097820,7196820,12,NULL,NULL,0),(324,166,1,'2022-06-04','2022-06-04','AMR-166',NULL,'DRAFT','UNPAID','NO','NO','<p><strong>Bank Detail</strong></p><p>Name : <strong>AMAR SUPERHARD TOOLS</strong></p><p>Bank : <strong>AXIS BANK</strong></p><p>A\\C No : <strong>918020103188858</strong></p><p>IFSC : <strong>UTIB0003293</strong></p>','fixed',0.00,0,6270000,7398600,1128600,7398600,0,0,'q26Ompr4gOv8geVGLnMj',2,'2022-06-04 06:12:47','2022-06-04 06:56:15',1,'invoice1',97,NULL,1.000000,0,6270000,7398600,1128600,7398600,12,NULL,NULL,0),(327,167,8,'2022-05-25','2022-05-25','AMR-165',NULL,'DRAFT','UNPAID','NO','NO','<p><strong>Bank Detail</strong></p><p>Name : <strong>AMAR SUPERHARD TOOLS</strong></p><p>Bank : <strong>AXIS BANK</strong></p><p>A\\C No : <strong>918020103188858</strong></p><p>IFSC : <strong>UTIB0003293</strong></p>','fixed',0.00,0,5500000,6490000,990000,6490000,0,0,'nO6qNrj2xPj7gmeMVvG1',2,'2022-06-08 05:37:42','2022-06-08 05:37:42',1,'invoice1',62,NULL,1.000000,0,5500000,6490000,990000,6490000,12,NULL,NULL,0),(329,168,3,'2022-06-02','2022-06-02','AMR-167',NULL,'DRAFT','UNPAID','NO','NO','<p><strong>Bank Detail</strong></p><p>Name : <strong>AMAR SUPERHARD TOOLS</strong></p><p>Bank : <strong>AXIS BANK</strong></p><p>A\\C No : <strong>918020103188858</strong></p><p>IFSC : <strong>UTIB0003293</strong></p>','fixed',0.00,0,6600000,7788000,1188000,7788000,0,0,'O1e6D4M7x6jMbVGY2q8r',2,'2022-06-17 03:25:02','2022-06-17 03:25:02',1,'invoice1',80,NULL,1.000000,0,6600000,7788000,1188000,7788000,12,NULL,NULL,0),(335,155,6,'2022-06-18','2022-06-18','INV-152',NULL,'DRAFT','UNPAID','0','0','<p><strong>Bank Detail</strong></p><p>NAME : Amar Speciality Chemicals</p><p>Bank Name : AXIS Bank</p><p>A/C No : 921020008506724</p><p>IFSC CODE : UTIB0003293</p>','fixed',0.00,0,6440800,7600144,1159344,7600144,0,0,'MYG7qn8RgepVbPjV6mL4',1,'2022-06-18 02:45:23','2022-06-18 02:47:24',1,'invoice3',87,NULL,1.000000,0,6440800,7600144,1159344,7600144,12,NULL,NULL,0);

--
-- Table structure for table `items`
--

CREATE TABLE `items` (
  `id` int(10) unsigned NOT NULL AUTO_INCREMENT,
  `name` varchar(255) COLLATE utf8_unicode_ci NOT NULL,
  `description` text COLLATE utf8_unicode_ci,
  `price` bigint(20) unsigned NOT NULL,
  `company_id` int(10) unsigned DEFAULT NULL,
  `unit_id` int(10) unsigned DEFAULT NULL,
  `created_at` timestamp NULL DEFAULT NULL,
  `updated_at` timestamp NULL DEFAULT NULL,
  `creator_id` int(10) unsigned DEFAULT NULL,
  `currency_id` int(10) unsigned DEFAULT NULL,
  `tax_per_item` tinyint(1) NOT NULL DEFAULT '0',
  PRIMARY KEY (`id`),
  KEY `items_company_id_foreign` (`company_id`),
  KEY `items_unit_id_foreign` (`unit_id`),
  KEY `items_creator_id_foreign` (`creator_id`),
  KEY `items_currency_id_foreign` (`currency_id`),
  CONSTRAINT `items_company_id_foreign` FOREIGN KEY (`company_id`) REFERENCES `companies` (`id`) ON DELETE CASCADE,
  CONSTRAINT `items_creator_id_foreign` FOREIGN KEY (`creator_id`) REFERENCES `users` (`id`) ON DELETE CASCADE,
  CONSTRAINT `items_currency_id_foreign` FOREIGN KEY (`currency_id`) REFERENCES `currencies` (`id`),
  CONSTRAINT `items_unit_id_foreign` FOREIGN KEY (`unit_id`) REFERENCES `units` (`id`) ON DELETE CASCADE
) ENGINE=InnoDB AUTO_INCREMENT=14 DEFAULT CHARSET=utf8 COLLATE=utf8_unicode_ci;

--
-- Dumping data for table `items`
--

INSERT INTO `items` VALUES (1,'Black Converter','HSN 3204',31400,1,7,'2021-03-25 04:27:48','2022-01-14 12:51:09',1,12,0),(2,'Brown Converter','HSN 3204',40700,1,7,'2021-06-04 09:27:08','2022-01-14 12:51:09',1,12,0),(3,'Z Black Converter','HSN 3204',35600,1,7,'2021-06-04 09:28:41','2022-01-14 12:51:09',1,12,0),(4,'MORE GLOW EPOXY RESIN','HSN 3907',36500,1,14,'2021-06-04 09:30:26','2022-01-17 17:49:21',1,12,0),(5,'FILLING EPOXY','HSN',55100,1,7,'2021-06-04 09:31:43','2022-01-14 12:51:09',1,12,0),(6,'RED CONVERTER','HSN 3204',42400,1,7,'2021-06-04 09:32:23','2022-01-14 12:51:09',1,12,0),(7,'E Black Converter','HSN 3204',42400,1,7,'2021-06-05 01:49:59','2022-01-14 12:51:09',4,12,0),(8,'Stone Cutting Segment','HSN 8202',2800,2,12,'2021-06-18 03:54:00','2022-01-14 12:51:09',5,12,0),(9,'epoxy 35% filling','HSN',55100,1,7,'2021-07-11 02:15:27','2022-01-14 12:51:09',4,12,0),(10,'Gangsaw Segment','23/20X10X4.0/4.5MM\nHSN 8202',3000,2,12,'2021-11-13 02:11:29','2022-01-14 12:51:09',5,12,0),(11,'Segment Wire Rope','11.5MM \nHSN 8202',54000,2,13,'2021-11-13 02:24:03','2022-01-14 12:51:09',5,12,0),(12,'Multi Blade Segment','24X15X7.5/8.5 MM\nHSN 8202',3800,2,12,'2021-11-13 02:25:00','2022-01-14 12:51:09',5,12,0),(13,'Dressing Set','5.5MM',4242,2,12,'2021-12-01 12:11:04','2022-01-14 12:51:09',5,12,0);

--
-- Table structure for table `media`
--

CREATE TABLE `media` (
  `id` bigint(20) unsigned NOT NULL AUTO_INCREMENT,
  `model_type` varchar(255) COLLATE utf8_unicode_ci NOT NULL,
  `model_id` bigint(20) unsigned NOT NULL,
  `collection_name` varchar(255) COLLATE utf8_unicode_ci NOT NULL,
  `name` varchar(255) COLLATE utf8_unicode_ci NOT NULL,
  `file_name` varchar(255) COLLATE utf8_unicode_ci NOT NULL,
  `mime_type` varchar(255) COLLATE utf8_unicode_ci DEFAULT NULL,
  `disk` varchar(255) COLLATE utf8_unicode_ci NOT NULL,
  `size` int(10) unsigned NOT NULL,
  `manipulations` text COLLATE utf8_unicode_ci NOT NULL,
  `custom_properties` text COLLATE utf8_unicode_ci NOT NULL,
  `responsive_images` text COLLATE utf8_unicode_ci NOT NULL,
  `order_column` int(10) unsigned DEFAULT NULL,
  `created_at` timestamp NULL DEFAULT NULL,
  `updated_at` timestamp NULL DEFAULT NULL,
  `uuid` char(36) COLLATE utf8_unicode_ci DEFAULT NULL,
  `conversions_disk` varchar(255) COLLATE utf8_unicode_ci DEFAULT NULL,
  PRIMARY KEY (`id`),
  KEY `media_model_type_model_id_index` (`model_type`,`model_id`)
) ENGINE=InnoDB AUTO_INCREMENT=812 DEFAULT CHARSET=utf8 COLLATE=utf8_unicode_ci;

--
-- Dumping data for table `media`
--

INSERT INTO `media` VALUES (11,'Crater\\Models\\Company',1,'logo','media-library9AG5Z5','amar_speciality_final_large1.png','image/png','public',47126,'[]','[]','[]',8,'2021-06-03 10:43:33','2021-06-03 10:43:33','47f6fdf0-8b7e-4e57-abe4-33ab6bda9755','public'),(120,'Crater\\Models\\Invoice',11,'invoice','temp','INV-2.pdf','application/pdf','temp_local',1239357,'[]','{\"file_disk_id\":2}','[]',10,'2021-06-05 10:51:31','2021-06-05 10:51:31','2cbf0215-8723-48ee-b029-02337af6d8b5','temp_local'),(122,'Crater\\Models\\Invoice',12,'invoice','temp','INV-03.pdf','application/pdf','temp_local',1239360,'[]','{\"file_disk_id\":2}','[]',11,'2021-06-05 10:59:57','2021-06-05 10:59:57','21676bd6-1131-42b1-8216-56761a721a61','temp_local'),(124,'Crater\\Models\\Invoice',13,'invoice','temp','INV-04.pdf','application/pdf','temp_local',1239237,'[]','{\"file_disk_id\":2}','[]',12,'2021-06-05 11:04:40','2021-06-05 11:04:40','9c5f32ab-e507-4938-bb92-a9dba73e8fe9','temp_local'),(126,'Crater\\Models\\Invoice',14,'invoice','temp','INV-05.pdf','application/pdf','temp_local',1239361,'[]','{\"file_disk_id\":2}','[]',13,'2021-06-05 11:12:34','2021-06-05 11:12:34','394ccdc2-d2f3-404c-aa2c-f02ebffcdc82','temp_local'),(128,'Crater\\Models\\Invoice',15,'invoice','temp','INV-06.pdf','application/pdf','temp_local',1239336,'[]','{\"file_disk_id\":2}','[]',14,'2021-06-05 11:17:18','2021-06-05 11:17:18','d832dfb1-9f94-43d6-ade1-487c0585f91f','temp_local'),(130,'Crater\\Models\\Invoice',4,'invoice','temp','INV-1.pdf','application/pdf','temp_local',1239250,'[]','{\"file_disk_id\":2}','[]',15,'2021-06-05 11:19:54','2021-06-05 11:19:54','cf86e521-2c23-4873-a5ef-526ea761924f','temp_local'),(146,'Crater\\Models\\Invoice',17,'invoice','temp','INV-08.pdf','application/pdf','temp_local',1239211,'[]','{\"file_disk_id\":2}','[]',20,'2021-06-10 06:36:50','2021-06-10 06:36:50','be7ffa8b-d400-445e-b2d8-b2096d80d936','temp_local'),(148,'Crater\\Models\\Invoice',19,'invoice','temp','INV-10.pdf','application/pdf','temp_local',1239309,'[]','{\"file_disk_id\":2}','[]',21,'2021-06-10 06:41:30','2021-06-10 06:41:30','b2a1c50b-819a-4b97-950c-a9271746f3c1','temp_local'),(149,'Crater\\Models\\Invoice',18,'invoice','temp','INV-09.pdf','application/pdf','temp_local',1239344,'[]','{\"file_disk_id\":2}','[]',22,'2021-06-10 06:43:29','2021-06-10 06:43:29','3aaddb54-f48d-4104-9a3a-543e4f752147','temp_local'),(151,'Crater\\Models\\Invoice',20,'invoice','temp','INV-11.pdf','application/pdf','temp_local',1239280,'[]','{\"file_disk_id\":2}','[]',24,'2021-06-10 07:20:37','2021-06-10 07:20:37','bee4e1d7-954a-43cf-beac-7270103597cb','temp_local'),(153,'Crater\\Models\\Invoice',21,'invoice','temp','INV-12.pdf','application/pdf','temp_local',1239208,'[]','{\"file_disk_id\":2}','[]',25,'2021-06-12 05:13:50','2021-06-12 05:13:50','2ae243f6-a62d-4696-bbb2-336022f0e168','temp_local'),(157,'Crater\\Models\\Invoice',22,'invoice','temp','INV-13.pdf','application/pdf','temp_local',1239194,'[]','{\"file_disk_id\":2}','[]',26,'2021-06-14 09:06:13','2021-06-14 09:06:13','9b979fe7-35c0-4e5c-a328-aaadbfb79dcf','temp_local'),(159,'Crater\\Models\\Invoice',23,'invoice','temp','INV-14.pdf','application/pdf','temp_local',1239206,'[]','{\"file_disk_id\":2}','[]',27,'2021-06-14 10:34:14','2021-06-14 10:34:14','b4a635af-08ea-4775-b5e6-5f2c9ccb8c13','temp_local'),(173,'Crater\\Models\\Invoice',24,'invoice','temp','INV-15.pdf','application/pdf','temp_local',1239318,'[]','{\"file_disk_id\":2}','[]',28,'2021-06-16 09:36:25','2021-06-16 09:36:25','cc1441cc-d6ba-4b6d-8aed-6dd963e80836','temp_local'),(175,'Crater\\Models\\Invoice',25,'invoice','temp','INV-16.pdf','application/pdf','temp_local',1239148,'[]','{\"file_disk_id\":2}','[]',29,'2021-06-16 09:46:17','2021-06-16 09:46:17','e9de6f40-7f28-47cb-be46-508525e6f3c7','temp_local'),(208,'Crater\\Models\\Invoice',30,'invoice','temp','INV-77.pdf','application/pdf','temp_local',1189424,'[]','{\"file_disk_id\":2}','[]',35,'2021-06-18 08:37:12','2021-06-18 08:37:12','ef4e66f3-b82a-434c-b68f-df6ecb5355c9','temp_local'),(210,'Crater\\Models\\Invoice',31,'invoice','temp','INV-17.pdf','application/pdf','temp_local',1239167,'[]','{\"file_disk_id\":2}','[]',36,'2021-06-19 07:13:45','2021-06-19 07:13:45','f8c2a48d-af51-4b5b-8ada-07554cefe368','temp_local'),(212,'Crater\\Models\\Invoice',32,'invoice','temp','INV-18.pdf','application/pdf','temp_local',1239202,'[]','{\"file_disk_id\":2}','[]',37,'2021-06-20 09:07:51','2021-06-20 09:07:51','22015529-1f65-4d53-9553-a5450ec9584b','temp_local'),(217,'Crater\\Models\\Invoice',35,'invoice','temp','INV-21.pdf','application/pdf','temp_local',1239159,'[]','{\"file_disk_id\":2}','[]',40,'2021-06-26 05:38:22','2021-06-26 05:38:22','1ead7ebb-e7d9-45cb-876a-1dde4eb291ce','temp_local'),(218,'Crater\\Models\\Invoice',33,'invoice','temp','INV-19.pdf','application/pdf','temp_local',1239172,'[]','{\"file_disk_id\":2}','[]',41,'2021-06-26 09:09:04','2021-06-26 09:09:04','be006c16-49aa-4359-a2de-61acb49f9bcf','temp_local'),(219,'Crater\\Models\\Invoice',34,'invoice','temp','INV-20.pdf','application/pdf','temp_local',1239124,'[]','{\"file_disk_id\":2}','[]',42,'2021-06-26 09:11:05','2021-06-26 09:11:05','562aeb9d-d3a0-40f5-817b-40e2ff03cb69','temp_local'),(221,'Crater\\Models\\Invoice',36,'invoice','temp','INV-22.pdf','application/pdf','temp_local',1239192,'[]','{\"file_disk_id\":2}','[]',43,'2021-06-28 06:36:28','2021-06-28 06:36:28','c1bb013c-d982-4b5f-ae73-e9412ededb67','temp_local'),(223,'Crater\\Models\\Invoice',37,'invoice','temp','INV-23.pdf','application/pdf','temp_local',1239122,'[]','{\"file_disk_id\":2}','[]',44,'2021-06-28 10:38:02','2021-06-28 10:38:02','1290440f-61f7-4fc3-be6a-becb82c2cff7','temp_local'),(230,'Crater\\Models\\Invoice',39,'invoice','temp','INV-78.pdf','application/pdf','temp_local',1189390,'[]','{\"file_disk_id\":2}','[]',46,'2021-06-29 07:25:05','2021-06-29 07:25:05','ea3d4c57-6b78-4e56-869e-9796c72c3afd','temp_local'),(233,'Crater\\Models\\Invoice',38,'invoice','temp','INV-24.pdf','application/pdf','temp_local',1239215,'[]','{\"file_disk_id\":2}','[]',48,'2021-07-05 01:12:36','2021-07-05 01:12:36','acfccae5-6c07-4ee6-b924-4b9a091d1703','temp_local'),(246,'Crater\\Models\\Invoice',41,'invoice','temp','INV-79.pdf','application/pdf','temp_local',1189346,'[]','{\"file_disk_id\":2}','[]',57,'2021-07-06 11:39:21','2021-07-06 11:39:21','fa07577d-b4a9-4b0d-9907-f5e1b9cd0461','temp_local'),(248,'Crater\\Models\\Invoice',43,'invoice','temp','INV-81.pdf','application/pdf','temp_local',1189329,'[]','{\"file_disk_id\":2}','[]',59,'2021-07-06 11:39:57','2021-07-06 11:39:57','feaa4ae5-e3a1-46b2-abd6-1b5e1e84ab05','temp_local'),(260,'Crater\\Models\\Invoice',16,'invoice','temp','INV-07.pdf','application/pdf','temp_local',1205956,'[]','{\"file_disk_id\":2}','[]',63,'2021-07-13 04:58:05','2021-07-13 04:58:05','52885a7f-90e6-49a2-a188-f8dd93717ba3','temp_local'),(262,'Crater\\Models\\Invoice',47,'invoice','temp','INV-29.pdf','application/pdf','temp_local',1239141,'[]','{\"file_disk_id\":2}','[]',64,'2021-07-13 05:04:14','2021-07-13 05:04:14','8a5cdb26-025f-4cb9-b88a-679edf7ac704','temp_local'),(263,'Crater\\Models\\Invoice',46,'invoice','temp','INV-28.pdf','application/pdf','temp_local',1239377,'[]','{\"file_disk_id\":2}','[]',65,'2021-07-13 05:43:14','2021-07-13 05:43:14','27faac8a-bf31-409a-86e0-fcf103a93cd3','temp_local'),(264,'Crater\\Models\\Invoice',48,'invoice','temp','INV-30.pdf','application/pdf','temp_local',1239143,'[]','{\"file_disk_id\":2}','[]',66,'2021-07-14 02:25:45','2021-07-14 02:25:45','1eb860c1-00a1-4e7c-84c3-645d76621dc4','temp_local'),(265,'Crater\\Models\\Invoice',49,'invoice','temp','INV-31.pdf','application/pdf','temp_local',1239139,'[]','{\"file_disk_id\":2}','[]',67,'2021-07-14 02:29:52','2021-07-14 02:29:52','4745c2c4-7083-4b2c-8eb1-438d2d521dda','temp_local'),(268,'Crater\\Models\\Invoice',50,'invoice','temp','INV-32.pdf','application/pdf','temp_local',1239205,'[]','{\"file_disk_id\":2}','[]',68,'2021-07-14 11:37:19','2021-07-14 11:37:19','108258fe-6159-488e-9f54-1fcb475fc14f','temp_local'),(269,'Crater\\Models\\Invoice',51,'invoice','temp','INV-33.pdf','application/pdf','temp_local',1239281,'[]','{\"file_disk_id\":2}','[]',69,'2021-07-16 08:29:32','2021-07-16 08:29:32','e5cf214e-2b14-437b-ba44-6b281020fde3','temp_local'),(270,'Crater\\Models\\Invoice',45,'invoice','temp','INV-27.pdf','application/pdf','temp_local',1239160,'[]','{\"file_disk_id\":2}','[]',70,'2021-07-17 06:09:00','2021-07-17 06:09:00','9d1f0d7d-98d1-44ca-9a62-149a13cefbe1','temp_local'),(271,'Crater\\Models\\Invoice',40,'invoice','temp','INV-25.pdf','application/pdf','temp_local',1239181,'[]','{\"file_disk_id\":2}','[]',71,'2021-07-21 09:20:27','2021-07-21 09:20:27','24565606-5026-4b41-ba54-ad7d1fc3ae04','temp_local'),(275,'Crater\\Models\\Invoice',52,'invoice','temp','INV-34.pdf','application/pdf','temp_local',1239365,'[]','{\"file_disk_id\":2}','[]',72,'2021-07-25 06:22:01','2021-07-25 06:22:01','0c2631fa-bc30-4dfb-9ef3-07ebdfda5bd5','temp_local'),(280,'Crater\\Models\\Invoice',54,'invoice','temp','INV-35.pdf','application/pdf','temp_local',1239174,'[]','{\"file_disk_id\":2}','[]',74,'2021-07-30 05:00:03','2021-07-30 05:00:03','640ab294-55b2-4e73-8f2c-aee31b95b007','temp_local'),(289,'Crater\\Models\\Invoice',58,'invoice','temp','INV-84.pdf','application/pdf','temp_local',1189330,'[]','{\"file_disk_id\":2}','[]',82,'2021-07-30 05:56:24','2021-07-30 05:56:24','0d50fd7a-34da-4c25-9c7e-9511ee561da4','temp_local'),(292,'Crater\\Models\\Invoice',53,'invoice','temp','INV-87.pdf','application/pdf','temp_local',1189339,'[]','{\"file_disk_id\":2}','[]',85,'2021-07-30 05:57:12','2021-07-30 05:57:12','ef41b2f3-0af1-4a67-833f-a9d6749d8477','temp_local'),(293,'Crater\\Models\\Invoice',56,'invoice','temp','INV-83.pdf','application/pdf','temp_local',1189353,'[]','{\"file_disk_id\":2}','[]',86,'2021-07-30 06:09:52','2021-07-30 06:09:52','82d9d237-876d-4684-8946-820c8c8fb4d4','temp_local'),(296,'Crater\\Models\\Invoice',61,'invoice','temp','INV-89.pdf','application/pdf','temp_local',1189376,'[]','{\"file_disk_id\":2}','[]',88,'2021-07-30 06:29:38','2021-07-30 06:29:38','7d26ac8b-e041-453c-a303-c6bff007c3e7','temp_local'),(298,'Crater\\Models\\Invoice',62,'invoice','temp','INV-36.pdf','application/pdf','temp_local',1239157,'[]','{\"file_disk_id\":2}','[]',89,'2021-08-02 12:18:04','2021-08-02 12:18:04','877f0c3c-edfb-4245-8921-b6752844295c','temp_local'),(300,'Crater\\Models\\Invoice',63,'invoice','temp','INV-41.pdf','application/pdf','temp_local',1239127,'[]','{\"file_disk_id\":2}','[]',90,'2021-08-03 08:55:55','2021-08-03 08:55:55','2a2ab826-6318-48df-bb2b-e88d0197c32d','temp_local'),(301,'Crater\\Models\\Invoice',64,'invoice','temp','INV-37.pdf','application/pdf','temp_local',1239315,'[]','{\"file_disk_id\":2}','[]',91,'2021-08-03 09:51:57','2021-08-03 09:51:57','24505fcc-3165-4171-897e-fccfe5f33784','temp_local'),(304,'Crater\\Models\\Invoice',65,'invoice','temp','INV-39.pdf','application/pdf','temp_local',1239240,'[]','{\"file_disk_id\":2}','[]',92,'2021-08-03 10:00:14','2021-08-03 10:00:14','1015d135-e85c-41b3-b3b7-a2267f0a0480','temp_local'),(306,'Crater\\Models\\Invoice',66,'invoice','temp','INV-38.pdf','application/pdf','temp_local',1239289,'[]','{\"file_disk_id\":2}','[]',93,'2021-08-03 11:06:36','2021-08-03 11:06:36','50ca7826-d48a-43ec-ab27-c0f5feadca37','temp_local'),(309,'Crater\\Models\\Invoice',67,'invoice','temp','INV-40.pdf','application/pdf','temp_local',1239197,'[]','{\"file_disk_id\":2}','[]',94,'2021-08-06 08:45:06','2021-08-06 08:45:06','a4af0602-582d-4446-9b2e-f27e872f26d5','temp_local'),(310,'Crater\\Models\\Invoice',44,'invoice','temp','INV-26.pdf','application/pdf','temp_local',1205937,'[]','{\"file_disk_id\":2}','[]',95,'2021-08-10 10:45:03','2021-08-10 10:45:03','a1585af1-8c8d-4d3e-b408-14103e5ff519','temp_local'),(311,'Crater\\Models\\Invoice',68,'invoice','temp','INV-42.pdf','application/pdf','temp_local',1239156,'[]','{\"file_disk_id\":2}','[]',96,'2021-08-11 06:45:01','2021-08-11 06:45:01','ea3ab4a5-9686-4bfc-93c8-a6ae027dc3cf','temp_local'),(312,'Crater\\Models\\Invoice',69,'invoice','temp','INV-43.pdf','application/pdf','temp_local',1239147,'[]','{\"file_disk_id\":2}','[]',97,'2021-08-13 09:03:23','2021-08-13 09:03:23','42d5766e-ffd0-4ea8-bff7-c8cff8681aea','temp_local'),(318,'Crater\\Models\\Invoice',73,'invoice','temp','INV-46.pdf','application/pdf','temp_local',1239165,'[]','{\"file_disk_id\":2}','[]',100,'2021-08-29 10:39:26','2021-08-29 10:39:26','8b647007-ad25-4108-9347-b06446f217a8','temp_local'),(320,'Crater\\Models\\Invoice',74,'invoice','temp','INV-47.pdf','application/pdf','temp_local',1239166,'[]','{\"file_disk_id\":2}','[]',101,'2021-08-31 04:58:23','2021-08-31 04:58:23','00b55dd2-3095-4395-814f-80f2d141806b','temp_local'),(323,'Crater\\Models\\Invoice',75,'invoice','temp','INV-48.pdf','application/pdf','temp_local',1239300,'[]','{\"file_disk_id\":2}','[]',104,'2021-09-01 02:51:37','2021-09-01 02:51:37','1bc7e1c8-a095-4774-9b7e-321a9304c295','temp_local'),(325,'Crater\\Models\\Invoice',77,'invoice','temp','INV-50.pdf','application/pdf','temp_local',1239374,'[]','{\"file_disk_id\":2}','[]',105,'2021-09-02 12:14:49','2021-09-02 12:14:49','7f901bba-9be7-41dc-845e-b6444db4f578','temp_local'),(327,'Crater\\Models\\Invoice',79,'invoice','temp','INV-52.pdf','application/pdf','temp_local',1239144,'[]','{\"file_disk_id\":2}','[]',107,'2021-09-04 04:46:12','2021-09-04 04:46:12','f5d690fb-7b93-450e-a439-be65c01a746d','temp_local'),(328,'Crater\\Models\\Invoice',80,'invoice','temp','INV-53.pdf','application/pdf','temp_local',1239309,'[]','{\"file_disk_id\":2}','[]',108,'2021-09-04 10:05:58','2021-09-04 10:05:58','5d3112be-0247-49f3-a4ef-8b1d64566c7a','temp_local'),(331,'Crater\\Models\\Invoice',82,'invoice','temp','INV-55.pdf','application/pdf','temp_local',1239158,'[]','{\"file_disk_id\":2}','[]',110,'2021-09-05 02:24:51','2021-09-05 02:24:51','974e13d1-b503-4f42-ba52-9f1eab6bdb69','temp_local'),(333,'Crater\\Models\\Invoice',83,'invoice','temp','INV-56.pdf','application/pdf','temp_local',1239276,'[]','{\"file_disk_id\":2}','[]',111,'2021-09-05 02:31:41','2021-09-05 02:31:41','d2e6b610-b6d6-45e7-980d-8bfbea6c94f7','temp_local'),(335,'Crater\\Models\\Invoice',85,'invoice','temp','INV-58.pdf','application/pdf','temp_local',1239293,'[]','{\"file_disk_id\":2}','[]',113,'2021-09-05 02:50:54','2021-09-05 02:50:54','e68e2589-8411-4da4-8d7c-a2800b516916','temp_local'),(337,'Crater\\Models\\Invoice',78,'invoice','temp','INV-51.pdf','application/pdf','temp_local',1239236,'[]','{\"file_disk_id\":2}','[]',115,'2021-09-05 02:58:54','2021-09-05 02:58:54','3063bae0-4a7b-4565-9fa7-413d6ac60ebe','temp_local'),(338,'Crater\\Models\\Invoice',72,'invoice','temp','INV-45.pdf','application/pdf','temp_local',1239380,'[]','{\"file_disk_id\":2}','[]',116,'2021-09-05 03:01:32','2021-09-05 03:01:32','d6d0929e-8b50-43c0-8eed-de2578942ea4','temp_local'),(339,'Crater\\Models\\Invoice',81,'invoice','temp','INV-54.pdf','application/pdf','temp_local',1239291,'[]','{\"file_disk_id\":2}','[]',117,'2021-09-05 03:02:40','2021-09-05 03:02:40','ea29bd61-dc06-45b9-bd29-90823b3e2b82','temp_local'),(346,'Crater\\Models\\Invoice',91,'invoice','temp','INV-60.pdf','application/pdf','temp_local',1239178,'[]','{\"file_disk_id\":2}','[]',122,'2021-09-06 02:17:16','2021-09-06 02:17:16','d9c44ee7-3fd7-413d-bca0-1439114a9a99','temp_local'),(354,'Crater\\Models\\Invoice',88,'invoice','temp','INV-91.pdf','application/pdf','temp_local',1189348,'[]','{\"file_disk_id\":2}','[]',128,'2021-09-07 06:30:07','2021-09-07 06:30:07','a12da29b-a1f0-41ba-87c8-1f6c2e6d8822','temp_local'),(355,'Crater\\Models\\Invoice',71,'invoice','temp','INV-44.pdf','application/pdf','temp_local',1239313,'[]','{\"file_disk_id\":2}','[]',129,'2021-09-07 09:36:30','2021-09-07 09:36:30','4d3f86a9-2121-42e7-ac4e-f998f18b9c97','temp_local'),(357,'Crater\\Models\\Invoice',93,'invoice','temp','INV-59.pdf','application/pdf','temp_local',1239137,'[]','{\"file_disk_id\":2}','[]',130,'2021-09-08 11:08:23','2021-09-08 11:08:23','773d8aeb-1183-4019-aa02-ba3f516ac13a','temp_local'),(359,'Crater\\Models\\Invoice',95,'invoice','temp','INV-63.pdf','application/pdf','temp_local',1239283,'[]','{\"file_disk_id\":2}','[]',132,'2021-09-09 05:46:46','2021-09-09 05:46:46','57bf2bda-8a2a-4a2c-ac82-a36d7f1b81f9','temp_local'),(362,'Crater\\Models\\Invoice',96,'invoice','temp','INV-64.pdf','application/pdf','temp_local',1239329,'[]','{\"file_disk_id\":2}','[]',133,'2021-09-09 06:42:56','2021-09-09 06:42:56','bd6422d7-1002-441d-a803-7c1ced8e00b2','temp_local'),(364,'Crater\\Models\\Invoice',89,'invoice','temp','INV-92.pdf','application/pdf','temp_local',1189312,'[]','{\"file_disk_id\":2}','[]',135,'2021-09-12 06:28:43','2021-09-12 06:28:43','8bc126a5-a392-4f80-a22a-fa6fc24cf814','temp_local'),(365,'Crater\\Models\\Invoice',84,'invoice','temp','INV-57.pdf','application/pdf','temp_local',1239230,'[]','{\"file_disk_id\":2}','[]',136,'2021-09-12 11:08:16','2021-09-12 11:08:16','044ccfe3-e719-4cac-bc2a-1f51aca7285b','temp_local'),(366,'Crater\\Models\\Invoice',87,'invoice','temp','INV-90.pdf','application/pdf','temp_local',1189294,'[]','{\"file_disk_id\":2}','[]',137,'2021-09-12 11:25:32','2021-09-12 11:25:32','b4521ac0-901e-4ac8-b41c-05f6a2b29454','temp_local'),(368,'Crater\\Models\\Invoice',97,'invoice','temp','INV-65.pdf','application/pdf','temp_local',1239332,'[]','{\"file_disk_id\":2}','[]',138,'2021-09-14 04:06:58','2021-09-14 04:06:58','4b22987e-0e76-4423-b804-22e65003fea0','temp_local'),(370,'Crater\\Models\\Invoice',98,'invoice','temp','INV-66.pdf','application/pdf','temp_local',1239136,'[]','{\"file_disk_id\":2}','[]',139,'2021-09-14 10:00:49','2021-09-14 10:00:49','7157fbb8-383d-45f0-9172-3d7b5d70a24d','temp_local'),(372,'Crater\\Models\\Invoice',99,'invoice','temp','INV-67.pdf','application/pdf','temp_local',1239177,'[]','{\"file_disk_id\":2}','[]',140,'2021-09-15 10:30:20','2021-09-15 10:30:20','b9f46b3e-7ec4-458e-804e-bd4ce2e87ccc','temp_local'),(373,'Crater\\Models\\Invoice',76,'invoice','temp','INV-49.pdf','application/pdf','temp_local',1239290,'[]','{\"file_disk_id\":2}','[]',141,'2021-09-15 10:32:52','2021-09-15 10:32:52','68351dd2-a493-4b83-aad2-fe6e5ab69484','temp_local'),(376,'Crater\\Models\\Invoice',100,'invoice','temp','INV-68.pdf','application/pdf','temp_local',1239171,'[]','{\"file_disk_id\":2}','[]',144,'2021-09-17 03:58:32','2021-09-17 03:58:32','563d85b8-900c-4785-8b7a-2a19c5aada79','temp_local'),(377,'Crater\\Models\\Invoice',101,'invoice','temp','INV-69.pdf','application/pdf','temp_local',1239259,'[]','{\"file_disk_id\":2}','[]',145,'2021-09-17 04:00:19','2021-09-17 04:00:19','35865ed8-7812-4c00-970e-c686e51cdde3','temp_local'),(378,'Crater\\Models\\Invoice',59,'invoice','temp','INV-86.pdf','application/pdf','temp_local',1189351,'[]','{\"file_disk_id\":2}','[]',146,'2021-09-17 07:51:38','2021-09-17 07:51:38','316abcc1-09a4-4818-baa5-aaaa66fbd36f','temp_local'),(379,'Crater\\Models\\Invoice',92,'invoice','temp','INV-61.pdf','application/pdf','temp_local',1239180,'[]','{\"file_disk_id\":2}','[]',147,'2021-09-17 08:40:24','2021-09-17 08:40:24','ec08d376-18c2-40e9-87b3-d6ca96580e38','temp_local'),(381,'Crater\\Models\\Invoice',102,'invoice','temp','INV-70.pdf','application/pdf','temp_local',1239144,'[]','{\"file_disk_id\":2}','[]',148,'2021-09-18 05:17:02','2021-09-18 05:17:02','b0508b15-57af-4859-99f4-f8d0330af355','temp_local'),(384,'Crater\\Models\\Invoice',103,'invoice','temp','INV-71.pdf','application/pdf','temp_local',1239136,'[]','{\"file_disk_id\":2}','[]',149,'2021-09-20 05:55:31','2021-09-20 05:55:31','c45e0b9f-9957-4c45-8451-d04cbfcd6be0','temp_local'),(386,'Crater\\Models\\Invoice',104,'invoice','temp','INV-72.pdf','application/pdf','temp_local',1239144,'[]','{\"file_disk_id\":2}','[]',150,'2021-09-21 02:24:02','2021-09-21 02:24:02','4e1457dc-be6e-4da4-abe3-4fe9e65e8a9c','temp_local'),(388,'Crater\\Models\\Invoice',105,'invoice','temp','INV-73.pdf','application/pdf','temp_local',1239159,'[]','{\"file_disk_id\":2}','[]',151,'2021-09-21 11:39:13','2021-09-21 11:39:13','7732cbb3-4b52-455d-b31f-c07a4753bd94','temp_local'),(389,'Crater\\Models\\Invoice',106,'invoice','temp','INV-74.pdf','application/pdf','temp_local',1239150,'[]','{\"file_disk_id\":2}','[]',152,'2021-09-21 13:08:46','2021-09-21 13:08:46','0c77823f-3000-4710-ad82-bec02d9b008a','temp_local'),(391,'Crater\\Models\\Invoice',107,'invoice','temp','INV-75.pdf','application/pdf','temp_local',1239266,'[]','{\"file_disk_id\":2}','[]',153,'2021-09-22 03:45:04','2021-09-22 03:45:04','33850a4d-5b43-474d-95e0-4db00f3d3519','temp_local'),(400,'Crater\\Models\\Invoice',109,'invoice','temp','INV-94.pdf','application/pdf','temp_local',1189336,'[]','{\"file_disk_id\":2}','[]',157,'2021-09-23 06:28:47','2021-09-23 06:28:47','a9c0adcc-143e-432b-a363-7b45cc87193f','temp_local'),(401,'Crater\\Models\\Invoice',57,'invoice','temp','INV-85.pdf','application/pdf','temp_local',1189279,'[]','{\"file_disk_id\":2}','[]',158,'2021-09-24 08:36:16','2021-09-24 08:36:16','75ee090d-fc5c-4ff9-81a6-97b29693bf58','temp_local'),(406,'Crater\\Models\\Payment',1,'payment','temp','PAY-1.pdf','application/pdf','temp_local',918763,'[]','{\"file_disk_id\":2}','[]',160,'2021-09-29 02:24:22','2021-09-29 02:24:22','2baaccd2-c782-4983-9324-3ba9a433bba5','temp_local'),(408,'Crater\\Models\\Payment',2,'payment','temp','PAY-2.pdf','application/pdf','temp_local',918763,'[]','{\"file_disk_id\":2}','[]',161,'2021-09-29 02:24:52','2021-09-29 02:24:52','63419d24-496c-4789-86ec-57e453a48de9','temp_local'),(410,'Crater\\Models\\Invoice',112,'invoice','temp','INV-78.pdf','application/pdf','temp_local',1239169,'[]','{\"file_disk_id\":2}','[]',163,'2021-10-01 01:17:41','2021-10-01 01:17:41','b194e3b4-4dd7-440b-b5a1-8e34ed3772b5','temp_local'),(413,'Crater\\Models\\Invoice',113,'invoice','temp','INV-79.pdf','application/pdf','temp_local',1239191,'[]','{\"file_disk_id\":2}','[]',164,'2021-10-01 01:45:28','2021-10-01 01:45:28','62273819-6e64-4436-8546-c51741230b59','temp_local'),(414,'Crater\\Models\\Invoice',114,'invoice','temp','INV-80.pdf','application/pdf','temp_local',1239178,'[]','{\"file_disk_id\":2}','[]',165,'2021-10-01 01:48:50','2021-10-01 01:48:50','3707639b-b73d-467b-87b3-f1dffb2694ab','temp_local'),(416,'Crater\\Models\\Invoice',115,'invoice','temp','INV-81.pdf','application/pdf','temp_local',1239316,'[]','{\"file_disk_id\":2}','[]',166,'2021-10-01 01:57:02','2021-10-01 01:57:02','e55a4fbd-23d0-4648-b84e-440dc735707c','temp_local'),(417,'Crater\\Models\\Invoice',116,'invoice','temp','INV-82.pdf','application/pdf','temp_local',1239167,'[]','{\"file_disk_id\":2}','[]',167,'2021-10-01 02:09:14','2021-10-01 02:09:14','d4f881cb-474f-41d1-a5ed-cdc37d964e30','temp_local'),(418,'Crater\\Models\\Invoice',117,'invoice','temp','INV-83.pdf','application/pdf','temp_local',1239166,'[]','{\"file_disk_id\":2}','[]',168,'2021-10-03 09:01:31','2021-10-03 09:01:31','e70db1be-51f9-4a20-95a5-e1ea3bc92d0c','temp_local'),(419,'Crater\\Models\\Invoice',118,'invoice','temp','INV-84.pdf','application/pdf','temp_local',1239144,'[]','{\"file_disk_id\":2}','[]',169,'2021-10-03 09:07:27','2021-10-03 09:07:27','412593d4-f43b-4eba-a668-791e1aef9f7a','temp_local'),(431,'Crater\\Models\\Invoice',121,'invoice','temp','AMR-97.pdf','application/pdf','temp_local',1189272,'[]','{\"file_disk_id\":2}','[]',175,'2021-10-05 12:11:41','2021-10-05 12:11:41','6490fb26-f488-4902-bd3d-0c41434b8d6d','temp_local'),(432,'Crater\\Models\\Invoice',119,'invoice','temp','AMR-95.pdf','application/pdf','temp_local',1189272,'[]','{\"file_disk_id\":2}','[]',176,'2021-10-05 12:11:58','2021-10-05 12:11:58','1d5ca279-a066-442c-9fd5-2b67d933bb66','temp_local'),(433,'Crater\\Models\\Invoice',120,'invoice','temp','AMR-96.pdf','application/pdf','temp_local',1189327,'[]','{\"file_disk_id\":2}','[]',177,'2021-10-05 12:19:05','2021-10-05 12:19:05','16750add-09ba-4870-b876-68a6fa59d103','temp_local'),(435,'Crater\\Models\\Invoice',122,'invoice','temp','AMR-98.pdf','application/pdf','temp_local',1189323,'[]','{\"file_disk_id\":2}','[]',178,'2021-10-05 12:36:01','2021-10-05 12:36:01','68af98fb-2340-4da8-8ed4-0a32bc468aac','temp_local'),(436,'Crater\\Models\\Invoice',123,'invoice','temp','INV-85.pdf','application/pdf','temp_local',1239159,'[]','{\"file_disk_id\":2}','[]',179,'2021-10-09 09:02:21','2021-10-09 09:02:21','72eafd6e-1cda-4333-8021-2d8458e8635f','temp_local'),(437,'Crater\\Models\\Invoice',111,'invoice','temp','INV-77.pdf','application/pdf','temp_local',1239277,'[]','{\"file_disk_id\":2}','[]',180,'2021-10-09 09:07:04','2021-10-09 09:07:04','3c100e64-9023-4c63-a2e9-a8e1d3c03a47','temp_local'),(443,'Crater\\Models\\Payment',3,'payment','temp','PAY-3.pdf','application/pdf','temp_local',918777,'[]','{\"file_disk_id\":2}','[]',182,'2021-10-10 02:28:18','2021-10-10 02:28:18','3aa973f8-cf40-4ee9-9329-539253812f9d','temp_local'),(445,'Crater\\Models\\Payment',4,'payment','temp','PAY-4.pdf','application/pdf','temp_local',918773,'[]','{\"file_disk_id\":2}','[]',183,'2021-10-10 02:29:22','2021-10-10 02:29:22','22091cd3-9d23-482b-96e5-0e8f2e609eb8','temp_local'),(447,'Crater\\Models\\Payment',5,'payment','temp','PAY-5.pdf','application/pdf','temp_local',918768,'[]','{\"file_disk_id\":2}','[]',184,'2021-10-10 02:31:01','2021-10-10 02:31:01','3260a1c5-13ce-467b-93da-5f625585dee1','temp_local'),(448,'Crater\\Models\\Invoice',94,'invoice','temp','INV-62.pdf','application/pdf','temp_local',1239253,'[]','{\"file_disk_id\":2}','[]',185,'2021-10-12 16:18:42','2021-10-12 16:18:42','9e40d7b7-2e47-48da-bb6e-971273f10513','temp_local'),(449,'Crater\\Models\\Invoice',110,'invoice','temp','INV-76.pdf','application/pdf','temp_local',1239284,'[]','{\"file_disk_id\":2}','[]',186,'2021-10-12 16:19:54','2021-10-12 16:19:54','a39098bb-7be5-40b7-b767-1cdf49b63ca6','temp_local'),(452,'Crater\\Models\\Invoice',42,'invoice','temp','AMR-80.pdf','application/pdf','temp_local',1189316,'[]','{\"file_disk_id\":2}','[]',188,'2021-10-18 06:09:37','2021-10-18 06:09:37','95489bb4-5072-454c-b772-5ddbe64a621f','temp_local'),(454,'Crater\\Models\\Invoice',125,'invoice','temp','INV-86.pdf','application/pdf','temp_local',1239171,'[]','{\"file_disk_id\":2}','[]',189,'2021-10-18 06:17:25','2021-10-18 06:17:25','a1ae8442-f697-4d23-b2bd-b8fe196022fe','temp_local'),(455,'Crater\\Models\\Invoice',60,'invoice','temp','AMR-88.pdf','application/pdf','temp_local',1189298,'[]','{\"file_disk_id\":2}','[]',190,'2021-10-22 03:35:58','2021-10-22 03:35:58','18d8e117-39d0-403f-9942-6032031cbedb','temp_local'),(456,'Crater\\Models\\Invoice',126,'invoice','temp','INV-87.pdf','application/pdf','temp_local',1239135,'[]','{\"file_disk_id\":2}','[]',191,'2021-10-24 10:24:40','2021-10-24 10:24:40','69ed1482-8a25-4313-a928-be1802433740','temp_local'),(468,'Crater\\Models\\Invoice',127,'invoice','temp','AMR-100.pdf','application/pdf','temp_local',1189316,'[]','{\"file_disk_id\":2}','[]',201,'2021-10-30 05:23:03','2021-10-30 05:23:03','e96fe998-1dfb-4bd9-91c9-c0e3d58071fe','temp_local'),(469,'Crater\\Models\\Invoice',128,'invoice','temp','AMR-101.pdf','application/pdf','temp_local',1189326,'[]','{\"file_disk_id\":2}','[]',202,'2021-10-30 05:23:15','2021-10-30 05:23:15','1759ae00-21ba-48f9-b26b-8a381719a656','temp_local'),(472,'Crater\\Models\\Invoice',131,'invoice','temp','AMR-104.pdf','application/pdf','temp_local',1189300,'[]','{\"file_disk_id\":2}','[]',205,'2021-10-30 05:23:49','2021-10-30 05:23:49','e5e49825-32da-44a5-9758-bd123bb4019f','temp_local'),(474,'Crater\\Models\\Invoice',130,'invoice','temp','AMR-103.pdf','application/pdf','temp_local',1189303,'[]','{\"file_disk_id\":2}','[]',207,'2021-10-30 05:35:18','2021-10-30 05:35:18','057534d1-a863-48d8-a10d-620b12d48436','temp_local'),(476,'Crater\\Models\\Invoice',132,'invoice','temp','INV-88.pdf','application/pdf','temp_local',1239325,'[]','{\"file_disk_id\":2}','[]',209,'2021-10-31 02:17:45','2021-10-31 02:17:45','19974050-699a-41b4-b7fc-8f2442e1f494','temp_local'),(477,'Crater\\Models\\Invoice',133,'invoice','temp','INV-89.pdf','application/pdf','temp_local',1239145,'[]','{\"file_disk_id\":2}','[]',210,'2021-10-31 02:39:18','2021-10-31 02:39:18','fc9c6a7d-b4a6-4056-84b4-0c887cd52463','temp_local'),(478,'Crater\\Models\\Invoice',134,'invoice','temp','INV-90.pdf','application/pdf','temp_local',1239151,'[]','{\"file_disk_id\":2}','[]',211,'2021-11-08 06:58:49','2021-11-08 06:58:49','d9038520-7fa9-4464-9835-e5221e64bc95','temp_local'),(479,'Crater\\Models\\Invoice',124,'invoice','temp','AMR-99.pdf','application/pdf','temp_local',1189302,'[]','{\"file_disk_id\":2}','[]',212,'2021-11-09 08:08:27','2021-11-09 08:08:27','ac629e23-292b-422f-99f9-ef02436b9f8c','temp_local'),(480,'Crater\\Models\\Invoice',135,'invoice','temp','INV-91.pdf','application/pdf','temp_local',1239178,'[]','{\"file_disk_id\":2}','[]',213,'2021-11-10 09:03:12','2021-11-10 09:03:12','79ac32ee-52ab-48ae-a76b-9c60b39b2104','temp_local'),(487,'Crater\\Models\\Invoice',139,'invoice','temp','INV-92.pdf','application/pdf','temp_local',1239125,'[]','{\"file_disk_id\":2}','[]',215,'2021-11-13 10:01:02','2021-11-13 10:01:02','03251dae-0028-4b50-8982-4cfacb43b12f','temp_local'),(496,'Crater\\Models\\Invoice',141,'invoice','temp','AMR-108.pdf','application/pdf','temp_local',1189339,'[]','{\"file_disk_id\":2}','[]',221,'2021-12-01 12:08:21','2021-12-01 12:08:21','934558b5-a753-4a4f-b004-b67e862c2525','temp_local'),(500,'Crater\\Models\\Invoice',108,'invoice','temp','AMR-93.pdf','application/pdf','temp_local',1189317,'[]','{\"file_disk_id\":2}','[]',224,'2021-12-02 04:39:46','2021-12-02 04:39:46','5e64f9a1-085f-4fac-af18-20934253199d','temp_local'),(502,'Crater\\Models\\Invoice',144,'invoice','temp','INV-93.pdf','application/pdf','temp_local',1239245,'[]','{\"file_disk_id\":2}','[]',225,'2021-12-02 10:24:00','2021-12-02 10:24:00','a32d96eb-83ea-4ebf-b1c3-2a9e31f00fc8','temp_local'),(503,'Crater\\Models\\Invoice',145,'invoice','temp','INV-96.pdf','application/pdf','temp_local',1239153,'[]','{\"file_disk_id\":2}','[]',226,'2021-12-03 09:59:27','2021-12-03 09:59:27','4f44bf37-2388-49d7-9990-bcdbd96832c8','temp_local'),(504,'Crater\\Models\\Invoice',146,'invoice','temp','INV-94.pdf','application/pdf','temp_local',1239248,'[]','{\"file_disk_id\":2}','[]',227,'2021-12-03 10:08:34','2021-12-03 10:08:34','bd9b7045-203a-4068-aaf8-c5f9a8d00f3c','temp_local'),(505,'Crater\\Models\\Invoice',147,'invoice','temp','INV-95.pdf','application/pdf','temp_local',1239253,'[]','{\"file_disk_id\":2}','[]',228,'2021-12-09 02:58:27','2021-12-09 02:58:27','273292ca-6381-4fa4-972f-29ff36e32b47','temp_local'),(515,'Crater\\Models\\Invoice',140,'invoice','temp','AMR-105.pdf','application/pdf','temp_local',1189335,'[]','{\"file_disk_id\":2}','[]',235,'2021-12-11 10:36:24','2021-12-11 10:36:24','7ebf7f1c-4c41-46c0-ab07-cac56c998895','temp_local'),(516,'Crater\\Models\\Invoice',138,'invoice','temp','AMR-106.pdf','application/pdf','temp_local',1189311,'[]','{\"file_disk_id\":2}','[]',236,'2021-12-11 10:36:39','2021-12-11 10:36:39','f444b223-ccf0-4baf-ac57-fc169e49eb62','temp_local'),(517,'Crater\\Models\\Invoice',142,'invoice','temp','AMR-107.pdf','application/pdf','temp_local',1189315,'[]','{\"file_disk_id\":2}','[]',237,'2021-12-11 10:37:05','2021-12-11 10:37:05','22e76f39-7d9d-4d85-b0c3-968bebd9511d','temp_local'),(521,'Crater\\Models\\Invoice',153,'invoice','temp','INV-97.pdf','application/pdf','temp_local',1239144,'[]','{\"file_disk_id\":2}','[]',239,'2021-12-16 07:27:52','2021-12-16 07:27:52','afad2788-5da1-4161-aaa6-b5db66003213','temp_local'),(522,'Crater\\Models\\Invoice',151,'invoice','temp','AMR-113.pdf','application/pdf','temp_local',1189337,'[]','{\"file_disk_id\":2}','[]',240,'2021-12-16 07:41:40','2021-12-16 07:41:40','440c3be5-5894-437e-9006-e91536e269c4','temp_local'),(525,'Crater\\Models\\Invoice',149,'invoice','temp','AMR-112.pdf','application/pdf','temp_local',1189283,'[]','{\"file_disk_id\":2}','[]',243,'2021-12-16 07:47:40','2021-12-16 07:47:40','03806ce4-7f0b-4ed6-b4a7-563d8eb01056','temp_local'),(526,'Crater\\Models\\Invoice',148,'invoice','temp','AMR-110.pdf','application/pdf','temp_local',1189290,'[]','{\"file_disk_id\":2}','[]',244,'2021-12-16 07:47:55','2021-12-16 07:47:55','b6b34186-96c8-4ed2-8558-f9c8a2c7d396','temp_local'),(528,'Crater\\Models\\Invoice',154,'invoice','temp','INV-98.pdf','application/pdf','temp_local',1239175,'[]','{\"file_disk_id\":2}','[]',245,'2021-12-17 07:33:06','2021-12-17 07:33:06','0acbaaf2-52fb-4ec9-acbc-b03ae1e44f34','temp_local'),(529,'Crater\\Models\\Invoice',155,'invoice','temp','INV-99.pdf','application/pdf','temp_local',1239249,'[]','{\"file_disk_id\":2}','[]',246,'2021-12-17 13:52:04','2021-12-17 13:52:04','fd789be5-e0dc-4fb5-8b66-61a3b044703e','temp_local'),(539,'Crater\\Models\\Invoice',152,'invoice','temp','AMR-114.pdf','application/pdf','temp_local',1189370,'[]','{\"file_disk_id\":2}','[]',254,'2021-12-23 06:27:09','2021-12-23 06:27:09','5b33bb2a-e205-4518-9e2c-5cc019b9ec3a','temp_local'),(541,'Crater\\Models\\Invoice',160,'invoice','temp','AMR-119.pdf','application/pdf','temp_local',1189330,'[]','{\"file_disk_id\":2}','[]',255,'2021-12-23 11:27:52','2021-12-23 11:27:52','e919f20c-670c-41ad-90fb-4a7a83175c08','temp_local'),(542,'Crater\\Models\\Invoice',129,'invoice','temp','AMR-102.pdf','application/pdf','temp_local',1189309,'[]','{\"file_disk_id\":2}','[]',256,'2021-12-24 07:02:36','2021-12-24 07:02:36','35d2c18e-92ea-4023-bf1e-44165eafb228','temp_local'),(548,'Crater\\Models\\Invoice',161,'invoice','temp','AMR-120.pdf','application/pdf','temp_local',1189343,'[]','{\"file_disk_id\":2}','[]',259,'2022-01-03 06:38:18','2022-01-03 06:38:18','b8f11ef4-2718-4c05-832c-4a9bf8358604','temp_local'),(549,'Crater\\Models\\Invoice',162,'invoice','temp','INV-100.pdf','application/pdf','temp_local',1239134,'[]','{\"file_disk_id\":2}','[]',260,'2022-01-03 07:56:45','2022-01-03 07:56:45','a945ae6a-2cce-406d-8f52-bafbfb439863','temp_local'),(552,'Crater\\Models\\Invoice',164,'invoice','temp','INV-101.pdf','application/pdf','temp_local',1239312,'[]','{\"file_disk_id\":2}','[]',262,'2022-01-03 08:18:52','2022-01-03 08:18:52','71186e18-d763-4fa1-993d-bed2afbd1f65','temp_local'),(553,'Crater\\Models\\Invoice',165,'invoice','temp','INV-102.pdf','application/pdf','temp_local',1239165,'[]','{\"file_disk_id\":2}','[]',263,'2022-01-03 08:28:44','2022-01-03 08:28:44','4750e940-5ba3-4585-854e-41f8a1d48193','temp_local'),(554,'Crater\\Models\\Invoice',166,'invoice','temp','INV-103.pdf','application/pdf','temp_local',1239156,'[]','{\"file_disk_id\":2}','[]',264,'2022-01-03 09:10:12','2022-01-03 09:10:12','f36ff06a-72d8-4459-9a28-f44fc4564815','temp_local'),(555,'Crater\\Models\\Invoice',167,'invoice','temp','INV-104.pdf','application/pdf','temp_local',1239168,'[]','{\"file_disk_id\":2}','[]',265,'2022-01-03 09:15:09','2022-01-03 09:15:09','00f9f069-8318-410e-965f-6e423a8df373','temp_local'),(557,'Crater\\Models\\Invoice',157,'invoice','temp','AMR-116.pdf','application/pdf','temp_local',1189318,'[]','{\"file_disk_id\":2}','[]',266,'2022-01-03 10:22:35','2022-01-03 10:22:35','71e04a1d-ecfc-4152-80d0-982e1cff13e8','temp_local'),(559,'Crater\\Models\\Invoice',150,'invoice','temp','AMR-111.pdf','application/pdf','temp_local',1189346,'[]','{\"file_disk_id\":2}','[]',268,'2022-01-03 10:30:01','2022-01-03 10:30:01','2a92c858-f159-43cc-87dc-3b1043aa921d','temp_local'),(561,'Crater\\Models\\Invoice',158,'invoice','temp','AMR-117.pdf','application/pdf','temp_local',1189339,'[]','{\"file_disk_id\":2}','[]',270,'2022-01-03 10:33:42','2022-01-03 10:33:42','2f85885a-eb85-4257-9db9-df7c9e426e5c','temp_local'),(562,'Crater\\Models\\Invoice',159,'invoice','temp','AMR-118.pdf','application/pdf','temp_local',1189305,'[]','{\"file_disk_id\":2}','[]',271,'2022-01-03 10:33:57','2022-01-03 10:33:57','066f47d8-b708-431c-b4d6-33958c9b2213','temp_local'),(563,'Crater\\Models\\Invoice',163,'invoice','temp','AMR-121.pdf','application/pdf','temp_local',1189313,'[]','{\"file_disk_id\":2}','[]',272,'2022-01-03 10:34:19','2022-01-03 10:34:19','bbff497a-5075-4ffe-8d6a-326c063052d8','temp_local'),(564,'Crater\\Models\\Invoice',143,'invoice','temp','AMR-109.pdf','application/pdf','temp_local',1189339,'[]','{\"file_disk_id\":2}','[]',273,'2022-01-03 10:38:28','2022-01-03 10:38:28','b3a3297c-9a38-4778-847d-bdef54f7cf51','temp_local'),(573,'Crater\\Models\\Invoice',168,'invoice','temp','AMR-122.pdf','application/pdf','temp_local',1189306,'[]','{\"file_disk_id\":2}','[]',276,'2022-01-06 09:26:40','2022-01-06 09:26:40','3ba2edf5-145c-4680-84f8-a0bd268d0c38','temp_local'),(577,'Crater\\Models\\Invoice',169,'invoice','temp','AMR-123.pdf','application/pdf','temp_local',1189348,'[]','{\"file_disk_id\":2}','[]',279,'2022-01-10 03:40:41','2022-01-10 03:40:41','0efacf9d-c842-430e-a34b-603a67c1285c','temp_local'),(579,'Crater\\Models\\Invoice',156,'invoice','temp','AMR-115.pdf','application/pdf','temp_local',1189388,'[]','{\"file_disk_id\":2}','[]',280,'2022-01-11 05:16:48','2022-01-11 05:16:48','5f1f8be0-d427-4839-955c-c4acb2d4dae6','temp_local'),(580,'Crater\\Models\\Invoice',170,'invoice','temp','INV-105.pdf','application/pdf','temp_local',1239156,'[]','{\"file_disk_id\":2}','[]',281,'2022-01-12 05:35:56','2022-01-12 05:35:56','b5f20e94-557b-4105-a7d0-f7f30c6e0ff1','temp_local'),(581,'Crater\\Models\\Invoice',171,'invoice','temp','INV-106.pdf','application/pdf','temp_local',1239147,'[]','{\"file_disk_id\":2}','[]',282,'2022-01-13 02:51:56','2022-01-13 02:51:56','a1c41224-c154-40f0-b7fe-41be3bc20179','temp_local'),(582,'Crater\\Models\\Invoice',55,'invoice','temp','AMR-82.pdf','application/pdf','temp_local',1189349,'[]','{\"file_disk_id\":2}','[]',283,'2022-01-14 11:11:47','2022-01-14 11:11:47','aa0a19b8-729f-4106-93b3-c39e9d37109c','temp_local'),(583,'Crater\\Models\\Payment',1,'payment','temp','PAY-1.pdf','application/pdf','temp_local',878397,'[]','{\"file_disk_id\":2}','[]',284,'2022-01-14 12:51:08','2022-01-14 12:51:08','f26eb0c9-d1ae-4db8-bced-bd5627f76b53','temp_local'),(584,'Crater\\Models\\Payment',2,'payment','temp','PAY-2.pdf','application/pdf','temp_local',878397,'[]','{\"file_disk_id\":2}','[]',285,'2022-01-14 12:51:08','2022-01-14 12:51:08','42331b2f-1551-4b54-85fc-00233e52c854','temp_local'),(585,'Crater\\Models\\Payment',3,'payment','temp','PAY-3.pdf','application/pdf','temp_local',878407,'[]','{\"file_disk_id\":2}','[]',286,'2022-01-14 12:51:09','2022-01-14 12:51:09','ad87a13e-a97a-4d79-acb2-334fed15258d','temp_local'),(586,'Crater\\Models\\Payment',4,'payment','temp','PAY-4.pdf','application/pdf','temp_local',878404,'[]','{\"file_disk_id\":2}','[]',287,'2022-01-14 12:51:09','2022-01-14 12:51:09','ee57c2d7-357c-4ea4-b843-33f27fc64c34','temp_local'),(587,'Crater\\Models\\Payment',5,'payment','temp','PAY-5.pdf','application/pdf','temp_local',878403,'[]','{\"file_disk_id\":2}','[]',288,'2022-01-14 12:51:09','2022-01-14 12:51:09','682a1b17-f3b4-4833-88c9-1f959e5149bb','temp_local'),(588,'Crater\\Models\\Payment',1,'payment','temp','PAY-1.pdf','application/pdf','temp_local',878397,'[]','{\"file_disk_id\":2}','[]',289,'2022-01-14 12:51:11','2022-01-14 12:51:11','24f243a2-a8cf-419e-9f2e-8904abe745b1','temp_local'),(589,'Crater\\Models\\Payment',2,'payment','temp','PAY-2.pdf','application/pdf','temp_local',878397,'[]','{\"file_disk_id\":2}','[]',290,'2022-01-14 12:51:12','2022-01-14 12:51:12','2b57d53d-e6ee-44ca-b122-f3e31ff098b5','temp_local'),(590,'Crater\\Models\\Payment',3,'payment','temp','PAY-3.pdf','application/pdf','temp_local',878407,'[]','{\"file_disk_id\":2}','[]',291,'2022-01-14 12:51:12','2022-01-14 12:51:12','e35d8971-7775-4716-af6b-3b7cdd8d3077','temp_local'),(591,'Crater\\Models\\Payment',4,'payment','temp','PAY-4.pdf','application/pdf','temp_local',878404,'[]','{\"file_disk_id\":2}','[]',292,'2022-01-14 12:51:12','2022-01-14 12:51:12','b0fcc3d3-0a80-48de-a117-a550c8d6013c','temp_local'),(592,'Crater\\Models\\Payment',5,'payment','temp','PAY-5.pdf','application/pdf','temp_local',878403,'[]','{\"file_disk_id\":2}','[]',293,'2022-01-14 12:51:12','2022-01-14 12:51:12','b3b92d61-b2a0-4616-9142-f31b4286c1df','temp_local'),(596,'Crater\\Models\\Company',2,'logo','media-library37L9FU','Untitled-(51).png','image/png','public',39007,'[]','[]','[]',295,'2022-01-15 18:27:08','2022-01-15 18:27:08','7dd4f7d2-e56f-4fab-9b55-3faafe9cf7f9','public'),(601,'Crater\\Models\\Invoice',183,'invoice','temp','AMR-124.pdf','application/pdf','temp_local',1188269,'[]','{\"file_disk_id\":2}','[]',296,'2022-01-16 02:34:28','2022-01-16 02:34:28','9c535d16-b1f7-4a67-9ece-661cf8416592','temp_local'),(611,'Crater\\Models\\Invoice',183,'invoice','temp','AMR-124.pdf','application/pdf','temp_local',1192493,'[]','{\"file_disk_id\":2}','[]',297,'2022-01-16 04:07:33','2022-01-16 04:07:33','99980b54-f53e-410c-95cf-3d1f3cea90ff','temp_local'),(612,'Crater\\Models\\Invoice',183,'invoice','temp','AMR-124.pdf','application/pdf','temp_local',1192507,'[]','{\"file_disk_id\":2}','[]',298,'2022-01-16 04:15:34','2022-01-16 04:15:34','a0422139-14d8-44c8-9191-eb85bf02995d','temp_local'),(613,'Crater\\Models\\Invoice',183,'invoice','temp','AMR-124.pdf','application/pdf','temp_local',1192497,'[]','{\"file_disk_id\":2}','[]',299,'2022-01-16 04:16:10','2022-01-16 04:16:10','edadd36a-fea2-41f9-8a97-126030d11b69','temp_local'),(622,'Crater\\Models\\Invoice',199,'invoice','temp','INV-108.pdf','application/pdf','temp_local',1212213,'[]','{\"file_disk_id\":2}','[]',300,'2022-01-22 07:16:31','2022-01-22 07:16:31','94855f82-f899-4d28-aaf2-6fa466af3f98','temp_local'),(623,'Crater\\Models\\Invoice',200,'invoice','temp','AMR-126.pdf','application/pdf','temp_local',1192473,'[]','{\"file_disk_id\":2}','[]',301,'2022-01-29 07:02:38','2022-01-29 07:02:38','2769fcac-24ad-47aa-a3fc-fadc4f699ef9','temp_local'),(629,'Crater\\Models\\Invoice',215,'invoice','temp','AMR-130.pdf','application/pdf','temp_local',1192491,'[]','{\"file_disk_id\":2}','[]',302,'2022-02-01 03:19:07','2022-02-01 03:19:07','f68c2801-8b27-4db5-88b5-0838cb76d7b2','temp_local'),(630,'Crater\\Models\\Invoice',215,'invoice','temp','AMR-130.pdf','application/pdf','temp_local',1192498,'[]','{\"file_disk_id\":2}','[]',303,'2022-02-01 03:19:42','2022-02-01 03:19:42','57d65ca4-1ed6-47b4-9c42-59ccf9d85d95','temp_local'),(631,'Crater\\Models\\Invoice',215,'invoice','temp','AMR-130.pdf','application/pdf','temp_local',1192488,'[]','{\"file_disk_id\":2}','[]',304,'2022-02-01 04:07:19','2022-02-01 04:07:19','ff9580ef-20db-440b-aee9-b1c39cfa8e47','temp_local'),(632,'Crater\\Models\\Invoice',216,'invoice','temp','AMR-131.pdf','application/pdf','temp_local',1192464,'[]','{\"file_disk_id\":2}','[]',305,'2022-02-01 04:10:13','2022-02-01 04:10:13','4b47222a-551d-42a0-82f1-639e5bfa854b','temp_local'),(633,'Crater\\Models\\Invoice',199,'invoice','temp','INV-108.pdf','application/pdf','temp_local',1212220,'[]','{\"file_disk_id\":2}','[]',306,'2022-02-01 07:10:39','2022-02-01 07:10:39','7f65a59b-eb16-4d57-812e-66d20c589a79','temp_local'),(634,'Crater\\Models\\Invoice',218,'invoice','temp','INV-112.pdf','application/pdf','temp_local',1212253,'[]','{\"file_disk_id\":2}','[]',307,'2022-02-08 06:05:39','2022-02-08 06:05:39','45a217ad-c31f-4c8c-bbff-6a18d03c528a','temp_local'),(635,'Crater\\Models\\Invoice',220,'invoice','temp','INV-109.pdf','application/pdf','temp_local',1212262,'[]','{\"file_disk_id\":2}','[]',308,'2022-02-10 14:10:40','2022-02-10 14:10:40','5f3d90cd-0619-40cd-a3ff-f70b2277c798','temp_local'),(637,'Crater\\Models\\Invoice',220,'invoice','temp','INV-109.pdf','application/pdf','temp_local',1239184,'[]','{\"file_disk_id\":2}','[]',309,'2022-02-10 15:42:45','2022-02-10 15:42:45','b5eff47f-c0fe-4821-9102-4ac00721ebc7','temp_local'),(638,'Crater\\Models\\Invoice',222,'invoice','temp','INV-110.pdf','application/pdf','temp_local',1239271,'[]','{\"file_disk_id\":2}','[]',310,'2022-02-11 02:46:06','2022-02-11 02:46:06','49b8e772-57d1-4cbd-b2cf-bfd4d99f0e1e','temp_local'),(644,'Crater\\Models\\Invoice',224,'invoice','temp','INV-111.pdf','application/pdf','temp_local',1239157,'[]','{\"file_disk_id\":2}','[]',311,'2022-02-11 07:56:49','2022-02-11 07:56:49','7139d4be-6937-4982-bc48-c1aec0ec7b12','temp_local'),(645,'Crater\\Models\\Invoice',218,'invoice','temp','INV-112.pdf','application/pdf','temp_local',1239154,'[]','{\"file_disk_id\":2}','[]',312,'2022-02-11 08:00:00','2022-02-11 08:00:00','3c2b6182-4042-45f4-ac5f-4ff15d6d621a','temp_local'),(646,'Crater\\Models\\Invoice',225,'invoice','temp','INV-114.pdf','application/pdf','temp_local',1239163,'[]','{\"file_disk_id\":2}','[]',313,'2022-02-12 11:56:25','2022-02-12 11:56:25','9e519239-ec8f-49c5-a062-5d9af7d327e2','temp_local'),(647,'Crater\\Models\\Invoice',226,'invoice','temp','INV-115.pdf','application/pdf','temp_local',1239142,'[]','{\"file_disk_id\":2}','[]',314,'2022-02-13 02:13:22','2022-02-13 02:13:22','3f60e69c-6acb-4ad4-8579-3fc93ee35137','temp_local'),(651,'Crater\\Models\\Invoice',228,'invoice','temp','INV-116.pdf','application/pdf','temp_local',1239160,'[]','{\"file_disk_id\":2}','[]',315,'2022-02-13 02:37:43','2022-02-13 02:37:43','078ddb66-eea1-43a7-b82a-a908134be5d2','temp_local'),(652,'Crater\\Models\\Invoice',229,'invoice','temp','AMR-132.pdf','application/pdf','temp_local',1192463,'[]','{\"file_disk_id\":2}','[]',316,'2022-02-15 12:37:27','2022-02-15 12:37:27','11a7f09f-f97b-4958-b7df-79f642a30b22','temp_local'),(653,'Crater\\Models\\Invoice',230,'invoice','temp','AMR-133.pdf','application/pdf','temp_local',1192465,'[]','{\"file_disk_id\":2}','[]',317,'2022-02-15 12:38:04','2022-02-15 12:38:04','1bf29b07-315f-432a-9006-d1e997db5143','temp_local'),(654,'Crater\\Models\\Invoice',231,'invoice','temp','AMR-134.pdf','application/pdf','temp_local',1192440,'[]','{\"file_disk_id\":2}','[]',318,'2022-02-15 13:53:33','2022-02-15 13:53:33','c0c19e17-8794-41fe-99a9-b9103f6f529d','temp_local'),(655,'Crater\\Models\\Invoice',232,'invoice','temp','INV-117.pdf','application/pdf','temp_local',1239142,'[]','{\"file_disk_id\":2}','[]',319,'2022-02-16 02:01:01','2022-02-16 02:01:01','9ab7d68b-4611-4975-b20c-56708baab008','temp_local'),(656,'Crater\\Models\\Invoice',233,'invoice','temp','INV-118.pdf','application/pdf','temp_local',1239139,'[]','{\"file_disk_id\":2}','[]',320,'2022-02-16 09:01:22','2022-02-16 09:01:22','670debf4-15f1-4cfa-9f6f-c779285606aa','temp_local'),(657,'Crater\\Models\\Invoice',234,'invoice','temp','INV-119.pdf','application/pdf','temp_local',1239152,'[]','{\"file_disk_id\":2}','[]',321,'2022-02-18 10:04:07','2022-02-18 10:04:07','9dc75fa3-7373-46b6-a2db-e3ca47e1d751','temp_local'),(658,'Crater\\Models\\Invoice',235,'invoice','temp','INV-120.pdf','application/pdf','temp_local',1239145,'[]','{\"file_disk_id\":2}','[]',322,'2022-02-22 07:05:00','2022-02-22 07:05:00','b176188c-94cd-4911-a579-37ceaed08fd0','temp_local'),(659,'Crater\\Models\\Invoice',232,'invoice','temp','INV-117.pdf','application/pdf','temp_local',1212244,'[]','{\"file_disk_id\":2}','[]',323,'2022-02-22 07:29:08','2022-02-22 07:29:08','9f959ff8-0f6e-45da-8f14-f2b6e58f6afc','temp_local'),(660,'Crater\\Models\\Invoice',236,'invoice','temp','AMR-135.pdf','application/pdf','temp_local',1192485,'[]','{\"file_disk_id\":2}','[]',324,'2022-02-23 09:13:58','2022-02-23 09:13:58','d2187eb9-8457-4ad4-ac88-3cea9661deb3','temp_local'),(661,'Crater\\Models\\Invoice',236,'invoice','temp','AMR-135.pdf','application/pdf','temp_local',1192483,'[]','{\"file_disk_id\":2}','[]',325,'2022-02-23 09:18:48','2022-02-23 09:18:48','1e24833e-7c08-4302-8cd6-40d539fd9b8f','temp_local'),(662,'Crater\\Models\\Invoice',237,'invoice','temp','INV-121.pdf','application/pdf','temp_local',1239166,'[]','{\"file_disk_id\":2}','[]',326,'2022-02-24 08:52:00','2022-02-24 08:52:00','817925e2-101f-44aa-971e-51dea65a51b0','temp_local'),(663,'Crater\\Models\\Invoice',238,'invoice','temp','INV-122.pdf','application/pdf','temp_local',1239142,'[]','{\"file_disk_id\":2}','[]',327,'2022-02-24 09:04:46','2022-02-24 09:04:46','2b827ba2-5e71-4150-bfff-97d24f935283','temp_local'),(664,'Crater\\Models\\Invoice',238,'invoice','temp','INV-122.pdf','application/pdf','temp_local',1239160,'[]','{\"file_disk_id\":2}','[]',328,'2022-02-24 09:29:11','2022-02-24 09:29:11','84b4186d-4ee6-49ce-b028-014bf26b1c54','temp_local'),(665,'Crater\\Models\\Invoice',231,'invoice','temp','AMR-134.pdf','application/pdf','temp_local',1192437,'[]','{\"file_disk_id\":2}','[]',329,'2022-03-01 04:55:49','2022-03-01 04:55:49','f9b6161e-b7cf-40f8-ae5f-ac41d1c7a0d9','temp_local'),(666,'Crater\\Models\\Invoice',239,'invoice','temp','INV-123.pdf','application/pdf','temp_local',1239714,'[]','{\"file_disk_id\":2}','[]',330,'2022-03-01 07:14:25','2022-03-01 07:14:25','f6e8bf1e-2bd3-4cad-9f8a-cd9092419e02','temp_local'),(667,'Crater\\Models\\Invoice',239,'invoice','temp','INV-123.pdf','application/pdf','temp_local',1239719,'[]','{\"file_disk_id\":2}','[]',331,'2022-03-01 07:35:16','2022-03-01 07:35:16','598169b4-be7d-459a-bf64-c456b873838e','temp_local'),(668,'Crater\\Models\\Invoice',240,'invoice','temp','INV-124.pdf','application/pdf','temp_local',1239301,'[]','{\"file_disk_id\":2}','[]',332,'2022-03-02 08:09:18','2022-03-02 08:09:18','e1cce84e-8446-487e-bd80-15ae90061931','temp_local'),(669,'Crater\\Models\\Invoice',241,'invoice','temp','INV-125.pdf','application/pdf','temp_local',1239178,'[]','{\"file_disk_id\":2}','[]',333,'2022-03-02 08:18:05','2022-03-02 08:18:05','e52afc21-83e1-4598-9484-db9a26e027a9','temp_local'),(670,'Crater\\Models\\Invoice',242,'invoice','temp','INV-126.pdf','application/pdf','temp_local',1239294,'[]','{\"file_disk_id\":2}','[]',334,'2022-03-02 10:10:04','2022-03-02 10:10:04','8850e236-95ae-4934-a64d-71478d09737f','temp_local'),(671,'Crater\\Models\\Invoice',231,'invoice','temp','AMR-134.pdf','application/pdf','temp_local',1192447,'[]','{\"file_disk_id\":2}','[]',335,'2022-03-03 12:09:31','2022-03-03 12:09:31','258815eb-aefe-454c-bb97-166c1bbb7953','temp_local'),(672,'Crater\\Models\\Invoice',231,'invoice','temp','AMR-134.pdf','application/pdf','temp_local',1192524,'[]','{\"file_disk_id\":2}','[]',336,'2022-03-03 12:10:07','2022-03-03 12:10:07','71bc0f13-c20a-4856-8e25-4f4fc37fd49e','temp_local'),(673,'Crater\\Models\\Invoice',243,'invoice','temp','AMR-136.pdf','application/pdf','temp_local',1192474,'[]','{\"file_disk_id\":2}','[]',337,'2022-03-03 12:15:41','2022-03-03 12:15:41','11c7f6e5-a178-4f28-897f-0445e0390bb0','temp_local'),(674,'Crater\\Models\\Invoice',243,'invoice','temp','AMR-136.pdf','application/pdf','temp_local',1192471,'[]','{\"file_disk_id\":2}','[]',338,'2022-03-03 12:16:53','2022-03-03 12:16:53','ba1e6cbc-2440-4876-9476-47ba34407330','temp_local'),(675,'Crater\\Models\\Invoice',244,'invoice','temp','AMR-137.pdf','application/pdf','temp_local',1192451,'[]','{\"file_disk_id\":2}','[]',339,'2022-03-04 05:06:32','2022-03-04 05:06:32','695b7789-95dc-4f7e-a80a-a33f48d21c97','temp_local'),(685,'Crater\\Models\\Invoice',249,'invoice','temp','INV-127.pdf','application/pdf','temp_local',1239178,'[]','{\"file_disk_id\":2}','[]',340,'2022-03-05 07:09:52','2022-03-05 07:09:52','63afb2ba-7674-4642-bb52-f57427f224ae','temp_local'),(686,'Crater\\Models\\Invoice',244,'invoice','temp','AMR-137.pdf','application/pdf','temp_local',1192442,'[]','{\"file_disk_id\":2}','[]',341,'2022-03-06 03:38:26','2022-03-06 03:38:26','ad20b73b-145f-42fd-b8a8-930110b87e02','temp_local'),(687,'Crater\\Models\\Invoice',250,'invoice','temp','AMR-138.pdf','application/pdf','temp_local',1192475,'[]','{\"file_disk_id\":2}','[]',342,'2022-03-07 13:54:02','2022-03-07 13:54:02','7610bb79-0726-4ee3-b916-54fe11a31ebd','temp_local'),(688,'Crater\\Models\\Invoice',251,'invoice','temp','AMR-139.pdf','application/pdf','temp_local',1192466,'[]','{\"file_disk_id\":2}','[]',343,'2022-03-08 08:49:46','2022-03-08 08:49:46','bf51294c-bfd6-4730-beee-e654846bc58d','temp_local'),(691,'Crater\\Models\\Invoice',253,'invoice','temp','INV-128.pdf','application/pdf','temp_local',1239165,'[]','{\"file_disk_id\":2}','[]',346,'2022-03-09 06:06:32','2022-03-09 06:06:32','b317bd23-f23c-4694-b346-006cf499d806','temp_local'),(694,'Crater\\Models\\Invoice',254,'invoice','temp','INV-129.pdf','application/pdf','temp_local',1239188,'[]','{\"file_disk_id\":2}','[]',347,'2022-03-09 06:31:24','2022-03-09 06:31:24','9859f271-44e5-4dac-9e1d-773b4a97b286','temp_local'),(695,'Crater\\Models\\Invoice',244,'invoice','temp','AMR-137.pdf','application/pdf','temp_local',1192453,'[]','{\"file_disk_id\":2}','[]',348,'2022-03-09 14:32:58','2022-03-09 14:32:58','267a5a36-ec4f-4039-828d-7a06dd3fa4d1','temp_local'),(696,'Crater\\Models\\Invoice',244,'invoice','temp','AMR-137.pdf','application/pdf','temp_local',1192456,'[]','{\"file_disk_id\":2}','[]',349,'2022-03-11 06:22:09','2022-03-11 06:22:09','81cfc72c-b66c-4d1e-9e19-5b4e34f85cdd','temp_local'),(697,'Crater\\Models\\Invoice',255,'invoice','temp','AMR-140.pdf','application/pdf','temp_local',1192447,'[]','{\"file_disk_id\":2}','[]',350,'2022-03-14 03:32:11','2022-03-14 03:32:11','54481f7e-a1bf-4520-9dbf-5bd466e8c652','temp_local'),(698,'Crater\\Models\\Invoice',256,'invoice','temp','INV-130.pdf','application/pdf','temp_local',1239165,'[]','{\"file_disk_id\":2}','[]',351,'2022-03-14 11:24:59','2022-03-14 11:24:59','cec90493-d41b-45e5-b451-a11bc92bdb04','temp_local'),(699,'Crater\\Models\\Invoice',257,'invoice','temp','AMR-141.pdf','application/pdf','temp_local',1192489,'[]','{\"file_disk_id\":2}','[]',352,'2022-03-16 09:47:10','2022-03-16 09:47:10','aa9d7456-a062-4452-9429-189c1a014174','temp_local'),(700,'Crater\\Models\\Invoice',258,'invoice','temp','AMR-142.pdf','application/pdf','temp_local',1192449,'[]','{\"file_disk_id\":2}','[]',353,'2022-03-16 09:47:59','2022-03-16 09:47:59','6ca3c0e4-1006-43c1-80db-665bb85fde26','temp_local'),(701,'Crater\\Models\\Invoice',259,'invoice','temp','AMR-144.pdf','application/pdf','temp_local',1192437,'[]','{\"file_disk_id\":2}','[]',354,'2022-03-16 11:35:05','2022-03-16 11:35:05','3d0e0de5-bbf4-41da-8ed5-9e229926d3d1','temp_local'),(702,'Crater\\Models\\Invoice',260,'invoice','temp','AMR-143.pdf','application/pdf','temp_local',1192452,'[]','{\"file_disk_id\":2}','[]',355,'2022-03-19 17:21:27','2022-03-19 17:21:27','07c907dc-5b83-4be6-aba9-6657698a824e','temp_local'),(703,'Crater\\Models\\Invoice',261,'invoice','temp','AMR-145.pdf','application/pdf','temp_local',1192464,'[]','{\"file_disk_id\":2}','[]',356,'2022-03-19 17:33:35','2022-03-19 17:33:35','dcb06133-72b7-4166-9bff-b1888d925531','temp_local'),(704,'Crater\\Models\\Invoice',261,'invoice','temp','AMR-145.pdf','application/pdf','temp_local',1192438,'[]','{\"file_disk_id\":2}','[]',357,'2022-03-21 05:44:45','2022-03-21 05:44:45','223b8c5c-9e17-4297-88a0-f79fe585fcc5','temp_local'),(705,'Crater\\Models\\Invoice',257,'invoice','temp','AMR-141.pdf','application/pdf','temp_local',1192487,'[]','{\"file_disk_id\":2}','[]',358,'2022-03-25 13:07:26','2022-03-25 13:07:26','09f85cef-606a-4004-8507-99df62d13081','temp_local'),(706,'Crater\\Models\\Invoice',257,'invoice','temp','AMR-141.pdf','application/pdf','temp_local',1192487,'[]','{\"file_disk_id\":2}','[]',359,'2022-03-25 13:07:45','2022-03-25 13:07:45','976dbea8-d41f-48f9-a6b3-6f00a11d4b03','temp_local'),(707,'Crater\\Models\\Invoice',257,'invoice','temp','AMR-141.pdf','application/pdf','temp_local',1192486,'[]','{\"file_disk_id\":2}','[]',360,'2022-03-25 13:13:24','2022-03-25 13:13:24','47673927-f6f5-4045-8952-2fcdaa5f5800','temp_local'),(708,'Crater\\Models\\Invoice',260,'invoice','temp','AMR-143.pdf','application/pdf','temp_local',1192453,'[]','{\"file_disk_id\":2}','[]',361,'2022-03-25 13:15:12','2022-03-25 13:15:12','5281345b-a8fd-4145-9b7e-9abdbb2914d4','temp_local'),(709,'Crater\\Models\\Invoice',260,'invoice','temp','AMR-143.pdf','application/pdf','temp_local',1192515,'[]','{\"file_disk_id\":2}','[]',362,'2022-03-25 13:16:31','2022-03-25 13:16:31','85719086-9f60-433d-bf79-ff20206a1790','temp_local'),(710,'Crater\\Models\\Invoice',262,'invoice','temp','AMR-146.pdf','application/pdf','temp_local',1192467,'[]','{\"file_disk_id\":2}','[]',363,'2022-03-26 02:04:11','2022-03-26 02:04:11','3ed3ed96-ae08-476a-967d-f082d7d785e5','temp_local'),(711,'Crater\\Models\\Invoice',263,'invoice','temp','AMR-147.pdf','application/pdf','temp_local',1192475,'[]','{\"file_disk_id\":2}','[]',364,'2022-03-26 02:10:56','2022-03-26 02:10:56','5e77550d-7834-4b7a-b322-291254b6c800','temp_local'),(712,'Crater\\Models\\Invoice',264,'invoice','temp','AMR-148.pdf','application/pdf','temp_local',1192484,'[]','{\"file_disk_id\":2}','[]',365,'2022-03-26 02:12:47','2022-03-26 02:12:47','4ab6d52c-5dd3-4ff2-8c41-eb1e8355531e','temp_local'),(713,'Crater\\Models\\Invoice',265,'invoice','temp','AMR-149.pdf','application/pdf','temp_local',1192498,'[]','{\"file_disk_id\":2}','[]',366,'2022-03-26 05:43:01','2022-03-26 05:43:01','fa685ff5-97a0-475d-a10f-c398c69a21ab','temp_local'),(714,'Crater\\Models\\Invoice',266,'invoice','temp','INV-131.pdf','application/pdf','temp_local',1239352,'[]','{\"file_disk_id\":2}','[]',367,'2022-03-26 06:09:55','2022-03-26 06:09:55','d0c1e662-8ce6-4b53-b3d4-f4bb11e910b0','temp_local'),(715,'Crater\\Models\\Invoice',265,'invoice','temp','AMR-149.pdf','application/pdf','temp_local',1192504,'[]','{\"file_disk_id\":2}','[]',368,'2022-03-26 06:18:05','2022-03-26 06:18:05','856e270c-ecc2-41e6-8873-d00f3c9692e8','temp_local'),(716,'Crater\\Models\\Invoice',267,'invoice','temp','INV-132.pdf','application/pdf','temp_local',1239302,'[]','{\"file_disk_id\":2}','[]',369,'2022-03-26 06:34:10','2022-03-26 06:34:10','64590ed2-a784-41fd-a488-f1671b8c7286','temp_local'),(717,'Crater\\Models\\Invoice',268,'invoice','temp','INV-133.pdf','application/pdf','temp_local',1239164,'[]','{\"file_disk_id\":2}','[]',370,'2022-03-29 10:04:47','2022-03-29 10:04:47','31d5cfa9-ab79-4901-88e6-818c516a8d1e','temp_local'),(718,'Crater\\Models\\Invoice',269,'invoice','temp','INV-136.pdf','application/pdf','temp_local',1239171,'[]','{\"file_disk_id\":2}','[]',371,'2022-03-30 07:26:04','2022-03-30 07:26:04','fb4fe46e-4de8-450d-9268-829541517e15','temp_local'),(719,'Crater\\Models\\Invoice',269,'invoice','temp','INV-136.pdf','application/pdf','temp_local',1239160,'[]','{\"file_disk_id\":2}','[]',372,'2022-03-30 07:29:03','2022-03-30 07:29:03','08c396ef-163b-4e75-a589-12a13348fed4','temp_local'),(720,'Crater\\Models\\Invoice',270,'invoice','temp','INV-134.pdf','application/pdf','temp_local',1239180,'[]','{\"file_disk_id\":2}','[]',373,'2022-04-01 07:27:08','2022-04-01 07:27:08','962dc8b9-4e46-4c02-9d5b-fa0aea0c0900','temp_local'),(721,'Crater\\Models\\Invoice',271,'invoice','temp','INV-135.pdf','application/pdf','temp_local',1239318,'[]','{\"file_disk_id\":2}','[]',374,'2022-04-01 07:33:05','2022-04-01 07:33:05','480a7569-3382-42ee-8176-e5d952b5545f','temp_local'),(722,'Crater\\Models\\Invoice',270,'invoice','temp','INV-134.pdf','application/pdf','temp_local',1239285,'[]','{\"file_disk_id\":2}','[]',375,'2022-04-01 07:47:57','2022-04-01 07:47:57','bf619cdd-f544-46e4-8b63-41ccfd1a065d','temp_local'),(723,'Crater\\Models\\Invoice',272,'invoice','temp','INV-138.pdf','application/pdf','temp_local',1239187,'[]','{\"file_disk_id\":2}','[]',376,'2022-04-03 06:34:45','2022-04-03 06:34:45','91cf18ba-684a-4fe2-88fa-fa26a7364a66','temp_local'),(724,'Crater\\Models\\Invoice',272,'invoice','temp','INV-138.pdf','application/pdf','temp_local',1239178,'[]','{\"file_disk_id\":2}','[]',377,'2022-04-03 06:35:03','2022-04-03 06:35:03','6b4969e1-2a73-4b7c-a8c4-0fb5824a2af2','temp_local'),(725,'Crater\\Models\\Invoice',273,'invoice','temp','AMR-150.pdf','application/pdf','temp_local',1192485,'[]','{\"file_disk_id\":2}','[]',378,'2022-04-08 08:43:00','2022-04-08 08:43:00','03b0f84e-b27b-4ffd-8dbe-7e8873479e56','temp_local'),(726,'Crater\\Models\\Invoice',274,'invoice','temp','INV-137.pdf','application/pdf','temp_local',1239283,'[]','{\"file_disk_id\":2}','[]',379,'2022-04-09 07:15:35','2022-04-09 07:15:35','996974eb-6ad8-416e-8adb-5417d9503958','temp_local'),(727,'Crater\\Models\\Invoice',275,'invoice','temp','INV-139.pdf','application/pdf','temp_local',1239164,'[]','{\"file_disk_id\":2}','[]',380,'2022-04-09 10:18:03','2022-04-09 10:18:03','525b29ac-9183-4f16-ae25-f6d371218039','temp_local'),(728,'Crater\\Models\\Invoice',276,'invoice','temp','INV-140.pdf','application/pdf','temp_local',1239190,'[]','{\"file_disk_id\":2}','[]',381,'2022-04-10 10:50:46','2022-04-10 10:50:46','9b236283-6b51-4685-bb26-9a6cf7abbf67','temp_local'),(729,'Crater\\Models\\Invoice',277,'invoice','temp','AMR-151.pdf','application/pdf','temp_local',1192492,'[]','{\"file_disk_id\":2}','[]',382,'2022-04-13 11:31:29','2022-04-13 11:31:29','151f6101-001e-4ca2-851d-db8b543a2788','temp_local'),(730,'Crater\\Models\\Invoice',278,'invoice','temp','AMR-152.pdf','application/pdf','temp_local',1192472,'[]','{\"file_disk_id\":2}','[]',383,'2022-04-13 14:43:35','2022-04-13 14:43:35','b2aabfa9-db20-420e-abda-9bcb441285e5','temp_local'),(731,'Crater\\Models\\Invoice',279,'invoice','temp','AMR-153.pdf','application/pdf','temp_local',1192473,'[]','{\"file_disk_id\":2}','[]',384,'2022-04-13 14:45:05','2022-04-13 14:45:05','27b95d7c-adba-4514-abc2-08de1fff5f41','temp_local'),(732,'Crater\\Models\\Invoice',280,'invoice','temp','AMR-154.pdf','application/pdf','temp_local',1192458,'[]','{\"file_disk_id\":2}','[]',385,'2022-04-13 14:51:39','2022-04-13 14:51:39','e9be41e8-d790-4806-8dd0-d1b5be2aec9a','temp_local'),(733,'Crater\\Models\\Invoice',280,'invoice','temp','AMR-154.pdf','application/pdf','temp_local',1192465,'[]','{\"file_disk_id\":2}','[]',386,'2022-04-21 02:17:25','2022-04-21 02:17:25','fd905b97-1370-4dd5-8063-a19dbd541bd7','temp_local'),(734,'Crater\\Models\\Invoice',281,'invoice','temp','AMR-155.pdf','application/pdf','temp_local',1192315,'[]','{\"file_disk_id\":2}','[]',387,'2022-04-21 02:20:34','2022-04-21 02:20:34','6b5f0892-f3c7-4f7e-bd75-2957a74112ce','temp_local'),(735,'Crater\\Models\\Invoice',281,'invoice','temp','AMR-155.pdf','application/pdf','temp_local',1192311,'[]','{\"file_disk_id\":2}','[]',388,'2022-04-21 02:20:51','2022-04-21 02:20:51','a7f62658-5a88-4a72-ab07-4c527574e9f7','temp_local'),(737,'Crater\\Models\\Invoice',281,'invoice','temp','AMR-155.pdf','application/pdf','temp_local',1192460,'[]','{\"file_disk_id\":2}','[]',390,'2022-04-21 02:21:56','2022-04-21 02:21:56','58ea60c8-840e-42d1-b13e-a8cc7dc6636d','temp_local'),(738,'Crater\\Models\\Invoice',283,'invoice','temp','INV-141.pdf','application/pdf','temp_local',1239175,'[]','{\"file_disk_id\":2}','[]',391,'2022-04-21 06:21:19','2022-04-21 06:21:19','786fad1f-859a-40cd-aabd-d06251241921','temp_local'),(739,'Crater\\Models\\Invoice',283,'invoice','temp','INV-141.pdf','application/pdf','temp_local',1239159,'[]','{\"file_disk_id\":2}','[]',392,'2022-04-21 06:28:32','2022-04-21 06:28:32','c2d643bb-71f2-445c-a3c2-d4a9cbb63c8c','temp_local'),(740,'Crater\\Models\\Invoice',284,'invoice','temp','INV-142.pdf','application/pdf','temp_local',1239302,'[]','{\"file_disk_id\":2}','[]',393,'2022-05-01 09:36:03','2022-05-01 09:36:03','57f9a3af-bac9-493d-b1ee-77371878a38c','temp_local'),(741,'Crater\\Models\\Invoice',285,'invoice','temp','INV-143.pdf','application/pdf','temp_local',1239315,'[]','{\"file_disk_id\":2}','[]',394,'2022-05-01 09:49:48','2022-05-01 09:49:48','6dd5108f-6119-4353-a8ea-ea572053ca16','temp_local'),(744,'Crater\\Models\\Invoice',287,'invoice','temp','INV-145.pdf','application/pdf','temp_local',1239180,'[]','{\"file_disk_id\":2}','[]',397,'2022-05-01 11:00:25','2022-05-01 11:00:25','2584f0d2-9fc7-413c-bbd3-3806219c85cd','temp_local'),(745,'Crater\\Models\\Invoice',288,'invoice','temp','INV-146.pdf','application/pdf','temp_local',1239286,'[]','{\"file_disk_id\":2}','[]',398,'2022-05-01 11:06:09','2022-05-01 11:06:09','c18e3ccb-0fda-4081-90ba-a390b2a71751','temp_local'),(746,'Crater\\Models\\Invoice',289,'invoice','temp','INV-144.pdf','application/pdf','temp_local',1239176,'[]','{\"file_disk_id\":2}','[]',399,'2022-05-01 11:29:10','2022-05-01 11:29:10','d7313cb3-c096-40dd-86f6-6888f2705741','temp_local'),(747,'Crater\\Models\\Invoice',290,'invoice','temp','AMR-156.pdf','application/pdf','temp_local',1192465,'[]','{\"file_disk_id\":2}','[]',400,'2022-05-03 04:22:23','2022-05-03 04:22:23','a147993c-6ddc-4660-bb4f-f5f79a5a8bc2','temp_local'),(748,'Crater\\Models\\Invoice',291,'invoice','temp','AMR-157.pdf','application/pdf','temp_local',1192386,'[]','{\"file_disk_id\":2}','[]',401,'2022-05-03 04:23:15','2022-05-03 04:23:15','bddcc11d-5f93-4241-a4db-0ea976759687','temp_local'),(749,'Crater\\Models\\Invoice',291,'invoice','temp','AMR-157.pdf','application/pdf','temp_local',1192531,'[]','{\"file_disk_id\":2}','[]',402,'2022-05-03 04:23:42','2022-05-03 04:23:42','0abe1ddf-3423-4066-a93c-0288b1286066','temp_local'),(750,'Crater\\Models\\Invoice',292,'invoice','temp','AMR-158.pdf','application/pdf','temp_local',1192440,'[]','{\"file_disk_id\":2}','[]',403,'2022-05-04 09:56:47','2022-05-04 09:56:47','4cae60ba-4d7f-44bb-a6ca-af0591cb41a1','temp_local'),(751,'Crater\\Models\\Invoice',290,'invoice','temp','AMR-156.pdf','application/pdf','temp_local',1192460,'[]','{\"file_disk_id\":2}','[]',404,'2022-05-04 10:03:13','2022-05-04 10:03:13','7ab3b45d-32e6-4296-839d-31982496eca9','temp_local'),(752,'Crater\\Models\\Invoice',293,'invoice','temp','AMR-159.pdf','application/pdf','temp_local',1192484,'[]','{\"file_disk_id\":2}','[]',405,'2022-05-07 06:41:22','2022-05-07 06:41:22','91bf71e7-bb00-4591-b1a4-6da9abe3309b','temp_local'),(753,'Crater\\Models\\Invoice',293,'invoice','temp','AMR-159.pdf','application/pdf','temp_local',1192485,'[]','{\"file_disk_id\":2}','[]',406,'2022-05-07 07:20:23','2022-05-07 07:20:23','b2b0843c-28a6-438f-bda5-d9a3569d84a5','temp_local'),(754,'Crater\\Models\\Invoice',294,'invoice','temp','INV-147.pdf','application/pdf','temp_local',1239170,'[]','{\"file_disk_id\":2}','[]',407,'2022-05-08 05:05:07','2022-05-08 05:05:07','e5509fb5-8a56-41dd-b4f1-2af1af252413','temp_local'),(755,'Crater\\Models\\Invoice',295,'invoice','temp','INV-148.pdf','application/pdf','temp_local',1239182,'[]','{\"file_disk_id\":2}','[]',408,'2022-05-08 05:11:04','2022-05-08 05:11:04','699d997c-4803-485c-83c9-d8cb52032ef0','temp_local'),(772,'Crater\\Models\\Invoice',315,'invoice','temp','AMR-160.pdf','application/pdf','temp_local',740250,'[]','{\"file_disk_id\":2}','[]',409,'2022-05-30 01:41:38','2022-05-30 01:41:38','9e7c3103-0fab-45d6-aea5-7d7046944bd6','temp_local'),(773,'Crater\\Models\\Invoice',315,'invoice','temp','AMR-160.pdf','application/pdf','temp_local',740587,'[]','{\"file_disk_id\":2}','[]',410,'2022-05-30 01:41:51','2022-05-30 01:41:51','70bcf385-2805-482b-ae9f-d646b6c41d27','temp_local'),(774,'Crater\\Models\\Invoice',315,'invoice','temp','AMR-160.pdf','application/pdf','temp_local',740584,'[]','{\"file_disk_id\":2}','[]',411,'2022-05-30 01:50:54','2022-05-30 01:50:54','c3468896-6482-40d3-9524-14955eaf8f44','temp_local'),(775,'Crater\\Models\\Invoice',315,'invoice','temp','AMR-160.pdf','application/pdf','temp_local',740212,'[]','{\"file_disk_id\":2}','[]',412,'2022-05-30 01:53:42','2022-05-30 01:53:42','672568a3-a414-4db5-987b-400fd617abc3','temp_local'),(776,'Crater\\Models\\Invoice',315,'invoice','temp','AMR-160.pdf','application/pdf','temp_local',740205,'[]','{\"file_disk_id\":2}','[]',413,'2022-05-30 01:56:21','2022-05-30 01:56:21','9184edd0-df2d-4a21-b8eb-2aa2439ffb5b','temp_local'),(777,'Crater\\Models\\Invoice',316,'invoice','temp','AMR-161.pdf','application/pdf','temp_local',740166,'[]','{\"file_disk_id\":2}','[]',414,'2022-05-30 21:10:51','2022-05-30 21:10:51','ef5cfb39-bde1-4749-af95-f5180e20bd35','temp_local'),(779,'Crater\\Models\\Invoice',318,'invoice','temp','AMR-163.pdf','application/pdf','temp_local',740201,'[]','{\"file_disk_id\":2}','[]',416,'2022-05-30 21:26:11','2022-05-30 21:26:11','63601895-cbc6-415a-8bd0-6a10196f4344','temp_local'),(780,'Crater\\Models\\Invoice',319,'invoice','temp','AMR-164.pdf','application/pdf','temp_local',740197,'[]','{\"file_disk_id\":2}','[]',417,'2022-05-30 21:44:26','2022-05-30 21:44:26','b876326d-23be-4421-9e0f-9dbe56f00f42','temp_local'),(781,'Crater\\Models\\Invoice',320,'invoice','temp','INV-149.pdf','application/pdf','temp_local',787053,'[]','{\"file_disk_id\":2}','[]',418,'2022-06-03 00:04:22','2022-06-03 00:04:22','6f1c278c-ab2b-41bc-afb5-3c0bf620424d','temp_local'),(782,'Crater\\Models\\Invoice',321,'invoice','temp','INV-150.pdf','application/pdf','temp_local',786927,'[]','{\"file_disk_id\":2}','[]',419,'2022-06-03 00:16:16','2022-06-03 00:16:16','c98b66d5-8313-448c-a162-93d3cf1459c2','temp_local'),(783,'Crater\\Models\\Invoice',322,'invoice','temp','INV-151.pdf','application/pdf','temp_local',786825,'[]','{\"file_disk_id\":2}','[]',420,'2022-06-03 00:23:19','2022-06-03 00:23:19','bf251eb9-4adb-4352-b675-b030d1bdd611','temp_local'),(784,'Crater\\Models\\Invoice',323,'invoice','temp','AMR-165.pdf','application/pdf','temp_local',740179,'[]','{\"file_disk_id\":2}','[]',421,'2022-06-03 09:44:58','2022-06-03 09:44:58','7e8e8da3-1789-4043-a163-a61c7e85e556','temp_local'),(786,'Crater\\Models\\Invoice',318,'invoice','temp','AMR-162.pdf','application/pdf','temp_local',740199,'[]','{\"file_disk_id\":2}','[]',422,'2022-06-04 06:05:02','2022-06-04 06:05:02','ed96399e-dbe2-4944-8bd2-9102ab670896','temp_local'),(787,'Crater\\Models\\Invoice',319,'invoice','temp','AMR-163.pdf','application/pdf','temp_local',740196,'[]','{\"file_disk_id\":2}','[]',423,'2022-06-04 06:05:16','2022-06-04 06:05:16','97b2db0e-fac8-4748-b19b-ccead6daf550','temp_local'),(788,'Crater\\Models\\Invoice',323,'invoice','temp','AMR-164.pdf','application/pdf','temp_local',740181,'[]','{\"file_disk_id\":2}','[]',424,'2022-06-04 06:06:15','2022-06-04 06:06:15','36bfa23a-e60a-4912-8567-28aa4d314563','temp_local'),(789,'Crater\\Models\\Invoice',319,'invoice','temp','AMR-163.pdf','application/pdf','temp_local',740195,'[]','{\"file_disk_id\":2}','[]',425,'2022-06-04 06:07:31','2022-06-04 06:07:31','c8af2616-b842-43be-bda1-d8600316154c','temp_local'),(790,'Crater\\Models\\Invoice',323,'invoice','temp','AMR-164.pdf','application/pdf','temp_local',740182,'[]','{\"file_disk_id\":2}','[]',426,'2022-06-04 06:07:48','2022-06-04 06:07:48','8506f4a8-f79c-42de-ad25-c610b35bcc0f','temp_local'),(791,'Crater\\Models\\Invoice',324,'invoice','temp','AMR-166.pdf','application/pdf','temp_local',740187,'[]','{\"file_disk_id\":2}','[]',427,'2022-06-04 06:12:48','2022-06-04 06:12:48','a1bb9a21-62a6-4edc-9976-e902e5c99aaa','temp_local'),(792,'Crater\\Models\\Invoice',324,'invoice','temp','AMR-166.pdf','application/pdf','temp_local',740187,'[]','{\"file_disk_id\":2}','[]',428,'2022-06-04 06:13:15','2022-06-04 06:13:15','bbc5278a-c543-40ab-836c-d39b8c582f08','temp_local'),(793,'Crater\\Models\\Invoice',324,'invoice','temp','AMR-166.pdf','application/pdf','temp_local',740188,'[]','{\"file_disk_id\":2}','[]',429,'2022-06-04 06:14:43','2022-06-04 06:14:43','bcf0f87c-e952-4550-891c-722c670659ae','temp_local'),(794,'Crater\\Models\\Invoice',324,'invoice','temp','AMR-166.pdf','application/pdf','temp_local',740186,'[]','{\"file_disk_id\":2}','[]',430,'2022-06-04 06:56:15','2022-06-04 06:56:15','3b5c2c8e-717e-4e7e-ac2e-910ecbb82ee1','temp_local'),(795,'Crater\\Models\\Invoice',318,'invoice','temp','AMR-162.pdf','application/pdf','temp_local',740203,'[]','{\"file_disk_id\":2}','[]',431,'2022-06-07 07:23:53','2022-06-07 07:23:53','11d2ad79-c2f0-4e89-8695-6407933a94de','temp_local'),(796,'Crater\\Models\\Invoice',319,'invoice','temp','AMR-163.pdf','application/pdf','temp_local',740202,'[]','{\"file_disk_id\":2}','[]',432,'2022-06-07 07:24:58','2022-06-07 07:24:58','51abe415-f3f8-42a0-a46d-fc905d190997','temp_local'),(797,'Crater\\Models\\Invoice',319,'invoice','temp','AMR-163.pdf','application/pdf','temp_local',740200,'[]','{\"file_disk_id\":2}','[]',433,'2022-06-07 07:25:11','2022-06-07 07:25:11','e9e655d1-9142-4049-a93e-799ad50ce122','temp_local'),(801,'Crater\\Models\\Invoice',327,'invoice','temp','AMR-165.pdf','application/pdf','temp_local',740149,'[]','{\"file_disk_id\":2}','[]',434,'2022-06-08 05:37:43','2022-06-08 05:37:43','755b77c3-956f-4772-8091-7a7998c00e64','temp_local'),(805,'Crater\\Models\\Invoice',329,'invoice','temp','AMR-167.pdf','application/pdf','temp_local',740155,'[]','{\"file_disk_id\":2}','[]',435,'2022-06-17 03:25:03','2022-06-17 03:25:03','81f5d5c4-3123-46fd-8a85-f2d3e95c0351','temp_local'),(810,'Crater\\Models\\Invoice',335,'invoice','temp','INV-152.pdf','application/pdf','temp_local',786920,'[]','{\"file_disk_id\":2}','[]',436,'2022-06-18 02:45:24','2022-06-18 02:45:24','86a753d5-91ef-43ca-b329-136ed36a8d89','temp_local'),(811,'Crater\\Models\\Invoice',335,'invoice','temp','INV-152.pdf','application/pdf','temp_local',786927,'[]','{\"file_disk_id\":2}','[]',437,'2022-06-18 02:47:25','2022-06-18 02:47:25','3f744003-331b-434d-b537-70b54793cef2','temp_local');

--
-- Table structure for table `migrations`
--

CREATE TABLE `migrations` (
  `id` int(10) unsigned NOT NULL AUTO_INCREMENT,
  `migration` varchar(255) COLLATE utf8_unicode_ci NOT NULL,
  `batch` int(11) NOT NULL,
  PRIMARY KEY (`id`)
) ENGINE=InnoDB AUTO_INCREMENT=127 DEFAULT CHARSET=utf8 COLLATE=utf8_unicode_ci;

--
-- Dumping data for table `migrations`
--

INSERT INTO `migrations` VALUES (1,'2014_10_11_071840_create_companies_table',1),(2,'2014_10_11_125754_create_currencies_table',1),(3,'2014_10_12_000000_create_users_table',1),(4,'2014_10_12_100000_create_password_resets_table',1),(5,'2016_05_13_060834_create_settings_table',1),(6,'2017_04_11_064308_create_units_table',1),(7,'2017_04_11_081227_create_items_table',1),(8,'2017_04_11_140447_create_invoice_templates_table',1),(9,'2017_04_12_090759_create_invoices_table',1),(10,'2017_04_12_091015_create_invoice_items_table',1),(11,'2017_05_04_141701_create_estimate_templates_table',1),(12,'2017_05_05_055609_create_estimates_table',1),(13,'2017_05_05_073927_create_notifications_table',1),(14,'2017_05_06_173745_create_countries_table',1),(15,'2017_10_02_123501_create_estimate_items_table',1),(16,'2018_11_02_133825_create_ expense_categories_table',1),(17,'2018_11_02_133956_create_expenses_table',1),(18,'2019_08_30_072639_create_addresses_table',1),(19,'2019_09_02_053155_create_payment_methods_table',1),(20,'2019_09_03_135234_create_payments_table',1),(21,'2019_09_14_120124_create_media_table',1),(22,'2019_09_21_052540_create_tax_types_table',1),(23,'2019_09_21_052548_create_taxes_table',1),(24,'2019_09_26_145012_create_company_settings_table',1),(25,'2019_12_14_000001_create_personal_access_tokens_table',1),(26,'2020_02_01_063235_create_custom_fields_table',1),(27,'2020_02_01_063509_create_custom_field_values_table',1),(28,'2020_05_12_154129_add_user_id_to_expenses_table',1),(29,'2020_09_07_103054_create_file_disks_table',1),(30,'2020_09_22_153617_add_columns_to_media_table',1),(31,'2020_09_26_100951_create_user_settings_table',1),(32,'2020_10_01_102913_add_company_to_addresses_table',1),(33,'2020_10_17_074745_create_notes_table',1),(34,'2020_10_24_091934_change_value_column_to_text_on_company_settings_table',1),(35,'2020_11_23_050206_add_creator_in_invoices_table',1),(36,'2020_11_23_050252_add_creator_in_estimates_table',1),(37,'2020_11_23_050316_add_creator_in_payments_table',1),(38,'2020_11_23_050333_add_creator_in_expenses_table',1),(39,'2020_11_23_050406_add_creator_in_items_table',1),(40,'2020_11_23_065815_add_creator_in_users_table',1),(41,'2020_11_23_074154_create_email_logs_table',1),(42,'2020_12_02_064933_update_crater_version_320',1),(43,'2020_12_02_090527_update_crater_version_400',1),(44,'2020_12_08_065715_change_description_and_notes_column_type',1),(45,'2020_12_08_133131_update_crater_version_401',1),(46,'2020_12_23_061302_update_crater_version_402',1),(47,'2020_12_31_100816_update_crater_version_403',1),(48,'2021_01_22_085644_update_crater_version_404',1),(49,'2020_12_14_044717_add_template_name_to_invoices_table',2),(50,'2020_12_14_045310_add_template_name_to_estimates_table',2),(51,'2020_12_14_051450_remove_template_id_from_invoices_and_estimates_table',2),(52,'2021_03_03_155223_add_unit_name_to_pdf',2),(53,'2021_03_23_145012_add_number_length_setting',2),(54,'2021_05_05_063533_update_crater_version_410',2),(55,'2021_06_19_121939_update_crater_version_420',2),(56,'2021_06_28_105334_create_bouncer_tables',2),(57,'2021_06_28_111647_create_customers_table',2),(58,'2021_06_28_120010_add_customer_id_to_estimates_table',2),(59,'2021_06_28_120133_add_customer_id_to_expenses_table',2),(60,'2021_06_28_120208_add_customer_id_to_invoices_table',2),(61,'2021_06_28_120231_add_customer_id_to_payments_table',2),(62,'2021_06_29_052745_add_customer_id_to_addresses_table',2),(63,'2021_06_30_062411_update_customer_id_in_all_tables',2),(64,'2021_07_01_060700_create_user_company_table',2),(65,'2021_07_05_100256_change_relationship_of_company',2),(66,'2021_07_06_070204_add_owner_id_to_companies_table',2),(67,'2021_07_08_110940_add_company_to_notes_table',2),(68,'2021_07_09_063502_create_recurring_invoices_table',2),(69,'2021_07_09_063712_add_recurring_invoice_id_to_invoices_table',2),(70,'2021_07_09_063755_add_recurring_invoice_id_to_invoice_items_table',2),(71,'2021_07_15_054753_make_due_date_optional_in_invoices_table',2),(72,'2021_07_15_054929_make_expiry_date_optional_estimates_table',2),(73,'2021_07_16_072458_add_base_columns_into_invoices_table',2),(74,'2021_07_16_072925_add_base_columns_into_invoice_items_table',2),(75,'2021_07_16_073040_add_base_columns_into_estimates_table',2),(76,'2021_07_16_073441_add_base_columns_into_estimate_items_table',2),(77,'2021_07_16_074810_add_base_column_into_payments_table',2),(78,'2021_07_16_075100_add_base_values_into_taxes_table',2),(79,'2021_07_16_080253_add_currency_id_into_invoices_table',2),(80,'2021_07_16_080508_add_currency_id_into_payments_table',2),(81,'2021_07_16_080611_add_currency_id_into_items_table',2),(82,'2021_07_16_080702_add_currency_id_into_taxes_table',2),(83,'2021_07_16_112429_add_currency_id_into_estimates_table',2),(84,'2021_08_05_103535_create_exchange_rate_logs_table',2),(85,'2021_08_16_091413_add_tax_per_item_into_items_table',2),(86,'2021_08_19_063244_add_base_columns_to_expense_table',2),(87,'2021_09_28_081543_create_exchange_rate_providers_table',2),(88,'2021_09_28_130822_add_sequence_column',2),(89,'2021_10_06_100539_add_recurring_invoice_id_to_taxes_table',2),(90,'2021_11_13_051127_add_payment_method_to_expense_table',2),(91,'2021_11_13_114808_calculate_base_values_for_existing_data',2),(92,'2021_11_23_092111_add_new_company_settings',3),(93,'2021_11_23_093811_update_crater_version_500',3),(94,'2021_12_01_120956_update_crater_version_501',3),(95,'2021_12_02_063005_calculate_base_due_amount',3),(96,'2021_12_02_074516_migrate_templates_from_version_4',3),(97,'2021_12_02_123007_update_crater_version_502',3),(98,'2021_12_03_154423_update_crater_version_503',3),(99,'2021_12_04_122255_create_transactions_table',3),(100,'2021_12_04_123315_add_transaction_id_to_payments_table',3),(101,'2021_12_04_123415_add_type_to_payment_methods_table',3),(102,'2021_12_06_131201_update_crater_version_504',3),(103,'2021_12_09_054033_calculate_base_values_for_expenses',3),(104,'2021_12_09_062434_update_crater_version_505',3),(105,'2021_12_09_065718_drop_unique_email_on_customers_table',3),(106,'2021_12_10_121739_update_creater_version_506',3),(107,'2021_12_13_055813_calculate_base_amount_of_payments_table',3),(108,'2021_12_13_093701_add_fields_to_email_logs_table',3),(109,'2021_12_15_053223_create_modules_table',3),(110,'2021_12_21_102521_change_enable_portal_field_of_customers_table',3),(111,'2021_12_31_042453_add_type_to_tax_types_table',3),(112,'2022_01_05_101841_add_sales_tax_fields_to_invoices_table',3),(113,'2022_01_05_102538_add_sales_tax_fields_to_estimates_table',3),(114,'2022_01_05_103607_add_sales_tax_fields_to_recurring_invoices_table',3),(115,'2022_01_05_115423_update_crater_version_600',3),(116,'2022_01_06_103536_add_slug_to_companies',3),(117,'2022_01_12_132859_update_crater_version_601',3),(118,'2022_01_13_123829_update_crater_version_602',3),(119,'2022_02_15_113648_update_crater_version_603',4),(120,'2022_02_17_081723_update_crater_version_604',4),(121,'2022_02_23_130108_update_value_column_to_nullable_on_settings_table',4),(122,'2022_03_02_120210_add_overdue_to_invoices_table',4),(123,'2022_03_03_060121_crater_version_605',4),(124,'2022_03_03_063237_change_over_due_status_to_sent',4),(125,'2022_03_04_051438_calculate_base_values_for_invoice_items',4),(126,'2022_03_06_070829_update_crater_version_606',4);

--
-- Table structure for table `modules`
--

CREATE TABLE `modules` (
  `id` bigint(20) unsigned NOT NULL AUTO_INCREMENT,
  `name` varchar(255) COLLATE utf8_unicode_ci NOT NULL,
  `version` varchar(255) COLLATE utf8_unicode_ci NOT NULL,
  `installed` tinyint(1) NOT NULL DEFAULT '0',
  `enabled` tinyint(1) NOT NULL DEFAULT '0',
  `created_at` timestamp NULL DEFAULT NULL,
  `updated_at` timestamp NULL DEFAULT NULL,
  PRIMARY KEY (`id`)
) ENGINE=InnoDB DEFAULT CHARSET=utf8 COLLATE=utf8_unicode_ci;

--
-- Dumping data for table `modules`
--


--
-- Table structure for table `notes`
--

CREATE TABLE `notes` (
  `id` bigint(20) unsigned NOT NULL AUTO_INCREMENT,
  `type` varchar(255) COLLATE utf8_unicode_ci NOT NULL,
  `name` varchar(255) COLLATE utf8_unicode_ci NOT NULL,
  `notes` text COLLATE utf8_unicode_ci NOT NULL,
  `created_at` timestamp NULL DEFAULT NULL,
  `updated_at` timestamp NULL DEFAULT NULL,
  `company_id` int(10) unsigned DEFAULT NULL,
  PRIMARY KEY (`id`),
  KEY `notes_company_id_foreign` (`company_id`),
  CONSTRAINT `notes_company_id_foreign` FOREIGN KEY (`company_id`) REFERENCES `companies` (`id`) ON DELETE CASCADE
) ENGINE=InnoDB AUTO_INCREMENT=5 DEFAULT CHARSET=utf8 COLLATE=utf8_unicode_ci;

--
-- Dumping data for table `notes`
--

INSERT INTO `notes` VALUES (1,'Invoice','AmarSpeciality_BankDetail','<p><strong>Bank Detail</strong></p><p>NAME : Amar Speciality Chemicals</p><p>Bank Name : AXIS Bank</p><p>A/C No : 921020008506724</p><p>IFSC CODE : UTIB0003293</p>','2021-03-25 19:46:22','2022-01-14 12:51:06',1),(4,'Invoice','AmarTools_BankDetail','<p><strong>Bank Detail</strong></p><p>Name : <strong>AMAR SUPERHARD TOOLS</strong></p><p>Bank : <strong>AXIS BANK</strong></p><p>A\\C No : <strong>918020103188858</strong></p><p>IFSC : <strong>UTIB0003293</strong></p>','2021-06-18 03:45:44','2022-01-16 01:48:43',2);

--
-- Table structure for table `notifications`
--

CREATE TABLE `notifications` (
  `id` char(36) COLLATE utf8_unicode_ci NOT NULL,
  `type` varchar(255) COLLATE utf8_unicode_ci NOT NULL,
  `notifiable_type` varchar(255) COLLATE utf8_unicode_ci NOT NULL,
  `notifiable_id` bigint(20) unsigned NOT NULL,
  `data` text COLLATE utf8_unicode_ci NOT NULL,
  `read_at` timestamp NULL DEFAULT NULL,
  `created_at` timestamp NULL DEFAULT NULL,
  `updated_at` timestamp NULL DEFAULT NULL,
  PRIMARY KEY (`id`),
  KEY `notifications_notifiable_type_notifiable_id_index` (`notifiable_type`,`notifiable_id`)
) ENGINE=InnoDB DEFAULT CHARSET=utf8 COLLATE=utf8_unicode_ci;

--
-- Dumping data for table `notifications`
--


--
-- Table structure for table `payment_methods`
--

CREATE TABLE `payment_methods` (
  `id` int(10) unsigned NOT NULL AUTO_INCREMENT,
  `name` varchar(255) COLLATE utf8_unicode_ci NOT NULL,
  `company_id` int(10) unsigned DEFAULT NULL,
  `created_at` timestamp NULL DEFAULT NULL,
  `updated_at` timestamp NULL DEFAULT NULL,
  `driver` varchar(255) COLLATE utf8_unicode_ci DEFAULT NULL,
  `type` enum('GENERAL','MODULE') COLLATE utf8_unicode_ci NOT NULL DEFAULT 'GENERAL',
  `settings` json DEFAULT NULL,
  `active` tinyint(1) NOT NULL DEFAULT '0',
  `use_test_env` tinyint(1) NOT NULL DEFAULT '0',
  PRIMARY KEY (`id`),
  KEY `payment_methods_company_id_foreign` (`company_id`),
  CONSTRAINT `payment_methods_company_id_foreign` FOREIGN KEY (`company_id`) REFERENCES `companies` (`id`) ON DELETE CASCADE
) ENGINE=InnoDB AUTO_INCREMENT=5 DEFAULT CHARSET=utf8 COLLATE=utf8_unicode_ci;

--
-- Dumping data for table `payment_methods`
--

INSERT INTO `payment_methods` VALUES (1,'Cash',1,'2021-03-24 22:51:31','2021-03-24 22:51:31',NULL,'GENERAL',NULL,0,0),(2,'Check',1,'2021-03-24 22:51:31','2021-03-24 22:51:31',NULL,'GENERAL',NULL,0,0),(3,'Credit Card',1,'2021-03-24 22:51:31','2021-03-24 22:51:31',NULL,'GENERAL',NULL,0,0),(4,'Bank Transfer',1,'2021-03-24 22:51:31','2021-03-24 22:51:31',NULL,'GENERAL',NULL,0,0);

--
-- Table structure for table `payments`
--

CREATE TABLE `payments` (
  `id` bigint(20) unsigned NOT NULL AUTO_INCREMENT,
  `sequence_number` mediumint(8) unsigned DEFAULT NULL,
  `customer_sequence_number` mediumint(8) unsigned DEFAULT NULL,
  `payment_number` varchar(255) COLLATE utf8_unicode_ci NOT NULL,
  `payment_date` date NOT NULL,
  `notes` text COLLATE utf8_unicode_ci,
  `amount` bigint(20) unsigned NOT NULL,
  `unique_hash` varchar(255) COLLATE utf8_unicode_ci DEFAULT NULL,
  `invoice_id` int(10) unsigned DEFAULT NULL,
  `company_id` int(10) unsigned DEFAULT NULL,
  `payment_method_id` int(10) unsigned DEFAULT NULL,
  `created_at` timestamp NULL DEFAULT NULL,
  `updated_at` timestamp NULL DEFAULT NULL,
  `creator_id` int(10) unsigned DEFAULT NULL,
  `customer_id` bigint(20) unsigned DEFAULT NULL,
  `exchange_rate` decimal(19,6) DEFAULT NULL,
  `base_amount` bigint(20) unsigned DEFAULT NULL,
  `currency_id` int(10) unsigned DEFAULT NULL,
  `transaction_id` bigint(20) unsigned DEFAULT NULL,
  PRIMARY KEY (`id`),
  KEY `payments_invoice_id_foreign` (`invoice_id`),
  KEY `payments_company_id_foreign` (`company_id`),
  KEY `payments_payment_method_id_foreign` (`payment_method_id`),
  KEY `payments_creator_id_foreign` (`creator_id`),
  KEY `payments_customer_id_foreign` (`customer_id`),
  KEY `payments_currency_id_foreign` (`currency_id`),
  KEY `payments_transaction_id_foreign` (`transaction_id`),
  CONSTRAINT `payments_company_id_foreign` FOREIGN KEY (`company_id`) REFERENCES `companies` (`id`) ON DELETE CASCADE,
  CONSTRAINT `payments_creator_id_foreign` FOREIGN KEY (`creator_id`) REFERENCES `users` (`id`) ON DELETE CASCADE,
  CONSTRAINT `payments_currency_id_foreign` FOREIGN KEY (`currency_id`) REFERENCES `currencies` (`id`),
  CONSTRAINT `payments_customer_id_foreign` FOREIGN KEY (`customer_id`) REFERENCES `customers` (`id`),
  CONSTRAINT `payments_invoice_id_foreign` FOREIGN KEY (`invoice_id`) REFERENCES `invoices` (`id`) ON DELETE CASCADE,
  CONSTRAINT `payments_payment_method_id_foreign` FOREIGN KEY (`payment_method_id`) REFERENCES `payment_methods` (`id`) ON DELETE CASCADE,
  CONSTRAINT `payments_transaction_id_foreign` FOREIGN KEY (`transaction_id`) REFERENCES `transactions` (`id`)
) ENGINE=InnoDB AUTO_INCREMENT=6 DEFAULT CHARSET=utf8 COLLATE=utf8_unicode_ci;

--
-- Dumping data for table `payments`
--

INSERT INTO `payments` VALUES (1,1,1,'PAY-1','2021-09-24',NULL,7000940,'9DnKdyr4GB6GXZYR1lO3',105,1,2,'2021-09-29 02:24:21','2022-01-14 12:51:11',4,56,1.000000,7000940,12,NULL),(2,2,1,'PAY-2','2021-09-24',NULL,5475200,'7ZX4yVe9zKBzr6b3RYxn',97,1,2,'2021-09-29 02:24:51','2022-01-14 12:51:11',4,56,1.000000,5475200,12,NULL),(3,3,1,'PAY-3','2021-10-09',NULL,15200288,'6b97nRBOGy5zlDeZK3Vr',123,1,4,'2021-10-10 02:28:18','2022-01-14 12:51:12',4,56,1.000000,15200288,12,NULL),(4,4,1,'PAY-4','2021-10-09',NULL,950171,'e4dVBOylLYxGxrD3nX17',114,1,4,'2021-10-10 02:29:21','2022-01-14 12:51:12',4,56,1.000000,950171,12,NULL),(5,5,1,'PAY-5','2021-09-22',NULL,4770740,'Dn3Z1O9RL4Bz6V4B5bxy',107,1,4,'2021-10-10 02:31:00','2022-01-14 12:51:12',4,56,1.000000,4770740,12,NULL);

--
-- Table structure for table `permissions`
--

CREATE TABLE `permissions` (
  `id` bigint(20) unsigned NOT NULL AUTO_INCREMENT,
  `ability_id` bigint(20) unsigned NOT NULL,
  `entity_id` bigint(20) unsigned DEFAULT NULL,
  `entity_type` varchar(255) COLLATE utf8_unicode_ci DEFAULT NULL,
  `forbidden` tinyint(1) NOT NULL DEFAULT '0',
  `scope` int(11) DEFAULT NULL,
  PRIMARY KEY (`id`),
  KEY `permissions_entity_index` (`entity_id`,`entity_type`,`scope`),
  KEY `permissions_ability_id_index` (`ability_id`),
  KEY `permissions_scope_index` (`scope`),
  CONSTRAINT `permissions_ability_id_foreign` FOREIGN KEY (`ability_id`) REFERENCES `abilities` (`id`) ON DELETE CASCADE ON UPDATE CASCADE
) ENGINE=InnoDB AUTO_INCREMENT=95 DEFAULT CHARSET=utf8 COLLATE=utf8_unicode_ci;

--
-- Dumping data for table `permissions`
--

INSERT INTO `permissions` VALUES (1,1,1,'roles',0,1),(2,2,1,'roles',0,1),(3,3,1,'roles',0,1),(4,4,1,'roles',0,1),(5,5,1,'roles',0,1),(6,6,1,'roles',0,1),(7,7,1,'roles',0,1),(8,8,1,'roles',0,1),(9,9,1,'roles',0,1),(10,10,1,'roles',0,1),(11,11,1,'roles',0,1),(12,12,1,'roles',0,1),(13,13,1,'roles',0,1),(14,14,1,'roles',0,1),(15,15,1,'roles',0,1),(16,16,1,'roles',0,1),(17,17,1,'roles',0,1),(18,18,1,'roles',0,1),(19,19,1,'roles',0,1),(20,20,1,'roles',0,1),(21,21,1,'roles',0,1),(22,22,1,'roles',0,1),(23,23,1,'roles',0,1),(24,24,1,'roles',0,1),(25,25,1,'roles',0,1),(26,26,1,'roles',0,1),(27,27,1,'roles',0,1),(28,28,1,'roles',0,1),(29,29,1,'roles',0,1),(30,30,1,'roles',0,1),(31,31,1,'roles',0,1),(32,32,1,'roles',0,1),(33,33,1,'roles',0,1),(34,34,1,'roles',0,1),(35,35,1,'roles',0,1),(36,36,1,'roles',0,1),(37,37,1,'roles',0,1),(38,38,1,'roles',0,1),(39,39,1,'roles',0,1),(40,40,1,'roles',0,1),(41,41,1,'roles',0,1),(42,42,1,'roles',0,1),(43,43,1,'roles',0,1),(44,44,1,'roles',0,1),(45,45,1,'roles',0,1),(46,46,1,'roles',0,1),(47,47,1,'roles',0,1),(48,48,2,'roles',0,2),(49,49,2,'roles',0,2),(50,50,2,'roles',0,2),(51,51,2,'roles',0,2),(52,52,2,'roles',0,2),(53,53,2,'roles',0,2),(54,54,2,'roles',0,2),(55,55,2,'roles',0,2),(56,56,2,'roles',0,2),(57,57,2,'roles',0,2),(58,58,2,'roles',0,2),(59,59,2,'roles',0,2),(60,60,2,'roles',0,2),(61,61,2,'roles',0,2),(62,62,2,'roles',0,2),(63,63,2,'roles',0,2),(64,64,2,'roles',0,2),(65,65,2,'roles',0,2),(66,66,2,'roles',0,2),(67,67,2,'roles',0,2),(68,68,2,'roles',0,2),(69,69,2,'roles',0,2),(70,70,2,'roles',0,2),(71,71,2,'roles',0,2),(72,72,2,'roles',0,2),(73,73,2,'roles',0,2),(74,74,2,'roles',0,2),(75,75,2,'roles',0,2),(76,76,2,'roles',0,2),(77,77,2,'roles',0,2),(78,78,2,'roles',0,2),(79,79,2,'roles',0,2),(80,80,2,'roles',0,2),(81,81,2,'roles',0,2),(82,82,2,'roles',0,2),(83,83,2,'roles',0,2),(84,84,2,'roles',0,2),(85,85,2,'roles',0,2),(86,86,2,'roles',0,2),(87,87,2,'roles',0,2),(88,88,2,'roles',0,2),(89,89,2,'roles',0,2),(90,90,2,'roles',0,2),(91,91,2,'roles',0,2),(92,92,2,'roles',0,2),(93,93,2,'roles',0,2),(94,94,2,'roles',0,2);

--
-- Table structure for table `recurring_invoices`
--

CREATE TABLE `recurring_invoices` (
  `id` bigint(20) unsigned NOT NULL AUTO_INCREMENT,
  `starts_at` datetime NOT NULL,
  `send_automatically` tinyint(1) NOT NULL DEFAULT '0',
  `customer_id` bigint(20) unsigned DEFAULT NULL,
  `company_id` int(10) unsigned DEFAULT NULL,
  `status` enum('COMPLETED','ON_HOLD','ACTIVE') COLLATE utf8_unicode_ci NOT NULL DEFAULT 'ACTIVE',
  `next_invoice_at` datetime DEFAULT NULL,
  `creator_id` int(10) unsigned DEFAULT NULL,
  `frequency` varchar(255) COLLATE utf8_unicode_ci NOT NULL,
  `limit_by` enum('NONE','COUNT','DATE') COLLATE utf8_unicode_ci NOT NULL DEFAULT 'NONE',
  `limit_count` int(11) DEFAULT NULL,
  `limit_date` date DEFAULT NULL,
  `currency_id` int(10) unsigned DEFAULT NULL,
  `exchange_rate` decimal(19,6) DEFAULT NULL,
  `tax_per_item` varchar(255) COLLATE utf8_unicode_ci NOT NULL,
  `discount_per_item` varchar(255) COLLATE utf8_unicode_ci NOT NULL,
  `notes` text COLLATE utf8_unicode_ci,
  `discount_type` varchar(255) COLLATE utf8_unicode_ci DEFAULT NULL,
  `discount` decimal(15,2) DEFAULT NULL,
  `discount_val` bigint(20) unsigned DEFAULT NULL,
  `sub_total` bigint(20) unsigned NOT NULL,
  `total` bigint(20) unsigned NOT NULL,
  `tax` bigint(20) unsigned NOT NULL,
  `template_name` varchar(255) COLLATE utf8_unicode_ci DEFAULT NULL,
  `due_amount` bigint(20) unsigned NOT NULL,
  `created_at` timestamp NULL DEFAULT NULL,
  `updated_at` timestamp NULL DEFAULT NULL,
  `sales_tax_type` varchar(255) COLLATE utf8_unicode_ci DEFAULT NULL,
  `sales_tax_address_type` varchar(255) COLLATE utf8_unicode_ci DEFAULT NULL,
  PRIMARY KEY (`id`),
  KEY `recurring_invoices_customer_id_foreign` (`customer_id`),
  KEY `recurring_invoices_company_id_foreign` (`company_id`),
  KEY `recurring_invoices_creator_id_foreign` (`creator_id`),
  KEY `recurring_invoices_currency_id_foreign` (`currency_id`),
  CONSTRAINT `recurring_invoices_company_id_foreign` FOREIGN KEY (`company_id`) REFERENCES `companies` (`id`),
  CONSTRAINT `recurring_invoices_creator_id_foreign` FOREIGN KEY (`creator_id`) REFERENCES `users` (`id`),
  CONSTRAINT `recurring_invoices_currency_id_foreign` FOREIGN KEY (`currency_id`) REFERENCES `currencies` (`id`),
  CONSTRAINT `recurring_invoices_customer_id_foreign` FOREIGN KEY (`customer_id`) REFERENCES `customers` (`id`)
) ENGINE=InnoDB DEFAULT CHARSET=utf8 COLLATE=utf8_unicode_ci;

--
-- Dumping data for table `recurring_invoices`
--


--
-- Table structure for table `roles`
--

CREATE TABLE `roles` (
  `id` bigint(20) unsigned NOT NULL AUTO_INCREMENT,
  `name` varchar(255) COLLATE utf8_unicode_ci NOT NULL,
  `title` varchar(255) COLLATE utf8_unicode_ci DEFAULT NULL,
  `level` int(10) unsigned DEFAULT NULL,
  `scope` int(11) DEFAULT NULL,
  `created_at` timestamp NULL DEFAULT NULL,
  `updated_at` timestamp NULL DEFAULT NULL,
  PRIMARY KEY (`id`),
  UNIQUE KEY `roles_name_unique` (`name`,`scope`),
  KEY `roles_scope_index` (`scope`)
) ENGINE=InnoDB AUTO_INCREMENT=3 DEFAULT CHARSET=utf8 COLLATE=utf8_unicode_ci;

--
-- Dumping data for table `roles`
--

INSERT INTO `roles` VALUES (1,'super admin','Super Admin',NULL,1,'2022-01-14 12:51:06','2022-01-14 12:51:06'),(2,'super admin','Super Admin',NULL,2,'2022-01-14 12:51:06','2022-01-14 12:51:06');

--
-- Table structure for table `settings`
--

CREATE TABLE `settings` (
  `id` int(10) unsigned NOT NULL AUTO_INCREMENT,
  `option` varchar(255) COLLATE utf8_unicode_ci NOT NULL,
  `value` varchar(255) COLLATE utf8_unicode_ci DEFAULT NULL,
  `created_at` timestamp NULL DEFAULT NULL,
  `updated_at` timestamp NULL DEFAULT NULL,
  PRIMARY KEY (`id`)
) ENGINE=InnoDB AUTO_INCREMENT=3 DEFAULT CHARSET=utf8 COLLATE=utf8_unicode_ci;

--
-- Dumping data for table `settings`
--

INSERT INTO `settings` VALUES (1,'version','6.0.6','2021-03-24 22:51:30','2022-05-25 13:18:53'),(2,'profile_complete','COMPLETED','2021-03-24 22:51:30','2021-03-25 04:26:58');

--
-- Table structure for table `tax_types`
--

CREATE TABLE `tax_types` (
  `id` int(10) unsigned NOT NULL AUTO_INCREMENT,
  `name` varchar(255) COLLATE utf8_unicode_ci NOT NULL,
  `percent` decimal(5,2) NOT NULL,
  `compound_tax` tinyint(4) NOT NULL DEFAULT '0',
  `collective_tax` tinyint(4) NOT NULL DEFAULT '0',
  `description` text COLLATE utf8_unicode_ci,
  `company_id` int(10) unsigned DEFAULT NULL,
  `created_at` timestamp NULL DEFAULT NULL,
  `updated_at` timestamp NULL DEFAULT NULL,
  `type` enum('GENERAL','MODULE') COLLATE utf8_unicode_ci NOT NULL DEFAULT 'GENERAL',
  PRIMARY KEY (`id`),
  KEY `tax_types_company_id_foreign` (`company_id`),
  CONSTRAINT `tax_types_company_id_foreign` FOREIGN KEY (`company_id`) REFERENCES `companies` (`id`)
) ENGINE=InnoDB AUTO_INCREMENT=7 DEFAULT CHARSET=utf8 COLLATE=utf8_unicode_ci;

--
-- Dumping data for table `tax_types`
--

INSERT INTO `tax_types` VALUES (1,'SGST',9.00,0,0,NULL,1,'2021-03-25 17:11:13','2021-03-25 17:11:13','GENERAL'),(2,'CGST',9.00,0,0,NULL,1,'2021-03-25 17:11:25','2021-03-25 17:11:25','GENERAL'),(3,'IGST',0.00,0,0,NULL,1,'2021-06-04 10:40:41','2021-06-04 10:40:41','GENERAL'),(4,'CGST',9.00,0,0,NULL,2,'2021-06-18 03:19:06','2021-06-18 03:19:06','GENERAL'),(5,'SGST',9.00,0,0,NULL,2,'2021-06-18 03:19:33','2021-06-18 03:19:33','GENERAL'),(6,'IGST',0.00,0,0,NULL,2,'2021-06-18 03:19:43','2021-06-18 04:10:13','GENERAL');

--
-- Table structure for table `taxes`
--

CREATE TABLE `taxes` (
  `id` int(10) unsigned NOT NULL AUTO_INCREMENT,
  `tax_type_id` int(10) unsigned NOT NULL,
  `invoice_id` int(10) unsigned DEFAULT NULL,
  `estimate_id` int(10) unsigned DEFAULT NULL,
  `invoice_item_id` int(10) unsigned DEFAULT NULL,
  `estimate_item_id` int(10) unsigned DEFAULT NULL,
  `item_id` int(10) unsigned DEFAULT NULL,
  `company_id` int(10) unsigned DEFAULT NULL,
  `name` varchar(255) COLLATE utf8_unicode_ci NOT NULL,
  `amount` bigint(20) unsigned NOT NULL,
  `percent` decimal(5,2) NOT NULL,
  `compound_tax` tinyint(4) NOT NULL DEFAULT '0',
  `created_at` timestamp NULL DEFAULT NULL,
  `updated_at` timestamp NULL DEFAULT NULL,
  `exchange_rate` decimal(19,6) DEFAULT NULL,
  `base_amount` bigint(20) unsigned DEFAULT NULL,
  `currency_id` int(10) unsigned DEFAULT NULL,
  `recurring_invoice_id` bigint(20) unsigned DEFAULT NULL,
  PRIMARY KEY (`id`),
  KEY `taxes_tax_type_id_foreign` (`tax_type_id`),
  KEY `taxes_invoice_id_foreign` (`invoice_id`),
  KEY `taxes_estimate_id_foreign` (`estimate_id`),
  KEY `taxes_invoice_item_id_foreign` (`invoice_item_id`),
  KEY `taxes_estimate_item_id_foreign` (`estimate_item_id`),
  KEY `taxes_item_id_foreign` (`item_id`),
  KEY `taxes_company_id_foreign` (`company_id`),
  KEY `taxes_currency_id_foreign` (`currency_id`),
  KEY `taxes_recurring_invoice_id_foreign` (`recurring_invoice_id`),
  CONSTRAINT `taxes_company_id_foreign` FOREIGN KEY (`company_id`) REFERENCES `companies` (`id`),
  CONSTRAINT `taxes_currency_id_foreign` FOREIGN KEY (`currency_id`) REFERENCES `currencies` (`id`),
  CONSTRAINT `taxes_estimate_id_foreign` FOREIGN KEY (`estimate_id`) REFERENCES `estimates` (`id`) ON DELETE CASCADE,
  CONSTRAINT `taxes_estimate_item_id_foreign` FOREIGN KEY (`estimate_item_id`) REFERENCES `estimate_items` (`id`) ON DELETE CASCADE,
  CONSTRAINT `taxes_invoice_id_foreign` FOREIGN KEY (`invoice_id`) REFERENCES `invoices` (`id`) ON DELETE CASCADE,
  CONSTRAINT `taxes_invoice_item_id_foreign` FOREIGN KEY (`invoice_item_id`) REFERENCES `invoice_items` (`id`) ON DELETE CASCADE,
  CONSTRAINT `taxes_item_id_foreign` FOREIGN KEY (`item_id`) REFERENCES `items` (`id`) ON DELETE CASCADE,
  CONSTRAINT `taxes_recurring_invoice_id_foreign` FOREIGN KEY (`recurring_invoice_id`) REFERENCES `recurring_invoices` (`id`),
  CONSTRAINT `taxes_tax_type_id_foreign` FOREIGN KEY (`tax_type_id`) REFERENCES `tax_types` (`id`)
) ENGINE=InnoDB AUTO_INCREMENT=2430 DEFAULT CHARSET=utf8 COLLATE=utf8_unicode_ci;

--
-- Dumping data for table `taxes`
--

INSERT INTO `taxes` VALUES (345,3,11,NULL,NULL,NULL,NULL,1,'IGST',0,0.00,0,'2021-06-05 10:51:30','2022-01-14 12:51:10',1.000000,0,12,NULL),(346,2,11,NULL,NULL,NULL,NULL,1,'CGST',310950,9.00,0,'2021-06-05 10:51:30','2022-01-14 12:51:10',1.000000,310950,12,NULL),(347,1,11,NULL,NULL,NULL,NULL,1,'SGST',310950,9.00,0,'2021-06-05 10:51:30','2022-01-14 12:51:10',1.000000,310950,12,NULL),(351,3,12,NULL,NULL,NULL,NULL,1,'IGST',0,0.00,0,'2021-06-05 10:59:56','2022-01-14 12:51:10',1.000000,0,12,NULL),(352,2,12,NULL,NULL,NULL,NULL,1,'CGST',415800,9.00,0,'2021-06-05 10:59:56','2022-01-14 12:51:10',1.000000,415800,12,NULL),(353,1,12,NULL,NULL,NULL,NULL,1,'SGST',415800,9.00,0,'2021-06-05 10:59:56','2022-01-14 12:51:10',1.000000,415800,12,NULL),(357,3,13,NULL,NULL,NULL,NULL,1,'IGST',0,0.00,0,'2021-06-05 11:04:39','2022-01-14 12:51:10',1.000000,0,12,NULL),(358,2,13,NULL,NULL,NULL,NULL,1,'CGST',305280,9.00,0,'2021-06-05 11:04:39','2022-01-14 12:51:10',1.000000,305280,12,NULL),(359,1,13,NULL,NULL,NULL,NULL,1,'SGST',305280,9.00,0,'2021-06-05 11:04:39','2022-01-14 12:51:10',1.000000,305280,12,NULL),(363,3,14,NULL,NULL,NULL,NULL,1,'IGST',0,0.00,0,'2021-06-05 11:12:33','2022-01-14 12:51:10',1.000000,0,12,NULL),(364,2,14,NULL,NULL,NULL,NULL,1,'CGST',415800,9.00,0,'2021-06-05 11:12:33','2022-01-14 12:51:10',1.000000,415800,12,NULL),(365,1,14,NULL,NULL,NULL,NULL,1,'SGST',415800,9.00,0,'2021-06-05 11:12:33','2022-01-14 12:51:10',1.000000,415800,12,NULL),(369,3,15,NULL,NULL,NULL,NULL,1,'IGST',0,0.00,0,'2021-06-05 11:17:17','2022-01-14 12:51:10',1.000000,0,12,NULL),(370,2,15,NULL,NULL,NULL,NULL,1,'CGST',270900,9.00,0,'2021-06-05 11:17:17','2022-01-14 12:51:10',1.000000,270900,12,NULL),(371,1,15,NULL,NULL,NULL,NULL,1,'SGST',270900,9.00,0,'2021-06-05 11:17:17','2022-01-14 12:51:10',1.000000,270900,12,NULL),(375,2,4,NULL,NULL,NULL,NULL,1,'CGST',640800,9.00,0,'2021-06-05 11:19:53','2022-01-14 12:51:09',1.000000,640800,12,NULL),(376,1,4,NULL,NULL,NULL,NULL,1,'SGST',640800,9.00,0,'2021-06-05 11:19:53','2022-01-14 12:51:09',1.000000,640800,12,NULL),(377,3,4,NULL,NULL,NULL,NULL,1,'IGST',0,0.00,0,'2021-06-05 11:19:53','2022-01-14 12:51:09',1.000000,0,12,NULL),(423,3,17,NULL,NULL,NULL,NULL,1,'IGST',0,0.00,0,'2021-06-10 06:36:49','2022-01-14 12:51:10',1.000000,0,12,NULL),(424,2,17,NULL,NULL,NULL,NULL,1,'CGST',203850,9.00,0,'2021-06-10 06:36:49','2022-01-14 12:51:10',1.000000,203850,12,NULL),(425,1,17,NULL,NULL,NULL,NULL,1,'SGST',203850,9.00,0,'2021-06-10 06:36:49','2022-01-14 12:51:10',1.000000,203850,12,NULL),(429,3,19,NULL,NULL,NULL,NULL,1,'IGST',0,0.00,0,'2021-06-10 06:41:29','2022-01-14 12:51:10',1.000000,0,12,NULL),(430,2,19,NULL,NULL,NULL,NULL,1,'CGST',165767,9.00,0,'2021-06-10 06:41:29','2022-01-14 12:51:10',1.000000,165767,12,NULL),(431,1,19,NULL,NULL,NULL,NULL,1,'SGST',165767,9.00,0,'2021-06-10 06:41:29','2022-01-14 12:51:10',1.000000,165767,12,NULL),(432,3,18,NULL,NULL,NULL,NULL,1,'IGST',0,0.00,0,'2021-06-10 06:43:28','2022-01-14 12:51:10',1.000000,0,12,NULL),(433,2,18,NULL,NULL,NULL,NULL,1,'CGST',303300,9.00,0,'2021-06-10 06:43:28','2022-01-14 12:51:10',1.000000,303300,12,NULL),(434,1,18,NULL,NULL,NULL,NULL,1,'SGST',303300,9.00,0,'2021-06-10 06:43:28','2022-01-14 12:51:10',1.000000,303300,12,NULL),(438,3,20,NULL,NULL,NULL,NULL,1,'IGST',0,0.00,0,'2021-06-10 07:20:36','2022-01-14 12:51:10',1.000000,0,12,NULL),(439,2,20,NULL,NULL,NULL,NULL,1,'CGST',292590,9.00,0,'2021-06-10 07:20:36','2022-01-14 12:51:10',1.000000,292590,12,NULL),(440,1,20,NULL,NULL,NULL,NULL,1,'SGST',292590,9.00,0,'2021-06-10 07:20:36','2022-01-14 12:51:10',1.000000,292590,12,NULL),(444,3,21,NULL,NULL,NULL,NULL,1,'IGST',0,0.00,0,'2021-06-12 05:13:50','2022-01-14 12:51:10',1.000000,0,12,NULL),(445,2,21,NULL,NULL,NULL,NULL,1,'CGST',564408,9.00,0,'2021-06-12 05:13:50','2022-01-14 12:51:10',1.000000,564408,12,NULL),(446,1,21,NULL,NULL,NULL,NULL,1,'SGST',564408,9.00,0,'2021-06-12 05:13:50','2022-01-14 12:51:10',1.000000,564408,12,NULL),(456,3,22,NULL,NULL,NULL,NULL,1,'IGST',0,0.00,0,'2021-06-14 09:06:12','2022-01-14 12:51:10',1.000000,0,12,NULL),(457,2,22,NULL,NULL,NULL,NULL,1,'CGST',137295,9.00,0,'2021-06-14 09:06:12','2022-01-14 12:51:10',1.000000,137295,12,NULL),(458,1,22,NULL,NULL,NULL,NULL,1,'SGST',137295,9.00,0,'2021-06-14 09:06:12','2022-01-14 12:51:10',1.000000,137295,12,NULL),(462,3,23,NULL,NULL,NULL,NULL,1,'IGST',0,0.00,0,'2021-06-14 10:34:13','2022-01-14 12:51:10',1.000000,0,12,NULL),(463,2,23,NULL,NULL,NULL,NULL,1,'CGST',137295,9.00,0,'2021-06-14 10:34:13','2022-01-14 12:51:10',1.000000,137295,12,NULL),(464,1,23,NULL,NULL,NULL,NULL,1,'SGST',137295,9.00,0,'2021-06-14 10:34:13','2022-01-14 12:51:10',1.000000,137295,12,NULL),(504,3,24,NULL,NULL,NULL,NULL,1,'IGST',0,0.00,0,'2021-06-16 09:36:25','2022-01-14 12:51:10',1.000000,0,12,NULL),(505,2,24,NULL,NULL,NULL,NULL,1,'CGST',731457,9.00,0,'2021-06-16 09:36:25','2022-01-14 12:51:10',1.000000,731457,12,NULL),(506,1,24,NULL,NULL,NULL,NULL,1,'SGST',731457,9.00,0,'2021-06-16 09:36:25','2022-01-14 12:51:10',1.000000,731457,12,NULL),(510,3,25,NULL,NULL,NULL,NULL,1,'IGST',0,0.00,0,'2021-06-16 09:46:16','2022-01-14 12:51:10',1.000000,0,12,NULL),(511,2,25,NULL,NULL,NULL,NULL,1,'CGST',207900,9.00,0,'2021-06-16 09:46:16','2022-01-14 12:51:10',1.000000,207900,12,NULL),(512,1,25,NULL,NULL,NULL,NULL,1,'SGST',207900,9.00,0,'2021-06-16 09:46:16','2022-01-14 12:51:10',1.000000,207900,12,NULL),(598,6,30,NULL,NULL,NULL,NULL,2,'IGST',0,0.00,0,'2021-06-18 08:37:11','2022-01-14 12:51:10',1.000000,0,12,NULL),(599,5,30,NULL,NULL,NULL,NULL,2,'SGST',396000,9.00,0,'2021-06-18 08:37:11','2022-01-14 12:51:10',1.000000,396000,12,NULL),(600,4,30,NULL,NULL,NULL,NULL,2,'CGST',396000,9.00,0,'2021-06-18 08:37:11','2022-01-14 12:51:10',1.000000,396000,12,NULL),(604,3,31,NULL,NULL,NULL,NULL,1,'IGST',0,0.00,0,'2021-06-19 07:13:44','2022-01-14 12:51:10',1.000000,0,12,NULL),(605,2,31,NULL,NULL,NULL,NULL,1,'CGST',564480,9.00,0,'2021-06-19 07:13:44','2022-01-14 12:51:10',1.000000,564480,12,NULL),(606,1,31,NULL,NULL,NULL,NULL,1,'SGST',564480,9.00,0,'2021-06-19 07:13:44','2022-01-14 12:51:10',1.000000,564480,12,NULL),(610,3,32,NULL,NULL,NULL,NULL,1,'IGST',0,0.00,0,'2021-06-20 09:07:50','2022-01-14 12:51:10',1.000000,0,12,NULL),(611,2,32,NULL,NULL,NULL,NULL,1,'CGST',534258,9.00,0,'2021-06-20 09:07:50','2022-01-14 12:51:10',1.000000,534258,12,NULL),(612,1,32,NULL,NULL,NULL,NULL,1,'SGST',534258,9.00,0,'2021-06-20 09:07:50','2022-01-14 12:51:10',1.000000,534258,12,NULL),(625,3,35,NULL,NULL,NULL,NULL,1,'IGST',0,0.00,0,'2021-06-26 05:38:21','2022-01-14 12:51:10',1.000000,0,12,NULL),(626,2,35,NULL,NULL,NULL,NULL,1,'CGST',18126,9.00,0,'2021-06-26 05:38:21','2022-01-14 12:51:10',1.000000,18126,12,NULL),(627,1,35,NULL,NULL,NULL,NULL,1,'SGST',18126,9.00,0,'2021-06-26 05:38:21','2022-01-14 12:51:10',1.000000,18126,12,NULL),(628,3,33,NULL,NULL,NULL,NULL,1,'IGST',0,0.00,0,'2021-06-26 09:09:03','2022-01-14 12:51:10',1.000000,0,12,NULL),(629,2,33,NULL,NULL,NULL,NULL,1,'CGST',486072,9.00,0,'2021-06-26 09:09:03','2022-01-14 12:51:10',1.000000,486072,12,NULL),(630,1,33,NULL,NULL,NULL,NULL,1,'SGST',486072,9.00,0,'2021-06-26 09:09:03','2022-01-14 12:51:10',1.000000,486072,12,NULL),(631,3,34,NULL,NULL,NULL,NULL,1,'IGST',0,0.00,0,'2021-06-26 09:11:04','2022-01-14 12:51:10',1.000000,0,12,NULL),(632,2,34,NULL,NULL,NULL,NULL,1,'CGST',558000,9.00,0,'2021-06-26 09:11:04','2022-01-14 12:51:10',1.000000,558000,12,NULL),(633,1,34,NULL,NULL,NULL,NULL,1,'SGST',558000,9.00,0,'2021-06-26 09:11:04','2022-01-14 12:51:10',1.000000,558000,12,NULL),(637,3,36,NULL,NULL,NULL,NULL,1,'IGST',0,0.00,0,'2021-06-28 06:36:27','2022-01-14 12:51:10',1.000000,0,12,NULL),(638,2,36,NULL,NULL,NULL,NULL,1,'CGST',141210,9.00,0,'2021-06-28 06:36:27','2022-01-14 12:51:10',1.000000,141210,12,NULL),(639,1,36,NULL,NULL,NULL,NULL,1,'SGST',141210,9.00,0,'2021-06-28 06:36:27','2022-01-14 12:51:10',1.000000,141210,12,NULL),(643,3,37,NULL,NULL,NULL,NULL,1,'IGST',0,0.00,0,'2021-06-28 10:38:01','2022-01-14 12:51:10',1.000000,0,12,NULL),(644,2,37,NULL,NULL,NULL,NULL,1,'CGST',211680,9.00,0,'2021-06-28 10:38:01','2022-01-14 12:51:10',1.000000,211680,12,NULL),(645,1,37,NULL,NULL,NULL,NULL,1,'SGST',211680,9.00,0,'2021-06-28 10:38:01','2022-01-14 12:51:10',1.000000,211680,12,NULL),(664,6,39,NULL,NULL,NULL,NULL,2,'IGST',0,0.00,0,'2021-06-29 07:25:05','2022-01-14 12:51:10',1.000000,0,12,NULL),(665,5,39,NULL,NULL,NULL,NULL,2,'SGST',585023,9.00,0,'2021-06-29 07:25:05','2022-01-14 12:51:10',1.000000,585023,12,NULL),(666,4,39,NULL,NULL,NULL,NULL,2,'CGST',585023,9.00,0,'2021-06-29 07:25:05','2022-01-14 12:51:10',1.000000,585023,12,NULL),(673,3,38,NULL,NULL,NULL,NULL,1,'IGST',0,0.00,0,'2021-07-05 01:12:35','2022-01-14 12:51:10',1.000000,0,12,NULL),(674,2,38,NULL,NULL,NULL,NULL,1,'CGST',762696,9.00,0,'2021-07-05 01:12:35','2022-01-14 12:51:10',1.000000,762696,12,NULL),(675,1,38,NULL,NULL,NULL,NULL,1,'SGST',762696,9.00,0,'2021-07-05 01:12:35','2022-01-14 12:51:10',1.000000,762696,12,NULL),(712,6,41,NULL,NULL,NULL,NULL,2,'IGST',0,0.00,0,'2021-07-06 11:39:21','2022-01-14 12:51:11',1.000000,0,12,NULL),(713,5,41,NULL,NULL,NULL,NULL,2,'SGST',478800,9.00,0,'2021-07-06 11:39:21','2022-01-14 12:51:11',1.000000,478800,12,NULL),(714,4,41,NULL,NULL,NULL,NULL,2,'CGST',478800,9.00,0,'2021-07-06 11:39:21','2022-01-14 12:51:11',1.000000,478800,12,NULL),(718,6,43,NULL,NULL,NULL,NULL,2,'IGST',0,0.00,0,'2021-07-06 11:39:57','2022-01-14 12:51:10',1.000000,0,12,NULL),(719,5,43,NULL,NULL,NULL,NULL,2,'SGST',443520,9.00,0,'2021-07-06 11:39:57','2022-01-14 12:51:10',1.000000,443520,12,NULL),(720,4,43,NULL,NULL,NULL,NULL,2,'CGST',443520,9.00,0,'2021-07-06 11:39:57','2022-01-14 12:51:10',1.000000,443520,12,NULL),(754,3,16,NULL,NULL,NULL,NULL,1,'IGST',0,0.00,0,'2021-07-13 04:58:04','2022-01-14 12:51:10',1.000000,0,12,NULL),(755,2,16,NULL,NULL,NULL,NULL,1,'CGST',600615,9.00,0,'2021-07-13 04:58:04','2022-01-14 12:51:10',1.000000,600615,12,NULL),(756,1,16,NULL,NULL,NULL,NULL,1,'SGST',600615,9.00,0,'2021-07-13 04:58:04','2022-01-14 12:51:10',1.000000,600615,12,NULL),(760,3,47,NULL,NULL,NULL,NULL,1,'IGST',0,0.00,0,'2021-07-13 05:04:13','2022-01-14 12:51:10',1.000000,0,12,NULL),(761,2,47,NULL,NULL,NULL,NULL,1,'CGST',533880,9.00,0,'2021-07-13 05:04:13','2022-01-14 12:51:10',1.000000,533880,12,NULL),(762,1,47,NULL,NULL,NULL,NULL,1,'SGST',533880,9.00,0,'2021-07-13 05:04:13','2022-01-14 12:51:10',1.000000,533880,12,NULL),(763,3,46,NULL,NULL,NULL,NULL,1,'IGST',0,0.00,0,'2021-07-13 05:43:13','2022-01-14 12:51:10',1.000000,0,12,NULL),(764,2,46,NULL,NULL,NULL,NULL,1,'CGST',433629,9.00,0,'2021-07-13 05:43:13','2022-01-14 12:51:10',1.000000,433629,12,NULL),(765,1,46,NULL,NULL,NULL,NULL,1,'SGST',433629,9.00,0,'2021-07-13 05:43:13','2022-01-14 12:51:10',1.000000,433629,12,NULL),(766,3,48,NULL,NULL,NULL,NULL,1,'IGST',0,0.00,0,'2021-07-14 02:25:44','2022-01-14 12:51:10',1.000000,0,12,NULL),(767,2,48,NULL,NULL,NULL,NULL,1,'CGST',141300,9.00,0,'2021-07-14 02:25:44','2022-01-14 12:51:10',1.000000,141300,12,NULL),(768,1,48,NULL,NULL,NULL,NULL,1,'SGST',141300,9.00,0,'2021-07-14 02:25:44','2022-01-14 12:51:10',1.000000,141300,12,NULL),(769,3,49,NULL,NULL,NULL,NULL,1,'IGST',0,0.00,0,'2021-07-14 02:29:51','2022-01-14 12:51:10',1.000000,0,12,NULL),(770,2,49,NULL,NULL,NULL,NULL,1,'CGST',141300,9.00,0,'2021-07-14 02:29:51','2022-01-14 12:51:10',1.000000,141300,12,NULL),(771,1,49,NULL,NULL,NULL,NULL,1,'SGST',141300,9.00,0,'2021-07-14 02:29:51','2022-01-14 12:51:10',1.000000,141300,12,NULL),(778,3,50,NULL,NULL,NULL,NULL,1,'IGST',0,0.00,0,'2021-07-14 11:37:18','2022-01-14 12:51:11',1.000000,0,12,NULL),(779,2,50,NULL,NULL,NULL,NULL,1,'CGST',209925,9.00,0,'2021-07-14 11:37:18','2022-01-14 12:51:11',1.000000,209925,12,NULL),(780,1,50,NULL,NULL,NULL,NULL,1,'SGST',209925,9.00,0,'2021-07-14 11:37:18','2022-01-14 12:51:11',1.000000,209925,12,NULL),(781,3,51,NULL,NULL,NULL,NULL,1,'IGST',0,0.00,0,'2021-07-16 08:29:31','2022-01-14 12:51:11',1.000000,0,12,NULL),(782,2,51,NULL,NULL,NULL,NULL,1,'CGST',175428,9.00,0,'2021-07-16 08:29:31','2022-01-14 12:51:11',1.000000,175428,12,NULL),(783,1,51,NULL,NULL,NULL,NULL,1,'SGST',175428,9.00,0,'2021-07-16 08:29:31','2022-01-14 12:51:11',1.000000,175428,12,NULL),(784,3,45,NULL,NULL,NULL,NULL,1,'IGST',0,0.00,0,'2021-07-17 06:08:59','2022-01-14 12:51:11',1.000000,0,12,NULL),(785,2,45,NULL,NULL,NULL,NULL,1,'CGST',383265,9.00,0,'2021-07-17 06:08:59','2022-01-14 12:51:11',1.000000,383265,12,NULL),(786,1,45,NULL,NULL,NULL,NULL,1,'SGST',383265,9.00,0,'2021-07-17 06:08:59','2022-01-14 12:51:11',1.000000,383265,12,NULL),(787,3,40,NULL,NULL,NULL,NULL,1,'IGST',0,0.00,0,'2021-07-21 09:20:26','2022-01-14 12:51:10',1.000000,0,12,NULL),(788,2,40,NULL,NULL,NULL,NULL,1,'CGST',320400,9.00,0,'2021-07-21 09:20:26','2022-01-14 12:51:10',1.000000,320400,12,NULL),(789,1,40,NULL,NULL,NULL,NULL,1,'SGST',320400,9.00,0,'2021-07-21 09:20:26','2022-01-14 12:51:10',1.000000,320400,12,NULL),(799,3,52,NULL,NULL,NULL,NULL,1,'IGST',0,0.00,0,'2021-07-25 06:22:00','2022-01-14 12:51:10',1.000000,0,12,NULL),(800,2,52,NULL,NULL,NULL,NULL,1,'CGST',689688,9.00,0,'2021-07-25 06:22:00','2022-01-14 12:51:10',1.000000,689688,12,NULL),(801,1,52,NULL,NULL,NULL,NULL,1,'SGST',689688,9.00,0,'2021-07-25 06:22:00','2022-01-14 12:51:10',1.000000,689688,12,NULL),(814,3,54,NULL,NULL,NULL,NULL,1,'IGST',0,0.00,0,'2021-07-30 05:00:01','2022-01-14 12:51:10',1.000000,0,12,NULL),(815,2,54,NULL,NULL,NULL,NULL,1,'CGST',160200,9.00,0,'2021-07-30 05:00:01','2022-01-14 12:51:10',1.000000,160200,12,NULL),(816,1,54,NULL,NULL,NULL,NULL,1,'SGST',160200,9.00,0,'2021-07-30 05:00:01','2022-01-14 12:51:10',1.000000,160200,12,NULL),(841,6,58,NULL,NULL,NULL,NULL,2,'IGST',0,0.00,0,'2021-07-30 05:56:24','2022-01-14 12:51:11',1.000000,0,12,NULL),(842,5,58,NULL,NULL,NULL,NULL,2,'SGST',332640,9.00,0,'2021-07-30 05:56:24','2022-01-14 12:51:11',1.000000,332640,12,NULL),(843,4,58,NULL,NULL,NULL,NULL,2,'CGST',332640,9.00,0,'2021-07-30 05:56:24','2022-01-14 12:51:11',1.000000,332640,12,NULL),(850,6,53,NULL,NULL,NULL,NULL,2,'IGST',0,0.00,0,'2021-07-30 05:57:11','2022-01-14 12:51:11',1.000000,0,12,NULL),(851,5,53,NULL,NULL,NULL,NULL,2,'SGST',529254,9.00,0,'2021-07-30 05:57:11','2022-01-14 12:51:11',1.000000,529254,12,NULL),(852,4,53,NULL,NULL,NULL,NULL,2,'CGST',529254,9.00,0,'2021-07-30 05:57:11','2022-01-14 12:51:11',1.000000,529254,12,NULL),(853,6,56,NULL,NULL,NULL,NULL,2,'IGST',0,0.00,0,'2021-07-30 06:09:51','2022-01-14 12:51:11',1.000000,0,12,NULL),(854,5,56,NULL,NULL,NULL,NULL,2,'SGST',446706,9.00,0,'2021-07-30 06:09:51','2022-01-14 12:51:11',1.000000,446706,12,NULL),(855,4,56,NULL,NULL,NULL,NULL,2,'CGST',446706,9.00,0,'2021-07-30 06:09:51','2022-01-14 12:51:11',1.000000,446706,12,NULL),(862,6,61,NULL,NULL,NULL,NULL,2,'IGST',0,0.00,0,'2021-07-30 06:29:38','2022-01-14 12:51:11',1.000000,0,12,NULL),(863,5,61,NULL,NULL,NULL,NULL,2,'SGST',363168,9.00,0,'2021-07-30 06:29:38','2022-01-14 12:51:11',1.000000,363168,12,NULL),(864,4,61,NULL,NULL,NULL,NULL,2,'CGST',363168,9.00,0,'2021-07-30 06:29:38','2022-01-14 12:51:11',1.000000,363168,12,NULL),(868,3,62,NULL,NULL,NULL,NULL,1,'IGST',0,0.00,0,'2021-08-02 12:18:03','2022-01-14 12:51:11',1.000000,0,12,NULL),(869,2,62,NULL,NULL,NULL,NULL,1,'CGST',70560,9.00,0,'2021-08-02 12:18:03','2022-01-14 12:51:11',1.000000,70560,12,NULL),(870,1,62,NULL,NULL,NULL,NULL,1,'SGST',70560,9.00,0,'2021-08-02 12:18:03','2022-01-14 12:51:11',1.000000,70560,12,NULL),(874,3,63,NULL,NULL,NULL,NULL,1,'IGST',0,0.00,0,'2021-08-03 08:55:54','2022-01-14 12:51:10',1.000000,0,12,NULL),(875,2,63,NULL,NULL,NULL,NULL,1,'CGST',533970,9.00,0,'2021-08-03 08:55:54','2022-01-14 12:51:10',1.000000,533970,12,NULL),(876,1,63,NULL,NULL,NULL,NULL,1,'SGST',533970,9.00,0,'2021-08-03 08:55:54','2022-01-14 12:51:10',1.000000,533970,12,NULL),(877,3,64,NULL,NULL,NULL,NULL,1,'IGST',0,0.00,0,'2021-08-03 09:51:56','2022-01-14 12:51:10',1.000000,0,12,NULL),(878,2,64,NULL,NULL,NULL,NULL,1,'CGST',655943,9.00,0,'2021-08-03 09:51:56','2022-01-14 12:51:10',1.000000,655943,12,NULL),(879,1,64,NULL,NULL,NULL,NULL,1,'SGST',655943,9.00,0,'2021-08-03 09:51:56','2022-01-14 12:51:10',1.000000,655943,12,NULL),(886,3,65,NULL,NULL,NULL,NULL,1,'IGST',0,0.00,0,'2021-08-03 10:00:13','2022-01-14 12:51:10',1.000000,0,12,NULL),(887,2,65,NULL,NULL,NULL,NULL,1,'CGST',421038,9.00,0,'2021-08-03 10:00:13','2022-01-14 12:51:10',1.000000,421038,12,NULL),(888,1,65,NULL,NULL,NULL,NULL,1,'SGST',421038,9.00,0,'2021-08-03 10:00:13','2022-01-14 12:51:10',1.000000,421038,12,NULL),(892,3,66,NULL,NULL,NULL,NULL,1,'IGST',0,0.00,0,'2021-08-03 11:06:35','2022-01-14 12:51:10',1.000000,0,12,NULL),(893,2,66,NULL,NULL,NULL,NULL,1,'CGST',436658,9.00,0,'2021-08-03 11:06:35','2022-01-14 12:51:10',1.000000,436658,12,NULL),(894,1,66,NULL,NULL,NULL,NULL,1,'SGST',436658,9.00,0,'2021-08-03 11:06:35','2022-01-14 12:51:10',1.000000,436658,12,NULL),(901,3,67,NULL,NULL,NULL,NULL,1,'IGST',0,0.00,0,'2021-08-06 08:45:05','2022-01-14 12:51:11',1.000000,0,12,NULL),(902,2,67,NULL,NULL,NULL,NULL,1,'CGST',141125,9.00,0,'2021-08-06 08:45:05','2022-01-14 12:51:11',1.000000,141125,12,NULL),(903,1,67,NULL,NULL,NULL,NULL,1,'SGST',141125,9.00,0,'2021-08-06 08:45:05','2022-01-14 12:51:11',1.000000,141125,12,NULL),(904,3,44,NULL,NULL,NULL,NULL,1,'IGST',0,0.00,0,'2021-08-10 10:45:01','2022-01-14 12:51:10',1.000000,0,12,NULL),(905,2,44,NULL,NULL,NULL,NULL,1,'CGST',232988,9.00,0,'2021-08-10 10:45:01','2022-01-14 12:51:10',1.000000,232988,12,NULL),(906,1,44,NULL,NULL,NULL,NULL,1,'SGST',232988,9.00,0,'2021-08-10 10:45:01','2022-01-14 12:51:10',1.000000,232988,12,NULL),(907,3,68,NULL,NULL,NULL,NULL,1,'IGST',0,0.00,0,'2021-08-11 06:45:00','2022-01-14 12:51:10',1.000000,0,12,NULL),(908,2,68,NULL,NULL,NULL,NULL,1,'CGST',533970,9.00,0,'2021-08-11 06:45:00','2022-01-14 12:51:10',1.000000,533970,12,NULL),(909,1,68,NULL,NULL,NULL,NULL,1,'SGST',533970,9.00,0,'2021-08-11 06:45:00','2022-01-14 12:51:10',1.000000,533970,12,NULL),(910,3,69,NULL,NULL,NULL,NULL,1,'IGST',0,0.00,0,'2021-08-13 09:03:22','2022-01-14 12:51:10',1.000000,0,12,NULL),(911,2,69,NULL,NULL,NULL,NULL,1,'CGST',503406,9.00,0,'2021-08-13 09:03:22','2022-01-14 12:51:10',1.000000,503406,12,NULL),(912,1,69,NULL,NULL,NULL,NULL,1,'SGST',503406,9.00,0,'2021-08-13 09:03:22','2022-01-14 12:51:10',1.000000,503406,12,NULL),(928,3,73,NULL,NULL,NULL,NULL,1,'IGST',0,0.00,0,'2021-08-29 10:39:25','2022-01-14 12:51:11',1.000000,0,12,NULL),(929,2,73,NULL,NULL,NULL,NULL,1,'CGST',68659,9.00,0,'2021-08-29 10:39:25','2022-01-14 12:51:11',1.000000,68659,12,NULL),(930,1,73,NULL,NULL,NULL,NULL,1,'SGST',68659,9.00,0,'2021-08-29 10:39:25','2022-01-14 12:51:11',1.000000,68659,12,NULL),(934,3,74,NULL,NULL,NULL,NULL,1,'IGST',0,0.00,0,'2021-08-31 04:58:22','2022-01-14 12:51:11',1.000000,0,12,NULL),(935,2,74,NULL,NULL,NULL,NULL,1,'CGST',205943,9.00,0,'2021-08-31 04:58:22','2022-01-14 12:51:11',1.000000,205943,12,NULL),(936,1,74,NULL,NULL,NULL,NULL,1,'SGST',205943,9.00,0,'2021-08-31 04:58:22','2022-01-14 12:51:11',1.000000,205943,12,NULL),(943,3,75,NULL,NULL,NULL,NULL,1,'IGST',0,0.00,0,'2021-09-01 02:51:36','2022-01-14 12:51:11',1.000000,0,12,NULL),(944,2,75,NULL,NULL,NULL,NULL,1,'CGST',761400,9.00,0,'2021-09-01 02:51:36','2022-01-14 12:51:11',1.000000,761400,12,NULL),(945,1,75,NULL,NULL,NULL,NULL,1,'SGST',761400,9.00,0,'2021-09-01 02:51:36','2022-01-14 12:51:11',1.000000,761400,12,NULL),(949,3,77,NULL,NULL,NULL,NULL,1,'IGST',0,0.00,0,'2021-09-02 12:14:48','2022-01-14 12:51:11',1.000000,0,12,NULL),(950,2,77,NULL,NULL,NULL,NULL,1,'CGST',571284,9.00,0,'2021-09-02 12:14:48','2022-01-14 12:51:11',1.000000,571284,12,NULL),(951,1,77,NULL,NULL,NULL,NULL,1,'SGST',571284,9.00,0,'2021-09-02 12:14:48','2022-01-14 12:51:11',1.000000,571284,12,NULL),(955,3,79,NULL,NULL,NULL,NULL,1,'IGST',0,0.00,0,'2021-09-04 04:46:11','2022-01-14 12:51:11',1.000000,0,12,NULL),(956,2,79,NULL,NULL,NULL,NULL,1,'CGST',74367,9.00,0,'2021-09-04 04:46:11','2022-01-14 12:51:11',1.000000,74367,12,NULL),(957,1,79,NULL,NULL,NULL,NULL,1,'SGST',74367,9.00,0,'2021-09-04 04:46:11','2022-01-14 12:51:11',1.000000,74367,12,NULL),(958,3,80,NULL,NULL,NULL,NULL,1,'IGST',0,0.00,0,'2021-09-04 10:05:57','2022-01-14 12:51:09',1.000000,0,12,NULL),(959,2,80,NULL,NULL,NULL,NULL,1,'CGST',662832,9.00,0,'2021-09-04 10:05:57','2022-01-14 12:51:10',1.000000,662832,12,NULL),(960,1,80,NULL,NULL,NULL,NULL,1,'SGST',662832,9.00,0,'2021-09-04 10:05:57','2022-01-14 12:51:10',1.000000,662832,12,NULL),(967,3,82,NULL,NULL,NULL,NULL,1,'IGST',0,0.00,0,'2021-09-05 02:24:50','2022-01-14 12:51:10',1.000000,0,12,NULL),(968,2,82,NULL,NULL,NULL,NULL,1,'CGST',417596,9.00,0,'2021-09-05 02:24:50','2022-01-14 12:51:10',1.000000,417596,12,NULL),(969,1,82,NULL,NULL,NULL,NULL,1,'SGST',417596,9.00,0,'2021-09-05 02:24:50','2022-01-14 12:51:10',1.000000,417596,12,NULL),(973,3,83,NULL,NULL,NULL,NULL,1,'IGST',0,0.00,0,'2021-09-05 02:31:40','2022-01-14 12:51:10',1.000000,0,12,NULL),(974,2,83,NULL,NULL,NULL,NULL,1,'CGST',412632,9.00,0,'2021-09-05 02:31:40','2022-01-14 12:51:10',1.000000,412632,12,NULL),(975,1,83,NULL,NULL,NULL,NULL,1,'SGST',412632,9.00,0,'2021-09-05 02:31:40','2022-01-14 12:51:10',1.000000,412632,12,NULL),(979,3,85,NULL,NULL,NULL,NULL,1,'IGST',0,0.00,0,'2021-09-05 02:50:53','2022-01-14 12:51:11',1.000000,0,12,NULL),(980,2,85,NULL,NULL,NULL,NULL,1,'CGST',589248,9.00,0,'2021-09-05 02:50:53','2022-01-14 12:51:11',1.000000,589248,12,NULL),(981,1,85,NULL,NULL,NULL,NULL,1,'SGST',589248,9.00,0,'2021-09-05 02:50:53','2022-01-14 12:51:11',1.000000,589248,12,NULL),(985,3,78,NULL,NULL,NULL,NULL,1,'IGST',0,0.00,0,'2021-09-05 02:58:53','2022-01-14 12:51:10',1.000000,0,12,NULL),(986,2,78,NULL,NULL,NULL,NULL,1,'CGST',405756,9.00,0,'2021-09-05 02:58:53','2022-01-14 12:51:10',1.000000,405756,12,NULL),(987,1,78,NULL,NULL,NULL,NULL,1,'SGST',405756,9.00,0,'2021-09-05 02:58:53','2022-01-14 12:51:10',1.000000,405756,12,NULL),(988,3,72,NULL,NULL,NULL,NULL,1,'IGST',0,0.00,0,'2021-09-05 03:01:31','2022-01-14 12:51:10',1.000000,0,12,NULL),(989,2,72,NULL,NULL,NULL,NULL,1,'CGST',440100,9.00,0,'2021-09-05 03:01:31','2022-01-14 12:51:10',1.000000,440100,12,NULL),(990,1,72,NULL,NULL,NULL,NULL,1,'SGST',440100,9.00,0,'2021-09-05 03:01:31','2022-01-14 12:51:10',1.000000,440100,12,NULL),(991,3,81,NULL,NULL,NULL,NULL,1,'IGST',0,0.00,0,'2021-09-05 03:02:39','2022-01-14 12:51:10',1.000000,0,12,NULL),(992,2,81,NULL,NULL,NULL,NULL,1,'CGST',411912,9.00,0,'2021-09-05 03:02:39','2022-01-14 12:51:10',1.000000,411912,12,NULL),(993,1,81,NULL,NULL,NULL,NULL,1,'SGST',411912,9.00,0,'2021-09-05 03:02:39','2022-01-14 12:51:10',1.000000,411912,12,NULL),(1012,3,91,NULL,NULL,NULL,NULL,1,'IGST',0,0.00,0,'2021-09-06 02:17:15','2022-01-14 12:51:10',1.000000,0,12,NULL),(1013,2,91,NULL,NULL,NULL,NULL,1,'CGST',78181,9.00,0,'2021-09-06 02:17:15','2022-01-14 12:51:10',1.000000,78181,12,NULL),(1014,1,91,NULL,NULL,NULL,NULL,1,'SGST',78181,9.00,0,'2021-09-06 02:17:15','2022-01-14 12:51:10',1.000000,78181,12,NULL),(1036,6,88,NULL,NULL,NULL,NULL,2,'IGST',0,0.00,0,'2021-09-07 06:30:06','2022-01-14 12:51:11',1.000000,0,12,NULL),(1037,5,88,NULL,NULL,NULL,NULL,2,'SGST',530955,9.00,0,'2021-09-07 06:30:06','2022-01-14 12:51:11',1.000000,530955,12,NULL),(1038,4,88,NULL,NULL,NULL,NULL,2,'CGST',530955,9.00,0,'2021-09-07 06:30:06','2022-01-14 12:51:11',1.000000,530955,12,NULL),(1039,3,71,NULL,NULL,NULL,NULL,1,'IGST',0,0.00,0,'2021-09-07 09:36:29','2022-01-14 12:51:10',1.000000,0,12,NULL),(1040,2,71,NULL,NULL,NULL,NULL,1,'CGST',490095,9.00,0,'2021-09-07 09:36:29','2022-01-14 12:51:10',1.000000,490095,12,NULL),(1041,1,71,NULL,NULL,NULL,NULL,1,'SGST',490095,9.00,0,'2021-09-07 09:36:29','2022-01-14 12:51:10',1.000000,490095,12,NULL),(1045,3,93,NULL,NULL,NULL,NULL,1,'IGST',0,0.00,0,'2021-09-08 11:08:22','2022-01-14 12:51:10',1.000000,0,12,NULL),(1046,2,93,NULL,NULL,NULL,NULL,1,'CGST',417596,9.00,0,'2021-09-08 11:08:22','2022-01-14 12:51:10',1.000000,417596,12,NULL),(1047,1,93,NULL,NULL,NULL,NULL,1,'SGST',417596,9.00,0,'2021-09-08 11:08:22','2022-01-14 12:51:10',1.000000,417596,12,NULL),(1051,3,95,NULL,NULL,NULL,NULL,1,'IGST',0,0.00,0,'2021-09-09 05:46:45','2022-01-14 12:51:11',1.000000,0,12,NULL),(1052,2,95,NULL,NULL,NULL,NULL,1,'CGST',665089,9.00,0,'2021-09-09 05:46:45','2022-01-14 12:51:11',1.000000,665089,12,NULL),(1053,1,95,NULL,NULL,NULL,NULL,1,'SGST',665089,9.00,0,'2021-09-09 05:46:45','2022-01-14 12:51:11',1.000000,665089,12,NULL),(1060,3,96,NULL,NULL,NULL,NULL,1,'IGST',0,0.00,0,'2021-09-09 06:42:55','2022-01-14 12:51:11',1.000000,0,12,NULL),(1061,2,96,NULL,NULL,NULL,NULL,1,'CGST',555877,9.00,0,'2021-09-09 06:42:55','2022-01-14 12:51:11',1.000000,555877,12,NULL),(1062,1,96,NULL,NULL,NULL,NULL,1,'SGST',555877,9.00,0,'2021-09-09 06:42:55','2022-01-14 12:51:11',1.000000,555877,12,NULL),(1066,6,89,NULL,NULL,NULL,NULL,2,'IGST',0,0.00,0,'2021-09-12 06:28:42','2022-01-14 12:51:11',1.000000,0,12,NULL),(1067,5,89,NULL,NULL,NULL,NULL,2,'SGST',419175,9.00,0,'2021-09-12 06:28:42','2022-01-14 12:51:11',1.000000,419175,12,NULL),(1068,4,89,NULL,NULL,NULL,NULL,2,'CGST',419175,9.00,0,'2021-09-12 06:28:42','2022-01-14 12:51:11',1.000000,419175,12,NULL),(1069,3,84,NULL,NULL,NULL,NULL,1,'IGST',0,0.00,0,'2021-09-12 11:08:16','2022-01-14 12:51:10',1.000000,0,12,NULL),(1070,2,84,NULL,NULL,NULL,NULL,1,'CGST',335700,9.00,0,'2021-09-12 11:08:16','2022-01-14 12:51:10',1.000000,335700,12,NULL),(1071,1,84,NULL,NULL,NULL,NULL,1,'SGST',335700,9.00,0,'2021-09-12 11:08:16','2022-01-14 12:51:10',1.000000,335700,12,NULL),(1072,6,87,NULL,NULL,NULL,NULL,2,'IGST',0,0.00,0,'2021-09-12 11:25:31','2022-01-14 12:51:10',1.000000,0,12,NULL),(1073,5,87,NULL,NULL,NULL,NULL,2,'SGST',415800,9.00,0,'2021-09-12 11:25:31','2022-01-14 12:51:10',1.000000,415800,12,NULL),(1074,4,87,NULL,NULL,NULL,NULL,2,'CGST',415800,9.00,0,'2021-09-12 11:25:31','2022-01-14 12:51:10',1.000000,415800,12,NULL),(1078,3,97,NULL,NULL,NULL,NULL,1,'IGST',0,0.00,0,'2021-09-14 04:06:58','2022-01-14 12:51:11',1.000000,0,12,NULL),(1079,2,97,NULL,NULL,NULL,NULL,1,'CGST',417600,9.00,0,'2021-09-14 04:06:58','2022-01-14 12:51:11',1.000000,417600,12,NULL),(1080,1,97,NULL,NULL,NULL,NULL,1,'SGST',417600,9.00,0,'2021-09-14 04:06:58','2022-01-14 12:51:11',1.000000,417600,12,NULL),(1084,3,98,NULL,NULL,NULL,NULL,1,'IGST',0,0.00,0,'2021-09-14 10:00:48','2022-01-14 12:51:11',1.000000,0,12,NULL),(1085,2,98,NULL,NULL,NULL,NULL,1,'CGST',533970,9.00,0,'2021-09-14 10:00:48','2022-01-14 12:51:11',1.000000,533970,12,NULL),(1086,1,98,NULL,NULL,NULL,NULL,1,'SGST',533970,9.00,0,'2021-09-14 10:00:48','2022-01-14 12:51:11',1.000000,533970,12,NULL),(1090,3,99,NULL,NULL,NULL,NULL,1,'IGST',0,0.00,0,'2021-09-15 10:30:19','2022-01-14 12:51:10',1.000000,0,12,NULL),(1091,2,99,NULL,NULL,NULL,NULL,1,'CGST',533970,9.00,0,'2021-09-15 10:30:19','2022-01-14 12:51:10',1.000000,533970,12,NULL),(1092,1,99,NULL,NULL,NULL,NULL,1,'SGST',533970,9.00,0,'2021-09-15 10:30:19','2022-01-14 12:51:10',1.000000,533970,12,NULL),(1093,3,76,NULL,NULL,NULL,NULL,1,'IGST',0,0.00,0,'2021-09-15 10:32:51','2022-01-14 12:51:10',1.000000,0,12,NULL),(1094,2,76,NULL,NULL,NULL,NULL,1,'CGST',446670,9.00,0,'2021-09-15 10:32:51','2022-01-14 12:51:10',1.000000,446670,12,NULL),(1095,1,76,NULL,NULL,NULL,NULL,1,'SGST',446670,9.00,0,'2021-09-15 10:32:51','2022-01-14 12:51:10',1.000000,446670,12,NULL),(1102,3,100,NULL,NULL,NULL,NULL,1,'IGST',0,0.00,0,'2021-09-17 03:58:31','2022-01-14 12:51:11',1.000000,0,12,NULL),(1103,2,100,NULL,NULL,NULL,NULL,1,'CGST',205943,9.00,0,'2021-09-17 03:58:31','2022-01-14 12:51:11',1.000000,205943,12,NULL),(1104,1,100,NULL,NULL,NULL,NULL,1,'SGST',205943,9.00,0,'2021-09-17 03:58:31','2022-01-14 12:51:11',1.000000,205943,12,NULL),(1105,3,101,NULL,NULL,NULL,NULL,1,'IGST',0,0.00,0,'2021-09-17 04:00:19','2022-01-14 12:51:10',1.000000,0,12,NULL),(1106,2,101,NULL,NULL,NULL,NULL,1,'CGST',240255,9.00,0,'2021-09-17 04:00:19','2022-01-14 12:51:10',1.000000,240255,12,NULL),(1107,1,101,NULL,NULL,NULL,NULL,1,'SGST',240255,9.00,0,'2021-09-17 04:00:19','2022-01-14 12:51:10',1.000000,240255,12,NULL),(1108,6,59,NULL,NULL,NULL,NULL,2,'IGST',0,0.00,0,'2021-09-17 07:51:38','2022-01-14 12:51:11',1.000000,0,12,NULL),(1109,5,59,NULL,NULL,NULL,NULL,2,'SGST',461916,9.00,0,'2021-09-17 07:51:38','2022-01-14 12:51:11',1.000000,461916,12,NULL),(1110,4,59,NULL,NULL,NULL,NULL,2,'CGST',461916,9.00,0,'2021-09-17 07:51:38','2022-01-14 12:51:11',1.000000,461916,12,NULL),(1111,3,92,NULL,NULL,NULL,NULL,1,'IGST',0,0.00,0,'2021-09-17 08:40:23','2022-01-14 12:51:11',1.000000,0,12,NULL),(1112,2,92,NULL,NULL,NULL,NULL,1,'CGST',133493,9.00,0,'2021-09-17 08:40:23','2022-01-14 12:51:11',1.000000,133493,12,NULL),(1113,1,92,NULL,NULL,NULL,NULL,1,'SGST',133493,9.00,0,'2021-09-17 08:40:23','2022-01-14 12:51:11',1.000000,133493,12,NULL),(1117,3,102,NULL,NULL,NULL,NULL,1,'IGST',0,0.00,0,'2021-09-18 05:17:01','2022-01-14 12:51:12',1.000000,0,12,NULL),(1118,2,102,NULL,NULL,NULL,NULL,1,'CGST',68648,9.00,0,'2021-09-18 05:17:01','2022-01-14 12:51:12',1.000000,68648,12,NULL),(1119,1,102,NULL,NULL,NULL,NULL,1,'SGST',68648,9.00,0,'2021-09-18 05:17:01','2022-01-14 12:51:12',1.000000,68648,12,NULL),(1126,3,103,NULL,NULL,NULL,NULL,1,'IGST',0,0.00,0,'2021-09-20 05:55:31','2022-01-14 12:51:12',1.000000,0,12,NULL),(1127,2,103,NULL,NULL,NULL,NULL,1,'CGST',533916,9.00,0,'2021-09-20 05:55:31','2022-01-14 12:51:12',1.000000,533916,12,NULL),(1128,1,103,NULL,NULL,NULL,NULL,1,'SGST',533916,9.00,0,'2021-09-20 05:55:31','2022-01-14 12:51:12',1.000000,533916,12,NULL),(1132,3,104,NULL,NULL,NULL,NULL,1,'IGST',0,0.00,0,'2021-09-21 02:24:01','2022-01-14 12:51:10',1.000000,0,12,NULL),(1133,2,104,NULL,NULL,NULL,NULL,1,'CGST',345139,9.00,0,'2021-09-21 02:24:01','2022-01-14 12:51:10',1.000000,345139,12,NULL),(1134,1,104,NULL,NULL,NULL,NULL,1,'SGST',345139,9.00,0,'2021-09-21 02:24:01','2022-01-14 12:51:10',1.000000,345139,12,NULL),(1138,3,105,NULL,NULL,NULL,NULL,1,'IGST',0,0.00,0,'2021-09-21 11:39:12','2022-01-14 12:51:11',1.000000,0,12,NULL),(1139,2,105,NULL,NULL,NULL,NULL,1,'CGST',533970,9.00,0,'2021-09-21 11:39:12','2022-01-14 12:51:11',1.000000,533970,12,NULL),(1140,1,105,NULL,NULL,NULL,NULL,1,'SGST',533970,9.00,0,'2021-09-21 11:39:12','2022-01-14 12:51:11',1.000000,533970,12,NULL),(1141,3,106,NULL,NULL,NULL,NULL,1,'IGST',0,0.00,0,'2021-09-21 13:08:45','2022-01-14 12:51:10',1.000000,0,12,NULL),(1142,2,106,NULL,NULL,NULL,NULL,1,'CGST',533970,9.00,0,'2021-09-21 13:08:45','2022-01-14 12:51:10',1.000000,533970,12,NULL),(1143,1,106,NULL,NULL,NULL,NULL,1,'SGST',533970,9.00,0,'2021-09-21 13:08:45','2022-01-14 12:51:10',1.000000,533970,12,NULL),(1147,3,107,NULL,NULL,NULL,NULL,1,'IGST',0,0.00,0,'2021-09-22 03:45:04','2022-01-14 12:51:11',1.000000,0,12,NULL),(1148,2,107,NULL,NULL,NULL,NULL,1,'CGST',363870,9.00,0,'2021-09-22 03:45:04','2022-01-14 12:51:11',1.000000,363870,12,NULL),(1149,1,107,NULL,NULL,NULL,NULL,1,'SGST',363870,9.00,0,'2021-09-22 03:45:04','2022-01-14 12:51:11',1.000000,363870,12,NULL),(1174,6,109,NULL,NULL,NULL,NULL,2,'IGST',0,0.00,0,'2021-09-23 06:28:46','2022-01-14 12:51:13',1.000000,0,12,NULL),(1175,5,109,NULL,NULL,NULL,NULL,2,'SGST',461700,9.00,0,'2021-09-23 06:28:46','2022-01-14 12:51:13',1.000000,461700,12,NULL),(1176,4,109,NULL,NULL,NULL,NULL,2,'CGST',461700,9.00,0,'2021-09-23 06:28:46','2022-01-14 12:51:13',1.000000,461700,12,NULL),(1177,6,57,NULL,NULL,NULL,NULL,2,'IGST',0,0.00,0,'2021-09-24 08:36:15','2022-01-14 12:51:11',1.000000,0,12,NULL),(1178,5,57,NULL,NULL,NULL,NULL,2,'SGST',510048,9.00,0,'2021-09-24 08:36:15','2022-01-14 12:51:11',1.000000,510048,12,NULL),(1179,4,57,NULL,NULL,NULL,NULL,2,'CGST',510048,9.00,0,'2021-09-24 08:36:15','2022-01-14 12:51:11',1.000000,510048,12,NULL),(1192,3,112,NULL,NULL,NULL,NULL,1,'IGST',0,0.00,0,'2021-10-01 01:17:40','2022-01-14 12:51:10',1.000000,0,12,NULL),(1193,2,112,NULL,NULL,NULL,NULL,1,'CGST',78183,9.00,0,'2021-10-01 01:17:40','2022-01-14 12:51:10',1.000000,78183,12,NULL),(1194,1,112,NULL,NULL,NULL,NULL,1,'SGST',78183,9.00,0,'2021-10-01 01:17:40','2022-01-14 12:51:10',1.000000,78183,12,NULL),(1201,3,113,NULL,NULL,NULL,NULL,1,'IGST',0,0.00,0,'2021-10-01 01:45:27','2022-01-14 12:51:10',1.000000,0,12,NULL),(1202,2,113,NULL,NULL,NULL,NULL,1,'CGST',400437,9.00,0,'2021-10-01 01:45:27','2022-01-14 12:51:10',1.000000,400437,12,NULL),(1203,1,113,NULL,NULL,NULL,NULL,1,'SGST',400437,9.00,0,'2021-10-01 01:45:27','2022-01-14 12:51:10',1.000000,400437,12,NULL),(1204,3,114,NULL,NULL,NULL,NULL,1,'IGST',0,0.00,0,'2021-10-01 01:48:49','2022-01-14 12:51:11',1.000000,0,12,NULL),(1205,2,114,NULL,NULL,NULL,NULL,1,'CGST',72471,9.00,0,'2021-10-01 01:48:49','2022-01-14 12:51:11',1.000000,72471,12,NULL),(1206,1,114,NULL,NULL,NULL,NULL,1,'SGST',72471,9.00,0,'2021-10-01 01:48:49','2022-01-14 12:51:11',1.000000,72471,12,NULL),(1210,3,115,NULL,NULL,NULL,NULL,1,'IGST',0,0.00,0,'2021-10-01 01:57:01','2022-01-14 12:51:10',1.000000,0,12,NULL),(1211,1,115,NULL,NULL,NULL,NULL,1,'SGST',561740,9.00,0,'2021-10-01 01:57:01','2022-01-14 12:51:10',1.000000,561740,12,NULL),(1212,2,115,NULL,NULL,NULL,NULL,1,'CGST',561740,9.00,0,'2021-10-01 01:57:01','2022-01-14 12:51:10',1.000000,561740,12,NULL),(1213,3,116,NULL,NULL,NULL,NULL,1,'IGST',0,0.00,0,'2021-10-01 02:09:13','2022-01-14 12:51:11',1.000000,0,12,NULL),(1214,2,116,NULL,NULL,NULL,NULL,1,'CGST',68648,9.00,0,'2021-10-01 02:09:13','2022-01-14 12:51:11',1.000000,68648,12,NULL),(1215,1,116,NULL,NULL,NULL,NULL,1,'SGST',68648,9.00,0,'2021-10-01 02:09:13','2022-01-14 12:51:11',1.000000,68648,12,NULL),(1216,3,117,NULL,NULL,NULL,NULL,1,'IGST',0,0.00,0,'2021-10-03 09:01:30','2022-01-14 12:51:11',1.000000,0,12,NULL),(1217,2,117,NULL,NULL,NULL,NULL,1,'CGST',205943,9.00,0,'2021-10-03 09:01:30','2022-01-14 12:51:11',1.000000,205943,12,NULL),(1218,1,117,NULL,NULL,NULL,NULL,1,'SGST',205943,9.00,0,'2021-10-03 09:01:30','2022-01-14 12:51:11',1.000000,205943,12,NULL),(1219,3,118,NULL,NULL,NULL,NULL,1,'IGST',0,0.00,0,'2021-10-03 09:07:26','2022-01-14 12:51:10',1.000000,0,12,NULL),(1220,2,118,NULL,NULL,NULL,NULL,1,'CGST',596828,9.00,0,'2021-10-03 09:07:26','2022-01-14 12:51:10',1.000000,596828,12,NULL),(1221,1,118,NULL,NULL,NULL,NULL,1,'SGST',596828,9.00,0,'2021-10-03 09:07:26','2022-01-14 12:51:10',1.000000,596828,12,NULL),(1255,6,121,NULL,NULL,NULL,NULL,2,'IGST',0,0.00,0,'2021-10-05 12:11:41','2022-01-14 12:51:13',1.000000,0,12,NULL),(1256,5,121,NULL,NULL,NULL,NULL,2,'SGST',450000,9.00,0,'2021-10-05 12:11:41','2022-01-14 12:51:13',1.000000,450000,12,NULL),(1257,4,121,NULL,NULL,NULL,NULL,2,'CGST',450000,9.00,0,'2021-10-05 12:11:41','2022-01-14 12:51:13',1.000000,450000,12,NULL),(1258,6,119,NULL,NULL,NULL,NULL,2,'IGST',0,0.00,0,'2021-10-05 12:11:57','2022-01-14 12:51:13',1.000000,0,12,NULL),(1259,5,119,NULL,NULL,NULL,NULL,2,'SGST',450000,9.00,0,'2021-10-05 12:11:57','2022-01-14 12:51:13',1.000000,450000,12,NULL),(1260,4,119,NULL,NULL,NULL,NULL,2,'CGST',450000,9.00,0,'2021-10-05 12:11:57','2022-01-14 12:51:13',1.000000,450000,12,NULL),(1261,6,120,NULL,NULL,NULL,NULL,2,'IGST',0,0.00,0,'2021-10-05 12:19:04','2022-01-14 12:51:11',1.000000,0,12,NULL),(1262,5,120,NULL,NULL,NULL,NULL,2,'SGST',559728,9.00,0,'2021-10-05 12:19:04','2022-01-14 12:51:11',1.000000,559728,12,NULL),(1263,4,120,NULL,NULL,NULL,NULL,2,'CGST',559728,9.00,0,'2021-10-05 12:19:04','2022-01-14 12:51:11',1.000000,559728,12,NULL),(1267,6,122,NULL,NULL,NULL,NULL,2,'IGST',0,0.00,0,'2021-10-05 12:36:00','2022-01-14 12:51:13',1.000000,0,12,NULL),(1268,5,122,NULL,NULL,NULL,NULL,2,'SGST',151164,9.00,0,'2021-10-05 12:36:00','2022-01-14 12:51:13',1.000000,151164,12,NULL),(1269,4,122,NULL,NULL,NULL,NULL,2,'CGST',151164,9.00,0,'2021-10-05 12:36:00','2022-01-14 12:51:13',1.000000,151164,12,NULL),(1270,3,123,NULL,NULL,NULL,NULL,1,'IGST',0,0.00,0,'2021-10-09 09:02:20','2022-01-14 12:51:11',1.000000,0,12,NULL),(1271,2,123,NULL,NULL,NULL,NULL,1,'CGST',1159344,9.00,0,'2021-10-09 09:02:20','2022-01-14 12:51:11',1.000000,1159344,12,NULL),(1272,1,123,NULL,NULL,NULL,NULL,1,'SGST',1159344,9.00,0,'2021-10-09 09:02:20','2022-01-14 12:51:11',1.000000,1159344,12,NULL),(1273,3,111,NULL,NULL,NULL,NULL,1,'IGST',0,0.00,0,'2021-10-09 09:07:03','2022-01-14 12:51:13',1.000000,0,12,NULL),(1274,2,111,NULL,NULL,NULL,NULL,1,'CGST',199834,9.00,0,'2021-10-09 09:07:03','2022-01-14 12:51:13',1.000000,199834,12,NULL),(1275,1,111,NULL,NULL,NULL,NULL,1,'SGST',199834,9.00,0,'2021-10-09 09:07:03','2022-01-14 12:51:13',1.000000,199834,12,NULL),(1288,3,94,NULL,NULL,NULL,NULL,1,'IGST',0,0.00,0,'2021-10-12 16:18:41','2022-01-14 12:51:11',1.000000,0,12,NULL),(1289,2,94,NULL,NULL,NULL,NULL,1,'CGST',197928,9.00,0,'2021-10-12 16:18:41','2022-01-14 12:51:11',1.000000,197928,12,NULL),(1290,1,94,NULL,NULL,NULL,NULL,1,'SGST',197928,9.00,0,'2021-10-12 16:18:41','2022-01-14 12:51:11',1.000000,197928,12,NULL),(1291,3,110,NULL,NULL,NULL,NULL,1,'IGST',0,0.00,0,'2021-10-12 16:19:53','2022-01-14 12:51:10',1.000000,0,12,NULL),(1292,2,110,NULL,NULL,NULL,NULL,1,'CGST',271526,9.00,0,'2021-10-12 16:19:53','2022-01-14 12:51:10',1.000000,271526,12,NULL),(1293,1,110,NULL,NULL,NULL,NULL,1,'SGST',271526,9.00,0,'2021-10-12 16:19:53','2022-01-14 12:51:10',1.000000,271526,12,NULL),(1300,4,42,NULL,NULL,NULL,NULL,2,'CGST',549360,9.00,0,'2021-10-18 06:09:36','2022-01-14 12:51:10',1.000000,549360,12,NULL),(1301,5,42,NULL,NULL,NULL,NULL,2,'SGST',549360,9.00,0,'2021-10-18 06:09:36','2022-01-14 12:51:10',1.000000,549360,12,NULL),(1302,6,42,NULL,NULL,NULL,NULL,2,'IGST',0,0.00,0,'2021-10-18 06:09:36','2022-01-14 12:51:10',1.000000,0,12,NULL),(1306,3,125,NULL,NULL,NULL,NULL,1,'IGST',0,0.00,0,'2021-10-18 06:17:25','2022-01-14 12:51:13',1.000000,0,12,NULL),(1307,2,125,NULL,NULL,NULL,NULL,1,'CGST',78181,9.00,0,'2021-10-18 06:17:25','2022-01-14 12:51:13',1.000000,78181,12,NULL),(1308,1,125,NULL,NULL,NULL,NULL,1,'SGST',78181,9.00,0,'2021-10-18 06:17:25','2022-01-14 12:51:13',1.000000,78181,12,NULL),(1309,6,60,NULL,NULL,NULL,NULL,2,'IGST',0,0.00,0,'2021-10-22 03:35:57','2022-01-14 12:51:11',1.000000,0,12,NULL),(1310,5,60,NULL,NULL,NULL,NULL,2,'SGST',539280,9.00,0,'2021-10-22 03:35:57','2022-01-14 12:51:11',1.000000,539280,12,NULL),(1311,4,60,NULL,NULL,NULL,NULL,2,'CGST',539280,9.00,0,'2021-10-22 03:35:57','2022-01-14 12:51:11',1.000000,539280,12,NULL),(1312,3,126,NULL,NULL,NULL,NULL,1,'IGST',0,0.00,0,'2021-10-24 10:24:39','2022-01-14 12:51:11',1.000000,0,12,NULL),(1313,2,126,NULL,NULL,NULL,NULL,1,'CGST',80089,9.00,0,'2021-10-24 10:24:39','2022-01-14 12:51:11',1.000000,80089,12,NULL),(1314,1,126,NULL,NULL,NULL,NULL,1,'SGST',80089,9.00,0,'2021-10-24 10:24:39','2022-01-14 12:51:11',1.000000,80089,12,NULL),(1348,6,127,NULL,NULL,NULL,NULL,2,'IGST',0,0.00,0,'2021-10-30 05:23:02','2022-01-14 12:51:10',1.000000,0,12,NULL),(1349,5,127,NULL,NULL,NULL,NULL,2,'SGST',512316,9.00,0,'2021-10-30 05:23:02','2022-01-14 12:51:10',1.000000,512316,12,NULL),(1350,4,127,NULL,NULL,NULL,NULL,2,'CGST',512316,9.00,0,'2021-10-30 05:23:02','2022-01-14 12:51:10',1.000000,512316,12,NULL),(1351,6,128,NULL,NULL,NULL,NULL,2,'IGST',0,0.00,0,'2021-10-30 05:23:14','2022-01-14 12:51:13',1.000000,0,12,NULL),(1352,5,128,NULL,NULL,NULL,NULL,2,'SGST',520020,9.00,0,'2021-10-30 05:23:14','2022-01-14 12:51:13',1.000000,520020,12,NULL),(1353,4,128,NULL,NULL,NULL,NULL,2,'CGST',520020,9.00,0,'2021-10-30 05:23:14','2022-01-14 12:51:13',1.000000,520020,12,NULL),(1360,6,131,NULL,NULL,NULL,NULL,2,'IGST',0,0.00,0,'2021-10-30 05:23:48','2022-01-14 12:51:13',1.000000,0,12,NULL),(1361,5,131,NULL,NULL,NULL,NULL,2,'SGST',510300,9.00,0,'2021-10-30 05:23:48','2022-01-14 12:51:13',1.000000,510300,12,NULL),(1362,4,131,NULL,NULL,NULL,NULL,2,'CGST',510300,9.00,0,'2021-10-30 05:23:48','2022-01-14 12:51:13',1.000000,510300,12,NULL),(1366,6,130,NULL,NULL,NULL,NULL,2,'IGST',0,0.00,0,'2021-10-30 05:35:17','2022-01-14 12:51:13',1.000000,0,12,NULL),(1367,5,130,NULL,NULL,NULL,NULL,2,'SGST',349920,9.00,0,'2021-10-30 05:35:17','2022-01-14 12:51:13',1.000000,349920,12,NULL),(1368,4,130,NULL,NULL,NULL,NULL,2,'CGST',349920,9.00,0,'2021-10-30 05:35:17','2022-01-14 12:51:13',1.000000,349920,12,NULL),(1372,3,132,NULL,NULL,NULL,NULL,1,'IGST',0,0.00,0,'2021-10-31 02:17:44','2022-01-14 12:51:10',1.000000,0,12,NULL),(1373,2,132,NULL,NULL,NULL,NULL,1,'CGST',385178,9.00,0,'2021-10-31 02:17:44','2022-01-14 12:51:10',1.000000,385178,12,NULL),(1374,1,132,NULL,NULL,NULL,NULL,1,'SGST',385178,9.00,0,'2021-10-31 02:17:44','2022-01-14 12:51:10',1.000000,385178,12,NULL),(1375,3,133,NULL,NULL,NULL,NULL,1,'IGST',0,0.00,0,'2021-10-31 02:39:17','2022-01-14 12:51:10',1.000000,0,12,NULL),(1376,2,133,NULL,NULL,NULL,NULL,1,'CGST',187988,9.00,0,'2021-10-31 02:39:17','2022-01-14 12:51:10',1.000000,187988,12,NULL),(1377,1,133,NULL,NULL,NULL,NULL,1,'SGST',187988,9.00,0,'2021-10-31 02:39:17','2022-01-14 12:51:10',1.000000,187988,12,NULL),(1378,3,134,NULL,NULL,NULL,NULL,1,'IGST',0,0.00,0,'2021-11-08 06:58:48','2022-01-14 12:51:11',1.000000,0,12,NULL),(1379,2,134,NULL,NULL,NULL,NULL,1,'CGST',579690,9.00,0,'2021-11-08 06:58:48','2022-01-14 12:51:11',1.000000,579690,12,NULL),(1380,1,134,NULL,NULL,NULL,NULL,1,'SGST',579690,9.00,0,'2021-11-08 06:58:48','2022-01-14 12:51:11',1.000000,579690,12,NULL),(1381,6,124,NULL,NULL,NULL,NULL,2,'IGST',0,0.00,0,'2021-11-09 08:08:26','2022-01-14 12:51:11',1.000000,0,12,NULL),(1382,5,124,NULL,NULL,NULL,NULL,2,'SGST',572022,9.00,0,'2021-11-09 08:08:26','2022-01-14 12:51:11',1.000000,572022,12,NULL),(1383,4,124,NULL,NULL,NULL,NULL,2,'CGST',572022,9.00,0,'2021-11-09 08:08:26','2022-01-14 12:51:11',1.000000,572022,12,NULL),(1384,3,135,NULL,NULL,NULL,NULL,1,'IGST',0,0.00,0,'2021-11-10 09:03:11','2022-01-14 12:51:13',1.000000,0,12,NULL),(1385,2,135,NULL,NULL,NULL,NULL,1,'CGST',579672,9.00,0,'2021-11-10 09:03:11','2022-01-14 12:51:13',1.000000,579672,12,NULL),(1386,1,135,NULL,NULL,NULL,NULL,1,'SGST',579672,9.00,0,'2021-11-10 09:03:11','2022-01-14 12:51:13',1.000000,579672,12,NULL),(1411,3,139,NULL,NULL,NULL,NULL,1,'IGST',0,0.00,0,'2021-11-13 10:01:01','2022-01-14 12:51:10',1.000000,0,12,NULL),(1412,2,139,NULL,NULL,NULL,NULL,1,'CGST',564480,9.00,0,'2021-11-13 10:01:01','2022-01-14 12:51:10',1.000000,564480,12,NULL),(1413,1,139,NULL,NULL,NULL,NULL,1,'SGST',564480,9.00,0,'2021-11-13 10:01:01','2022-01-14 12:51:10',1.000000,564480,12,NULL),(1438,6,141,NULL,NULL,NULL,NULL,2,'IGST',0,0.00,0,'2021-12-01 12:08:20','2022-01-14 12:51:11',1.000000,0,12,NULL),(1439,5,141,NULL,NULL,NULL,NULL,2,'SGST',618930,9.00,0,'2021-12-01 12:08:20','2022-01-14 12:51:11',1.000000,618930,12,NULL),(1440,4,141,NULL,NULL,NULL,NULL,2,'CGST',618930,9.00,0,'2021-12-01 12:08:20','2022-01-14 12:51:11',1.000000,618930,12,NULL),(1450,6,108,NULL,NULL,NULL,NULL,2,'IGST',0,0.00,0,'2021-12-02 04:39:45','2022-01-14 12:51:13',1.000000,0,12,NULL),(1451,5,108,NULL,NULL,NULL,NULL,2,'SGST',368874,9.00,0,'2021-12-02 04:39:45','2022-01-14 12:51:13',1.000000,368874,12,NULL),(1452,4,108,NULL,NULL,NULL,NULL,2,'CGST',368874,9.00,0,'2021-12-02 04:39:45','2022-01-14 12:51:13',1.000000,368874,12,NULL),(1456,3,144,NULL,NULL,NULL,NULL,1,'IGST',0,0.00,0,'2021-12-02 10:23:59','2022-01-14 12:51:13',1.000000,0,12,NULL),(1457,2,144,NULL,NULL,NULL,NULL,1,'CGST',599400,9.00,0,'2021-12-02 10:23:59','2022-01-14 12:51:13',1.000000,599400,12,NULL),(1458,1,144,NULL,NULL,NULL,NULL,1,'SGST',599400,9.00,0,'2021-12-02 10:23:59','2022-01-14 12:51:13',1.000000,599400,12,NULL),(1459,3,145,NULL,NULL,NULL,NULL,1,'IGST',0,0.00,0,'2021-12-03 09:59:26','2022-01-14 12:51:11',1.000000,0,12,NULL),(1460,2,145,NULL,NULL,NULL,NULL,1,'CGST',579690,9.00,0,'2021-12-03 09:59:26','2022-01-14 12:51:11',1.000000,579690,12,NULL),(1461,1,145,NULL,NULL,NULL,NULL,1,'SGST',579690,9.00,0,'2021-12-03 09:59:26','2022-01-14 12:51:11',1.000000,579690,12,NULL),(1462,3,146,NULL,NULL,NULL,NULL,1,'IGST',0,0.00,0,'2021-12-03 10:08:33','2022-01-14 12:51:13',1.000000,0,12,NULL),(1463,2,146,NULL,NULL,NULL,NULL,1,'CGST',316530,9.00,0,'2021-12-03 10:08:33','2022-01-14 12:51:13',1.000000,316530,12,NULL),(1464,1,146,NULL,NULL,NULL,NULL,1,'SGST',316530,9.00,0,'2021-12-03 10:08:33','2022-01-14 12:51:13',1.000000,316530,12,NULL),(1465,3,147,NULL,NULL,NULL,NULL,1,'IGST',0,0.00,0,'2021-12-09 02:58:27','2022-01-14 12:51:10',1.000000,0,12,NULL),(1466,2,147,NULL,NULL,NULL,NULL,1,'CGST',315398,9.00,0,'2021-12-09 02:58:27','2022-01-14 12:51:10',1.000000,315398,12,NULL),(1467,1,147,NULL,NULL,NULL,NULL,1,'SGST',315398,9.00,0,'2021-12-09 02:58:27','2022-01-14 12:51:10',1.000000,315398,12,NULL),(1495,6,140,NULL,NULL,NULL,NULL,2,'IGST',0,0.00,0,'2021-12-11 10:36:23','2022-01-14 12:51:11',1.000000,0,12,NULL),(1496,5,140,NULL,NULL,NULL,NULL,2,'SGST',463680,9.00,0,'2021-12-11 10:36:23','2022-01-14 12:51:11',1.000000,463680,12,NULL),(1497,4,140,NULL,NULL,NULL,NULL,2,'CGST',463680,9.00,0,'2021-12-11 10:36:23','2022-01-14 12:51:11',1.000000,463680,12,NULL),(1498,6,138,NULL,NULL,NULL,NULL,2,'IGST',0,0.00,0,'2021-12-11 10:36:38','2022-01-14 12:51:11',1.000000,0,12,NULL),(1499,5,138,NULL,NULL,NULL,NULL,2,'SGST',571536,9.00,0,'2021-12-11 10:36:38','2022-01-14 12:51:11',1.000000,571536,12,NULL),(1500,4,138,NULL,NULL,NULL,NULL,2,'CGST',571536,9.00,0,'2021-12-11 10:36:38','2022-01-14 12:51:11',1.000000,571536,12,NULL),(1501,6,142,NULL,NULL,NULL,NULL,2,'IGST',0,0.00,0,'2021-12-11 10:37:04','2022-01-14 12:51:13',1.000000,0,12,NULL),(1502,5,142,NULL,NULL,NULL,NULL,2,'SGST',135072,9.00,0,'2021-12-11 10:37:04','2022-01-14 12:51:13',1.000000,135072,12,NULL),(1503,4,142,NULL,NULL,NULL,NULL,2,'CGST',135072,9.00,0,'2021-12-11 10:37:04','2022-01-14 12:51:13',1.000000,135072,12,NULL),(1513,3,153,NULL,NULL,NULL,NULL,1,'IGST',0,0.00,0,'2021-12-16 07:27:51','2022-01-14 12:51:10',1.000000,0,12,NULL),(1514,2,153,NULL,NULL,NULL,NULL,1,'CGST',610182,9.00,0,'2021-12-16 07:27:51','2022-01-14 12:51:10',1.000000,610182,12,NULL),(1515,1,153,NULL,NULL,NULL,NULL,1,'SGST',610182,9.00,0,'2021-12-16 07:27:51','2022-01-14 12:51:10',1.000000,610182,12,NULL),(1516,6,151,NULL,NULL,NULL,NULL,2,'IGST',0,0.00,0,'2021-12-16 07:41:40','2022-01-14 12:51:13',1.000000,0,12,NULL),(1517,5,151,NULL,NULL,NULL,NULL,2,'SGST',494991,9.00,0,'2021-12-16 07:41:40','2022-01-14 12:51:13',1.000000,494991,12,NULL),(1518,4,151,NULL,NULL,NULL,NULL,2,'CGST',494991,9.00,0,'2021-12-16 07:41:40','2022-01-14 12:51:13',1.000000,494991,12,NULL),(1525,6,149,NULL,NULL,NULL,NULL,2,'IGST',0,0.00,0,'2021-12-16 07:47:39','2022-01-14 12:51:13',1.000000,0,12,NULL),(1526,5,149,NULL,NULL,NULL,NULL,2,'SGST',414000,9.00,0,'2021-12-16 07:47:39','2022-01-14 12:51:13',1.000000,414000,12,NULL),(1527,4,149,NULL,NULL,NULL,NULL,2,'CGST',414000,9.00,0,'2021-12-16 07:47:39','2022-01-14 12:51:13',1.000000,414000,12,NULL),(1528,6,148,NULL,NULL,NULL,NULL,2,'IGST',0,0.00,0,'2021-12-16 07:47:55','2022-01-14 12:51:13',1.000000,0,12,NULL),(1529,5,148,NULL,NULL,NULL,NULL,2,'SGST',621000,9.00,0,'2021-12-16 07:47:55','2022-01-14 12:51:13',1.000000,621000,12,NULL),(1530,4,148,NULL,NULL,NULL,NULL,2,'CGST',621000,9.00,0,'2021-12-16 07:47:55','2022-01-14 12:51:13',1.000000,621000,12,NULL),(1534,3,154,NULL,NULL,NULL,NULL,1,'IGST',0,0.00,0,'2021-12-17 07:33:05','2022-01-14 12:51:13',1.000000,0,12,NULL),(1535,2,154,NULL,NULL,NULL,NULL,1,'CGST',594990,9.00,0,'2021-12-17 07:33:05','2022-01-14 12:51:13',1.000000,594990,12,NULL),(1536,1,154,NULL,NULL,NULL,NULL,1,'SGST',594990,9.00,0,'2021-12-17 07:33:05','2022-01-14 12:51:13',1.000000,594990,12,NULL),(1537,3,155,NULL,NULL,NULL,NULL,1,'IGST',0,0.00,0,'2021-12-17 13:52:03','2022-01-14 12:51:10',1.000000,0,12,NULL),(1538,2,155,NULL,NULL,NULL,NULL,1,'CGST',167805,9.00,0,'2021-12-17 13:52:03','2022-01-14 12:51:10',1.000000,167805,12,NULL),(1539,1,155,NULL,NULL,NULL,NULL,1,'SGST',167805,9.00,0,'2021-12-17 13:52:03','2022-01-14 12:51:10',1.000000,167805,12,NULL),(1567,6,152,NULL,NULL,NULL,NULL,2,'IGST',0,0.00,0,'2021-12-23 06:27:08','2022-01-14 12:51:13',1.000000,0,12,NULL),(1568,4,152,NULL,NULL,NULL,NULL,2,'CGST',459270,9.00,0,'2021-12-23 06:27:08','2022-01-14 12:51:13',1.000000,459270,12,NULL),(1569,5,152,NULL,NULL,NULL,NULL,2,'SGST',459270,9.00,0,'2021-12-23 06:27:08','2022-01-14 12:51:13',1.000000,459270,12,NULL),(1573,6,160,NULL,NULL,NULL,NULL,2,'IGST',0,0.00,0,'2021-12-23 11:27:52','2022-01-14 12:51:13',1.000000,0,12,NULL),(1574,5,160,NULL,NULL,NULL,NULL,2,'SGST',468018,9.00,0,'2021-12-23 11:27:52','2022-01-14 12:51:13',1.000000,468018,12,NULL),(1575,4,160,NULL,NULL,NULL,NULL,2,'CGST',468018,9.00,0,'2021-12-23 11:27:52','2022-01-14 12:51:13',1.000000,468018,12,NULL),(1576,6,129,NULL,NULL,NULL,NULL,2,'IGST',0,0.00,0,'2021-12-24 07:02:36','2022-01-14 12:51:13',1.000000,0,12,NULL),(1577,5,129,NULL,NULL,NULL,NULL,2,'SGST',443961,9.00,0,'2021-12-24 07:02:36','2022-01-14 12:51:13',1.000000,443961,12,NULL),(1578,4,129,NULL,NULL,NULL,NULL,2,'CGST',443961,9.00,0,'2021-12-24 07:02:36','2022-01-14 12:51:13',1.000000,443961,12,NULL),(1594,6,161,NULL,NULL,NULL,NULL,2,'IGST',0,0.00,0,'2022-01-03 06:38:18','2022-01-14 12:51:13',1.000000,0,12,NULL),(1595,5,161,NULL,NULL,NULL,NULL,2,'SGST',515403,9.00,0,'2022-01-03 06:38:18','2022-01-14 12:51:13',1.000000,515403,12,NULL),(1596,4,161,NULL,NULL,NULL,NULL,2,'CGST',515403,9.00,0,'2022-01-03 06:38:18','2022-01-14 12:51:13',1.000000,515403,12,NULL),(1597,3,162,NULL,NULL,NULL,NULL,1,'IGST',0,0.00,0,'2022-01-03 07:56:45','2022-01-14 12:51:11',1.000000,0,12,NULL),(1598,2,162,NULL,NULL,NULL,NULL,1,'CGST',80100,9.00,0,'2022-01-03 07:56:45','2022-01-14 12:51:11',1.000000,80100,12,NULL),(1599,1,162,NULL,NULL,NULL,NULL,1,'SGST',80100,9.00,0,'2022-01-03 07:56:45','2022-01-14 12:51:11',1.000000,80100,12,NULL),(1606,3,164,NULL,NULL,NULL,NULL,1,'IGST',0,0.00,0,'2022-01-03 08:18:52','2022-01-14 12:51:10',1.000000,0,12,NULL),(1607,2,164,NULL,NULL,NULL,NULL,1,'CGST',463343,9.00,0,'2022-01-03 08:18:52','2022-01-14 12:51:10',1.000000,463343,12,NULL),(1608,1,164,NULL,NULL,NULL,NULL,1,'SGST',463343,9.00,0,'2022-01-03 08:18:52','2022-01-14 12:51:10',1.000000,463343,12,NULL),(1609,3,165,NULL,NULL,NULL,NULL,1,'IGST',0,0.00,0,'2022-01-03 08:28:43','2022-01-14 12:51:10',1.000000,0,12,NULL),(1610,2,165,NULL,NULL,NULL,NULL,1,'CGST',257418,9.00,0,'2022-01-03 08:28:43','2022-01-14 12:51:10',1.000000,257418,12,NULL),(1611,1,165,NULL,NULL,NULL,NULL,1,'SGST',257418,9.00,0,'2022-01-03 08:28:43','2022-01-14 12:51:10',1.000000,257418,12,NULL),(1612,3,166,NULL,NULL,NULL,NULL,1,'IGST',0,0.00,0,'2022-01-03 09:10:12','2022-01-14 12:51:13',1.000000,0,12,NULL),(1613,2,166,NULL,NULL,NULL,NULL,1,'CGST',236486,9.00,0,'2022-01-03 09:10:12','2022-01-14 12:51:13',1.000000,236486,12,NULL),(1614,1,166,NULL,NULL,NULL,NULL,1,'SGST',236486,9.00,0,'2022-01-03 09:10:12','2022-01-14 12:51:13',1.000000,236486,12,NULL),(1615,3,167,NULL,NULL,NULL,NULL,1,'IGST',0,0.00,0,'2022-01-03 09:15:08','2022-01-14 12:51:13',1.000000,0,12,NULL),(1616,2,167,NULL,NULL,NULL,NULL,1,'CGST',99160,9.00,0,'2022-01-03 09:15:08','2022-01-14 12:51:13',1.000000,99160,12,NULL),(1617,1,167,NULL,NULL,NULL,NULL,1,'SGST',99160,9.00,0,'2022-01-03 09:15:08','2022-01-14 12:51:13',1.000000,99160,12,NULL),(1621,6,157,NULL,NULL,NULL,NULL,2,'IGST',0,0.00,0,'2022-01-03 10:22:35','2022-01-14 12:51:13',1.000000,0,12,NULL),(1622,5,157,NULL,NULL,NULL,NULL,2,'SGST',582120,9.00,0,'2022-01-03 10:22:35','2022-01-14 12:51:13',1.000000,582120,12,NULL),(1623,4,157,NULL,NULL,NULL,NULL,2,'CGST',582120,9.00,0,'2022-01-03 10:22:35','2022-01-14 12:51:13',1.000000,582120,12,NULL),(1627,6,150,NULL,NULL,NULL,NULL,2,'IGST',0,0.00,0,'2022-01-03 10:30:01','2022-01-14 12:51:11',1.000000,0,12,NULL),(1628,5,150,NULL,NULL,NULL,NULL,2,'SGST',450000,9.00,0,'2022-01-03 10:30:01','2022-01-14 12:51:11',1.000000,450000,12,NULL),(1629,4,150,NULL,NULL,NULL,NULL,2,'CGST',450000,9.00,0,'2022-01-03 10:30:01','2022-01-14 12:51:11',1.000000,450000,12,NULL),(1633,6,158,NULL,NULL,NULL,NULL,2,'IGST',0,0.00,0,'2022-01-03 10:33:41','2022-01-14 12:51:13',1.000000,0,12,NULL),(1634,5,158,NULL,NULL,NULL,NULL,2,'SGST',497448,9.00,0,'2022-01-03 10:33:41','2022-01-14 12:51:13',1.000000,497448,12,NULL),(1635,4,158,NULL,NULL,NULL,NULL,2,'CGST',497448,9.00,0,'2022-01-03 10:33:41','2022-01-14 12:51:13',1.000000,497448,12,NULL),(1636,6,159,NULL,NULL,NULL,NULL,2,'IGST',0,0.00,0,'2022-01-03 10:33:56','2022-01-14 12:51:11',1.000000,0,12,NULL),(1637,5,159,NULL,NULL,NULL,NULL,2,'SGST',677160,9.00,0,'2022-01-03 10:33:56','2022-01-14 12:51:11',1.000000,677160,12,NULL),(1638,4,159,NULL,NULL,NULL,NULL,2,'CGST',677160,9.00,0,'2022-01-03 10:33:56','2022-01-14 12:51:11',1.000000,677160,12,NULL),(1639,6,163,NULL,NULL,NULL,NULL,2,'IGST',0,0.00,0,'2022-01-03 10:34:18','2022-01-14 12:51:13',1.000000,0,12,NULL),(1640,5,163,NULL,NULL,NULL,NULL,2,'SGST',146376,9.00,0,'2022-01-03 10:34:18','2022-01-14 12:51:13',1.000000,146376,12,NULL),(1641,4,163,NULL,NULL,NULL,NULL,2,'CGST',146376,9.00,0,'2022-01-03 10:34:18','2022-01-14 12:51:13',1.000000,146376,12,NULL),(1642,6,143,NULL,NULL,NULL,NULL,2,'IGST',0,0.00,0,'2022-01-03 10:38:28','2022-01-14 12:51:13',1.000000,0,12,NULL),(1643,5,143,NULL,NULL,NULL,NULL,2,'SGST',125987,9.00,0,'2022-01-03 10:38:28','2022-01-14 12:51:13',1.000000,125987,12,NULL),(1644,4,143,NULL,NULL,NULL,NULL,2,'CGST',125987,9.00,0,'2022-01-03 10:38:28','2022-01-14 12:51:13',1.000000,125987,12,NULL),(1669,6,168,NULL,NULL,NULL,NULL,2,'IGST',0,0.00,0,'2022-01-06 09:26:40','2022-01-14 12:51:13',1.000000,0,12,NULL),(1670,5,168,NULL,NULL,NULL,NULL,2,'SGST',544320,9.00,0,'2022-01-06 09:26:40','2022-01-14 12:51:13',1.000000,544320,12,NULL),(1671,4,168,NULL,NULL,NULL,NULL,2,'CGST',544320,9.00,0,'2022-01-06 09:26:40','2022-01-14 12:51:13',1.000000,544320,12,NULL),(1681,6,169,NULL,NULL,NULL,NULL,2,'IGST',0,0.00,0,'2022-01-10 03:40:41','2022-01-14 12:51:13',1.000000,0,12,NULL),(1682,5,169,NULL,NULL,NULL,NULL,2,'SGST',508032,9.00,0,'2022-01-10 03:40:41','2022-01-14 12:51:13',1.000000,508032,12,NULL),(1683,4,169,NULL,NULL,NULL,NULL,2,'CGST',508032,9.00,0,'2022-01-10 03:40:41','2022-01-14 12:51:13',1.000000,508032,12,NULL),(1687,6,156,NULL,NULL,NULL,NULL,2,'IGST',0,0.00,0,'2022-01-11 05:16:47','2022-01-14 12:51:10',1.000000,0,12,NULL),(1688,5,156,NULL,NULL,NULL,NULL,2,'SGST',396900,9.00,0,'2022-01-11 05:16:47','2022-01-14 12:51:10',1.000000,396900,12,NULL),(1689,4,156,NULL,NULL,NULL,NULL,2,'CGST',396900,9.00,0,'2022-01-11 05:16:47','2022-01-14 12:51:10',1.000000,396900,12,NULL),(1690,3,170,NULL,NULL,NULL,NULL,1,'IGST',0,0.00,0,'2022-01-12 05:35:56','2022-01-14 12:51:13',1.000000,0,12,NULL),(1691,2,170,NULL,NULL,NULL,NULL,1,'CGST',76273,9.00,0,'2022-01-12 05:35:56','2022-01-14 12:51:13',1.000000,76273,12,NULL),(1692,1,170,NULL,NULL,NULL,NULL,1,'SGST',76273,9.00,0,'2022-01-12 05:35:56','2022-01-14 12:51:13',1.000000,76273,12,NULL),(1693,3,171,NULL,NULL,NULL,NULL,1,'IGST',0,0.00,0,'2022-01-13 02:51:55','2022-01-14 12:51:10',1.000000,0,12,NULL),(1694,2,171,NULL,NULL,NULL,NULL,1,'CGST',76275,9.00,0,'2022-01-13 02:51:55','2022-01-14 12:51:10',1.000000,76275,12,NULL),(1695,1,171,NULL,NULL,NULL,NULL,1,'SGST',76275,9.00,0,'2022-01-13 02:51:55','2022-01-14 12:51:10',1.000000,76275,12,NULL),(1696,6,55,NULL,NULL,NULL,NULL,2,'IGST',0,0.00,0,'2022-01-14 11:11:47','2022-01-14 12:51:11',1.000000,0,12,NULL),(1697,5,55,NULL,NULL,NULL,NULL,2,'SGST',608580,9.00,0,'2022-01-14 11:11:47','2022-01-14 12:51:11',1.000000,608580,12,NULL),(1698,4,55,NULL,NULL,NULL,NULL,2,'CGST',608580,9.00,0,'2022-01-14 11:11:47','2022-01-14 12:51:11',1.000000,608580,12,NULL),(1767,6,183,NULL,NULL,NULL,NULL,2,'IGST',0,0.00,0,'2022-01-16 04:16:09','2022-01-16 04:16:09',NULL,0,12,NULL),(1768,5,183,NULL,NULL,NULL,NULL,2,'SGST',566244,9.00,0,'2022-01-16 04:16:09','2022-01-16 04:16:09',NULL,566244,12,NULL),(1769,4,183,NULL,NULL,NULL,NULL,2,'CGST',566244,9.00,0,'2022-01-16 04:16:09','2022-01-16 04:16:09',NULL,566244,12,NULL),(1785,3,175,NULL,NULL,NULL,NULL,1,'IGST',0,0.00,0,'2022-01-17 11:47:46','2022-01-17 11:47:46',NULL,0,12,NULL),(1786,2,175,NULL,NULL,NULL,NULL,1,'CGST',80100,9.00,0,'2022-01-17 11:47:46','2022-01-17 11:47:46',NULL,80100,12,NULL),(1787,1,175,NULL,NULL,NULL,NULL,1,'SGST',80100,9.00,0,'2022-01-17 11:47:46','2022-01-17 11:47:46',NULL,80100,12,NULL),(1809,6,198,NULL,NULL,NULL,NULL,2,'IGST',0,0.00,0,'2022-01-20 08:26:29','2022-01-20 08:26:29',NULL,0,12,NULL),(1810,5,198,NULL,NULL,NULL,NULL,2,'SGST',510300,9.00,0,'2022-01-20 08:26:29','2022-01-20 08:26:29',NULL,0,12,NULL),(1811,4,198,NULL,NULL,NULL,NULL,2,'CGST',510300,9.00,0,'2022-01-20 08:26:29','2022-01-20 08:26:29',NULL,0,12,NULL),(1821,6,200,NULL,NULL,NULL,NULL,2,'IGST',0,0.00,0,'2022-01-29 07:02:37','2022-01-29 07:02:37',NULL,0,12,NULL),(1822,5,200,NULL,NULL,NULL,NULL,2,'SGST',548910,9.00,0,'2022-01-29 07:02:37','2022-01-29 07:02:37',NULL,548910,12,NULL),(1823,4,200,NULL,NULL,NULL,NULL,2,'CGST',548910,9.00,0,'2022-01-29 07:02:37','2022-01-29 07:02:37',NULL,548910,12,NULL),(1824,6,201,NULL,NULL,NULL,NULL,2,'IGST',0,0.00,0,'2022-01-31 04:02:27','2022-01-31 04:02:27',NULL,0,12,NULL),(1825,5,201,NULL,NULL,NULL,NULL,2,'SGST',396000,9.00,0,'2022-01-31 04:02:27','2022-01-31 04:02:27',NULL,0,12,NULL),(1826,4,201,NULL,NULL,NULL,NULL,2,'CGST',396000,9.00,0,'2022-01-31 04:02:27','2022-01-31 04:02:27',NULL,0,12,NULL),(1827,6,202,NULL,NULL,NULL,NULL,2,'IGST',0,0.00,0,'2022-01-31 04:03:25','2022-01-31 04:03:25',NULL,0,12,NULL),(1828,5,202,NULL,NULL,NULL,NULL,2,'SGST',396000,9.00,0,'2022-01-31 04:03:25','2022-01-31 04:03:25',NULL,0,12,NULL),(1829,4,202,NULL,NULL,NULL,NULL,2,'CGST',396000,9.00,0,'2022-01-31 04:03:25','2022-01-31 04:03:25',NULL,0,12,NULL),(1830,6,203,NULL,NULL,NULL,NULL,2,'IGST',0,0.00,0,'2022-01-31 04:22:07','2022-01-31 04:22:07',NULL,0,12,NULL),(1831,5,203,NULL,NULL,NULL,NULL,2,'SGST',494019,9.00,0,'2022-01-31 04:22:07','2022-01-31 04:22:07',NULL,0,12,NULL),(1832,4,203,NULL,NULL,NULL,NULL,2,'CGST',494019,9.00,0,'2022-01-31 04:22:07','2022-01-31 04:22:07',NULL,0,12,NULL),(1872,6,215,NULL,NULL,NULL,NULL,2,'IGST',0,0.00,0,'2022-02-01 04:07:18','2022-02-01 04:07:18',NULL,0,12,NULL),(1873,5,215,NULL,NULL,NULL,NULL,2,'SGST',595350,9.00,0,'2022-02-01 04:07:19','2022-02-01 04:07:19',NULL,595350,12,NULL),(1874,4,215,NULL,NULL,NULL,NULL,2,'CGST',595350,9.00,0,'2022-02-01 04:07:19','2022-02-01 04:07:19',NULL,595350,12,NULL),(1875,6,216,NULL,NULL,NULL,NULL,2,'IGST',0,0.00,0,'2022-02-01 04:10:12','2022-02-01 04:10:12',NULL,0,12,NULL),(1876,5,216,NULL,NULL,NULL,NULL,2,'SGST',384480,9.00,0,'2022-02-01 04:10:12','2022-02-01 04:10:12',NULL,0,12,NULL),(1877,4,216,NULL,NULL,NULL,NULL,2,'CGST',384480,9.00,0,'2022-02-01 04:10:12','2022-02-01 04:10:12',NULL,0,12,NULL),(1878,3,199,NULL,NULL,NULL,NULL,1,'IGST',0,0.00,0,'2022-02-01 07:10:39','2022-02-01 07:10:39',NULL,0,12,NULL),(1879,2,199,NULL,NULL,NULL,NULL,1,'CGST',525600,9.00,0,'2022-02-01 07:10:39','2022-02-01 07:10:39',NULL,525600,12,NULL),(1880,1,199,NULL,NULL,NULL,NULL,1,'SGST',525600,9.00,0,'2022-02-01 07:10:39','2022-02-01 07:10:39',NULL,525600,12,NULL),(1887,3,219,NULL,NULL,NULL,NULL,1,'IGST',0,0.00,0,'2022-02-08 09:45:16','2022-02-08 09:45:16',NULL,0,12,NULL),(1888,2,219,NULL,NULL,NULL,NULL,1,'CGST',579690,9.00,0,'2022-02-08 09:45:16','2022-02-08 09:45:16',NULL,0,12,NULL),(1889,1,219,NULL,NULL,NULL,NULL,1,'SGST',579690,9.00,0,'2022-02-08 09:45:16','2022-02-08 09:45:16',NULL,0,12,NULL),(1896,3,220,NULL,NULL,NULL,NULL,1,'IGST',0,0.00,0,'2022-02-10 15:42:44','2022-02-10 15:42:44',NULL,0,12,NULL),(1897,2,220,NULL,NULL,NULL,NULL,1,'CGST',293652,9.00,0,'2022-02-10 15:42:44','2022-02-10 15:42:44',NULL,293652,12,NULL),(1898,1,220,NULL,NULL,NULL,NULL,1,'SGST',293652,9.00,0,'2022-02-10 15:42:44','2022-02-10 15:42:44',NULL,293652,12,NULL),(1899,3,222,NULL,NULL,NULL,NULL,1,'IGST',0,0.00,0,'2022-02-11 02:46:05','2022-02-11 02:46:05',NULL,0,12,NULL),(1900,2,222,NULL,NULL,NULL,NULL,1,'CGST',434790,9.00,0,'2022-02-11 02:46:05','2022-02-11 02:46:05',NULL,0,12,NULL),(1901,1,222,NULL,NULL,NULL,NULL,1,'SGST',434790,9.00,0,'2022-02-11 02:46:05','2022-02-11 02:46:05',NULL,0,12,NULL),(1917,3,224,NULL,NULL,NULL,NULL,1,'IGST',0,0.00,0,'2022-02-11 07:56:48','2022-02-11 07:56:48',NULL,0,12,NULL),(1918,2,224,NULL,NULL,NULL,NULL,1,'CGST',579690,9.00,0,'2022-02-11 07:56:48','2022-02-11 07:56:48',NULL,0,12,NULL),(1919,1,224,NULL,NULL,NULL,NULL,1,'SGST',579690,9.00,0,'2022-02-11 07:56:48','2022-02-11 07:56:48',NULL,0,12,NULL),(1920,3,218,NULL,NULL,NULL,NULL,1,'IGST',0,0.00,0,'2022-02-11 07:59:59','2022-02-11 07:59:59',NULL,0,12,NULL),(1921,2,218,NULL,NULL,NULL,NULL,1,'CGST',533970,9.00,0,'2022-02-11 07:59:59','2022-02-11 07:59:59',NULL,533970,12,NULL),(1922,1,218,NULL,NULL,NULL,NULL,1,'SGST',533970,9.00,0,'2022-02-11 07:59:59','2022-02-11 07:59:59',NULL,533970,12,NULL),(1923,3,225,NULL,NULL,NULL,NULL,1,'IGST',0,0.00,0,'2022-02-12 11:56:24','2022-02-12 11:56:24',NULL,0,12,NULL),(1924,2,225,NULL,NULL,NULL,NULL,1,'CGST',579690,9.00,0,'2022-02-12 11:56:24','2022-02-12 11:56:24',NULL,0,12,NULL),(1925,1,225,NULL,NULL,NULL,NULL,1,'SGST',579690,9.00,0,'2022-02-12 11:56:24','2022-02-12 11:56:24',NULL,0,12,NULL),(1926,3,226,NULL,NULL,NULL,NULL,1,'IGST',0,0.00,0,'2022-02-13 02:13:21','2022-02-13 02:13:21',NULL,0,12,NULL),(1927,2,226,NULL,NULL,NULL,NULL,1,'CGST',76275,9.00,0,'2022-02-13 02:13:21','2022-02-13 02:13:21',NULL,0,12,NULL),(1928,1,226,NULL,NULL,NULL,NULL,1,'SGST',76275,9.00,0,'2022-02-13 02:13:21','2022-02-13 02:13:21',NULL,0,12,NULL),(1938,3,228,NULL,NULL,NULL,NULL,1,'IGST',0,0.00,0,'2022-02-13 02:37:42','2022-02-13 02:37:42',NULL,0,12,NULL),(1939,2,228,NULL,NULL,NULL,NULL,1,'CGST',381375,9.00,0,'2022-02-13 02:37:42','2022-02-13 02:37:42',NULL,0,12,NULL),(1940,1,228,NULL,NULL,NULL,NULL,1,'SGST',381375,9.00,0,'2022-02-13 02:37:42','2022-02-13 02:37:42',NULL,0,12,NULL),(1941,6,229,NULL,NULL,NULL,NULL,2,'IGST',0,0.00,0,'2022-02-15 12:37:26','2022-02-15 12:37:26',NULL,0,12,NULL),(1942,5,229,NULL,NULL,NULL,NULL,2,'SGST',427410,9.00,0,'2022-02-15 12:37:26','2022-02-15 12:37:26',NULL,427410,12,NULL),(1943,4,229,NULL,NULL,NULL,NULL,2,'CGST',427410,9.00,0,'2022-02-15 12:37:26','2022-02-15 12:37:26',NULL,427410,12,NULL),(1944,6,230,NULL,NULL,NULL,NULL,2,'IGST',0,0.00,0,'2022-02-15 12:38:03','2022-02-15 12:38:03',NULL,0,12,NULL),(1945,5,230,NULL,NULL,NULL,NULL,2,'SGST',427410,9.00,0,'2022-02-15 12:38:03','2022-02-15 12:38:03',NULL,427410,12,NULL),(1946,4,230,NULL,NULL,NULL,NULL,2,'CGST',427410,9.00,0,'2022-02-15 12:38:03','2022-02-15 12:38:03',NULL,427410,12,NULL),(1953,3,233,NULL,NULL,NULL,NULL,1,'IGST',0,0.00,0,'2022-02-16 09:01:21','2022-02-16 09:01:21',NULL,0,12,NULL),(1954,2,233,NULL,NULL,NULL,NULL,1,'CGST',579690,9.00,0,'2022-02-16 09:01:21','2022-02-16 09:01:21',NULL,579690,12,NULL),(1955,1,233,NULL,NULL,NULL,NULL,1,'SGST',579690,9.00,0,'2022-02-16 09:01:21','2022-02-16 09:01:21',NULL,579690,12,NULL),(1956,3,234,NULL,NULL,NULL,NULL,1,'IGST',0,0.00,0,'2022-02-18 10:04:06','2022-02-18 10:04:06',NULL,0,12,NULL),(1957,2,234,NULL,NULL,NULL,NULL,1,'CGST',153360,9.00,0,'2022-02-18 10:04:06','2022-02-18 10:04:06',NULL,153360,12,NULL),(1958,1,234,NULL,NULL,NULL,NULL,1,'SGST',153360,9.00,0,'2022-02-18 10:04:06','2022-02-18 10:04:06',NULL,153360,12,NULL),(1959,3,235,NULL,NULL,NULL,NULL,1,'IGST',0,0.00,0,'2022-02-22 07:04:59','2022-02-22 07:04:59',NULL,0,12,NULL),(1960,2,235,NULL,NULL,NULL,NULL,1,'CGST',76275,9.00,0,'2022-02-22 07:04:59','2022-02-22 07:04:59',NULL,76275,12,NULL),(1961,1,235,NULL,NULL,NULL,NULL,1,'SGST',76275,9.00,0,'2022-02-22 07:04:59','2022-02-22 07:04:59',NULL,76275,12,NULL),(1962,3,232,NULL,NULL,NULL,NULL,1,'IGST',0,0.00,0,'2022-02-22 07:29:08','2022-02-22 07:29:08',NULL,0,12,NULL),(1963,2,232,NULL,NULL,NULL,NULL,1,'CGST',76275,9.00,0,'2022-02-22 07:29:08','2022-02-22 07:29:08',NULL,76275,12,NULL),(1964,1,232,NULL,NULL,NULL,NULL,1,'SGST',76275,9.00,0,'2022-02-22 07:29:08','2022-02-22 07:29:08',NULL,76275,12,NULL),(1968,6,236,NULL,NULL,NULL,NULL,2,'IGST',0,0.00,0,'2022-02-23 09:18:48','2022-02-23 09:18:48',NULL,0,12,NULL),(1969,5,236,NULL,NULL,NULL,NULL,2,'SGST',564300,9.00,0,'2022-02-23 09:18:48','2022-02-23 09:18:48',NULL,564300,12,NULL),(1970,4,236,NULL,NULL,NULL,NULL,2,'CGST',564300,9.00,0,'2022-02-23 09:18:48','2022-02-23 09:18:48',NULL,564300,12,NULL),(1971,3,237,NULL,NULL,NULL,NULL,1,'IGST',0,0.00,0,'2022-02-24 08:51:59','2022-02-24 08:51:59',NULL,0,12,NULL),(1972,2,237,NULL,NULL,NULL,NULL,1,'CGST',604440,9.00,0,'2022-02-24 08:51:59','2022-02-24 08:51:59',NULL,604440,12,NULL),(1973,1,237,NULL,NULL,NULL,NULL,1,'SGST',604440,9.00,0,'2022-02-24 08:51:59','2022-02-24 08:51:59',NULL,604440,12,NULL),(1977,3,238,NULL,NULL,NULL,NULL,1,'IGST',0,0.00,0,'2022-02-24 09:29:10','2022-02-24 09:29:10',NULL,0,12,NULL),(1978,2,238,NULL,NULL,NULL,NULL,1,'CGST',526320,9.00,0,'2022-02-24 09:29:10','2022-02-24 09:29:10',NULL,526320,12,NULL),(1979,1,238,NULL,NULL,NULL,NULL,1,'SGST',526320,9.00,0,'2022-02-24 09:29:10','2022-02-24 09:29:10',NULL,526320,12,NULL),(1986,3,239,NULL,NULL,NULL,NULL,1,'IGST',0,0.00,0,'2022-03-01 07:35:15','2022-03-01 07:35:15',NULL,0,12,NULL),(1987,2,239,NULL,NULL,NULL,NULL,1,'CGST',713138,9.00,0,'2022-03-01 07:35:15','2022-03-01 07:35:15',NULL,713138,12,NULL),(1988,1,239,NULL,NULL,NULL,NULL,1,'SGST',713138,9.00,0,'2022-03-01 07:35:15','2022-03-01 07:35:15',NULL,713138,12,NULL),(1989,3,240,NULL,NULL,NULL,NULL,1,'IGST',0,0.00,0,'2022-03-02 08:09:17','2022-03-02 08:09:17',NULL,0,12,NULL),(1990,2,240,NULL,NULL,NULL,NULL,1,'CGST',575469,9.00,0,'2022-03-02 08:09:17','2022-03-02 08:09:17',NULL,575469,12,NULL),(1991,1,240,NULL,NULL,NULL,NULL,1,'SGST',575469,9.00,0,'2022-03-02 08:09:17','2022-03-02 08:09:17',NULL,575469,12,NULL),(1992,3,241,NULL,NULL,NULL,NULL,1,'IGST',0,0.00,0,'2022-03-02 08:18:04','2022-03-02 08:18:04',NULL,0,12,NULL),(1993,2,241,NULL,NULL,NULL,NULL,1,'CGST',144945,9.00,0,'2022-03-02 08:18:04','2022-03-02 08:18:04',NULL,144945,12,NULL),(1994,1,241,NULL,NULL,NULL,NULL,1,'SGST',144945,9.00,0,'2022-03-02 08:18:04','2022-03-02 08:18:04',NULL,144945,12,NULL),(1995,3,242,NULL,NULL,NULL,NULL,1,'IGST',0,0.00,0,'2022-03-02 10:10:03','2022-03-02 10:10:03',NULL,0,12,NULL),(1996,2,242,NULL,NULL,NULL,NULL,1,'CGST',381359,9.00,0,'2022-03-02 10:10:03','2022-03-02 10:10:03',NULL,381359,12,NULL),(1997,1,242,NULL,NULL,NULL,NULL,1,'SGST',381359,9.00,0,'2022-03-02 10:10:03','2022-03-02 10:10:03',NULL,381359,12,NULL),(2001,6,231,NULL,NULL,NULL,NULL,2,'IGST',0,0.00,0,'2022-03-03 12:10:06','2022-03-03 12:10:06',NULL,0,12,NULL),(2002,5,231,NULL,NULL,NULL,NULL,2,'SGST',593208,9.00,0,'2022-03-03 12:10:06','2022-03-03 12:10:06',NULL,593208,12,NULL),(2003,4,231,NULL,NULL,NULL,NULL,2,'CGST',593208,9.00,0,'2022-03-03 12:10:06','2022-03-03 12:10:06',NULL,593208,12,NULL),(2007,6,243,NULL,NULL,NULL,NULL,2,'IGST',0,0.00,0,'2022-03-03 12:16:53','2022-03-03 12:16:53',NULL,0,12,NULL),(2008,5,243,NULL,NULL,NULL,NULL,2,'SGST',576828,9.00,0,'2022-03-03 12:16:53','2022-03-03 12:16:53',NULL,576828,12,NULL),(2009,4,243,NULL,NULL,NULL,NULL,2,'CGST',576828,9.00,0,'2022-03-03 12:16:53','2022-03-03 12:16:53',NULL,576828,12,NULL),(2040,3,249,NULL,NULL,NULL,NULL,1,'IGST',0,0.00,0,'2022-03-05 07:09:51','2022-03-05 07:09:51',NULL,0,12,NULL),(2041,2,249,NULL,NULL,NULL,NULL,1,'CGST',579672,9.00,0,'2022-03-05 07:09:51','2022-03-05 07:09:51',NULL,579672,12,NULL),(2042,1,249,NULL,NULL,NULL,NULL,1,'SGST',579672,9.00,0,'2022-03-05 07:09:51','2022-03-05 07:09:51',NULL,579672,12,NULL),(2046,6,250,NULL,NULL,NULL,NULL,2,'IGST',0,0.00,0,'2022-03-07 13:54:01','2022-03-07 13:54:01',NULL,0,12,NULL),(2047,5,250,NULL,NULL,NULL,NULL,2,'SGST',530955,9.00,0,'2022-03-07 13:54:01','2022-03-07 13:54:01',NULL,530955,12,NULL),(2048,4,250,NULL,NULL,NULL,NULL,2,'CGST',530955,9.00,0,'2022-03-07 13:54:01','2022-03-07 13:54:01',NULL,530955,12,NULL),(2049,6,251,NULL,NULL,NULL,NULL,2,'IGST',0,0.00,0,'2022-03-08 08:49:45','2022-03-08 08:49:45',NULL,0,12,NULL),(2050,5,251,NULL,NULL,NULL,NULL,2,'SGST',522000,9.00,0,'2022-03-08 08:49:45','2022-03-08 08:49:45',NULL,522000,12,NULL),(2051,4,251,NULL,NULL,NULL,NULL,2,'CGST',522000,9.00,0,'2022-03-08 08:49:45','2022-03-08 08:49:45',NULL,522000,12,NULL),(2058,3,253,NULL,NULL,NULL,NULL,1,'IGST',0,0.00,0,'2022-03-09 06:06:32','2022-03-09 06:06:32',NULL,0,12,NULL),(2059,2,253,NULL,NULL,NULL,NULL,1,'CGST',76275,9.00,0,'2022-03-09 06:06:32','2022-03-09 06:06:32',NULL,76275,12,NULL),(2060,1,253,NULL,NULL,NULL,NULL,1,'SGST',76275,9.00,0,'2022-03-09 06:06:32','2022-03-09 06:06:32',NULL,76275,12,NULL),(2067,3,254,NULL,NULL,NULL,NULL,1,'IGST',0,0.00,0,'2022-03-09 06:31:23','2022-03-09 06:31:23',NULL,0,12,NULL),(2068,2,254,NULL,NULL,NULL,NULL,1,'CGST',579672,9.00,0,'2022-03-09 06:31:23','2022-03-09 06:31:23',NULL,579672,12,NULL),(2069,1,254,NULL,NULL,NULL,NULL,1,'SGST',579672,9.00,0,'2022-03-09 06:31:23','2022-03-09 06:31:23',NULL,579672,12,NULL),(2073,6,244,NULL,NULL,NULL,NULL,2,'IGST',0,0.00,0,'2022-03-11 06:22:08','2022-03-11 06:22:08',NULL,0,12,NULL),(2074,5,244,NULL,NULL,NULL,NULL,2,'SGST',555660,9.00,0,'2022-03-11 06:22:08','2022-03-11 06:22:08',NULL,555660,12,NULL),(2075,4,244,NULL,NULL,NULL,NULL,2,'CGST',555660,9.00,0,'2022-03-11 06:22:08','2022-03-11 06:22:08',NULL,555660,12,NULL),(2076,6,255,NULL,NULL,NULL,NULL,2,'IGST',0,0.00,0,'2022-03-14 03:32:11','2022-03-14 03:32:11',NULL,0,12,NULL),(2077,5,255,NULL,NULL,NULL,NULL,2,'SGST',720000,9.00,0,'2022-03-14 03:32:11','2022-03-14 03:32:11',NULL,720000,12,NULL),(2078,4,255,NULL,NULL,NULL,NULL,2,'CGST',720000,9.00,0,'2022-03-14 03:32:11','2022-03-14 03:32:11',NULL,720000,12,NULL),(2079,3,256,NULL,NULL,NULL,NULL,1,'IGST',0,0.00,0,'2022-03-14 11:24:58','2022-03-14 11:24:58',NULL,0,12,NULL),(2080,2,256,NULL,NULL,NULL,NULL,1,'CGST',76275,9.00,0,'2022-03-14 11:24:58','2022-03-14 11:24:58',NULL,76275,12,NULL),(2081,1,256,NULL,NULL,NULL,NULL,1,'SGST',76275,9.00,0,'2022-03-14 11:24:58','2022-03-14 11:24:58',NULL,76275,12,NULL),(2085,6,258,NULL,NULL,NULL,NULL,2,'IGST',0,0.00,0,'2022-03-16 09:47:59','2022-03-16 09:47:59',NULL,0,12,NULL),(2086,5,258,NULL,NULL,NULL,NULL,2,'SGST',554040,9.00,0,'2022-03-16 09:47:59','2022-03-16 09:47:59',NULL,554040,12,NULL),(2087,4,258,NULL,NULL,NULL,NULL,2,'CGST',554040,9.00,0,'2022-03-16 09:47:59','2022-03-16 09:47:59',NULL,554040,12,NULL),(2088,6,259,NULL,NULL,NULL,NULL,2,'IGST',0,0.00,0,'2022-03-16 11:35:05','2022-03-16 11:35:05',NULL,0,12,NULL),(2089,5,259,NULL,NULL,NULL,NULL,2,'SGST',1800000,9.00,0,'2022-03-16 11:35:05','2022-03-16 11:35:05',NULL,1800000,12,NULL),(2090,4,259,NULL,NULL,NULL,NULL,2,'CGST',1800000,9.00,0,'2022-03-16 11:35:05','2022-03-16 11:35:05',NULL,1800000,12,NULL),(2097,6,261,NULL,NULL,NULL,NULL,2,'IGST',0,0.00,0,'2022-03-21 05:44:44','2022-03-21 05:44:44',NULL,0,12,NULL),(2098,5,261,NULL,NULL,NULL,NULL,2,'SGST',1980000,9.00,0,'2022-03-21 05:44:44','2022-03-21 05:44:44',NULL,1980000,12,NULL),(2099,4,261,NULL,NULL,NULL,NULL,2,'CGST',1980000,9.00,0,'2022-03-21 05:44:44','2022-03-21 05:44:44',NULL,1980000,12,NULL),(2106,6,257,NULL,NULL,NULL,NULL,2,'IGST',0,0.00,0,'2022-03-25 13:13:23','2022-03-25 13:13:23',NULL,0,12,NULL),(2107,5,257,NULL,NULL,NULL,NULL,2,'SGST',623700,9.00,0,'2022-03-25 13:13:23','2022-03-25 13:13:23',NULL,623700,12,NULL),(2108,4,257,NULL,NULL,NULL,NULL,2,'CGST',623700,9.00,0,'2022-03-25 13:13:23','2022-03-25 13:13:23',NULL,623700,12,NULL),(2112,6,260,NULL,NULL,NULL,NULL,2,'IGST',0,0.00,0,'2022-03-25 13:16:31','2022-03-25 13:16:31',NULL,0,12,NULL),(2113,5,260,NULL,NULL,NULL,NULL,2,'SGST',396900,9.00,0,'2022-03-25 13:16:31','2022-03-25 13:16:31',NULL,396900,12,NULL),(2114,4,260,NULL,NULL,NULL,NULL,2,'CGST',396900,9.00,0,'2022-03-25 13:16:31','2022-03-25 13:16:31',NULL,396900,12,NULL),(2115,6,262,NULL,NULL,NULL,NULL,2,'IGST',0,0.00,0,'2022-03-26 02:04:10','2022-03-26 02:04:10',NULL,0,12,NULL),(2116,5,262,NULL,NULL,NULL,NULL,2,'SGST',466560,9.00,0,'2022-03-26 02:04:10','2022-03-26 02:04:10',NULL,466560,12,NULL),(2117,4,262,NULL,NULL,NULL,NULL,2,'CGST',466560,9.00,0,'2022-03-26 02:04:10','2022-03-26 02:04:10',NULL,466560,12,NULL),(2118,6,263,NULL,NULL,NULL,NULL,2,'IGST',0,0.00,0,'2022-03-26 02:10:56','2022-03-26 02:10:56',NULL,0,12,NULL),(2119,5,263,NULL,NULL,NULL,NULL,2,'SGST',497448,9.00,0,'2022-03-26 02:10:56','2022-03-26 02:10:56',NULL,497448,12,NULL),(2120,4,263,NULL,NULL,NULL,NULL,2,'CGST',497448,9.00,0,'2022-03-26 02:10:56','2022-03-26 02:10:56',NULL,497448,12,NULL),(2121,6,264,NULL,NULL,NULL,NULL,2,'IGST',0,0.00,0,'2022-03-26 02:12:47','2022-03-26 02:12:47',NULL,0,12,NULL),(2122,5,264,NULL,NULL,NULL,NULL,2,'SGST',494019,9.00,0,'2022-03-26 02:12:47','2022-03-26 02:12:47',NULL,494019,12,NULL),(2123,4,264,NULL,NULL,NULL,NULL,2,'CGST',494019,9.00,0,'2022-03-26 02:12:47','2022-03-26 02:12:47',NULL,494019,12,NULL),(2127,3,266,NULL,NULL,NULL,NULL,1,'IGST',0,0.00,0,'2022-03-26 06:09:54','2022-03-26 06:09:54',NULL,0,12,NULL),(2128,2,266,NULL,NULL,NULL,NULL,1,'CGST',745365,9.00,0,'2022-03-26 06:09:54','2022-03-26 06:09:54',NULL,745365,12,NULL),(2129,1,266,NULL,NULL,NULL,NULL,1,'SGST',745365,9.00,0,'2022-03-26 06:09:54','2022-03-26 06:09:54',NULL,745365,12,NULL),(2130,6,265,NULL,NULL,NULL,NULL,2,'IGST',0,0.00,0,'2022-03-26 06:18:04','2022-03-26 06:18:04',NULL,0,12,NULL),(2131,5,265,NULL,NULL,NULL,NULL,2,'SGST',618030,9.00,0,'2022-03-26 06:18:04','2022-03-26 06:18:04',NULL,618030,12,NULL),(2132,4,265,NULL,NULL,NULL,NULL,2,'CGST',618030,9.00,0,'2022-03-26 06:18:04','2022-03-26 06:18:04',NULL,618030,12,NULL),(2133,3,267,NULL,NULL,NULL,NULL,1,'IGST',0,0.00,0,'2022-03-26 06:34:09','2022-03-26 06:34:09',NULL,0,12,NULL),(2134,2,267,NULL,NULL,NULL,NULL,1,'CGST',678870,9.00,0,'2022-03-26 06:34:09','2022-03-26 06:34:09',NULL,678870,12,NULL),(2135,1,267,NULL,NULL,NULL,NULL,1,'SGST',678870,9.00,0,'2022-03-26 06:34:09','2022-03-26 06:34:09',NULL,678870,12,NULL),(2136,3,268,NULL,NULL,NULL,NULL,1,'IGST',0,0.00,0,'2022-03-29 10:04:46','2022-03-29 10:04:46',NULL,0,12,NULL),(2137,2,268,NULL,NULL,NULL,NULL,1,'CGST',503406,9.00,0,'2022-03-29 10:04:46','2022-03-29 10:04:46',NULL,503406,12,NULL),(2138,1,268,NULL,NULL,NULL,NULL,1,'SGST',503406,9.00,0,'2022-03-29 10:04:46','2022-03-29 10:04:46',NULL,503406,12,NULL),(2142,3,269,NULL,NULL,NULL,NULL,1,'IGST',0,0.00,0,'2022-03-30 07:29:02','2022-03-30 07:29:02',NULL,0,12,NULL),(2143,2,269,NULL,NULL,NULL,NULL,1,'CGST',526320,9.00,0,'2022-03-30 07:29:02','2022-03-30 07:29:02',NULL,526320,12,NULL),(2144,1,269,NULL,NULL,NULL,NULL,1,'SGST',526320,9.00,0,'2022-03-30 07:29:02','2022-03-30 07:29:02',NULL,526320,12,NULL),(2148,3,271,NULL,NULL,NULL,NULL,1,'IGST',0,0.00,0,'2022-04-01 07:33:04','2022-04-01 07:33:04',NULL,0,12,NULL),(2149,2,271,NULL,NULL,NULL,NULL,1,'CGST',190721,9.00,0,'2022-04-01 07:33:04','2022-04-01 07:33:04',NULL,190721,12,NULL),(2150,1,271,NULL,NULL,NULL,NULL,1,'SGST',190721,9.00,0,'2022-04-01 07:33:04','2022-04-01 07:33:04',NULL,190721,12,NULL),(2151,3,270,NULL,NULL,NULL,NULL,1,'IGST',0,0.00,0,'2022-04-01 07:47:57','2022-04-01 07:47:57',NULL,0,12,NULL),(2152,2,270,NULL,NULL,NULL,NULL,1,'CGST',406584,9.00,0,'2022-04-01 07:47:57','2022-04-01 07:47:57',NULL,406584,12,NULL),(2153,1,270,NULL,NULL,NULL,NULL,1,'SGST',406584,9.00,0,'2022-04-01 07:47:57','2022-04-01 07:47:57',NULL,406584,12,NULL),(2157,3,272,NULL,NULL,NULL,NULL,1,'IGST',0,0.00,0,'2022-04-03 06:35:02','2022-04-03 06:35:02',NULL,0,12,NULL),(2158,2,272,NULL,NULL,NULL,NULL,1,'CGST',533916,9.00,0,'2022-04-03 06:35:02','2022-04-03 06:35:02',NULL,533916,12,NULL),(2159,1,272,NULL,NULL,NULL,NULL,1,'SGST',533916,9.00,0,'2022-04-03 06:35:02','2022-04-03 06:35:02',NULL,533916,12,NULL),(2160,6,273,NULL,NULL,NULL,NULL,2,'IGST',0,0.00,0,'2022-04-08 08:42:59','2022-04-08 08:42:59',NULL,0,12,NULL),(2161,5,273,NULL,NULL,NULL,NULL,2,'SGST',633420,9.00,0,'2022-04-08 08:42:59','2022-04-08 08:42:59',NULL,633420,12,NULL),(2162,4,273,NULL,NULL,NULL,NULL,2,'CGST',633420,9.00,0,'2022-04-08 08:42:59','2022-04-08 08:42:59',NULL,633420,12,NULL),(2163,3,274,NULL,NULL,NULL,NULL,1,'IGST',0,0.00,0,'2022-04-09 07:15:34','2022-04-09 07:15:34',NULL,0,12,NULL),(2164,2,274,NULL,NULL,NULL,NULL,1,'CGST',301271,9.00,0,'2022-04-09 07:15:34','2022-04-09 07:15:34',NULL,301271,12,NULL),(2165,1,274,NULL,NULL,NULL,NULL,1,'SGST',301271,9.00,0,'2022-04-09 07:15:34','2022-04-09 07:15:34',NULL,301271,12,NULL),(2166,3,275,NULL,NULL,NULL,NULL,1,'IGST',0,0.00,0,'2022-04-09 10:18:02','2022-04-09 10:18:02',NULL,0,12,NULL),(2167,2,275,NULL,NULL,NULL,NULL,1,'CGST',579690,9.00,0,'2022-04-09 10:18:02','2022-04-09 10:18:02',NULL,579690,12,NULL),(2168,1,275,NULL,NULL,NULL,NULL,1,'SGST',579690,9.00,0,'2022-04-09 10:18:02','2022-04-09 10:18:02',NULL,579690,12,NULL),(2169,3,276,NULL,NULL,NULL,NULL,1,'IGST',0,0.00,0,'2022-04-10 10:50:45','2022-04-10 10:50:45',NULL,0,12,NULL),(2170,2,276,NULL,NULL,NULL,NULL,1,'CGST',579690,9.00,0,'2022-04-10 10:50:45','2022-04-10 10:50:45',NULL,579690,12,NULL),(2171,1,276,NULL,NULL,NULL,NULL,1,'SGST',579690,9.00,0,'2022-04-10 10:50:45','2022-04-10 10:50:45',NULL,579690,12,NULL),(2172,6,277,NULL,NULL,NULL,NULL,2,'IGST',0,0.00,0,'2022-04-13 11:31:28','2022-04-13 11:31:28',NULL,0,12,NULL),(2173,5,277,NULL,NULL,NULL,NULL,2,'SGST',623700,9.00,0,'2022-04-13 11:31:28','2022-04-13 11:31:28',NULL,623700,12,NULL),(2174,4,277,NULL,NULL,NULL,NULL,2,'CGST',623700,9.00,0,'2022-04-13 11:31:28','2022-04-13 11:31:28',NULL,623700,12,NULL),(2175,6,278,NULL,NULL,NULL,NULL,2,'IGST',0,0.00,0,'2022-04-13 14:43:34','2022-04-13 14:43:34',NULL,0,12,NULL),(2176,5,278,NULL,NULL,NULL,NULL,2,'SGST',513000,9.00,0,'2022-04-13 14:43:34','2022-04-13 14:43:34',NULL,513000,12,NULL),(2177,4,278,NULL,NULL,NULL,NULL,2,'CGST',513000,9.00,0,'2022-04-13 14:43:34','2022-04-13 14:43:34',NULL,513000,12,NULL),(2178,6,279,NULL,NULL,NULL,NULL,2,'IGST',0,0.00,0,'2022-04-13 14:45:04','2022-04-13 14:45:04',NULL,0,12,NULL),(2179,5,279,NULL,NULL,NULL,NULL,2,'SGST',410400,9.00,0,'2022-04-13 14:45:04','2022-04-13 14:45:04',NULL,410400,12,NULL),(2180,4,279,NULL,NULL,NULL,NULL,2,'CGST',410400,9.00,0,'2022-04-13 14:45:04','2022-04-13 14:45:04',NULL,410400,12,NULL),(2184,6,280,NULL,NULL,NULL,NULL,2,'IGST',0,0.00,0,'2022-04-21 02:17:25','2022-04-21 02:17:25',NULL,0,12,NULL),(2185,5,280,NULL,NULL,NULL,NULL,2,'SGST',504630,9.00,0,'2022-04-21 02:17:25','2022-04-21 02:17:25',NULL,504630,12,NULL),(2186,4,280,NULL,NULL,NULL,NULL,2,'CGST',504630,9.00,0,'2022-04-21 02:17:25','2022-04-21 02:17:25',NULL,504630,12,NULL),(2196,6,281,NULL,NULL,NULL,NULL,2,'IGST',0,0.00,0,'2022-04-21 02:21:56','2022-04-21 02:21:56',NULL,0,12,NULL),(2197,5,281,NULL,NULL,NULL,NULL,2,'SGST',672030,9.00,0,'2022-04-21 02:21:56','2022-04-21 02:21:56',NULL,672030,12,NULL),(2198,4,281,NULL,NULL,NULL,NULL,2,'CGST',672030,9.00,0,'2022-04-21 02:21:56','2022-04-21 02:21:56',NULL,672030,12,NULL),(2202,3,283,NULL,NULL,NULL,NULL,1,'IGST',0,0.00,0,'2022-04-21 06:28:32','2022-04-21 06:28:32',NULL,0,12,NULL),(2203,2,283,NULL,NULL,NULL,NULL,1,'CGST',705510,9.00,0,'2022-04-21 06:28:32','2022-04-21 06:28:32',NULL,705510,12,NULL),(2204,1,283,NULL,NULL,NULL,NULL,1,'SGST',705510,9.00,0,'2022-04-21 06:28:32','2022-04-21 06:28:32',NULL,705510,12,NULL),(2205,3,284,NULL,NULL,NULL,NULL,1,'IGST',0,0.00,0,'2022-05-01 09:36:02','2022-05-01 09:36:02',NULL,0,12,NULL),(2206,2,284,NULL,NULL,NULL,NULL,1,'CGST',409950,9.00,0,'2022-05-01 09:36:02','2022-05-01 09:36:02',NULL,409950,12,NULL),(2207,1,284,NULL,NULL,NULL,NULL,1,'SGST',409950,9.00,0,'2022-05-01 09:36:02','2022-05-01 09:36:02',NULL,409950,12,NULL),(2208,3,285,NULL,NULL,NULL,NULL,1,'IGST',0,0.00,0,'2022-05-01 09:49:48','2022-05-01 09:49:48',NULL,0,12,NULL),(2209,2,285,NULL,NULL,NULL,NULL,1,'CGST',555264,9.00,0,'2022-05-01 09:49:48','2022-05-01 09:49:48',NULL,555264,12,NULL),(2210,1,285,NULL,NULL,NULL,NULL,1,'SGST',555264,9.00,0,'2022-05-01 09:49:48','2022-05-01 09:49:48',NULL,555264,12,NULL),(2217,3,287,NULL,NULL,NULL,NULL,1,'IGST',0,0.00,0,'2022-05-01 11:00:24','2022-05-01 11:00:24',NULL,0,12,NULL),(2218,2,287,NULL,NULL,NULL,NULL,1,'CGST',500692,9.00,0,'2022-05-01 11:00:24','2022-05-01 11:00:24',NULL,500692,12,NULL),(2219,1,287,NULL,NULL,NULL,NULL,1,'SGST',500692,9.00,0,'2022-05-01 11:00:24','2022-05-01 11:00:24',NULL,500692,12,NULL),(2220,3,288,NULL,NULL,NULL,NULL,1,'IGST',0,0.00,0,'2022-05-01 11:06:09','2022-05-01 11:06:09',NULL,0,12,NULL),(2221,2,288,NULL,NULL,NULL,NULL,1,'CGST',381359,9.00,0,'2022-05-01 11:06:09','2022-05-01 11:06:09',NULL,381359,12,NULL),(2222,1,288,NULL,NULL,NULL,NULL,1,'SGST',381359,9.00,0,'2022-05-01 11:06:09','2022-05-01 11:06:09',NULL,381359,12,NULL),(2223,3,289,NULL,NULL,NULL,NULL,1,'IGST',0,0.00,0,'2022-05-01 11:29:09','2022-05-01 11:29:09',NULL,0,12,NULL),(2224,2,289,NULL,NULL,NULL,NULL,1,'CGST',80087,9.00,0,'2022-05-01 11:29:09','2022-05-01 11:29:09',NULL,80087,12,NULL),(2225,1,289,NULL,NULL,NULL,NULL,1,'SGST',80087,9.00,0,'2022-05-01 11:29:09','2022-05-01 11:29:09',NULL,80087,12,NULL),(2232,6,291,NULL,NULL,NULL,NULL,2,'IGST',0,0.00,0,'2022-05-03 04:23:42','2022-05-03 04:23:42',NULL,0,12,NULL),(2233,5,291,NULL,NULL,NULL,NULL,2,'SGST',566244,9.00,0,'2022-05-03 04:23:42','2022-05-03 04:23:42',NULL,566244,12,NULL),(2234,4,291,NULL,NULL,NULL,NULL,2,'CGST',566244,9.00,0,'2022-05-03 04:23:42','2022-05-03 04:23:42',NULL,566244,12,NULL),(2235,6,292,NULL,NULL,NULL,NULL,2,'IGST',0,0.00,0,'2022-05-04 09:56:46','2022-05-04 09:56:46',NULL,0,12,NULL),(2236,5,292,NULL,NULL,NULL,NULL,2,'SGST',495000,9.00,0,'2022-05-04 09:56:46','2022-05-04 09:56:46',NULL,495000,12,NULL),(2237,4,292,NULL,NULL,NULL,NULL,2,'CGST',495000,9.00,0,'2022-05-04 09:56:46','2022-05-04 09:56:46',NULL,495000,12,NULL),(2238,6,290,NULL,NULL,NULL,NULL,2,'IGST',0,0.00,0,'2022-05-04 10:03:12','2022-05-04 10:03:12',NULL,0,12,NULL),(2239,5,290,NULL,NULL,NULL,NULL,2,'SGST',453600,9.00,0,'2022-05-04 10:03:12','2022-05-04 10:03:12',NULL,453600,12,NULL),(2240,4,290,NULL,NULL,NULL,NULL,2,'CGST',453600,9.00,0,'2022-05-04 10:03:12','2022-05-04 10:03:12',NULL,453600,12,NULL),(2244,6,293,NULL,NULL,NULL,NULL,2,'IGST',0,0.00,0,'2022-05-07 07:20:22','2022-05-07 07:20:22',NULL,0,12,NULL),(2245,5,293,NULL,NULL,NULL,NULL,2,'SGST',508032,9.00,0,'2022-05-07 07:20:22','2022-05-07 07:20:22',NULL,508032,12,NULL),(2246,4,293,NULL,NULL,NULL,NULL,2,'CGST',508032,9.00,0,'2022-05-07 07:20:22','2022-05-07 07:20:22',NULL,508032,12,NULL),(2247,3,294,NULL,NULL,NULL,NULL,1,'IGST',0,0.00,0,'2022-05-08 05:05:06','2022-05-08 05:05:06',NULL,0,12,NULL),(2248,2,294,NULL,NULL,NULL,NULL,1,'CGST',526320,9.00,0,'2022-05-08 05:05:06','2022-05-08 05:05:06',NULL,526320,12,NULL),(2249,1,294,NULL,NULL,NULL,NULL,1,'SGST',526320,9.00,0,'2022-05-08 05:05:06','2022-05-08 05:05:06',NULL,526320,12,NULL),(2250,3,295,NULL,NULL,NULL,NULL,1,'IGST',0,0.00,0,'2022-05-08 05:11:04','2022-05-08 05:11:04',NULL,0,12,NULL),(2251,2,295,NULL,NULL,NULL,NULL,1,'CGST',144945,9.00,0,'2022-05-08 05:11:04','2022-05-08 05:11:04',NULL,144945,12,NULL),(2252,1,295,NULL,NULL,NULL,NULL,1,'SGST',144945,9.00,0,'2022-05-08 05:11:04','2022-05-08 05:11:04',NULL,144945,12,NULL),(2313,6,315,NULL,NULL,NULL,NULL,2,'IGST',0,0.00,0,'2022-05-30 01:56:20','2022-05-30 01:56:20',1.000000,0,12,NULL),(2314,5,315,NULL,NULL,NULL,NULL,2,'SGST',633420,9.00,0,'2022-05-30 01:56:20','2022-05-30 01:56:20',1.000000,633420,12,NULL),(2315,4,315,NULL,NULL,NULL,NULL,2,'CGST',633420,9.00,0,'2022-05-30 01:56:20','2022-05-30 01:56:20',1.000000,633420,12,NULL),(2316,6,316,NULL,NULL,NULL,NULL,2,'IGST',0,0.00,0,'2022-05-30 21:10:50','2022-05-30 21:10:50',1.000000,0,12,NULL),(2317,5,316,NULL,NULL,NULL,NULL,2,'SGST',531360,9.00,0,'2022-05-30 21:10:50','2022-05-30 21:10:50',1.000000,531360,12,NULL),(2318,4,316,NULL,NULL,NULL,NULL,2,'CGST',531360,9.00,0,'2022-05-30 21:10:50','2022-05-30 21:10:50',1.000000,531360,12,NULL),(2328,3,320,NULL,NULL,NULL,NULL,1,'IGST',0,0.00,0,'2022-06-03 00:04:22','2022-06-03 00:04:22',1.000000,0,12,NULL),(2329,2,320,NULL,NULL,NULL,NULL,1,'CGST',519791,9.00,0,'2022-06-03 00:04:22','2022-06-03 00:04:22',1.000000,519791,12,NULL),(2330,1,320,NULL,NULL,NULL,NULL,1,'SGST',519791,9.00,0,'2022-06-03 00:04:22','2022-06-03 00:04:22',1.000000,519791,12,NULL),(2331,3,321,NULL,NULL,NULL,NULL,1,'IGST',0,0.00,0,'2022-06-03 00:16:16','2022-06-03 00:16:16',1.000000,0,12,NULL),(2332,2,321,NULL,NULL,NULL,NULL,1,'CGST',686466,9.00,0,'2022-06-03 00:16:16','2022-06-03 00:16:16',1.000000,686466,12,NULL),(2333,1,321,NULL,NULL,NULL,NULL,1,'SGST',686466,9.00,0,'2022-06-03 00:16:16','2022-06-03 00:16:16',1.000000,686466,12,NULL),(2334,3,322,NULL,NULL,NULL,NULL,1,'IGST',0,0.00,0,'2022-06-03 00:23:19','2022-06-03 00:23:19',1.000000,0,12,NULL),(2335,2,322,NULL,NULL,NULL,NULL,1,'CGST',579690,9.00,0,'2022-06-03 00:23:19','2022-06-03 00:23:19',1.000000,579690,12,NULL),(2336,1,322,NULL,NULL,NULL,NULL,1,'SGST',579690,9.00,0,'2022-06-03 00:23:19','2022-06-03 00:23:19',1.000000,579690,12,NULL),(2355,6,323,NULL,NULL,NULL,NULL,2,'IGST',0,0.00,0,'2022-06-04 06:07:48','2022-06-04 06:07:48',1.000000,0,12,NULL),(2356,5,323,NULL,NULL,NULL,NULL,2,'SGST',548910,9.00,0,'2022-06-04 06:07:48','2022-06-04 06:07:48',1.000000,548910,12,NULL),(2357,4,323,NULL,NULL,NULL,NULL,2,'CGST',548910,9.00,0,'2022-06-04 06:07:48','2022-06-04 06:07:48',1.000000,548910,12,NULL),(2367,6,324,NULL,NULL,NULL,NULL,2,'IGST',0,0.00,0,'2022-06-04 06:56:15','2022-06-04 06:56:15',1.000000,0,12,NULL),(2368,5,324,NULL,NULL,NULL,NULL,2,'SGST',564300,9.00,0,'2022-06-04 06:56:15','2022-06-04 06:56:15',1.000000,564300,12,NULL),(2369,4,324,NULL,NULL,NULL,NULL,2,'CGST',564300,9.00,0,'2022-06-04 06:56:15','2022-06-04 06:56:15',1.000000,564300,12,NULL),(2370,6,318,NULL,NULL,NULL,NULL,2,'IGST',0,0.00,0,'2022-06-07 07:23:53','2022-06-07 07:23:53',1.000000,0,12,NULL),(2371,5,318,NULL,NULL,NULL,NULL,2,'SGST',653400,9.00,0,'2022-06-07 07:23:53','2022-06-07 07:23:53',1.000000,653400,12,NULL),(2372,4,318,NULL,NULL,NULL,NULL,2,'CGST',653400,9.00,0,'2022-06-07 07:23:53','2022-06-07 07:23:53',1.000000,653400,12,NULL),(2376,6,319,NULL,NULL,NULL,NULL,2,'IGST',0,0.00,0,'2022-06-07 07:25:11','2022-06-07 07:25:11',1.000000,0,12,NULL),(2377,5,319,NULL,NULL,NULL,NULL,2,'SGST',606690,9.00,0,'2022-06-07 07:25:11','2022-06-07 07:25:11',1.000000,606690,12,NULL),(2378,4,319,NULL,NULL,NULL,NULL,2,'CGST',606690,9.00,0,'2022-06-07 07:25:11','2022-06-07 07:25:11',1.000000,606690,12,NULL),(2388,6,327,NULL,NULL,NULL,NULL,2,'IGST',0,0.00,0,'2022-06-08 05:37:42','2022-06-08 05:37:42',1.000000,0,12,NULL),(2389,5,327,NULL,NULL,NULL,NULL,2,'SGST',495000,9.00,0,'2022-06-08 05:37:42','2022-06-08 05:37:42',1.000000,495000,12,NULL),(2390,4,327,NULL,NULL,NULL,NULL,2,'CGST',495000,9.00,0,'2022-06-08 05:37:42','2022-06-08 05:37:42',1.000000,495000,12,NULL),(2400,6,329,NULL,NULL,NULL,NULL,2,'IGST',0,0.00,0,'2022-06-17 03:25:02','2022-06-17 03:25:02',1.000000,0,12,NULL),(2401,5,329,NULL,NULL,NULL,NULL,2,'SGST',594000,9.00,0,'2022-06-17 03:25:02','2022-06-17 03:25:02',1.000000,594000,12,NULL),(2402,4,329,NULL,NULL,NULL,NULL,2,'CGST',594000,9.00,0,'2022-06-17 03:25:02','2022-06-17 03:25:02',1.000000,594000,12,NULL),(2427,3,335,NULL,NULL,NULL,NULL,1,'IGST',0,0.00,0,'2022-06-18 02:47:24','2022-06-18 02:47:24',1.000000,0,12,NULL),(2428,2,335,NULL,NULL,NULL,NULL,1,'CGST',579672,9.00,0,'2022-06-18 02:47:24','2022-06-18 02:47:24',1.000000,579672,12,NULL),(2429,1,335,NULL,NULL,NULL,NULL,1,'SGST',579672,9.00,0,'2022-06-18 02:47:24','2022-06-18 02:47:24',1.000000,579672,12,NULL);

--
-- Table structure for table `transactions`
--

CREATE TABLE `transactions` (
  `id` bigint(20) unsigned NOT NULL AUTO_INCREMENT,
  `transaction_id` varchar(255) COLLATE utf8_unicode_ci DEFAULT NULL,
  `unique_hash` varchar(255) COLLATE utf8_unicode_ci DEFAULT NULL,
  `type` varchar(255) COLLATE utf8_unicode_ci DEFAULT NULL,
  `status` varchar(255) COLLATE utf8_unicode_ci NOT NULL,
  `transaction_date` datetime NOT NULL,
  `company_id` int(10) unsigned DEFAULT NULL,
  `invoice_id` int(10) unsigned NOT NULL,
  `created_at` timestamp NULL DEFAULT NULL,
  `updated_at` timestamp NULL DEFAULT NULL,
  PRIMARY KEY (`id`),
  KEY `transactions_company_id_foreign` (`company_id`),
  KEY `transactions_invoice_id_foreign` (`invoice_id`),
  CONSTRAINT `transactions_company_id_foreign` FOREIGN KEY (`company_id`) REFERENCES `companies` (`id`),
  CONSTRAINT `transactions_invoice_id_foreign` FOREIGN KEY (`invoice_id`) REFERENCES `invoices` (`id`)
) ENGINE=InnoDB DEFAULT CHARSET=utf8 COLLATE=utf8_unicode_ci;

--
-- Dumping data for table `transactions`
--


--
-- Table structure for table `units`
--

CREATE TABLE `units` (
  `id` int(10) unsigned NOT NULL AUTO_INCREMENT,
  `name` varchar(255) COLLATE utf8_unicode_ci NOT NULL,
  `company_id` int(10) unsigned DEFAULT NULL,
  `created_at` timestamp NULL DEFAULT NULL,
  `updated_at` timestamp NULL DEFAULT NULL,
  PRIMARY KEY (`id`),
  KEY `units_company_id_foreign` (`company_id`),
  CONSTRAINT `units_company_id_foreign` FOREIGN KEY (`company_id`) REFERENCES `companies` (`id`) ON DELETE CASCADE
) ENGINE=InnoDB AUTO_INCREMENT=15 DEFAULT CHARSET=utf8 COLLATE=utf8_unicode_ci;

--
-- Dumping data for table `units`
--

INSERT INTO `units` VALUES (1,'box',1,'2021-03-24 22:51:31','2021-03-24 22:51:31'),(2,'cm',1,'2021-03-24 22:51:31','2021-03-24 22:51:31'),(3,'dz',1,'2021-03-24 22:51:31','2021-03-24 22:51:31'),(4,'ft',1,'2021-03-24 22:51:31','2021-03-24 22:51:31'),(5,'g',1,'2021-03-24 22:51:31','2021-03-24 22:51:31'),(6,'in',1,'2021-03-24 22:51:31','2021-03-24 22:51:31'),(7,'kg',1,'2021-03-24 22:51:31','2021-03-24 22:51:31'),(8,'km',1,'2021-03-24 22:51:31','2021-03-24 22:51:31'),(9,'lb',1,'2021-03-24 22:51:31','2021-03-24 22:51:31'),(10,'mg',1,'2021-03-24 22:51:31','2021-03-24 22:51:31'),(11,'pc',1,'2021-03-24 22:51:31','2021-03-24 22:51:31'),(12,'Pcs',2,'2021-06-18 03:51:51','2021-06-18 03:51:51'),(13,'Meter',2,'2021-11-13 02:21:33','2021-11-13 02:21:33'),(14,'Ltr',1,'2022-01-17 17:49:14','2022-01-17 17:49:14');

--
-- Table structure for table `user_company`
--

CREATE TABLE `user_company` (
  `id` bigint(20) unsigned NOT NULL AUTO_INCREMENT,
  `user_id` int(10) unsigned DEFAULT NULL,
  `company_id` int(10) unsigned DEFAULT NULL,
  `created_at` timestamp NULL DEFAULT NULL,
  `updated_at` timestamp NULL DEFAULT NULL,
  PRIMARY KEY (`id`),
  KEY `user_company_user_id_foreign` (`user_id`),
  KEY `user_company_company_id_foreign` (`company_id`),
  CONSTRAINT `user_company_company_id_foreign` FOREIGN KEY (`company_id`) REFERENCES `companies` (`id`) ON DELETE CASCADE,
  CONSTRAINT `user_company_user_id_foreign` FOREIGN KEY (`user_id`) REFERENCES `users` (`id`) ON DELETE CASCADE
) ENGINE=InnoDB AUTO_INCREMENT=12 DEFAULT CHARSET=utf8 COLLATE=utf8_unicode_ci;

--
-- Dumping data for table `user_company`
--

INSERT INTO `user_company` VALUES (1,1,1,NULL,NULL),(2,3,1,NULL,NULL),(3,4,1,NULL,NULL),(4,5,2,NULL,NULL),(7,30,2,NULL,NULL),(8,4,2,NULL,NULL),(9,5,1,NULL,NULL),(10,30,1,NULL,NULL),(11,1,2,NULL,NULL);


