--
-- Host: localhost    Database: crater
-- ------------------------------------------------------


--
-- Table structure for table `abilities`
--

CREATE TABLE `abilities` (
  `id` bigint(20) unsigned NOT NULL AUTO_INCREMENT,
  `name` varchar(255) COLLATE utf8_unicode_ci NOT NULL,
  `title` varchar(255) COLLATE utf8_unicode_ci DEFAULT NULL,
  `entity_id` bigint(20) unsigned DEFAULT NULL,
  `entity_type` varchar(255) COLLATE utf8_unicode_ci DEFAULT NULL,
  `only_owned` tinyint(1) NOT NULL DEFAULT '0',
  `options` json DEFAULT NULL,
  `scope` int(11) DEFAULT NULL,
  `created_at` timestamp NULL DEFAULT NULL,
  `updated_at` timestamp NULL DEFAULT NULL,
  PRIMARY KEY (`id`),
  KEY `abilities_scope_index` (`scope`)
) ENGINE=InnoDB AUTO_INCREMENT=95 DEFAULT CHARSET=utf8 COLLATE=utf8_unicode_ci;

--
-- Dumping data for table `abilities`
--

INSERT INTO `abilities` VALUES (1,'view-customer','View customer customers',NULL,'Crater\\Models\\Customer',0,NULL,1,'2022-01-14 12:51:06','2022-01-14 12:51:06'),(2,'create-customer','Create customer customers',NULL,'Crater\\Models\\Customer',0,NULL,1,'2022-01-14 12:51:06','2022-01-14 12:51:06'),(3,'edit-customer','Edit customer customers',NULL,'Crater\\Models\\Customer',0,NULL,1,'2022-01-14 12:51:06','2022-01-14 12:51:06'),(4,'delete-customer','Delete customer customers',NULL,'Crater\\Models\\Customer',0,NULL,1,'2022-01-14 12:51:06','2022-01-14 12:51:06'),(5,'view-item','View item items',NULL,'Crater\\Models\\Item',0,NULL,1,'2022-01-14 12:51:06','2022-01-14 12:51:06'),(6,'create-item','Create item items',NULL,'Crater\\Models\\Item',0,NULL,1,'2022-01-14 12:51:06','2022-01-14 12:51:06'),(7,'edit-item','Edit item items',NULL,'Crater\\Models\\Item',0,NULL,1,'2022-01-14 12:51:06','2022-01-14 12:51:06'),(8,'delete-item','Delete item items',NULL,'Crater\\Models\\Item',0,NULL,1,'2022-01-14 12:51:06','2022-01-14 12:51:06'),(9,'view-tax-type','View tax type tax types',NULL,'Crater\\Models\\TaxType',0,NULL,1,'2022-01-14 12:51:06','2022-01-14 12:51:06'),(10,'create-tax-type','Create tax type tax types',NULL,'Crater\\Models\\TaxType',0,NULL,1,'2022-01-14 12:51:06','2022-01-14 12:51:06'),(11,'edit-tax-type','Edit tax type tax types',NULL,'Crater\\Models\\TaxType',0,NULL,1,'2022-01-14 12:51:06','2022-01-14 12:51:06'),(12,'delete-tax-type','Delete tax type tax types',NULL,'Crater\\Models\\TaxType',0,NULL,1,'2022-01-14 12:51:06','2022-01-14 12:51:06'),(13,'view-estimate','View estimate estimates',NULL,'Crater\\Models\\Estimate',0,NULL,1,'2022-01-14 12:51:06','2022-01-14 12:51:06'),(14,'create-estimate','Create estimate estimates',NULL,'Crater\\Models\\Estimate',0,NULL,1,'2022-01-14 12:51:06','2022-01-14 12:51:06'),(15,'edit-estimate','Edit estimate estimates',NULL,'Crater\\Models\\Estimate',0,NULL,1,'2022-01-14 12:51:06','2022-01-14 12:51:06'),(16,'delete-estimate','Delete estimate estimates',NULL,'Crater\\Models\\Estimate',0,NULL,1,'2022-01-14 12:51:06','2022-01-14 12:51:06'),(17,'send-estimate','Send estimate estimates',NULL,'Crater\\Models\\Estimate',0,NULL,1,'2022-01-14 12:51:06','2022-01-14 12:51:06'),(18,'view-invoice','View invoice invoices',NULL,'Crater\\Models\\Invoice',0,NULL,1,'2022-01-14 12:51:06','2022-01-14 12:51:06'),(19,'create-invoice','Create invoice invoices',NULL,'Crater\\Models\\Invoice',0,NULL,1,'2022-01-14 12:51:06','2022-01-14 12:51:06'),(20,'edit-invoice','Edit invoice invoices',NULL,'Crater\\Models\\Invoice',0,NULL,1,'2022-01-14 12:51:06','2022-01-14 12:51:06'),(21,'delete-invoice','Delete invoice invoices',NULL,'Crater\\Models\\Invoice',0,NULL,1,'2022-01-14 12:51:06','2022-01-14 12:51:06'),(22,'send-invoice','Send invoice invoices',NULL,'Crater\\Models\\Invoice',0,NULL,1,'2022-01-14 12:51:06','2022-01-14 12:51:06'),(23,'view-recurring-invoice','View recurring invoice recurring invoices',NULL,'Crater\\Models\\RecurringInvoice',0,NULL,1,'2022-01-14 12:51:06','2022-01-14 12:51:06'),(24,'create-recurring-invoice','Create recurring invoice recurring invoices',NULL,'Crater\\Models\\RecurringInvoice',0,NULL,1,'2022-01-14 12:51:06','2022-01-14 12:51:06'),(25,'edit-recurring-invoice','Edit recurring invoice recurring invoices',NULL,'Crater\\Models\\RecurringInvoice',0,NULL,1,'2022-01-14 12:51:06','2022-01-14 12:51:06'),(26,'delete-recurring-invoice','Delete recurring invoice recurring invoices',NULL,'Crater\\Models\\RecurringInvoice',0,NULL,1,'2022-01-14 12:51:06','2022-01-14 12:51:06'),(27,'view-payment','View payment payments',NULL,'Crater\\Models\\Payment',0,NULL,1,'2022-01-14 12:51:06','2022-01-14 12:51:06'),(28,'create-payment','Create payment payments',NULL,'Crater\\Models\\Payment',0,NULL,1,'2022-01-14 12:51:06','2022-01-14 12:51:06'),(29,'edit-payment','Edit payment payments',NULL,'Crater\\Models\\Payment',0,NULL,1,'2022-01-14 12:51:06','2022-01-14 12:51:06'),(30,'delete-payment','Delete payment payments',NULL,'Crater\\Models\\Payment',0,NULL,1,'2022-01-14 12:51:06','2022-01-14 12:51:06'),(31,'send-payment','Send payment payments',NULL,'Crater\\Models\\Payment',0,NULL,1,'2022-01-14 12:51:06','2022-01-14 12:51:06'),(32,'view-expense','View expense expenses',NULL,'Crater\\Models\\Expense',0,NULL,1,'2022-01-14 12:51:06','2022-01-14 12:51:06'),(33,'create-expense','Create expense expenses',NULL,'Crater\\Models\\Expense',0,NULL,1,'2022-01-14 12:51:06','2022-01-14 12:51:06'),(34,'edit-expense','Edit expense expenses',NULL,'Crater\\Models\\Expense',0,NULL,1,'2022-01-14 12:51:06','2022-01-14 12:51:06'),(35,'delete-expense','Delete expense expenses',NULL,'Crater\\Models\\Expense',0,NULL,1,'2022-01-14 12:51:06','2022-01-14 12:51:06'),(36,'view-custom-field','View custom field custom fields',NULL,'Crater\\Models\\CustomField',0,NULL,1,'2022-01-14 12:51:06','2022-01-14 12:51:06'),(37,'create-custom-field','Create custom field custom fields',NULL,'Crater\\Models\\CustomField',0,NULL,1,'2022-01-14 12:51:06','2022-01-14 12:51:06'),(38,'edit-custom-field','Edit custom field custom fields',NULL,'Crater\\Models\\CustomField',0,NULL,1,'2022-01-14 12:51:06','2022-01-14 12:51:06'),(39,'delete-custom-field','Delete custom field custom fields',NULL,'Crater\\Models\\CustomField',0,NULL,1,'2022-01-14 12:51:06','2022-01-14 12:51:06'),(40,'view-financial-reports','View financial reports',NULL,NULL,0,NULL,1,'2022-01-14 12:51:06','2022-01-14 12:51:06'),(41,'view-exchange-rate-provider','View exchange rate provider exchange rate providers',NULL,'Crater\\Models\\ExchangeRateProvider',0,NULL,1,'2022-01-14 12:51:06','2022-01-14 12:51:06'),(42,'create-exchange-rate-provider','Create exchange rate provider exchange rate providers',NULL,'Crater\\Models\\ExchangeRateProvider',0,NULL,1,'2022-01-14 12:51:06','2022-01-14 12:51:06'),(43,'edit-exchange-rate-provider','Edit exchange rate provider exchange rate providers',NULL,'Crater\\Models\\ExchangeRateProvider',0,NULL,1,'2022-01-14 12:51:06','2022-01-14 12:51:06'),(44,'delete-exchange-rate-provider','Delete exchange rate provider exchange rate providers',NULL,'Crater\\Models\\ExchangeRateProvider',0,NULL,1,'2022-01-14 12:51:06','2022-01-14 12:51:06'),(45,'dashboard','Dashboard',NULL,NULL,0,NULL,1,'2022-01-14 12:51:06','2022-01-14 12:51:06'),(46,'view-all-notes','View all notes notes',NULL,'Crater\\Models\\Note',0,NULL,1,'2022-01-14 12:51:06','2022-01-14 12:51:06'),(47,'manage-all-notes','Manage all notes notes',NULL,'Crater\\Models\\Note',0,NULL,1,'2022-01-14 12:51:06','2022-01-14 12:51:06'),(48,'view-customer','View customer customers',NULL,'Crater\\Models\\Customer',0,NULL,2,'2022-01-14 12:51:06','2022-01-14 12:51:06'),(49,'create-customer','Create customer customers',NULL,'Crater\\Models\\Customer',0,NULL,2,'2022-01-14 12:51:06','2022-01-14 12:51:06'),(50,'edit-customer','Edit customer customers',NULL,'Crater\\Models\\Customer',0,NULL,2,'2022-01-14 12:51:06','2022-01-14 12:51:06'),(51,'delete-customer','Delete customer customers',NULL,'Crater\\Models\\Customer',0,NULL,2,'2022-01-14 12:51:06','2022-01-14 12:51:06'),(52,'view-item','View item items',NULL,'Crater\\Models\\Item',0,NULL,2,'2022-01-14 12:51:06','2022-01-14 12:51:06'),(53,'create-item','Create item items',NULL,'Crater\\Models\\Item',0,NULL,2,'2022-01-14 12:51:06','2022-01-14 12:51:06'),(54,'edit-item','Edit item items',NULL,'Crater\\Models\\Item',0,NULL,2,'2022-01-14 12:51:06','2022-01-14 12:51:06'),(55,'delete-item','Delete item items',NULL,'Crater\\Models\\Item',0,NULL,2,'2022-01-14 12:51:06','2022-01-14 12:51:06'),(56,'view-tax-type','View tax type tax types',NULL,'Crater\\Models\\TaxType',0,NULL,2,'2022-01-14 12:51:06','2022-01-14 12:51:06'),(57,'create-tax-type','Create tax type tax types',NULL,'Crater\\Models\\TaxType',0,NULL,2,'2022-01-14 12:51:06','2022-01-14 12:51:06'),(58,'edit-tax-type','Edit tax type tax types',NULL,'Crater\\Models\\TaxType',0,NULL,2,'2022-01-14 12:51:06','2022-01-14 12:51:06'),(59,'delete-tax-type','Delete tax type tax types',NULL,'Crater\\Models\\TaxType',0,NULL,2,'2022-01-14 12:51:06','2022-01-14 12:51:06'),(60,'view-estimate','View estimate estimates',NULL,'Crater\\Models\\Estimate',0,NULL,2,'2022-01-14 12:51:06','2022-01-14 12:51:06'),(61,'create-estimate','Create estimate estimates',NULL,'Crater\\Models\\Estimate',0,NULL,2,'2022-01-14 12:51:06','2022-01-14 12:51:06'),(62,'edit-estimate','Edit estimate estimates',NULL,'Crater\\Models\\Estimate',0,NULL,2,'2022-01-14 12:51:06','2022-01-14 12:51:06'),(63,'delete-estimate','Delete estimate estimates',NULL,'Crater\\Models\\Estimate',0,NULL,2,'2022-01-14 12:51:06','2022-01-14 12:51:06'),(64,'send-estimate','Send estimate estimates',NULL,'Crater\\Models\\Estimate',0,NULL,2,'2022-01-14 12:51:06','2022-01-14 12:51:06'),(65,'view-invoice','View invoice invoices',NULL,'Crater\\Models\\Invoice',0,NULL,2,'2022-01-14 12:51:06','2022-01-14 12:51:06'),(66,'create-invoice','Create invoice invoices',NULL,'Crater\\Models\\Invoice',0,NULL,2,'2022-01-14 12:51:06','2022-01-14 12:51:06'),(67,'edit-invoice','Edit invoice invoices',NULL,'Crater\\Models\\Invoice',0,NULL,2,'2022-01-14 12:51:06','2022-01-14 12:51:06'),(68,'delete-invoice','Delete invoice invoices',NULL,'Crater\\Models\\Invoice',0,NULL,2,'2022-01-14 12:51:06','2022-01-14 12:51:06'),(69,'send-invoice','Send invoice invoices',NULL,'Crater\\Models\\Invoice',0,NULL,2,'2022-01-14 12:51:06','2022-01-14 12:51:06'),(70,'view-recurring-invoice','View recurring invoice recurring invoices',NULL,'Crater\\Models\\RecurringInvoice',0,NULL,2,'2022-01-14 12:51:06','2022-01-14 12:51:06'),(71,'create-recurring-invoice','Create recurring invoice recurring invoices',NULL,'Crater\\Models\\RecurringInvoice',0,NULL,2,'2022-01-14 12:51:06','2022-01-14 12:51:06'),(72,'edit-recurring-invoice','Edit recurring invoice recurring invoices',NULL,'Crater\\Models\\RecurringInvoice',0,NULL,2,'2022-01-14 12:51:06','2022-01-14 12:51:06'),(73,'delete-recurring-invoice','Delete recurring invoice recurring invoices',NULL,'Crater\\Models\\RecurringInvoice',0,NULL,2,'2022-01-14 12:51:06','2022-01-14 12:51:06'),(74,'view-payment','View payment payments',NULL,'Crater\\Models\\Payment',0,NULL,2,'2022-01-14 12:51:06','2022-01-14 12:51:06'),(75,'create-payment','Create payment payments',NULL,'Crater\\Models\\Payment',0,NULL,2,'2022-01-14 12:51:06','2022-01-14 12:51:06'),(76,'edit-payment','Edit payment payments',NULL,'Crater\\Models\\Payment',0,NULL,2,'2022-01-14 12:51:06','2022-01-14 12:51:06'),(77,'delete-payment','Delete payment payments',NULL,'Crater\\Models\\Payment',0,NULL,2,'2022-01-14 12:51:06','2022-01-14 12:51:06'),(78,'send-payment','Send payment payments',NULL,'Crater\\Models\\Payment',0,NULL,2,'2022-01-14 12:51:06','2022-01-14 12:51:06'),(79,'view-expense','View expense expenses',NULL,'Crater\\Models\\Expense',0,NULL,2,'2022-01-14 12:51:06','2022-01-14 12:51:06'),(80,'create-expense','Create expense expenses',NULL,'Crater\\Models\\Expense',0,NULL,2,'2022-01-14 12:51:06','2022-01-14 12:51:06'),(81,'edit-expense','Edit expense expenses',NULL,'Crater\\Models\\Expense',0,NULL,2,'2022-01-14 12:51:06','2022-01-14 12:51:06'),(82,'delete-expense','Delete expense expenses',NULL,'Crater\\Models\\Expense',0,NULL,2,'2022-01-14 12:51:06','2022-01-14 12:51:06'),(83,'view-custom-field','View custom field custom fields',NULL,'Crater\\Models\\CustomField',0,NULL,2,'2022-01-14 12:51:06','2022-01-14 12:51:06'),(84,'create-custom-field','Create custom field custom fields',NULL,'Crater\\Models\\CustomField',0,NULL,2,'2022-01-14 12:51:06','2022-01-14 12:51:06'),(85,'edit-custom-field','Edit custom field custom fields',NULL,'Crater\\Models\\CustomField',0,NULL,2,'2022-01-14 12:51:06','2022-01-14 12:51:06'),(86,'delete-custom-field','Delete custom field custom fields',NULL,'Crater\\Models\\CustomField',0,NULL,2,'2022-01-14 12:51:06','2022-01-14 12:51:06'),(87,'view-financial-reports','View financial reports',NULL,NULL,0,NULL,2,'2022-01-14 12:51:06','2022-01-14 12:51:06'),(88,'view-exchange-rate-provider','View exchange rate provider exchange rate providers',NULL,'Crater\\Models\\ExchangeRateProvider',0,NULL,2,'2022-01-14 12:51:06','2022-01-14 12:51:06'),(89,'create-exchange-rate-provider','Create exchange rate provider exchange rate providers',NULL,'Crater\\Models\\ExchangeRateProvider',0,NULL,2,'2022-01-14 12:51:06','2022-01-14 12:51:06'),(90,'edit-exchange-rate-provider','Edit exchange rate provider exchange rate providers',NULL,'Crater\\Models\\ExchangeRateProvider',0,NULL,2,'2022-01-14 12:51:06','2022-01-14 12:51:06'),(91,'delete-exchange-rate-provider','Delete exchange rate provider exchange rate providers',NULL,'Crater\\Models\\ExchangeRateProvider',0,NULL,2,'2022-01-14 12:51:06','2022-01-14 12:51:06'),(92,'dashboard','Dashboard',NULL,NULL,0,NULL,2,'2022-01-14 12:51:06','2022-01-14 12:51:06'),(93,'view-all-notes','View all notes notes',NULL,'Crater\\Models\\Note',0,NULL,2,'2022-01-14 12:51:06','2022-01-14 12:51:06'),(94,'manage-all-notes','Manage all notes notes',NULL,'Crater\\Models\\Note',0,NULL,2,'2022-01-14 12:51:06','2022-01-14 12:51:06');

--
-- Table structure for table `addresses`
--

CREATE TABLE `addresses` (
  `id` bigint(20) unsigned NOT NULL AUTO_INCREMENT,
  `name` varchar(255) COLLATE utf8_unicode_ci DEFAULT NULL,
  `address_street_1` varchar(255) COLLATE utf8_unicode_ci DEFAULT NULL,
  `address_street_2` varchar(255) COLLATE utf8_unicode_ci DEFAULT NULL,
  `city` varchar(255) COLLATE utf8_unicode_ci DEFAULT NULL,
  `state` varchar(255) COLLATE utf8_unicode_ci DEFAULT NULL,
  `country_id` int(10) unsigned DEFAULT NULL,
  `zip` varchar(255) COLLATE utf8_unicode_ci DEFAULT NULL,
  `phone` varchar(255) COLLATE utf8_unicode_ci DEFAULT NULL,
  `fax` varchar(255) COLLATE utf8_unicode_ci DEFAULT NULL,
  `type` varchar(255) COLLATE utf8_unicode_ci DEFAULT NULL,
  `user_id` int(10) unsigned DEFAULT NULL,
  `created_at` timestamp NULL DEFAULT NULL,
  `updated_at` timestamp NULL DEFAULT NULL,
  `company_id` int(10) unsigned DEFAULT NULL,
  `customer_id` bigint(20) unsigned DEFAULT NULL,
  PRIMARY KEY (`id`),
  KEY `addresses_country_id_foreign` (`country_id`),
  KEY `addresses_user_id_foreign` (`user_id`),
  KEY `addresses_company_id_foreign` (`company_id`),
  KEY `addresses_customer_id_foreign` (`customer_id`),
  CONSTRAINT `addresses_company_id_foreign` FOREIGN KEY (`company_id`) REFERENCES `companies` (`id`) ON DELETE CASCADE,
  CONSTRAINT `addresses_country_id_foreign` FOREIGN KEY (`country_id`) REFERENCES `countries` (`id`),
  CONSTRAINT `addresses_customer_id_foreign` FOREIGN KEY (`customer_id`) REFERENCES `customers` (`id`),
  CONSTRAINT `addresses_user_id_foreign` FOREIGN KEY (`user_id`) REFERENCES `users` (`id`) ON DELETE CASCADE
) ENGINE=InnoDB AUTO_INCREMENT=121 DEFAULT CHARSET=utf8 COLLATE=utf8_unicode_ci;

--
-- Dumping data for table `addresses`
--

INSERT INTO `addresses` VALUES (1,NULL,NULL,NULL,'Rajsamand','Rajasthan',101,'313324','9414220874',NULL,NULL,NULL,'2021-03-24 22:55:24','2021-06-16 09:36:04',1,NULL),(4,NULL,'Bus Stand Morchana, NH 8 Highway',NULL,'Rajsamand','Rajasthan',101,'313324',NULL,NULL,NULL,NULL,'2021-03-24 22:55:24','2021-06-18 04:08:11',2,NULL),(5,'khandal Mata ji Marble Pvt Ltd',NULL,NULL,'Rajsamand','Rajasthan',101,NULL,NULL,NULL,'BILLING',NULL,'2021-06-03 19:30:25','2022-01-14 12:50:59',NULL,1),(7,'Shree gajanand kripa granites pvt ltd','siyana amet kelwa road','amet','Rajsamand','rajasthan',101,NULL,NULL,NULL,'BILLING',NULL,'2021-06-04 10:30:13','2022-01-14 12:51:00',NULL,2),(8,'Mahesh granite','f 220 riico ind area dhoinda',NULL,'Rajsamand','rajasthan',101,NULL,NULL,NULL,'BILLING',NULL,'2021-06-04 10:53:26','2022-01-14 12:51:00',NULL,3),(9,'Jagan marble & granite pvt ltd','Nh 8 gunjol Nathdwara',NULL,'Rajsamand','rajasthan',101,NULL,NULL,NULL,'BILLING',NULL,'2021-06-04 10:57:23','2022-01-14 12:51:00',NULL,4),(10,'Shri chvanda mataji marble pvt ltd','NH8 bhagwanda',NULL,'Rajsamand','rajasthan',101,NULL,NULL,NULL,'BILLING',NULL,'2021-06-04 11:00:14','2022-01-14 12:51:00',NULL,5),(11,'Sangam marble & granite','jetpura',NULL,'Rajsamand','Rajasthan',101,NULL,NULL,NULL,'BILLING',NULL,'2021-06-04 11:02:08','2022-01-14 12:51:00',NULL,6),(12,'rajal granite industries','f217 , Ricco industrial area dhoinda',NULL,'Rajsamand','rajasthan',101,NULL,NULL,NULL,'BILLING',NULL,'2021-06-04 11:03:58','2022-01-14 12:51:00',NULL,7),(13,'Orient marble pvt ltd','E 36-37, Ricco industrial area , dhoinda',NULL,'Rajsamand','rajasthan',101,NULL,NULL,NULL,'BILLING',NULL,'2021-06-04 11:06:19','2022-01-14 12:51:00',NULL,8),(14,'supiyar marble & granite','G286-287, Ricco industrial area, Near RK hospital','dhoinda','Rajsamand','rajasthan',101,NULL,NULL,NULL,'BILLING',NULL,'2021-06-04 11:09:29','2022-01-14 12:51:00',NULL,9),(15,'Balaji stonemart pvt ltd','G252-253, Riico industrial area , dhoinda',NULL,'Rajsamand','rajasthan',101,NULL,NULL,NULL,'BILLING',NULL,'2021-06-04 11:11:30','2022-01-14 12:51:00',NULL,10),(16,'mahashraman marble pvt ltd','NH08, bhagwanda',NULL,'Rajsamand','rajasthan',101,NULL,NULL,NULL,'BILLING',NULL,'2021-06-04 11:13:47','2022-01-14 12:51:00',NULL,11),(17,'anil exporter','G325, riico industrial area , dhoinda',NULL,'Rajsamand','rajasthan',101,NULL,NULL,NULL,'BILLING',NULL,'2021-06-04 11:15:38','2022-01-14 12:51:00',NULL,12),(18,'Shree ji granite & marbles','merda road, kareda',NULL,'Rajsamand','rajasthan',101,NULL,NULL,NULL,'BILLING',NULL,'2021-06-04 11:19:17','2022-01-14 12:51:00',NULL,13),(19,'Dwarkadhish granite','khasra no 23/1.23/2.24/1.2.3.4 mohi road village kerot, RAJSAMAND',NULL,'Rajsamand','rajasthan',101,NULL,NULL,NULL,'BILLING',NULL,'2021-06-05 01:02:28','2022-01-14 12:51:00',NULL,14),(20,'Meera marble','kankroli road mohi',NULL,'Rajsamand','rajasthan',101,NULL,NULL,NULL,'BILLING',NULL,'2021-06-05 09:34:04','2022-01-14 12:51:00',NULL,15),(21,'Gajanand granite','g1-130,131 riico industrial area near RK hospital dhoinda',NULL,'Rajsamand','rajasthan',101,NULL,NULL,NULL,'BILLING',NULL,'2021-06-05 09:52:43','2022-01-14 12:51:01',NULL,16),(22,'lakecity enterprises','riico industrial area dhoinda',NULL,'Rajsamand','rajasthan',101,NULL,NULL,NULL,'BILLING',NULL,'2021-06-10 05:05:49','2022-01-14 12:51:01',NULL,17),(23,'Mundra marble industries','e-38 riico area Rajnagar',NULL,'Rajsamand','rajasthan',101,NULL,NULL,NULL,'BILLING',NULL,'2021-06-10 05:57:40','2022-01-14 12:51:01',NULL,18),(24,'rooplaxmi granite','panduolai road mohi',NULL,'Rajsamand','rajasthan',101,NULL,NULL,NULL,'BILLING',NULL,'2021-06-10 07:03:46','2022-01-14 12:51:01',NULL,19),(25,'Tirupati marble granites','near shivpuri mohi',NULL,'Rajsamand','rajasthan',101,NULL,NULL,NULL,'BILLING',NULL,'2021-06-12 05:09:14','2022-01-14 12:51:01',NULL,20),(26,'Ruchika granite','rupakheda, RAJSAMAND',NULL,'Rajsamand','rajasthan',101,NULL,NULL,NULL,'BILLING',NULL,'2021-06-13 11:07:07','2022-01-14 12:51:01',NULL,21),(27,'Shrinath granite','mohi kankroli road mohi',NULL,'Rajsamand','rajasthan',101,NULL,NULL,NULL,'BILLING',NULL,'2021-06-14 10:32:14','2022-01-14 12:51:01',NULL,22),(28,'Shree ganpati granites','mohi kankroli road mohi',NULL,'Rajsamand','rajasthan',101,NULL,NULL,NULL,'BILLING',NULL,'2021-06-16 09:30:24','2022-01-14 12:51:01',NULL,23),(32,'Avkar Marbles & Granites Pvt Ltd','Amet - Kelwa Road','Vill -TANWAN, Teh -Amet','Rajsamand','Rajasthan',101,'313332',NULL,NULL,'BILLING',NULL,'2021-06-18 00:55:14','2022-01-14 12:51:01',NULL,24),(34,'radaji marble & granite','pipli road mohi',NULL,'Rajsamand','rajasthan',101,NULL,NULL,NULL,'BILLING',NULL,'2021-06-19 07:11:06','2022-01-14 12:51:01',NULL,25),(37,'Salasar granite industries','f 220A riico area dhoinda Rajsamand',NULL,'Rajsamand','rajasthan',101,NULL,NULL,NULL,'BILLING',NULL,'2021-06-20 09:07:34','2022-01-14 12:51:01',NULL,26),(38,'prerna landcon pvt.ltd','riico area dhoinda rajsamand',NULL,'Rajsamand','rajasthan',101,NULL,NULL,NULL,'BILLING',NULL,'2021-06-20 10:48:40','2022-01-14 12:51:01',NULL,27),(39,'Shree stone','mohi',NULL,'Rajsamand','rajasthan',101,NULL,NULL,NULL,'BILLING',NULL,'2021-06-24 08:38:34','2022-01-14 12:51:02',NULL,28),(40,'Shree Bala ji marbles & granite','bagundra road dholi mangri kelwa',NULL,'Rajsamand','rajasthan',101,NULL,NULL,NULL,'BILLING',NULL,'2021-06-28 06:32:58','2022-01-14 12:51:02',NULL,29),(41,'Amar stone','shivpuri mohi',NULL,'Rajsamand','rajasthan',101,NULL,NULL,NULL,'BILLING',NULL,'2021-06-28 10:32:25','2022-01-14 12:51:02',NULL,30),(42,'M/S Shree Math mahadev marble suppliers','Agariya , teh -Amet',NULL,'Rajsamand','Rajasthan',NULL,NULL,NULL,NULL,'BILLING',NULL,'2021-06-29 07:20:37','2022-01-14 12:51:02',NULL,31),(43,'satnarayan marble Pvt ltd','NH8 , Pasoond',NULL,'Rajsamand','Rajasthan',101,NULL,NULL,NULL,'BILLING',NULL,'2021-07-06 08:39:02','2022-01-14 12:51:02',NULL,32),(44,'Shri umiya marmo Pvt ltd','NH 8, Morchana',NULL,'Rajsamand','Rajasthan',101,NULL,NULL,NULL,'BILLING',NULL,'2021-07-06 08:44:13','2022-01-14 12:51:02',NULL,33),(47,'Shri Balaji white marmo stones Pvt ltd','Passond',NULL,'Rajsamand','Rajasthan',101,NULL,NULL,NULL,'BILLING',NULL,'2021-07-06 08:56:25','2022-01-14 12:51:02',NULL,34),(48,'Kohinoor chemical & tools','mohi RAJSAMAND',NULL,'Rajsamand','rajasthan',101,NULL,NULL,NULL,'BILLING',NULL,'2021-07-08 09:25:49','2022-01-14 12:51:02',NULL,35),(49,'shri shiv sai granite','kelwa amet road near hari om dharm kanta,baman tukra',NULL,'Rajsamand','rajasthan',101,NULL,NULL,NULL,'BILLING',NULL,'2021-07-14 11:33:52','2022-01-14 12:51:02',NULL,36),(51,'Baba Ramdev granites','sirodi,siyana,amet',NULL,'Rajsamand','rajasthan',101,NULL,NULL,NULL,'BILLING',NULL,'2021-07-16 08:17:28','2022-01-14 12:51:02',NULL,37),(52,'Prime marbles Pvt ltd','NH8 , Badarda',NULL,'Rajsamand','Rajasthan',101,NULL,NULL,NULL,'BILLING',NULL,'2021-07-26 08:32:21','2022-01-14 12:51:02',NULL,38),(53,'Shree mahesh granites Pvt ltd','village googli',NULL,'Rajsamand','Rajasthan',101,NULL,NULL,NULL,'BILLING',NULL,'2021-07-28 11:59:36','2022-01-14 12:51:02',NULL,39),(54,'Megha marbles Pvt ltd',NULL,NULL,'Rajsamand','Rajasthan',101,NULL,NULL,NULL,'BILLING',NULL,'2021-07-28 12:01:53','2022-01-14 12:51:02',NULL,40),(55,'Shri kardhar stonex Pvt Ltd','kankroli, shri ji nagar, Ganesh Nagar',NULL,'Rajsamand','Rajasthan',101,'313324',NULL,NULL,'BILLING',NULL,'2021-07-28 12:04:48','2022-01-14 12:51:03',NULL,41),(56,'Saraswati marble & granite industries Pvt Ltd','NH8 , Pasoond',NULL,'Rajsamand','Rajasthan',101,NULL,NULL,NULL,'BILLING',NULL,'2021-07-30 05:40:05','2022-01-14 12:51:03',NULL,42),(57,'Ravish marmo and mines Pvt ltd',NULL,NULL,'Rajsamand','Rajasthan',101,NULL,NULL,NULL,'BILLING',NULL,'2021-07-30 05:42:04','2022-01-14 12:51:03',NULL,43),(58,'Kamal minerals Pvt ltd','N.H 8, Pasoond',NULL,'Rajsamand','Rajasthan',101,NULL,NULL,NULL,'BILLING',NULL,'2021-07-30 05:53:50','2022-01-14 12:51:03',NULL,44),(59,'Salasar Granite Industries','F220A, Riico industrial area , Dhoinda',NULL,'Rajsamand','Rajasthan',101,NULL,NULL,NULL,'BILLING',NULL,'2021-07-30 06:26:46','2022-01-14 12:51:03',NULL,45),(61,'siteshwar marble & Granite','shivpuri mohi',NULL,'Rajsamand','rajasthan',101,NULL,NULL,NULL,'BILLING',NULL,'2021-08-02 10:30:35','2022-01-14 12:51:03',NULL,46),(62,'Shree Bala ji granites','g1-306,307 riico industrial area dhoinda Rajsamand',NULL,'Rajsamand','rajasthan',101,NULL,NULL,NULL,'BILLING',NULL,'2021-08-06 08:40:43','2022-01-14 12:51:03',NULL,47),(64,'Mahalaxmi marble and granite','shivpuri mohi',NULL,'Rajsamand','rajasthan',101,NULL,NULL,NULL,'BILLING',NULL,'2021-08-29 10:32:15','2022-01-14 12:51:03',NULL,48),(65,'Shree kalyan marmo grani p.ltd','shankarpura,near riico industrial area dhoinda Rajsamand',NULL,'Rajsamand','rajasthan',101,NULL,NULL,NULL,'BILLING',NULL,'2021-09-01 02:31:03','2022-01-14 12:51:03',NULL,49),(66,'Kamdhenu enterprises','sapravb ka gudda teh amet',NULL,'Rajsamand','rajasthan',101,NULL,NULL,NULL,'BILLING',NULL,'2021-09-02 12:07:37','2022-01-14 12:51:03',NULL,50),(68,'samdani marble','kelwa amet road , bamen tukda',NULL,'Rajsamand','Rajasthan',101,NULL,NULL,NULL,'BILLING',NULL,'2021-09-05 11:22:32','2022-01-14 12:51:03',NULL,52),(69,'shubh marble','kelwa',NULL,'Rajsamand','Rajasthan',101,NULL,NULL,NULL,'BILLING',NULL,'2021-09-05 11:31:23','2022-01-14 12:51:03',NULL,53),(70,'anand granite','g-279,280 Riico industrial area dhoinda Rajsamand',NULL,'Rajsamand','rajasthan',101,NULL,NULL,NULL,'BILLING',NULL,'2021-09-06 02:26:40','2022-01-14 12:51:03',NULL,54),(71,'Kalka marble & Granite','deopura',NULL,'Rajsamand','rajasthan',101,NULL,NULL,NULL,'BILLING',NULL,'2021-09-09 05:25:11','2022-01-14 12:51:04',NULL,55),(72,'MAA Bhawani marble & Granite','dhanyla Rajsamand',NULL,'Rajsamand','rajasthan',101,NULL,NULL,NULL,'BILLING',NULL,'2021-09-09 05:39:15','2022-01-14 12:51:04',NULL,56),(73,'New Shiv Shakti granite','shivpuri mohi',NULL,'Rajsamand','rajasthan',101,NULL,NULL,NULL,'BILLING',NULL,'2021-09-18 05:11:59','2022-01-14 12:51:04',NULL,57),(74,'bhagti Marble & Granite','jetpura',NULL,'Rajsamand','rajasthan',101,NULL,NULL,NULL,'BILLING',NULL,'2021-09-20 05:51:15','2022-01-14 12:51:04',NULL,58),(76,'Hari-Sharan Marbles Pvt Ltd','N.H. 8 , Opp tasol road , Pasoond',NULL,'Rajsamand','Rajasthan',101,NULL,NULL,NULL,'BILLING',NULL,'2021-09-23 05:48:53','2022-01-14 12:51:04',NULL,60),(78,'Saheli Marbles Pvt ltd','NH.8 , Gunjol',NULL,'Nathdwara','Rajasthan',101,NULL,NULL,NULL,'BILLING',NULL,'2021-09-23 06:27:37','2022-01-14 12:51:04',NULL,59),(79,'Shree nath marble & granite','jetpura',NULL,'Rajsamand','rajasthan',101,NULL,NULL,NULL,'BILLING',NULL,'2021-09-29 02:45:36','2022-01-14 12:51:04',NULL,61),(80,'Shiv bhole dia tools','Kankroli',NULL,'Rajsamand','Rajasthan',101,NULL,NULL,NULL,'BILLING',NULL,'2021-10-05 11:54:15','2022-01-14 12:51:04',NULL,62),(81,'prerna landcon Pvt ltd','Riico area dhoinda',NULL,'Rajsamand','Rajasthan',101,NULL,NULL,NULL,'BILLING',NULL,'2021-10-05 12:34:43','2022-01-14 12:51:04',NULL,63),(83,'satnarayan marble Pvt ltd','nh8 pasoond',NULL,'Rajsamand','rajasthan',101,NULL,NULL,NULL,'BILLING',NULL,'2021-10-18 06:12:24','2022-01-14 12:51:04',NULL,64),(84,'Madhav minerals Pvt Ltd','jetpura',NULL,'Rajsamand','rajasthan',101,NULL,NULL,NULL,'BILLING',NULL,'2021-10-24 10:19:10','2022-01-14 12:51:03',NULL,51),(85,'Rajgarh marble Pvt ltd','Village Bamantunkra, Kelwa Amet Road',NULL,'Rajsamand','Rajasthan',101,NULL,NULL,NULL,'BILLING',NULL,'2021-10-29 14:06:21','2022-01-14 12:51:04',NULL,65),(86,'Surabhi marbles Pvt ltd','N.H.8 , Piparda',NULL,'Rajsamand','Rajasthan',101,NULL,NULL,NULL,'BILLING',NULL,'2021-10-29 14:08:28','2022-01-14 12:51:04',NULL,66),(87,'Jagan marble & granite Pvt ltd','NH 8, Gunjol, Nathdwara',NULL,'Rajsamand','Rajasthan',101,NULL,NULL,NULL,'BILLING',NULL,'2021-10-30 04:48:43','2022-01-14 12:51:04',NULL,67),(88,'Shri keshriya ji marble Pvt ltd',NULL,NULL,'Rajsamand','Rajasthan',101,NULL,NULL,NULL,'BILLING',NULL,'2021-10-30 04:50:34','2022-01-14 12:51:04',NULL,68),(90,'parmeshwar marble & Granite','Raghunath pura,Kelwa road',NULL,'Rajsamand','rajasthan',101,NULL,NULL,NULL,'BILLING',NULL,'2021-11-10 09:02:34','2022-01-14 12:51:05',NULL,70),(91,'Raj Rajeshwari Marble','Tasol road , Pasoond',NULL,'Rajsamand','Rajasthan',101,NULL,NULL,NULL,'BILLING',NULL,'2021-11-29 06:22:48','2022-01-14 12:51:05',NULL,71),(92,'vsnkul mata marble & articles',NULL,NULL,'Rajsamand','rajasthan',101,NULL,NULL,NULL,'BILLING',NULL,'2021-12-02 10:23:42','2022-01-14 12:51:05',NULL,72),(93,'Rajputana Granite Pvt. ltd','Rajsamand',NULL,'Rajsamand','rajasthan',101,NULL,NULL,NULL,'BILLING',NULL,'2021-12-03 10:23:07','2022-01-14 12:51:05',NULL,73),(94,'Gajanand Grani marmo Pvt ltd','N.H. 8 , Pasoond',NULL,'Rajsamand','Rajasthan',101,NULL,NULL,NULL,'BILLING',NULL,'2021-12-11 08:19:35','2022-01-14 12:51:05',NULL,74),(95,'Rajhans marmo & mines Pvt Ltd','Bamantunkra, Kelwa-Amet Road',NULL,'Rajsamand','Rajasthan',101,'313324',NULL,NULL,'BILLING',NULL,'2021-12-15 01:39:30','2022-01-14 12:51:05',NULL,75),(96,'Udaipur marble ind pvt ltd','mokhampura',NULL,'Rajsamand','Rajasthan',101,NULL,NULL,NULL,'BILLING',NULL,'2021-12-22 11:47:20','2022-01-14 12:51:05',NULL,76),(97,'motherson marbles Pvt ltd','N.H.8  Pasoond',NULL,'Rajsamand','Rajasthan',101,NULL,NULL,NULL,'BILLING',NULL,'2021-12-23 11:25:57','2022-01-14 12:51:05',NULL,77),(99,'Rajlaxmi Marble','N.H. 8 , Shukher',NULL,'Udaipur','Rajasthan',101,NULL,NULL,NULL,'BILLING',NULL,'2021-12-27 08:09:59','2022-01-14 12:51:05',NULL,78),(100,'Mukesh trading company','bhana',NULL,'Rajsamand','rajasthan',101,NULL,NULL,NULL,'BILLING',NULL,'2022-01-03 09:06:53','2022-01-14 12:51:05',NULL,79),(101,'Kiran Marbles Pvt ltd','Kankroli',NULL,'Rajsamand','Rajasthan',101,NULL,NULL,NULL,'BILLING',NULL,'2022-01-05 02:53:28','2022-01-14 12:51:05',NULL,80),(102,'Shivayan marmo Pvt ltd','N.H.8, Tasol Road , Pasoond',NULL,'Rajsamand','Rajasthan',101,'313326',NULL,NULL,'BILLING',NULL,'2022-01-05 09:44:21','2022-01-14 12:51:05',NULL,81),(103,'Shivayan marmo Pvt ltd','N.H.08, Tasol Road , Pasoond',NULL,'Rajsamand','Rajasthan',101,'313326',NULL,NULL,'BILLING',NULL,'2022-01-05 09:48:18','2022-01-14 12:51:05',NULL,82),(104,'asocited marmo & granite Pvt Ltd','pasoond',NULL,'Rajsamand','rajasthan',101,NULL,NULL,NULL,'BILLING',NULL,'2022-01-08 03:02:25','2022-01-14 12:51:06',NULL,83),(105,'Shreeram white marmo Pvt ltd','Near shivayan marmo Pvt ltd','N.H.8, Tasol Road, Pasoond','Rajsamand','Rajasthan',101,'313326',NULL,NULL,'billing',NULL,'2022-01-15 07:12:22','2022-01-15 07:12:22',NULL,84),(106,'Jayanti marmo impex Pvt. Ltd','N.H 8 , Tasol Road, Pasoond',NULL,'Rajsamand','Rajasthan',101,NULL,NULL,NULL,'billing',NULL,'2022-01-29 06:49:28','2022-01-29 06:49:28',NULL,85),(107,'Colour Marbles Pvt ltd','Tasol Road, Village Chhaperkhedi','Bagundara Road','Rajsamand','Rajasthan',101,NULL,NULL,NULL,'billing',NULL,'2022-02-01 01:13:41','2022-02-01 01:13:41',NULL,86),(108,'Shree ganesh granito','Near saras dairy kankroli road mohi',NULL,'Rajsamand','Rajasthan',101,NULL,NULL,NULL,'billing',NULL,'2022-02-11 07:44:45','2022-02-11 07:44:45',NULL,87),(109,'Keshari Nandan granites','Nh8 devpuriya piparda',NULL,'Rajsamand','Rajasthan',101,NULL,NULL,NULL,'billing',NULL,'2022-02-22 07:03:16','2022-02-22 07:03:16',NULL,88),(110,'Bhagwati marbles Pvt ltd','Village Siyana, Kelwa-Amet Road',NULL,'Rajsamand','Rajasthan',101,NULL,NULL,NULL,'billing',NULL,'2022-02-23 09:13:22','2022-02-23 09:13:22',NULL,89),(111,'Shree bherunath marbles','mokhampura',NULL,'Rajasmand','Rajasthan',101,NULL,NULL,NULL,'billing',NULL,'2022-03-07 05:41:11','2022-03-07 05:41:11',NULL,69),(113,'Bholenath marbles Pvt ltd','N.H. 8 , Village Piparda',NULL,'Rajsamand','Rajasthan',101,NULL,NULL,NULL,'billing',NULL,'2022-03-08 06:45:56','2022-03-08 06:45:56',NULL,90),(114,'Arihant Marbles(India)','Tasol Road',NULL,'Rajsamand','Rajasthan',101,NULL,NULL,NULL,'billing',NULL,'2022-03-11 06:20:22','2022-03-11 06:20:22',NULL,91),(115,'Ravish marmo and mines pvt ltd',NULL,NULL,'Rajsamand','Rajasthan',101,NULL,NULL,NULL,'billing',NULL,'2022-04-01 07:46:22','2022-04-01 07:46:22',NULL,92),(116,'Shree bherunath marble','Tasol Road, chhaperkhedi',NULL,'Rajsamand','Rajasthan',101,NULL,NULL,NULL,'billing',NULL,'2022-04-13 11:33:43','2022-04-13 11:33:43',NULL,93),(117,'Associated marmo and granites ltd','N.H.8 Pasoond',NULL,'Rajsamand','Rajasthan',101,'313326',NULL,NULL,'billing',NULL,'2022-04-13 11:35:55','2022-04-13 11:35:55',NULL,94),(118,'Jay shree marble and granite','Shivpuri, mohi',NULL,'Rajsamand','Rajasthan',101,NULL,NULL,NULL,'billing',NULL,'2022-05-01 10:53:12','2022-05-01 10:53:12',NULL,95),(119,'Shakti marmo private limited','Tasol Road, village Pasoond',NULL,'Rajsamand','Rajasthan',101,NULL,NULL,NULL,'billing',NULL,'2022-05-30 21:43:20','2022-05-30 21:43:20',NULL,96),(120,'Devpura Marbles','Diamond Motors, N.H 8 Sukher',NULL,'Udaipur','Rajasthan',101,NULL,NULL,NULL,'billing',NULL,'2022-06-04 06:12:16','2022-06-04 06:12:16',NULL,97);

--
-- Table structure for table `assigned_roles`
--

CREATE TABLE `assigned_roles` (
  `id` bigint(20) unsigned NOT NULL AUTO_INCREMENT,
  `role_id` bigint(20) unsigned NOT NULL,
  `entity_id` bigint(20) unsigned NOT NULL,
  `entity_type` varchar(255) COLLATE utf8_unicode_ci NOT NULL,
  `restricted_to_id` bigint(20) unsigned DEFAULT NULL,
  `restricted_to_type` varchar(255) COLLATE utf8_unicode_ci DEFAULT NULL,
  `scope` int(11) DEFAULT NULL,
  PRIMARY KEY (`id`),
  KEY `assigned_roles_entity_index` (`entity_id`,`entity_type`,`scope`),
  KEY `assigned_roles_role_id_index` (`role_id`),
  KEY `assigned_roles_scope_index` (`scope`),
  CONSTRAINT `assigned_roles_role_id_foreign` FOREIGN KEY (`role_id`) REFERENCES `roles` (`id`) ON DELETE CASCADE ON UPDATE CASCADE
) ENGINE=InnoDB AUTO_INCREMENT=13 DEFAULT CHARSET=utf8 COLLATE=utf8_unicode_ci;

--
-- Dumping data for table `assigned_roles`
--

INSERT INTO `assigned_roles` VALUES (1,1,1,'Crater\\Models\\User',NULL,NULL,1),(2,1,3,'Crater\\Models\\User',NULL,NULL,1),(3,1,4,'Crater\\Models\\User',NULL,NULL,1),(4,1,28,'Crater\\Models\\User',NULL,NULL,1),(5,1,29,'Crater\\Models\\User',NULL,NULL,1),(6,1,30,'Crater\\Models\\User',NULL,NULL,1),(7,2,1,'Crater\\Models\\User',NULL,NULL,2),(8,2,3,'Crater\\Models\\User',NULL,NULL,2),(9,2,4,'Crater\\Models\\User',NULL,NULL,2),(10,2,28,'Crater\\Models\\User',NULL,NULL,2),(11,2,29,'Crater\\Models\\User',NULL,NULL,2),(12,2,30,'Crater\\Models\\User',NULL,NULL,2);

--
-- Table structure for table `companies`
--

CREATE TABLE `companies` (
  `id` int(10) unsigned NOT NULL AUTO_INCREMENT,
  `name` varchar(255) COLLATE utf8_unicode_ci NOT NULL,
  `logo` varchar(255) COLLATE utf8_unicode_ci DEFAULT NULL,
  `unique_hash` varchar(255) COLLATE utf8_unicode_ci DEFAULT NULL,
  `created_at` timestamp NULL DEFAULT NULL,
  `updated_at` timestamp NULL DEFAULT NULL,
  `slug` varchar(255) COLLATE utf8_unicode_ci DEFAULT NULL,
  `owner_id` int(10) unsigned DEFAULT NULL,
  PRIMARY KEY (`id`),
  KEY `companies_owner_id_foreign` (`owner_id`),
  CONSTRAINT `companies_owner_id_foreign` FOREIGN KEY (`owner_id`) REFERENCES `users` (`id`)
) ENGINE=InnoDB AUTO_INCREMENT=3 DEFAULT CHARSET=utf8 COLLATE=utf8_unicode_ci;

--
-- Dumping data for table `companies`
--

INSERT INTO `companies` VALUES (1,'Amar Speciality',NULL,'DEUbtFXwv2KBQSym2E8H','2021-03-24 22:51:30','2022-01-14 12:51:06','amar-speciality',1),(2,'Amar SuperHard Tools',NULL,'DKBbtTVwv5JLMSym2C8J','2021-03-25 22:51:30','2022-01-14 12:51:06','amar-superhard-tools',1);

--
-- Table structure for table `company_settings`
--

CREATE TABLE `company_settings` (
  `id` int(10) unsigned NOT NULL AUTO_INCREMENT,
  `option` varchar(255) COLLATE utf8_unicode_ci NOT NULL,
  `value` text COLLATE utf8_unicode_ci NOT NULL,
  `company_id` int(10) unsigned DEFAULT NULL,
  `created_at` timestamp NULL DEFAULT NULL,
  `updated_at` timestamp NULL DEFAULT NULL,
  PRIMARY KEY (`id`),
  KEY `company_settings_company_id_foreign` (`company_id`),
  CONSTRAINT `company_settings_company_id_foreign` FOREIGN KEY (`company_id`) REFERENCES `companies` (`id`)
) ENGINE=InnoDB AUTO_INCREMENT=103 DEFAULT CHARSET=utf8 COLLATE=utf8_unicode_ci;

--
-- Dumping data for table `company_settings`
--

INSERT INTO `company_settings` VALUES (1,'invoice_auto_generate','0',1,'2021-03-24 22:51:30','2021-06-05 09:42:41'),(2,'payment_auto_generate','0',1,'2021-03-24 22:51:30','2021-06-05 09:42:41'),(3,'estimate_auto_generate','0',1,'2021-03-24 22:51:30','2021-06-05 09:42:41'),(4,'save_pdf_to_disk','YES',1,'2021-03-24 22:51:30','2021-03-25 19:41:19'),(5,'invoice_mail_body','You have received a new invoice from <b>{COMPANY_NAME}</b>.</br>Please download using the button below:',1,'2021-03-24 22:51:31','2021-03-24 22:51:31'),(6,'estimate_mail_body','You have received a new estimate from <b>{COMPANY_NAME}</b>.</br>Please download using the button below:',1,'2021-03-24 22:51:31','2021-03-24 22:51:31'),(7,'payment_mail_body','Thank you for the payment.</b></br>Please download your payment receipt using the button below:',1,'2021-03-24 22:51:31','2021-03-24 22:51:31'),(8,'invoice_company_address_format','<p>{COMPANY_ADDRESS_STREET_1}</p><p>{COMPANY_ADDRESS_STREET_2}</p><p>{COMPANY_CITY} {COMPANY_STATE}    {COMPANY_ZIP_CODE}</p>',1,'2021-03-24 22:51:31','2021-06-04 06:42:41'),(9,'invoice_shipping_address_format','<h3>{SHIPPING_ADDRESS_NAME}</h3><p>{SHIPPING_ADDRESS_STREET_1}</p><p>{SHIPPING_ADDRESS_STREET_2}</p><p>{SHIPPING_CITY}  {SHIPPING_STATE}</p><p>{SHIPPING_COUNTRY}  {SHIPPING_ZIP_CODE}</p><p>{SHIPPING_PHONE}</p>',1,'2021-03-24 22:51:31','2021-03-24 22:51:31'),(10,'invoice_billing_address_format','<p>{BILLING_ADDRESS_STREET_1}</p><p>{BILLING_ADDRESS_STREET_2}</p><p>{BILLING_CITY}  {BILLING_STATE} {BILLING_ZIP_CODE}</p><p>{BILLING_PHONE}</p>',1,'2021-03-24 22:51:31','2021-06-04 06:43:18'),(11,'estimate_company_address_format','<h3><strong>{COMPANY_NAME}</strong></h3><p>{COMPANY_ADDRESS_STREET_1}</p><p>{COMPANY_ADDRESS_STREET_2}</p><p>{COMPANY_CITY} {COMPANY_STATE}</p><p>{COMPANY_COUNTRY}  {COMPANY_ZIP_CODE}</p><p>{COMPANY_PHONE}</p>',1,'2021-03-24 22:51:31','2021-03-24 22:51:31'),(12,'estimate_shipping_address_format','<h3>{SHIPPING_ADDRESS_NAME}</h3><p>{SHIPPING_ADDRESS_STREET_1}</p><p>{SHIPPING_ADDRESS_STREET_2}</p><p>{SHIPPING_CITY}  {SHIPPING_STATE}</p><p>{SHIPPING_COUNTRY}  {SHIPPING_ZIP_CODE}</p><p>{SHIPPING_PHONE}</p>',1,'2021-03-24 22:51:31','2021-03-24 22:51:31'),(13,'estimate_billing_address_format','<h3>{BILLING_ADDRESS_NAME}</h3><p>{BILLING_ADDRESS_STREET_1}</p><p>{BILLING_ADDRESS_STREET_2}</p><p>{BILLING_CITY}  {BILLING_STATE}</p><p>{BILLING_COUNTRY}  {BILLING_ZIP_CODE}</p><p>{BILLING_PHONE}</p>',1,'2021-03-24 22:51:31','2021-03-24 22:51:31'),(14,'payment_company_address_format','<h3><strong>{COMPANY_NAME}</strong></h3><p>{COMPANY_ADDRESS_STREET_1}</p><p>{COMPANY_ADDRESS_STREET_2}</p><p>{COMPANY_CITY} {COMPANY_STATE}</p><p>{COMPANY_COUNTRY}  {COMPANY_ZIP_CODE}</p><p>{COMPANY_PHONE}</p>',1,'2021-03-24 22:51:31','2021-03-24 22:51:31'),(15,'payment_from_customer_address_format','<h3>{BILLING_ADDRESS_NAME}</h3><p>{BILLING_ADDRESS_STREET_1}</p><p>{BILLING_ADDRESS_STREET_2}</p><p>{BILLING_CITY} {BILLING_STATE} {BILLING_ZIP_CODE}</p><p>{BILLING_COUNTRY}</p><p>{BILLING_PHONE}</p>',1,'2021-03-24 22:51:31','2021-03-24 22:51:31'),(16,'currency','12',1,'2021-03-24 22:51:31','2021-06-03 09:48:14'),(17,'time_zone','Asia/Kolkata',1,'2021-03-24 22:51:31','2021-03-24 22:51:31'),(18,'language','en',1,'2021-03-24 22:51:31','2021-03-24 22:51:31'),(19,'fiscal_year','1-12',1,'2021-03-24 22:51:31','2021-03-25 14:58:29'),(20,'carbon_date_format','d M Y',1,'2021-03-24 22:51:31','2021-06-03 07:30:38'),(21,'moment_date_format','DD MMM YYYY',1,'2021-03-24 22:51:31','2021-06-03 07:30:38'),(22,'notification_email','noreply@crater.in',1,'2021-03-24 22:51:31','2021-03-24 22:51:31'),(23,'notify_invoice_viewed','NO',1,'2021-03-24 22:51:31','2021-03-24 22:51:31'),(24,'notify_estimate_viewed','NO',1,'2021-03-24 22:51:31','2021-03-24 22:51:31'),(25,'tax_per_item','0',1,'2021-03-24 22:51:31','2021-06-05 10:47:56'),(26,'discount_per_item','0',1,'2021-03-24 22:51:31','2021-06-05 10:47:56'),(30,'invoice_auto_generate','0',2,'2021-03-25 15:07:52','2021-09-30 16:58:44'),(31,'payment_auto_generate','0',2,'2021-03-25 15:07:52','2021-09-30 16:58:44'),(32,'estimate_auto_generate','0',2,'2021-03-25 15:07:52','2021-09-30 16:58:44'),(33,'save_pdf_to_disk','YES',2,'2021-03-25 15:07:52','2021-03-25 15:07:52'),(34,'invoice_mail_body','You have received a new invoice from <b>{COMPANY_NAME}</b>.</br>Please download using the button below:',2,'2021-03-25 15:07:52','2021-03-25 15:07:52'),(35,'estimate_mail_body','You have received a new estimate from <b>{COMPANY_NAME}</b>.</br>Please download using the button below:',2,'2021-03-25 15:07:52','2021-03-25 15:07:52'),(36,'payment_mail_body','Thank you for the payment.</b></br>Please download your payment receipt using the button below:',2,'2021-03-25 15:07:52','2021-03-25 15:07:52'),(37,'invoice_company_address_format','<p>{COMPANY_ADDRESS_STREET_1}</p><p>{COMPANY_ADDRESS_STREET_2}</p><p>{COMPANY_CITY} {COMPANY_STATE}  {COMPANY_ZIP_CODE}</p><p>{COMPANY_PHONE}</p>',2,'2021-03-25 15:07:52','2021-06-18 06:59:56'),(38,'invoice_shipping_address_format','<p>{SHIPPING_ADDRESS_STREET_1}</p><p>{SHIPPING_ADDRESS_STREET_2}</p><p>{SHIPPING_CITY} {SHIPPING_STATE} {SHIPPING_ZIP_CODE}</p><p>{SHIPPING_PHONE}</p>',2,'2021-03-25 15:07:52','2021-06-18 07:17:08'),(39,'invoice_billing_address_format','<p>{BILLING_ADDRESS_STREET_1}</p><p>{BILLING_ADDRESS_STREET_2}</p><p>{BILLING_CITY} {BILLING_STATE} {BILLING_ZIP_CODE}</p><p>{BILLING_PHONE}</p>',2,'2021-03-25 15:07:52','2021-06-18 07:17:08'),(40,'estimate_company_address_format','<h3><strong>{COMPANY_NAME}</strong></h3><p>{COMPANY_ADDRESS_STREET_1}</p><p>{COMPANY_ADDRESS_STREET_2}</p><p>{COMPANY_CITY} {COMPANY_STATE}</p><p>{COMPANY_COUNTRY}  {COMPANY_ZIP_CODE}</p><p>{COMPANY_PHONE}</p>',2,'2021-03-25 15:07:52','2021-03-25 15:07:52'),(41,'estimate_shipping_address_format','<h3>{SHIPPING_ADDRESS_NAME}</h3><p>{SHIPPING_ADDRESS_STREET_1}</p><p>{SHIPPING_ADDRESS_STREET_2}</p><p>{SHIPPING_CITY}  {SHIPPING_STATE}</p><p>{SHIPPING_COUNTRY}  {SHIPPING_ZIP_CODE}</p><p>{SHIPPING_PHONE}</p>',2,'2021-03-25 15:07:52','2021-03-25 15:07:52'),(42,'estimate_billing_address_format','<h3>{BILLING_ADDRESS_NAME}</h3><p>{BILLING_ADDRESS_STREET_1}</p><p>{BILLING_ADDRESS_STREET_2}</p><p>{BILLING_CITY}  {BILLING_STATE}</p><p>{BILLING_COUNTRY}  {BILLING_ZIP_CODE}</p><p>{BILLING_PHONE}</p>',2,'2021-03-25 15:07:52','2021-03-25 15:07:52'),(43,'payment_company_address_format','<h3><strong>{COMPANY_NAME}</strong></h3><p>{COMPANY_ADDRESS_STREET_1}</p><p>{COMPANY_ADDRESS_STREET_2}</p><p>{COMPANY_CITY} {COMPANY_STATE}</p><p>{COMPANY_COUNTRY}  {COMPANY_ZIP_CODE}</p><p>{COMPANY_PHONE}</p>',2,'2021-03-25 15:07:52','2021-03-25 15:07:52'),(44,'payment_from_customer_address_format','<h3>{BILLING_ADDRESS_NAME}</h3><p>{BILLING_ADDRESS_STREET_1}</p><p>{BILLING_ADDRESS_STREET_2}</p><p>{BILLING_CITY} {BILLING_STATE} {BILLING_ZIP_CODE}</p><p>{BILLING_COUNTRY}</p><p>{BILLING_PHONE}</p>',2,'2021-03-25 15:07:52','2021-03-25 15:07:52'),(45,'currency','12',2,'2021-03-25 15:07:52','2021-06-18 03:17:18'),(46,'time_zone','Asia/Kolkata',2,'2021-03-25 15:07:52','2021-03-25 15:07:52'),(47,'language','en',2,'2021-03-25 15:07:52','2021-03-25 15:07:52'),(48,'fiscal_year','1-12',2,'2021-03-25 15:07:52','2021-03-25 15:07:52'),(49,'carbon_date_format','d M Y',2,'2021-03-25 15:07:52','2021-06-18 03:54:42'),(50,'moment_date_format','DD MMM YYYY',2,'2021-03-25 15:07:52','2021-06-18 03:54:42'),(51,'notification_email','noreply@crater.in',2,'2021-03-25 15:07:52','2021-03-25 15:07:52'),(52,'notify_invoice_viewed','NO',2,'2021-03-25 15:07:52','2021-03-25 15:07:52'),(53,'notify_estimate_viewed','NO',2,'2021-03-25 15:07:52','2021-03-25 15:07:52'),(54,'tax_per_item','NO',2,'2021-03-25 15:07:52','2021-03-25 15:07:52'),(55,'discount_per_item','NO',2,'2021-03-25 15:07:52','2021-03-25 15:07:52'),(59,'date_format','DD MMM YYYY',1,'2021-06-03 07:30:38','2021-06-03 07:30:38'),(60,'gst_no','08CMOPP2514C1Z4',1,'2021-06-03 07:30:38','2021-06-04 06:36:35'),(61,'website','www.amarspeciality.in',1,'2021-06-03 07:30:38','2021-06-05 10:13:18'),(62,'phone1','+91-9414220874, +91-9413319707',1,'2021-06-03 07:30:38','2021-06-04 06:36:35'),(63,'gst_no','08BHYPP0088H1ZN',2,'2021-06-03 07:30:38','2021-06-18 03:17:18'),(64,'website','www.amarsuperhardtools.com',2,'2021-06-03 07:30:38','2021-06-18 03:17:18'),(65,'phone1','+91-9413319707, +91-9414220874',2,'2021-06-03 07:30:38','2021-06-18 03:17:18'),(66,'email','amar.speciality@gmail.com',1,'2021-06-03 07:30:38','2021-06-04 07:16:34'),(67,'email','amar.superhard@gmail.com',2,'2021-06-03 07:30:38','2021-06-18 03:17:18'),(71,'invoice_set_due_date_automatically','YES',1,'2022-01-14 12:51:13','2022-01-14 12:51:13'),(72,'invoice_due_date_days','7',1,'2022-01-14 12:51:13','2022-01-14 12:51:13'),(73,'estimate_set_expiry_date_automatically','YES',1,'2022-01-14 12:51:13','2022-01-14 12:51:13'),(74,'estimate_expiry_date_days','7',1,'2022-01-14 12:51:13','2022-01-14 12:51:13'),(75,'estimate_convert_action','no_action',1,'2022-01-14 12:51:13','2022-01-14 12:51:13'),(76,'bulk_exchange_rate_configured','YES',1,'2022-01-14 12:51:13','2022-01-15 06:16:03'),(77,'invoice_number_format','',1,'2022-01-14 12:51:13','2022-03-05 07:07:01'),(78,'estimate_number_format','{{SERIES:INV}}{{DELIMITER:-}}{{SEQUENCE:PMT}}',1,'2022-01-14 12:51:13','2022-01-14 13:15:17'),(79,'payment_number_format','{{SERIES:INV}}{{DELIMITER:-}}{{SEQUENCE:PMT}}',1,'2022-01-14 12:51:13','2022-01-14 13:15:17'),(92,'invoice_set_due_date_automatically','YES',2,'2022-01-14 13:25:51','2022-01-14 13:25:51'),(93,'invoice_due_date_days','7',2,'2022-01-14 13:25:51','2022-01-14 13:25:51'),(94,'estimate_set_expiry_date_automatically','YES',2,'2022-01-14 13:25:51','2022-01-14 13:25:51'),(95,'estimate_expiry_date_days','7',2,'2022-01-14 13:25:51','2022-01-14 13:25:51'),(96,'estimate_convert_action','no_action',2,'2022-01-14 13:25:51','2022-01-14 13:25:51'),(97,'bulk_exchange_rate_configured','YES',2,'2022-01-14 13:25:51','2022-01-15 06:18:49'),(98,'automatically_expire_public_links','YES',1,'2022-01-14 13:25:52','2022-01-15 06:23:47'),(99,'link_expiry_days','1',1,'2022-01-14 13:25:52','2022-01-15 06:23:47'),(100,'automatically_expire_public_links','YES',2,'2022-01-14 13:25:52','2022-01-15 06:20:59'),(101,'link_expiry_days','1',2,'2022-01-14 13:25:52','2022-01-15 06:20:59'),(102,'invoice_number_format','{{SERIES:AMR}}{{DELIMITER:-}}{{SEQUENCE:2}}',2,'2022-01-15 06:22:33','2022-01-15 06:22:33');

--
-- Table structure for table `countries`
--

CREATE TABLE `countries` (
  `id` int(10) unsigned NOT NULL AUTO_INCREMENT,
  `code` varchar(255) COLLATE utf8_unicode_ci NOT NULL,
  `name` varchar(255) COLLATE utf8_unicode_ci NOT NULL,
  `phonecode` int(11) NOT NULL,
  PRIMARY KEY (`id`),
  KEY `countries_id_index` (`id`)
) ENGINE=InnoDB AUTO_INCREMENT=247 DEFAULT CHARSET=utf8 COLLATE=utf8_unicode_ci;

--
-- Dumping data for table `countries`
--

INSERT INTO `countries` VALUES (1,'AF','Afghanistan',93),(2,'AL','Albania',355),(3,'DZ','Algeria',213),(4,'AS','American Samoa',1684),(5,'AD','Andorra',376),(6,'AO','Angola',244),(7,'AI','Anguilla',1264),(8,'AQ','Antarctica',0),(9,'AG','Antigua And Barbuda',1268),(10,'AR','Argentina',54),(11,'AM','Armenia',374),(12,'AW','Aruba',297),(13,'AU','Australia',61),(14,'AT','Austria',43),(15,'AZ','Azerbaijan',994),(16,'BS','Bahamas The',1242),(17,'BH','Bahrain',973),(18,'BD','Bangladesh',880),(19,'BB','Barbados',1246),(20,'BY','Belarus',375),(21,'BE','Belgium',32),(22,'BZ','Belize',501),(23,'BJ','Benin',229),(24,'BM','Bermuda',1441),(25,'BT','Bhutan',975),(26,'BO','Bolivia',591),(27,'BA','Bosnia and Herzegovina',387),(28,'BW','Botswana',267),(29,'BV','Bouvet Island',0),(30,'BR','Brazil',55),(31,'IO','British Indian Ocean Territory',246),(32,'BN','Brunei',673),(33,'BG','Bulgaria',359),(34,'BF','Burkina Faso',226),(35,'BI','Burundi',257),(36,'KH','Cambodia',855),(37,'CM','Cameroon',237),(38,'CA','Canada',1),(39,'CV','Cape Verde',238),(40,'KY','Cayman Islands',1345),(41,'CF','Central African Republic',236),(42,'TD','Chad',235),(43,'CL','Chile',56),(44,'CN','China',86),(45,'CX','Christmas Island',61),(46,'CC','Cocos (Keeling) Islands',672),(47,'CO','Colombia',57),(48,'KM','Comoros',269),(49,'CG','Congo',242),(50,'CD','Congo The Democratic Republic Of The',242),(51,'CK','Cook Islands',682),(52,'CR','Costa Rica',506),(53,'CI','Cote D Ivoire (Ivory Coast)',225),(54,'HR','Croatia (Hrvatska)',385),(55,'CU','Cuba',53),(56,'CY','Cyprus',357),(57,'CZ','Czech Republic',420),(58,'DK','Denmark',45),(59,'DJ','Djibouti',253),(60,'DM','Dominica',1767),(61,'DO','Dominican Republic',1809),(62,'TP','East Timor',670),(63,'EC','Ecuador',593),(64,'EG','Egypt',20),(65,'SV','El Salvador',503),(66,'GQ','Equatorial Guinea',240),(67,'ER','Eritrea',291),(68,'EE','Estonia',372),(69,'ET','Ethiopia',251),(70,'XA','External Territories of Australia',61),(71,'FK','Falkland Islands',500),(72,'FO','Faroe Islands',298),(73,'FJ','Fiji Islands',679),(74,'FI','Finland',358),(75,'FR','France',33),(76,'GF','French Guiana',594),(77,'PF','French Polynesia',689),(78,'TF','French Southern Territories',0),(79,'GA','Gabon',241),(80,'GM','Gambia The',220),(81,'GE','Georgia',995),(82,'DE','Germany',49),(83,'GH','Ghana',233),(84,'GI','Gibraltar',350),(85,'GR','Greece',30),(86,'GL','Greenland',299),(87,'GD','Grenada',1473),(88,'GP','Guadeloupe',590),(89,'GU','Guam',1671),(90,'GT','Guatemala',502),(91,'XU','Guernsey and Alderney',44),(92,'GN','Guinea',224),(93,'GW','Guinea-Bissau',245),(94,'GY','Guyana',592),(95,'HT','Haiti',509),(96,'HM','Heard and McDonald Islands',0),(97,'HN','Honduras',504),(98,'HK','Hong Kong S.A.R.',852),(99,'HU','Hungary',36),(100,'IS','Iceland',354),(101,'IN','India',91),(102,'ID','Indonesia',62),(103,'IR','Iran',98),(104,'IQ','Iraq',964),(105,'IE','Ireland',353),(106,'IL','Israel',972),(107,'IT','Italy',39),(108,'JM','Jamaica',1876),(109,'JP','Japan',81),(110,'XJ','Jersey',44),(111,'JO','Jordan',962),(112,'KZ','Kazakhstan',7),(113,'KE','Kenya',254),(114,'KI','Kiribati',686),(115,'KP','Korea North',850),(116,'KR','Korea South',82),(117,'KW','Kuwait',965),(118,'KG','Kyrgyzstan',996),(119,'LA','Laos',856),(120,'LV','Latvia',371),(121,'LB','Lebanon',961),(122,'LS','Lesotho',266),(123,'LR','Liberia',231),(124,'LY','Libya',218),(125,'LI','Liechtenstein',423),(126,'LT','Lithuania',370),(127,'LU','Luxembourg',352),(128,'MO','Macau S.A.R.',853),(129,'MK','Macedonia',389),(130,'MG','Madagascar',261),(131,'MW','Malawi',265),(132,'MY','Malaysia',60),(133,'MV','Maldives',960),(134,'ML','Mali',223),(135,'MT','Malta',356),(136,'XM','Man (Isle of)',44),(137,'MH','Marshall Islands',692),(138,'MQ','Martinique',596),(139,'MR','Mauritania',222),(140,'MU','Mauritius',230),(141,'YT','Mayotte',269),(142,'MX','Mexico',52),(143,'FM','Micronesia',691),(144,'MD','Moldova',373),(145,'MC','Monaco',377),(146,'MN','Mongolia',976),(147,'MS','Montserrat',1664),(148,'MA','Morocco',212),(149,'MZ','Mozambique',258),(150,'MM','Myanmar',95),(151,'NA','Namibia',264),(152,'NR','Nauru',674),(153,'NP','Nepal',977),(154,'AN','Netherlands Antilles',599),(155,'NL','Netherlands The',31),(156,'NC','New Caledonia',687),(157,'NZ','New Zealand',64),(158,'NI','Nicaragua',505),(159,'NE','Niger',227),(160,'NG','Nigeria',234),(161,'NU','Niue',683),(162,'NF','Norfolk Island',672),(163,'MP','Northern Mariana Islands',1670),(164,'NO','Norway',47),(165,'OM','Oman',968),(166,'PK','Pakistan',92),(167,'PW','Palau',680),(168,'PS','Palestinian Territory Occupied',970),(169,'PA','Panama',507),(170,'PG','Papua new Guinea',675),(171,'PY','Paraguay',595),(172,'PE','Peru',51),(173,'PH','Philippines',63),(174,'PN','Pitcairn Island',0),(175,'PL','Poland',48),(176,'PT','Portugal',351),(177,'PR','Puerto Rico',1787),(178,'QA','Qatar',974),(179,'RE','Reunion',262),(180,'RO','Romania',40),(181,'RU','Russia',70),(182,'RW','Rwanda',250),(183,'SH','Saint Helena',290),(184,'KN','Saint Kitts And Nevis',1869),(185,'LC','Saint Lucia',1758),(186,'PM','Saint Pierre and Miquelon',508),(187,'VC','Saint Vincent And The Grenadines',1784),(188,'WS','Samoa',684),(189,'SM','San Marino',378),(190,'ST','Sao Tome and Principe',239),(191,'SA','Saudi Arabia',966),(192,'SN','Senegal',221),(193,'RS','Serbia',381),(194,'SC','Seychelles',248),(195,'SL','Sierra Leone',232),(196,'SG','Singapore',65),(197,'SK','Slovakia',421),(198,'SI','Slovenia',386),(199,'XG','Smaller Territories of the UK',44),(200,'SB','Solomon Islands',677),(201,'SO','Somalia',252),(202,'ZA','South Africa',27),(203,'GS','South Georgia',0),(204,'SS','South Sudan',211),(205,'ES','Spain',34),(206,'LK','Sri Lanka',94),(207,'SD','Sudan',249),(208,'SR','Suriname',597),(209,'SJ','Svalbard And Jan Mayen Islands',47),(210,'SZ','Swaziland',268),(211,'SE','Sweden',46),(212,'CH','Switzerland',41),(213,'SY','Syria',963),(214,'TW','Taiwan',886),(215,'TJ','Tajikistan',992),(216,'TZ','Tanzania',255),(217,'TH','Thailand',66),(218,'TG','Togo',228),(219,'TK','Tokelau',690),(220,'TO','Tonga',676),(221,'TT','Trinidad And Tobago',1868),(222,'TN','Tunisia',216),(223,'TR','Turkey',90),(224,'TM','Turkmenistan',7370),(225,'TC','Turks And Caicos Islands',1649),(226,'TV','Tuvalu',688),(227,'UG','Uganda',256),(228,'UA','Ukraine',380),(229,'AE','United Arab Emirates',971),(230,'GB','United Kingdom',44),(231,'US','United States',1),(232,'UM','United States Minor Outlying Islands',1),(233,'UY','Uruguay',598),(234,'UZ','Uzbekistan',998),(235,'VU','Vanuatu',678),(236,'VA','Vatican City State (Holy See)',39),(237,'VE','Venezuela',58),(238,'VN','Vietnam',84),(239,'VG','Virgin Islands (British)',1284),(240,'VI','Virgin Islands (US)',1340),(241,'WF','Wallis And Futuna Islands',681),(242,'EH','Western Sahara',212),(243,'YE','Yemen',967),(244,'YU','Yugoslavia',38),(245,'ZM','Zambia',260),(246,'ZW','Zimbabwe',263);

--
-- Table structure for table `currencies`
--

CREATE TABLE `currencies` (
  `id` int(10) unsigned NOT NULL AUTO_INCREMENT,
  `name` varchar(255) COLLATE utf8_unicode_ci NOT NULL,
  `code` varchar(255) COLLATE utf8_unicode_ci NOT NULL,
  `symbol` varchar(255) COLLATE utf8_unicode_ci DEFAULT NULL,
  `precision` int(11) NOT NULL,
  `thousand_separator` varchar(255) COLLATE utf8_unicode_ci NOT NULL,
  `decimal_separator` varchar(255) COLLATE utf8_unicode_ci NOT NULL,
  `swap_currency_symbol` tinyint(1) NOT NULL DEFAULT '0',
  `created_at` timestamp NULL DEFAULT NULL,
  `updated_at` timestamp NULL DEFAULT NULL,
  PRIMARY KEY (`id`)
) ENGINE=InnoDB AUTO_INCREMENT=67 DEFAULT CHARSET=utf8 COLLATE=utf8_unicode_ci;

--
-- Dumping data for table `currencies`
--

INSERT INTO `currencies` VALUES (1,'US Dollar','USD','$',2,',','.',0,'2021-03-24 22:51:30','2021-03-24 22:51:30'),(2,'British Pound','GBP','£',2,',','.',0,'2021-03-24 22:51:30','2021-03-24 22:51:30'),(3,'Euro','EUR','€',2,'.',',',0,'2021-03-24 22:51:30','2021-03-24 22:51:30'),(4,'South African Rand','ZAR','R',2,'.',',',0,'2021-03-24 22:51:30','2021-03-24 22:51:30'),(5,'Danish Krone','DKK','kr',2,'.',',',1,'2021-03-24 22:51:30','2021-03-24 22:51:30'),(6,'Israeli Shekel','ILS','NIS ',2,',','.',0,'2021-03-24 22:51:30','2021-03-24 22:51:30'),(7,'Swedish Krona','SEK','kr',2,'.',',',1,'2021-03-24 22:51:30','2021-03-24 22:51:30'),(8,'Kenyan Shilling','KES','KSh ',2,',','.',0,'2021-03-24 22:51:30','2021-03-24 22:51:30'),(9,'Kuwaiti Dinar','KWD','KWD ',3,',','.',0,'2021-03-24 22:51:30','2021-03-24 22:51:30'),(10,'Canadian Dollar','CAD','C$',2,',','.',0,'2021-03-24 22:51:30','2021-03-24 22:51:30'),(11,'Philippine Peso','PHP','P ',2,',','.',0,'2021-03-24 22:51:30','2021-03-24 22:51:30'),(12,'Indian Rupee','INR','₹',2,',','.',0,'2021-03-24 22:51:30','2021-03-24 22:51:30'),(13,'Australian Dollar','AUD','$',2,',','.',0,'2021-03-24 22:51:30','2021-03-24 22:51:30'),(14,'Singapore Dollar','SGD','S$',2,',','.',0,'2021-03-24 22:51:30','2021-03-24 22:51:30'),(15,'Norske Kroner','NOK','kr',2,'.',',',1,'2021-03-24 22:51:30','2021-03-24 22:51:30'),(16,'New Zealand Dollar','NZD','$',2,',','.',0,'2021-03-24 22:51:30','2021-03-24 22:51:30'),(17,'Vietnamese Dong','VND','₫',0,'.',',',0,'2021-03-24 22:51:30','2021-03-24 22:51:30'),(18,'Swiss Franc','CHF','Fr.',2,'\'','.',0,'2021-03-24 22:51:30','2021-03-24 22:51:30'),(19,'Guatemalan Quetzal','GTQ','Q',2,',','.',0,'2021-03-24 22:51:30','2021-03-24 22:51:30'),(20,'Malaysian Ringgit','MYR','RM',2,',','.',0,'2021-03-24 22:51:30','2021-03-24 22:51:30'),(21,'Brazilian Real','BRL','R$',2,'.',',',0,'2021-03-24 22:51:30','2021-03-24 22:51:30'),(22,'Thai Baht','THB','฿',2,',','.',0,'2021-03-24 22:51:30','2021-03-24 22:51:30'),(23,'Nigerian Naira','NGN','₦',2,',','.',0,'2021-03-24 22:51:30','2021-03-24 22:51:30'),(24,'Argentine Peso','ARS','$',2,'.',',',0,'2021-03-24 22:51:30','2021-03-24 22:51:30'),(25,'Bangladeshi Taka','BDT','Tk',2,',','.',0,'2021-03-24 22:51:30','2021-03-24 22:51:30'),(26,'United Arab Emirates Dirham','AED','DH ',2,',','.',0,'2021-03-24 22:51:30','2021-03-24 22:51:30'),(27,'Hong Kong Dollar','HKD','HK$',2,',','.',0,'2021-03-24 22:51:30','2021-03-24 22:51:30'),(28,'Indonesian Rupiah','IDR','Rp',2,',','.',0,'2021-03-24 22:51:30','2021-03-24 22:51:30'),(29,'Mexican Peso','MXN','$',2,',','.',0,'2021-03-24 22:51:30','2021-03-24 22:51:30'),(30,'Egyptian Pound','EGP','E£',2,',','.',0,'2021-03-24 22:51:30','2021-03-24 22:51:30'),(31,'Colombian Peso','COP','$',2,'.',',',0,'2021-03-24 22:51:30','2021-03-24 22:51:30'),(32,'West African Franc','XOF','CFA ',2,',','.',0,'2021-03-24 22:51:30','2021-03-24 22:51:30'),(33,'Chinese Renminbi','CNY','RMB ',2,',','.',0,'2021-03-24 22:51:30','2021-03-24 22:51:30'),(34,'Rwandan Franc','RWF','RF ',2,',','.',0,'2021-03-24 22:51:30','2021-03-24 22:51:30'),(35,'Tanzanian Shilling','TZS','TSh ',2,',','.',0,'2021-03-24 22:51:30','2021-03-24 22:51:30'),(36,'Netherlands Antillean Guilder','ANG','NAƒ',2,'.',',',0,'2021-03-24 22:51:30','2021-03-24 22:51:30'),(37,'Trinidad and Tobago Dollar','TTD','TT$',2,',','.',0,'2021-03-24 22:51:30','2021-03-24 22:51:30'),(38,'East Caribbean Dollar','XCD','EC$',2,',','.',0,'2021-03-24 22:51:30','2021-03-24 22:51:30'),(39,'Ghanaian Cedi','GHS','‎GH₵',2,',','.',0,'2021-03-24 22:51:30','2021-03-24 22:51:30'),(40,'Bulgarian Lev','BGN','Лв.',2,' ','.',0,'2021-03-24 22:51:30','2021-03-24 22:51:30'),(41,'Aruban Florin','AWG','Afl. ',2,' ','.',0,'2021-03-24 22:51:30','2021-03-24 22:51:30'),(42,'Turkish Lira','TRY','TL ',2,'.',',',0,'2021-03-24 22:51:30','2021-03-24 22:51:30'),(43,'Romanian New Leu','RON','RON',2,',','.',0,'2021-03-24 22:51:30','2021-03-24 22:51:30'),(44,'Croatian Kuna','HRK','kn',2,'.',',',0,'2021-03-24 22:51:30','2021-03-24 22:51:30'),(45,'Saudi Riyal','SAR','‎SِAR',2,',','.',0,'2021-03-24 22:51:30','2021-03-24 22:51:30'),(46,'Japanese Yen','JPY','¥',0,',','.',0,'2021-03-24 22:51:30','2021-03-24 22:51:30'),(47,'Maldivian Rufiyaa','MVR','Rf',2,',','.',0,'2021-03-24 22:51:30','2021-03-24 22:51:30'),(48,'Costa Rican Colón','CRC','₡',2,',','.',0,'2021-03-24 22:51:30','2021-03-24 22:51:30'),(49,'Pakistani Rupee','PKR','Rs ',0,',','.',0,'2021-03-24 22:51:30','2021-03-24 22:51:30'),(50,'Polish Zloty','PLN','zł',2,' ',',',1,'2021-03-24 22:51:30','2021-03-24 22:51:30'),(51,'Sri Lankan Rupee','LKR','LKR',2,',','.',1,'2021-03-24 22:51:30','2021-03-24 22:51:30'),(52,'Czech Koruna','CZK','Kč',2,' ',',',1,'2021-03-24 22:51:30','2021-03-24 22:51:30'),(53,'Uruguayan Peso','UYU','$',2,'.',',',0,'2021-03-24 22:51:30','2021-03-24 22:51:30'),(54,'Namibian Dollar','NAD','$',2,',','.',0,'2021-03-24 22:51:30','2021-03-24 22:51:30'),(55,'Tunisian Dinar','TND','‎د.ت',2,',','.',0,'2021-03-24 22:51:30','2021-03-24 22:51:30'),(56,'Russian Ruble','RUB','₽',2,',','.',0,'2021-03-24 22:51:30','2021-03-24 22:51:30'),(57,'Mozambican Metical','MZN','MT',2,'.',',',1,'2021-03-24 22:51:30','2021-03-24 22:51:30'),(58,'Omani Rial','OMR','ر.ع.',2,',','.',0,'2021-03-24 22:51:30','2021-03-24 22:51:30'),(59,'Ukrainian Hryvnia','UAH','₴',2,',','.',0,'2021-03-24 22:51:30','2021-03-24 22:51:30'),(60,'Macanese Pataca','MOP','MOP$',2,',','.',0,'2021-03-24 22:51:30','2021-03-24 22:51:30'),(61,'Taiwan New Dollar','TWD','NT$',2,',','.',0,'2021-03-24 22:51:30','2021-03-24 22:51:30'),(62,'Dominican Peso','DOP','RD$',2,',','.',0,'2021-03-24 22:51:30','2021-03-24 22:51:30'),(63,'Chilean Peso','CLP','$',2,'.',',',0,'2021-03-24 22:51:30','2021-03-24 22:51:30'),(64,'Serbian Dinar','RSD','RSD',2,'.',',',0,'2021-03-24 22:51:30','2021-03-24 22:51:30'),(65,'Kyrgyzstani som','KGS','С̲ ',2,'.',',',0,'2021-03-24 22:51:30','2021-03-24 22:51:30'),(66,'Iraqi Dinar','IQD','ع.د',2,',','.',0,'2021-03-24 22:51:30','2021-03-24 22:51:30');

--
-- Table structure for table `custom_field_values`
--

CREATE TABLE `custom_field_values` (
  `id` bigint(20) unsigned NOT NULL AUTO_INCREMENT,
  `custom_field_valuable_type` varchar(255) COLLATE utf8_unicode_ci NOT NULL,
  `custom_field_valuable_id` int(10) unsigned NOT NULL,
  `type` varchar(255) COLLATE utf8_unicode_ci NOT NULL,
  `boolean_answer` tinyint(1) DEFAULT NULL,
  `date_answer` date DEFAULT NULL,
  `time_answer` time DEFAULT NULL,
  `string_answer` text COLLATE utf8_unicode_ci,
  `number_answer` bigint(20) unsigned DEFAULT NULL,
  `date_time_answer` datetime DEFAULT NULL,
  `custom_field_id` bigint(20) unsigned NOT NULL,
  `company_id` int(10) unsigned NOT NULL,
  `created_at` timestamp NULL DEFAULT NULL,
  `updated_at` timestamp NULL DEFAULT NULL,
  PRIMARY KEY (`id`),
  KEY `custom_field_values_custom_field_id_foreign` (`custom_field_id`),
  KEY `custom_field_values_company_id_foreign` (`company_id`),
  CONSTRAINT `custom_field_values_company_id_foreign` FOREIGN KEY (`company_id`) REFERENCES `companies` (`id`),
  CONSTRAINT `custom_field_values_custom_field_id_foreign` FOREIGN KEY (`custom_field_id`) REFERENCES `custom_fields` (`id`)
) ENGINE=InnoDB AUTO_INCREMENT=763 DEFAULT CHARSET=utf8 COLLATE=utf8_unicode_ci;

--
-- Dumping data for table `custom_field_values`
--

INSERT INTO `custom_field_values` VALUES (1,'Crater\\Models\\Customer',1,'Input',NULL,NULL,NULL,'GhhFffcvhh',NULL,NULL,1,1,'2021-03-25 17:19:30','2022-01-14 12:50:59'),(2,'Crater\\Models\\Invoice',2,'Input',NULL,NULL,NULL,'Transport',NULL,NULL,3,1,'2021-06-04 02:21:01','2021-06-04 09:33:16'),(3,'Crater\\Models\\Invoice',2,'Input',NULL,NULL,NULL,'Eway',NULL,NULL,2,1,'2021-06-04 02:21:01','2021-06-04 09:33:16'),(4,'Crater\\Models\\Invoice',3,'Input',NULL,NULL,NULL,NULL,NULL,NULL,3,1,'2021-06-04 06:01:22','2021-06-04 06:01:22'),(5,'Crater\\Models\\Invoice',3,'Input',NULL,NULL,NULL,NULL,NULL,NULL,2,1,'2021-06-04 06:01:22','2021-06-04 06:01:22'),(6,'Crater\\Models\\Customer',2,'Input',NULL,NULL,NULL,'08AAOCS5562N1Z1',NULL,NULL,1,1,'2021-06-04 10:24:26','2022-01-14 12:51:00'),(7,'Crater\\Models\\Invoice',4,'Input',NULL,NULL,NULL,NULL,NULL,NULL,3,1,'2021-06-04 10:26:02','2021-06-04 10:26:02'),(8,'Crater\\Models\\Invoice',4,'Input',NULL,NULL,NULL,NULL,NULL,NULL,2,1,'2021-06-04 10:26:02','2021-06-04 10:26:02'),(9,'Crater\\Models\\Customer',3,'Input',NULL,NULL,NULL,'08aaxfm4323k1zq',NULL,NULL,1,1,'2021-06-04 10:53:26','2022-01-14 12:51:00'),(10,'Crater\\Models\\Customer',4,'Input',NULL,NULL,NULL,'08aaacj3347a1z1',NULL,NULL,1,1,'2021-06-04 10:57:23','2022-01-14 12:51:00'),(11,'Crater\\Models\\Customer',5,'Input',NULL,NULL,NULL,'08aaccc1979r1zx',NULL,NULL,1,1,'2021-06-04 11:00:14','2022-01-14 12:51:00'),(12,'Crater\\Models\\Customer',6,'Input',NULL,NULL,NULL,'08ADCPM1252B1Z5',NULL,NULL,1,1,'2021-06-04 11:02:08','2022-01-14 12:51:00'),(13,'Crater\\Models\\Customer',7,'Input',NULL,NULL,NULL,'08AAOFR0882M1Z1',NULL,NULL,1,1,'2021-06-04 11:03:58','2022-01-14 12:51:00'),(14,'Crater\\Models\\Customer',8,'Input',NULL,NULL,NULL,'08Aaaco0429q1z6',NULL,NULL,1,1,'2021-06-04 11:06:19','2022-01-14 12:51:00'),(15,'Crater\\Models\\Customer',9,'Input',NULL,NULL,NULL,'08Cqups5093R1zc',NULL,NULL,1,1,'2021-06-04 11:09:29','2022-01-14 12:51:00'),(16,'Crater\\Models\\Customer',10,'Input',NULL,NULL,NULL,'08AAFCB1596C1Z1',NULL,NULL,1,1,'2021-06-04 11:11:30','2022-01-14 12:51:00'),(17,'Crater\\Models\\Customer',11,'Input',NULL,NULL,NULL,'08AAhcm0469p1zv',NULL,NULL,1,1,'2021-06-04 11:13:47','2022-01-14 12:51:00'),(18,'Crater\\Models\\Customer',12,'Input',NULL,NULL,NULL,'08Apypc2674m1z5',NULL,NULL,1,1,'2021-06-04 11:15:38','2022-01-14 12:51:00'),(19,'Crater\\Models\\Customer',13,'Input',NULL,NULL,NULL,'08acffs3566e1z0',NULL,NULL,1,1,'2021-06-04 11:19:17','2022-01-14 12:51:00'),(20,'Crater\\Models\\Customer',14,'Input',NULL,NULL,NULL,'08adypt0556f1zz',NULL,NULL,1,1,'2021-06-05 01:02:28','2022-01-14 12:51:00'),(21,'Crater\\Models\\Invoice',5,'Input',NULL,NULL,NULL,NULL,NULL,NULL,3,1,'2021-06-05 06:16:35','2021-06-05 06:16:35'),(22,'Crater\\Models\\Invoice',5,'Input',NULL,NULL,NULL,NULL,NULL,NULL,2,1,'2021-06-05 06:16:35','2021-06-05 06:16:35'),(23,'Crater\\Models\\Invoice',6,'Input',NULL,NULL,NULL,NULL,NULL,NULL,3,1,'2021-06-05 09:17:00','2021-06-05 09:17:00'),(24,'Crater\\Models\\Invoice',6,'Input',NULL,NULL,NULL,NULL,NULL,NULL,2,1,'2021-06-05 09:17:00','2021-06-05 09:17:00'),(25,'Crater\\Models\\Customer',15,'Input',NULL,NULL,NULL,'08acjpt5453f1za',NULL,NULL,1,1,'2021-06-05 09:34:04','2022-01-14 12:51:01'),(26,'Crater\\Models\\Customer',16,'Input',NULL,NULL,NULL,'08aasfg0017h1zh',NULL,NULL,1,1,'2021-06-05 09:52:43','2022-01-14 12:51:01'),(27,'Crater\\Models\\Invoice',7,'Input',NULL,NULL,NULL,NULL,NULL,NULL,3,1,'2021-06-05 09:55:24','2021-06-05 09:55:24'),(28,'Crater\\Models\\Invoice',7,'Input',NULL,NULL,NULL,NULL,NULL,NULL,2,1,'2021-06-05 09:55:24','2021-06-05 09:55:24'),(29,'Crater\\Models\\Invoice',8,'Input',NULL,NULL,NULL,NULL,NULL,NULL,3,1,'2021-06-05 10:12:31','2021-06-05 10:12:31'),(30,'Crater\\Models\\Invoice',8,'Input',NULL,NULL,NULL,NULL,NULL,NULL,2,1,'2021-06-05 10:12:31','2021-06-05 10:12:31'),(31,'Crater\\Models\\Invoice',9,'Input',NULL,NULL,NULL,NULL,NULL,NULL,3,1,'2021-06-05 10:14:44','2021-06-05 10:14:44'),(32,'Crater\\Models\\Invoice',9,'Input',NULL,NULL,NULL,NULL,NULL,NULL,2,1,'2021-06-05 10:14:44','2021-06-05 10:14:44'),(33,'Crater\\Models\\Invoice',10,'Input',NULL,NULL,NULL,NULL,NULL,NULL,3,1,'2021-06-05 10:16:47','2021-06-05 10:16:47'),(34,'Crater\\Models\\Invoice',10,'Input',NULL,NULL,NULL,NULL,NULL,NULL,2,1,'2021-06-05 10:16:47','2021-06-05 10:16:47'),(35,'Crater\\Models\\Invoice',11,'Input',NULL,NULL,NULL,NULL,NULL,NULL,3,1,'2021-06-05 10:51:20','2021-06-05 10:51:20'),(36,'Crater\\Models\\Invoice',11,'Input',NULL,NULL,NULL,NULL,NULL,NULL,2,1,'2021-06-05 10:51:20','2021-06-05 10:51:20'),(37,'Crater\\Models\\Invoice',12,'Input',NULL,NULL,NULL,NULL,NULL,NULL,3,1,'2021-06-05 10:59:48','2021-06-05 10:59:48'),(38,'Crater\\Models\\Invoice',12,'Input',NULL,NULL,NULL,NULL,NULL,NULL,2,1,'2021-06-05 10:59:48','2021-06-05 10:59:48'),(39,'Crater\\Models\\Invoice',13,'Input',NULL,NULL,NULL,NULL,NULL,NULL,3,1,'2021-06-05 11:04:28','2021-06-05 11:04:28'),(40,'Crater\\Models\\Invoice',13,'Input',NULL,NULL,NULL,NULL,NULL,NULL,2,1,'2021-06-05 11:04:28','2021-06-05 11:04:28'),(41,'Crater\\Models\\Invoice',14,'Input',NULL,NULL,NULL,NULL,NULL,NULL,3,1,'2021-06-05 11:08:29','2021-06-05 11:08:29'),(42,'Crater\\Models\\Invoice',14,'Input',NULL,NULL,NULL,NULL,NULL,NULL,2,1,'2021-06-05 11:08:29','2021-06-05 11:08:29'),(43,'Crater\\Models\\Invoice',15,'Input',NULL,NULL,NULL,NULL,NULL,NULL,3,1,'2021-06-05 11:17:05','2021-06-05 11:17:05'),(44,'Crater\\Models\\Invoice',15,'Input',NULL,NULL,NULL,NULL,NULL,NULL,2,1,'2021-06-05 11:17:05','2021-06-05 11:17:05'),(45,'Crater\\Models\\Invoice',16,'Input',NULL,NULL,NULL,NULL,NULL,NULL,3,1,'2021-06-05 11:28:49','2021-06-05 11:28:49'),(46,'Crater\\Models\\Invoice',16,'Input',NULL,NULL,NULL,NULL,NULL,NULL,2,1,'2021-06-05 11:28:49','2021-06-05 11:28:49'),(47,'Crater\\Models\\Customer',17,'Input',NULL,NULL,NULL,'08aaefl3300l1zh',NULL,NULL,1,1,'2021-06-10 05:05:49','2022-01-14 12:51:01'),(48,'Crater\\Models\\Invoice',17,'Input',NULL,NULL,NULL,NULL,NULL,NULL,3,1,'2021-06-10 05:17:46','2021-06-10 05:17:46'),(49,'Crater\\Models\\Invoice',17,'Input',NULL,NULL,NULL,NULL,NULL,NULL,2,1,'2021-06-10 05:17:46','2021-06-10 05:17:46'),(50,'Crater\\Models\\Invoice',18,'Input',NULL,NULL,NULL,NULL,NULL,NULL,3,1,'2021-06-10 05:45:57','2021-06-10 05:45:57'),(51,'Crater\\Models\\Invoice',18,'Input',NULL,NULL,NULL,NULL,NULL,NULL,2,1,'2021-06-10 05:45:57','2021-06-10 05:45:57'),(52,'Crater\\Models\\Customer',18,'Input',NULL,NULL,NULL,'08adcpm1286d1zr',NULL,NULL,1,1,'2021-06-10 05:57:40','2022-01-14 12:51:01'),(53,'Crater\\Models\\Invoice',19,'Input',NULL,NULL,NULL,NULL,NULL,NULL,3,1,'2021-06-10 06:04:21','2021-06-10 06:04:21'),(54,'Crater\\Models\\Invoice',19,'Input',NULL,NULL,NULL,NULL,NULL,NULL,2,1,'2021-06-10 06:04:21','2021-06-10 06:04:21'),(55,'Crater\\Models\\Customer',19,'Input',NULL,NULL,NULL,'08ahcpk8996q1z7',NULL,NULL,1,1,'2021-06-10 07:03:46','2022-01-14 12:51:01'),(56,'Crater\\Models\\Invoice',20,'Input',NULL,NULL,NULL,NULL,NULL,NULL,3,1,'2021-06-10 07:20:36','2021-06-10 07:20:36'),(57,'Crater\\Models\\Invoice',20,'Input',NULL,NULL,NULL,NULL,NULL,NULL,2,1,'2021-06-10 07:20:36','2021-06-10 07:20:36'),(58,'Crater\\Models\\Customer',20,'Input',NULL,NULL,NULL,'08aagft7645a1z6',NULL,NULL,1,1,'2021-06-12 05:09:14','2022-01-14 12:51:01'),(59,'Crater\\Models\\Invoice',21,'Input',NULL,NULL,NULL,NULL,NULL,NULL,3,1,'2021-06-12 05:12:54','2021-06-12 05:12:54'),(60,'Crater\\Models\\Invoice',21,'Input',NULL,NULL,NULL,NULL,NULL,NULL,2,1,'2021-06-12 05:12:54','2021-06-12 05:12:54'),(61,'Crater\\Models\\Customer',21,'Input',NULL,NULL,NULL,'08abbfr6272p1zj',NULL,NULL,1,1,'2021-06-13 11:07:07','2022-01-14 12:51:01'),(62,'Crater\\Models\\Invoice',22,'Input',NULL,NULL,NULL,NULL,NULL,NULL,3,1,'2021-06-13 11:18:43','2021-06-13 11:18:43'),(63,'Crater\\Models\\Invoice',22,'Input',NULL,NULL,NULL,NULL,NULL,NULL,2,1,'2021-06-13 11:18:43','2021-06-13 11:18:43'),(64,'Crater\\Models\\Customer',22,'Input',NULL,NULL,NULL,'08axmpr5547g1zx',NULL,NULL,1,1,'2021-06-14 10:32:14','2022-01-14 12:51:01'),(65,'Crater\\Models\\Invoice',23,'Input',NULL,NULL,NULL,NULL,NULL,NULL,3,1,'2021-06-14 10:33:37','2021-06-14 10:33:37'),(66,'Crater\\Models\\Invoice',23,'Input',NULL,NULL,NULL,NULL,NULL,NULL,2,1,'2021-06-14 10:33:37','2021-06-14 10:33:37'),(67,'Crater\\Models\\Invoice',24,'Input',NULL,NULL,NULL,NULL,NULL,NULL,3,1,'2021-06-16 04:26:16','2021-06-16 04:26:16'),(68,'Crater\\Models\\Invoice',24,'Input',NULL,NULL,NULL,NULL,NULL,NULL,2,1,'2021-06-16 04:26:16','2021-06-16 04:26:16'),(69,'Crater\\Models\\Customer',23,'Input',NULL,NULL,NULL,'08aycpn3085c1zk',NULL,NULL,1,1,'2021-06-16 09:30:24','2022-01-14 12:51:01'),(70,'Crater\\Models\\Invoice',25,'Input',NULL,NULL,NULL,NULL,NULL,NULL,3,1,'2021-06-16 09:43:13','2021-06-16 09:43:13'),(71,'Crater\\Models\\Invoice',25,'Input',NULL,NULL,NULL,NULL,NULL,NULL,2,1,'2021-06-16 09:43:13','2021-06-16 09:43:13'),(72,'Crater\\Models\\Customer',24,'Input',NULL,NULL,NULL,'08AABCA2420N1ZU',NULL,NULL,4,2,'2021-06-18 03:51:17','2022-01-14 12:51:01'),(73,'Crater\\Models\\Invoice',26,'Input',NULL,NULL,NULL,NULL,NULL,NULL,5,2,'2021-06-18 03:56:31','2021-06-18 03:56:31'),(74,'Crater\\Models\\Invoice',27,'Input',NULL,NULL,NULL,NULL,NULL,NULL,5,2,'2021-06-18 04:06:51','2021-06-18 04:06:51'),(75,'Crater\\Models\\Invoice',28,'Input',NULL,NULL,NULL,NULL,NULL,NULL,5,2,'2021-06-18 04:09:31','2021-06-18 04:09:31'),(76,'Crater\\Models\\Invoice',29,'Input',NULL,NULL,NULL,NULL,NULL,NULL,5,2,'2021-06-18 06:23:55','2021-06-18 06:23:55'),(77,'Crater\\Models\\Invoice',29,'Input',NULL,NULL,NULL,NULL,NULL,NULL,6,2,'2021-06-18 07:13:47','2021-06-18 07:13:47'),(78,'Crater\\Models\\Invoice',30,'Input',NULL,NULL,NULL,NULL,NULL,NULL,6,2,'2021-06-18 07:15:04','2021-06-18 07:15:04'),(79,'Crater\\Models\\Invoice',30,'Input',NULL,NULL,NULL,NULL,NULL,NULL,5,2,'2021-06-18 07:15:04','2021-06-18 07:15:04'),(80,'Crater\\Models\\Customer',25,'Input',NULL,NULL,NULL,'08afjpt7161d1z7',NULL,NULL,1,1,'2021-06-19 03:43:18','2022-01-14 12:51:01'),(81,'Crater\\Models\\Invoice',31,'Input',NULL,NULL,NULL,NULL,NULL,NULL,3,1,'2021-06-19 07:13:35','2021-06-19 07:13:35'),(82,'Crater\\Models\\Invoice',31,'Input',NULL,NULL,NULL,NULL,NULL,NULL,2,1,'2021-06-19 07:13:35','2021-06-19 07:13:35'),(83,'Crater\\Models\\Customer',26,'Input',NULL,NULL,NULL,'08achfs6434m1zk',NULL,NULL,1,1,'2021-06-20 09:03:30','2022-01-14 12:51:01'),(84,'Crater\\Models\\Invoice',32,'Input',NULL,NULL,NULL,NULL,NULL,NULL,3,1,'2021-06-20 09:07:03','2021-06-20 09:07:03'),(85,'Crater\\Models\\Invoice',32,'Input',NULL,NULL,NULL,NULL,NULL,NULL,2,1,'2021-06-20 09:07:03','2021-06-20 09:07:03'),(86,'Crater\\Models\\Customer',27,'Input',NULL,NULL,NULL,'08aadcp9656r1zd',NULL,NULL,1,1,'2021-06-20 10:48:40','2022-01-14 12:51:01'),(87,'Crater\\Models\\Invoice',33,'Input',NULL,NULL,NULL,NULL,NULL,NULL,3,1,'2021-06-20 10:50:26','2021-06-20 10:50:26'),(88,'Crater\\Models\\Invoice',33,'Input',NULL,NULL,NULL,NULL,NULL,NULL,2,1,'2021-06-20 10:50:26','2021-06-20 10:50:26'),(89,'Crater\\Models\\Customer',28,'Input',NULL,NULL,NULL,'08lfbps1408f1zf',NULL,NULL,1,1,'2021-06-24 08:38:34','2022-01-14 12:51:02'),(90,'Crater\\Models\\Invoice',34,'Input',NULL,NULL,NULL,NULL,NULL,NULL,3,1,'2021-06-24 08:43:24','2021-06-24 08:43:24'),(91,'Crater\\Models\\Invoice',34,'Input',NULL,NULL,NULL,NULL,NULL,NULL,2,1,'2021-06-24 08:43:24','2021-06-24 08:43:24'),(92,'Crater\\Models\\Invoice',35,'Input',NULL,NULL,NULL,NULL,NULL,NULL,3,1,'2021-06-25 01:58:14','2021-06-25 01:58:14'),(93,'Crater\\Models\\Invoice',35,'Input',NULL,NULL,NULL,NULL,NULL,NULL,2,1,'2021-06-25 01:58:14','2021-06-25 01:58:14'),(94,'Crater\\Models\\Customer',29,'Input',NULL,NULL,NULL,'08bjdps3392c1z5',NULL,NULL,1,1,'2021-06-28 06:32:58','2022-01-14 12:51:02'),(95,'Crater\\Models\\Invoice',36,'Input',NULL,NULL,NULL,NULL,NULL,NULL,3,1,'2021-06-28 06:35:09','2021-06-28 06:35:09'),(96,'Crater\\Models\\Invoice',36,'Input',NULL,NULL,NULL,NULL,NULL,NULL,2,1,'2021-06-28 06:35:09','2021-06-28 06:35:09'),(97,'Crater\\Models\\Customer',30,'Input',NULL,NULL,NULL,'08acapb8252b2z5',NULL,NULL,1,1,'2021-06-28 10:32:25','2022-01-14 12:51:02'),(98,'Crater\\Models\\Invoice',37,'Input',NULL,NULL,NULL,NULL,NULL,NULL,3,1,'2021-06-28 10:37:43','2021-06-28 10:37:43'),(99,'Crater\\Models\\Invoice',37,'Input',NULL,NULL,NULL,NULL,NULL,NULL,2,1,'2021-06-28 10:37:43','2021-06-28 10:37:43'),(100,'Crater\\Models\\Invoice',38,'Input',NULL,NULL,NULL,NULL,NULL,NULL,3,1,'2021-06-29 04:24:12','2021-06-29 04:24:12'),(101,'Crater\\Models\\Invoice',38,'Input',NULL,NULL,NULL,NULL,NULL,NULL,2,1,'2021-06-29 04:24:12','2021-06-29 04:24:12'),(102,'Crater\\Models\\Customer',31,'Input',NULL,NULL,NULL,'08AJQPG6747H1ZQ',NULL,NULL,4,2,'2021-06-29 07:20:37','2022-01-14 12:51:02'),(103,'Crater\\Models\\Invoice',39,'Input',NULL,NULL,NULL,NULL,NULL,NULL,6,2,'2021-06-29 07:22:37','2021-06-29 07:22:37'),(104,'Crater\\Models\\Invoice',39,'Input',NULL,NULL,NULL,NULL,NULL,NULL,5,2,'2021-06-29 07:22:37','2021-06-29 07:22:37'),(105,'Crater\\Models\\Invoice',40,'Input',NULL,NULL,NULL,NULL,NULL,NULL,3,1,'2021-07-03 03:25:25','2021-07-03 03:25:25'),(106,'Crater\\Models\\Invoice',40,'Input',NULL,NULL,NULL,NULL,NULL,NULL,2,1,'2021-07-03 03:25:25','2021-07-03 03:25:25'),(107,'Crater\\Models\\Customer',32,'Input',NULL,NULL,NULL,'08AAFCS5548D1ZA',NULL,NULL,4,2,'2021-07-06 08:39:02','2022-01-14 12:51:02'),(108,'Crater\\Models\\Customer',33,'Input',NULL,NULL,NULL,'08AABCM0877H1ZE',NULL,NULL,4,2,'2021-07-06 08:44:13','2022-01-14 12:51:02'),(109,'Crater\\Models\\Customer',34,'Input',NULL,NULL,NULL,'08AAHCS6029H1Z6',NULL,NULL,4,2,'2021-07-06 08:51:41','2022-01-14 12:51:02'),(110,'Crater\\Models\\Invoice',41,'Input',NULL,NULL,NULL,NULL,NULL,NULL,6,2,'2021-07-06 08:54:21','2021-07-06 08:54:21'),(111,'Crater\\Models\\Invoice',41,'Input',NULL,NULL,NULL,NULL,NULL,NULL,5,2,'2021-07-06 08:54:21','2021-07-06 08:54:21'),(112,'Crater\\Models\\Invoice',42,'Input',NULL,NULL,NULL,NULL,NULL,NULL,6,2,'2021-07-06 11:36:01','2021-07-06 11:36:01'),(113,'Crater\\Models\\Invoice',42,'Input',NULL,NULL,NULL,NULL,NULL,NULL,5,2,'2021-07-06 11:36:01','2021-07-06 11:36:01'),(114,'Crater\\Models\\Invoice',43,'Input',NULL,NULL,NULL,NULL,NULL,NULL,6,2,'2021-07-06 11:37:05','2021-07-06 11:37:05'),(115,'Crater\\Models\\Invoice',43,'Input',NULL,NULL,NULL,NULL,NULL,NULL,5,2,'2021-07-06 11:37:05','2021-07-06 11:37:05'),(116,'Crater\\Models\\Invoice',44,'Input',NULL,NULL,NULL,NULL,NULL,NULL,3,1,'2021-07-07 12:45:06','2021-07-07 12:45:06'),(117,'Crater\\Models\\Invoice',44,'Input',NULL,NULL,NULL,NULL,NULL,NULL,2,1,'2021-07-07 12:45:06','2021-07-07 12:45:06'),(118,'Crater\\Models\\Customer',35,'Input',NULL,NULL,NULL,'08aftpr8627l1zd',NULL,NULL,1,1,'2021-07-08 09:25:49','2022-01-14 12:51:02'),(119,'Crater\\Models\\Invoice',45,'Input',NULL,NULL,NULL,NULL,NULL,NULL,3,1,'2021-07-08 10:57:29','2021-07-08 10:57:29'),(120,'Crater\\Models\\Invoice',45,'Input',NULL,NULL,NULL,NULL,NULL,NULL,2,1,'2021-07-08 10:57:29','2021-07-08 10:57:29'),(121,'Crater\\Models\\Invoice',46,'Input',NULL,NULL,NULL,NULL,NULL,NULL,3,1,'2021-07-11 02:13:05','2021-07-11 02:13:05'),(122,'Crater\\Models\\Invoice',46,'Input',NULL,NULL,NULL,NULL,NULL,NULL,2,1,'2021-07-11 02:13:05','2021-07-11 02:13:05'),(123,'Crater\\Models\\Invoice',47,'Input',NULL,NULL,NULL,NULL,NULL,NULL,3,1,'2021-07-13 05:01:32','2021-07-13 05:01:32'),(124,'Crater\\Models\\Invoice',47,'Input',NULL,NULL,NULL,NULL,NULL,NULL,2,1,'2021-07-13 05:01:32','2021-07-13 05:01:32'),(125,'Crater\\Models\\Invoice',48,'Input',NULL,NULL,NULL,NULL,NULL,NULL,3,1,'2021-07-14 02:25:44','2021-07-14 02:25:44'),(126,'Crater\\Models\\Invoice',48,'Input',NULL,NULL,NULL,NULL,NULL,NULL,2,1,'2021-07-14 02:25:44','2021-07-14 02:25:44'),(127,'Crater\\Models\\Invoice',49,'Input',NULL,NULL,NULL,NULL,NULL,NULL,3,1,'2021-07-14 02:29:51','2021-07-14 02:29:51'),(128,'Crater\\Models\\Invoice',49,'Input',NULL,NULL,NULL,NULL,NULL,NULL,2,1,'2021-07-14 02:29:51','2021-07-14 02:29:51'),(129,'Crater\\Models\\Customer',36,'Input',NULL,NULL,NULL,'08abwfs9536l1z0',NULL,NULL,1,1,'2021-07-14 11:33:52','2022-01-14 12:51:02'),(130,'Crater\\Models\\Invoice',50,'Input',NULL,NULL,NULL,NULL,NULL,NULL,3,1,'2021-07-14 11:34:25','2021-07-14 11:34:25'),(131,'Crater\\Models\\Invoice',50,'Input',NULL,NULL,NULL,NULL,NULL,NULL,2,1,'2021-07-14 11:34:25','2021-07-14 11:34:25'),(132,'Crater\\Models\\Customer',37,'Input',NULL,NULL,NULL,'08aapfb6159a1zg',NULL,NULL,1,1,'2021-07-16 08:17:10','2022-01-14 12:51:02'),(133,'Crater\\Models\\Invoice',51,'Input',NULL,NULL,NULL,NULL,NULL,NULL,3,1,'2021-07-16 08:29:31','2021-07-16 08:29:31'),(134,'Crater\\Models\\Invoice',51,'Input',NULL,NULL,NULL,NULL,NULL,NULL,2,1,'2021-07-16 08:29:31','2021-07-16 08:29:31'),(135,'Crater\\Models\\Invoice',52,'Input',NULL,NULL,NULL,'Rj-30-pa-3596',NULL,NULL,3,1,'2021-07-25 06:12:55','2021-07-25 06:22:00'),(136,'Crater\\Models\\Invoice',52,'Input',NULL,NULL,NULL,NULL,NULL,NULL,2,1,'2021-07-25 06:12:55','2021-07-25 06:12:55'),(137,'Crater\\Models\\Customer',38,'Input',NULL,NULL,NULL,'08AABCP2184N1Z2',NULL,NULL,4,2,'2021-07-26 08:32:21','2022-01-14 12:51:02'),(138,'Crater\\Models\\Customer',39,'Input',NULL,NULL,NULL,'08AABCS9149Q1ZI',NULL,NULL,4,2,'2021-07-28 11:59:36','2022-01-14 12:51:02'),(139,'Crater\\Models\\Customer',40,'Input',NULL,NULL,NULL,'08AABCM6221H1ZO',NULL,NULL,4,2,'2021-07-28 12:01:53','2022-01-14 12:51:02'),(140,'Crater\\Models\\Customer',41,'Input',NULL,NULL,NULL,'08ABDCS9609Q1ZH',NULL,NULL,4,2,'2021-07-28 12:04:48','2022-01-14 12:51:03'),(141,'Crater\\Models\\Invoice',53,'Input',NULL,NULL,NULL,NULL,NULL,NULL,6,2,'2021-07-29 11:48:20','2021-07-29 11:48:20'),(142,'Crater\\Models\\Invoice',53,'Input',NULL,NULL,NULL,NULL,NULL,NULL,5,2,'2021-07-29 11:48:20','2021-07-29 11:48:20'),(143,'Crater\\Models\\Invoice',54,'Input',NULL,NULL,NULL,NULL,NULL,NULL,3,1,'2021-07-30 05:00:01','2021-07-30 05:00:01'),(144,'Crater\\Models\\Invoice',54,'Input',NULL,NULL,NULL,NULL,NULL,NULL,2,1,'2021-07-30 05:00:01','2021-07-30 05:00:01'),(145,'Crater\\Models\\Invoice',55,'Input',NULL,NULL,NULL,NULL,NULL,NULL,6,2,'2021-07-30 05:27:59','2021-07-30 05:27:59'),(146,'Crater\\Models\\Invoice',55,'Input',NULL,NULL,NULL,NULL,NULL,NULL,5,2,'2021-07-30 05:27:59','2021-07-30 05:27:59'),(147,'Crater\\Models\\Invoice',56,'Input',NULL,NULL,NULL,NULL,NULL,NULL,6,2,'2021-07-30 05:29:15','2021-07-30 05:29:15'),(148,'Crater\\Models\\Invoice',56,'Input',NULL,NULL,NULL,NULL,NULL,NULL,5,2,'2021-07-30 05:29:15','2021-07-30 05:29:15'),(149,'Crater\\Models\\Invoice',57,'Input',NULL,NULL,NULL,NULL,NULL,NULL,6,2,'2021-07-30 05:32:15','2021-07-30 05:32:15'),(150,'Crater\\Models\\Invoice',57,'Input',NULL,NULL,NULL,NULL,NULL,NULL,5,2,'2021-07-30 05:32:15','2021-07-30 05:32:15'),(151,'Crater\\Models\\Customer',42,'Input',NULL,NULL,NULL,'08AAACS1104Q1ZC',NULL,NULL,4,2,'2021-07-30 05:40:05','2022-01-14 12:51:03'),(152,'Crater\\Models\\Customer',43,'Input',NULL,NULL,NULL,'08AAACR9846A1ZD',NULL,NULL,4,2,'2021-07-30 05:42:04','2022-01-14 12:51:03'),(153,'Crater\\Models\\Invoice',58,'Input',NULL,NULL,NULL,NULL,NULL,NULL,6,2,'2021-07-30 05:43:29','2021-07-30 05:43:29'),(154,'Crater\\Models\\Invoice',58,'Input',NULL,NULL,NULL,NULL,NULL,NULL,5,2,'2021-07-30 05:43:29','2021-07-30 05:43:29'),(155,'Crater\\Models\\Invoice',59,'Input',NULL,NULL,NULL,NULL,NULL,NULL,6,2,'2021-07-30 05:49:40','2021-07-30 05:49:40'),(156,'Crater\\Models\\Invoice',59,'Input',NULL,NULL,NULL,NULL,NULL,NULL,5,2,'2021-07-30 05:49:40','2021-07-30 05:49:40'),(157,'Crater\\Models\\Customer',44,'Input',NULL,NULL,NULL,'08AACCK6751H1ZE',NULL,NULL,4,2,'2021-07-30 05:53:50','2022-01-14 12:51:03'),(158,'Crater\\Models\\Invoice',60,'Input',NULL,NULL,NULL,NULL,NULL,NULL,6,2,'2021-07-30 05:54:54','2021-07-30 05:54:54'),(159,'Crater\\Models\\Invoice',60,'Input',NULL,NULL,NULL,NULL,NULL,NULL,5,2,'2021-07-30 05:54:54','2021-07-30 05:54:54'),(160,'Crater\\Models\\Customer',45,'Input',NULL,NULL,NULL,'08ACHFS6434M1ZK',NULL,NULL,4,2,'2021-07-30 06:26:46','2022-01-14 12:51:03'),(161,'Crater\\Models\\Invoice',61,'Input',NULL,NULL,NULL,NULL,NULL,NULL,6,2,'2021-07-30 06:29:30','2021-07-30 06:29:30'),(162,'Crater\\Models\\Invoice',61,'Input',NULL,NULL,NULL,NULL,NULL,NULL,5,2,'2021-07-30 06:29:30','2021-07-30 06:29:30'),(163,'Crater\\Models\\Customer',46,'Input',NULL,NULL,NULL,'08adofs1623c1z7',NULL,NULL,1,1,'2021-08-02 09:38:42','2022-01-14 12:51:03'),(164,'Crater\\Models\\Invoice',62,'Input',NULL,NULL,NULL,NULL,NULL,NULL,3,1,'2021-08-02 12:16:32','2021-08-02 12:16:32'),(165,'Crater\\Models\\Invoice',62,'Input',NULL,NULL,NULL,NULL,NULL,NULL,2,1,'2021-08-02 12:16:32','2021-08-02 12:16:32'),(166,'Crater\\Models\\Invoice',63,'Input',NULL,NULL,NULL,NULL,NULL,NULL,3,1,'2021-08-03 08:55:21','2021-08-03 08:55:21'),(167,'Crater\\Models\\Invoice',63,'Input',NULL,NULL,NULL,NULL,NULL,NULL,2,1,'2021-08-03 08:55:21','2021-08-03 08:55:21'),(168,'Crater\\Models\\Invoice',64,'Input',NULL,NULL,NULL,NULL,NULL,NULL,3,1,'2021-08-03 09:51:56','2021-08-03 09:51:56'),(169,'Crater\\Models\\Invoice',64,'Input',NULL,NULL,NULL,NULL,NULL,NULL,2,1,'2021-08-03 09:51:56','2021-08-03 09:51:56'),(170,'Crater\\Models\\Invoice',65,'Input',NULL,NULL,NULL,NULL,NULL,NULL,3,1,'2021-08-03 09:59:31','2021-08-03 09:59:31'),(171,'Crater\\Models\\Invoice',65,'Input',NULL,NULL,NULL,NULL,NULL,NULL,2,1,'2021-08-03 09:59:31','2021-08-03 09:59:31'),(172,'Crater\\Models\\Invoice',66,'Input',NULL,NULL,NULL,NULL,NULL,NULL,3,1,'2021-08-03 11:05:48','2021-08-03 11:05:48'),(173,'Crater\\Models\\Invoice',66,'Input',NULL,NULL,NULL,NULL,NULL,NULL,2,1,'2021-08-03 11:05:48','2021-08-03 11:05:48'),(174,'Crater\\Models\\Customer',47,'Input',NULL,NULL,NULL,'08ahwpm0719p1zi',NULL,NULL,1,1,'2021-08-06 08:40:43','2022-01-14 12:51:03'),(175,'Crater\\Models\\Invoice',67,'Input',NULL,NULL,NULL,NULL,NULL,NULL,3,1,'2021-08-06 08:43:41','2021-08-06 08:43:41'),(176,'Crater\\Models\\Invoice',67,'Input',NULL,NULL,NULL,NULL,NULL,NULL,2,1,'2021-08-06 08:43:41','2021-08-06 08:43:41'),(177,'Crater\\Models\\Invoice',68,'Input',NULL,NULL,NULL,NULL,NULL,NULL,3,1,'2021-08-11 06:45:00','2021-08-11 06:45:00'),(178,'Crater\\Models\\Invoice',68,'Input',NULL,NULL,NULL,NULL,NULL,NULL,2,1,'2021-08-11 06:45:00','2021-08-11 06:45:00'),(179,'Crater\\Models\\Invoice',69,'Input',NULL,NULL,NULL,NULL,NULL,NULL,3,1,'2021-08-13 09:03:22','2021-08-13 09:03:22'),(180,'Crater\\Models\\Invoice',69,'Input',NULL,NULL,NULL,NULL,NULL,NULL,2,1,'2021-08-13 09:03:22','2021-08-13 09:03:22'),(181,'Crater\\Models\\Invoice',70,'Input',NULL,NULL,NULL,NULL,NULL,NULL,3,1,'2021-08-25 07:46:45','2021-08-25 07:46:45'),(182,'Crater\\Models\\Invoice',70,'Input',NULL,NULL,NULL,NULL,NULL,NULL,2,1,'2021-08-25 07:46:45','2021-08-25 07:46:45'),(183,'Crater\\Models\\Invoice',71,'Input',NULL,NULL,NULL,NULL,NULL,NULL,3,1,'2021-08-27 08:37:21','2021-08-27 08:37:21'),(184,'Crater\\Models\\Invoice',71,'Input',NULL,NULL,NULL,NULL,NULL,NULL,2,1,'2021-08-27 08:37:21','2021-08-27 08:37:21'),(185,'Crater\\Models\\Invoice',72,'Input',NULL,NULL,NULL,NULL,NULL,NULL,3,1,'2021-08-27 08:49:55','2021-08-27 08:49:55'),(186,'Crater\\Models\\Invoice',72,'Input',NULL,NULL,NULL,NULL,NULL,NULL,2,1,'2021-08-27 08:49:55','2021-08-27 08:49:55'),(187,'Crater\\Models\\Customer',48,'Input',NULL,NULL,NULL,'08aqypt6774E1zu',NULL,NULL,1,1,'2021-08-29 10:32:09','2022-01-14 12:51:03'),(188,'Crater\\Models\\Invoice',73,'Input',NULL,NULL,NULL,NULL,NULL,NULL,3,1,'2021-08-29 10:35:35','2021-08-29 10:35:35'),(189,'Crater\\Models\\Invoice',73,'Input',NULL,NULL,NULL,NULL,NULL,NULL,2,1,'2021-08-29 10:35:35','2021-08-29 10:35:35'),(190,'Crater\\Models\\Invoice',74,'Input',NULL,NULL,NULL,NULL,NULL,NULL,3,1,'2021-08-30 05:31:50','2021-08-30 05:31:50'),(191,'Crater\\Models\\Invoice',74,'Input',NULL,NULL,NULL,NULL,NULL,NULL,2,1,'2021-08-30 05:31:50','2021-08-30 05:31:50'),(192,'Crater\\Models\\Customer',49,'Input',NULL,NULL,NULL,'08aaucs8961m1z5',NULL,NULL,1,1,'2021-09-01 02:31:03','2022-01-14 12:51:03'),(193,'Crater\\Models\\Invoice',75,'Input',NULL,NULL,NULL,NULL,NULL,NULL,3,1,'2021-09-01 02:34:56','2021-09-01 02:34:56'),(194,'Crater\\Models\\Invoice',75,'Input',NULL,NULL,NULL,NULL,NULL,NULL,2,1,'2021-09-01 02:34:56','2021-09-01 02:34:56'),(195,'Crater\\Models\\Invoice',76,'Input',NULL,NULL,NULL,NULL,NULL,NULL,3,1,'2021-09-01 02:41:47','2021-09-01 02:41:47'),(196,'Crater\\Models\\Invoice',76,'Input',NULL,NULL,NULL,NULL,NULL,NULL,2,1,'2021-09-01 02:41:47','2021-09-01 02:41:47'),(197,'Crater\\Models\\Customer',50,'Input',NULL,NULL,NULL,'08aaofk7325c1za',NULL,NULL,1,1,'2021-09-02 12:07:37','2022-01-14 12:51:03'),(198,'Crater\\Models\\Invoice',77,'Input',NULL,NULL,NULL,NULL,NULL,NULL,3,1,'2021-09-02 12:13:07','2021-09-02 12:13:07'),(199,'Crater\\Models\\Invoice',77,'Input',NULL,NULL,NULL,NULL,NULL,NULL,2,1,'2021-09-02 12:13:07','2021-09-02 12:13:07'),(200,'Crater\\Models\\Invoice',78,'Input',NULL,NULL,NULL,NULL,NULL,NULL,3,1,'2021-09-02 12:24:42','2021-09-02 12:24:42'),(201,'Crater\\Models\\Invoice',78,'Input',NULL,NULL,NULL,NULL,NULL,NULL,2,1,'2021-09-02 12:24:42','2021-09-02 12:24:42'),(202,'Crater\\Models\\Customer',51,'Input',NULL,NULL,NULL,'08aahcm3593j1z0',NULL,NULL,1,1,'2021-09-04 04:41:14','2022-01-14 12:51:03'),(203,'Crater\\Models\\Invoice',79,'Input',NULL,NULL,NULL,NULL,NULL,NULL,3,1,'2021-09-04 04:46:11','2021-09-04 04:46:11'),(204,'Crater\\Models\\Invoice',79,'Input',NULL,NULL,NULL,NULL,NULL,NULL,2,1,'2021-09-04 04:46:11','2021-09-04 04:46:11'),(205,'Crater\\Models\\Invoice',80,'Input',NULL,NULL,NULL,NULL,NULL,NULL,3,1,'2021-09-04 10:05:57','2021-09-04 10:05:57'),(206,'Crater\\Models\\Invoice',80,'Input',NULL,NULL,NULL,NULL,NULL,NULL,2,1,'2021-09-04 10:05:57','2021-09-04 10:05:57'),(207,'Crater\\Models\\Invoice',81,'Input',NULL,NULL,NULL,NULL,NULL,NULL,3,1,'2021-09-05 01:52:28','2021-09-05 01:52:28'),(208,'Crater\\Models\\Invoice',81,'Input',NULL,NULL,NULL,NULL,NULL,NULL,2,1,'2021-09-05 01:52:28','2021-09-05 01:52:28'),(209,'Crater\\Models\\Invoice',82,'Input',NULL,NULL,NULL,NULL,NULL,NULL,3,1,'2021-09-05 02:23:47','2021-09-05 02:23:47'),(210,'Crater\\Models\\Invoice',82,'Input',NULL,NULL,NULL,NULL,NULL,NULL,2,1,'2021-09-05 02:23:47','2021-09-05 02:23:47'),(211,'Crater\\Models\\Invoice',83,'Input',NULL,NULL,NULL,NULL,NULL,NULL,3,1,'2021-09-05 02:31:07','2021-09-05 02:31:07'),(212,'Crater\\Models\\Invoice',83,'Input',NULL,NULL,NULL,NULL,NULL,NULL,2,1,'2021-09-05 02:31:07','2021-09-05 02:31:07'),(213,'Crater\\Models\\Invoice',84,'Input',NULL,NULL,NULL,NULL,NULL,NULL,3,1,'2021-09-05 02:42:26','2021-09-05 02:42:26'),(214,'Crater\\Models\\Invoice',84,'Input',NULL,NULL,NULL,NULL,NULL,NULL,2,1,'2021-09-05 02:42:26','2021-09-05 02:42:26'),(215,'Crater\\Models\\Invoice',85,'Input',NULL,NULL,NULL,NULL,NULL,NULL,3,1,'2021-09-05 02:50:53','2021-09-05 02:50:53'),(216,'Crater\\Models\\Invoice',85,'Input',NULL,NULL,NULL,NULL,NULL,NULL,2,1,'2021-09-05 02:50:53','2021-09-05 02:50:53'),(217,'Crater\\Models\\Invoice',86,'Input',NULL,NULL,NULL,NULL,NULL,NULL,3,1,'2021-09-05 02:57:33','2021-09-05 02:57:33'),(218,'Crater\\Models\\Invoice',86,'Input',NULL,NULL,NULL,NULL,NULL,NULL,2,1,'2021-09-05 02:57:33','2021-09-05 02:57:33'),(219,'Crater\\Models\\Invoice',87,'Input',NULL,NULL,NULL,NULL,NULL,NULL,6,2,'2021-09-05 10:55:56','2021-09-05 10:55:56'),(220,'Crater\\Models\\Invoice',87,'Input',NULL,NULL,NULL,NULL,NULL,NULL,5,2,'2021-09-05 10:55:56','2021-09-05 10:55:56'),(221,'Crater\\Models\\Invoice',88,'Input',NULL,NULL,NULL,NULL,NULL,NULL,6,2,'2021-09-05 10:56:57','2021-09-05 10:56:57'),(222,'Crater\\Models\\Invoice',88,'Input',NULL,NULL,NULL,NULL,NULL,NULL,5,2,'2021-09-05 10:56:57','2021-09-05 10:56:57'),(223,'Crater\\Models\\Customer',52,'Input',NULL,NULL,NULL,'08AHYPB1702F1ZJ',NULL,NULL,4,2,'2021-09-05 11:22:32','2022-01-14 12:51:03'),(224,'Crater\\Models\\Invoice',89,'Input',NULL,NULL,NULL,NULL,NULL,NULL,6,2,'2021-09-05 11:24:22','2021-09-05 11:24:22'),(225,'Crater\\Models\\Invoice',89,'Input',NULL,NULL,NULL,NULL,NULL,NULL,5,2,'2021-09-05 11:24:22','2021-09-05 11:24:22'),(226,'Crater\\Models\\Customer',53,'Input',NULL,NULL,NULL,'08AHZPS9187Q1ZJ',NULL,NULL,4,2,'2021-09-05 11:31:23','2022-01-14 12:51:03'),(227,'Crater\\Models\\Invoice',90,'Input',NULL,NULL,NULL,NULL,NULL,NULL,6,2,'2021-09-05 11:35:35','2021-09-05 11:35:35'),(228,'Crater\\Models\\Invoice',90,'Input',NULL,NULL,NULL,NULL,NULL,NULL,5,2,'2021-09-05 11:35:35','2021-09-05 11:35:35'),(229,'Crater\\Models\\Invoice',91,'Input',NULL,NULL,NULL,NULL,NULL,NULL,3,1,'2021-09-06 02:17:15','2021-09-06 02:17:15'),(230,'Crater\\Models\\Invoice',91,'Input',NULL,NULL,NULL,NULL,NULL,NULL,2,1,'2021-09-06 02:17:15','2021-09-06 02:17:15'),(231,'Crater\\Models\\Customer',54,'Input',NULL,NULL,NULL,'08aflpb8354a1z0',NULL,NULL,1,1,'2021-09-06 02:26:40','2022-01-14 12:51:03'),(232,'Crater\\Models\\Invoice',92,'Input',NULL,NULL,NULL,NULL,NULL,NULL,3,1,'2021-09-06 03:13:28','2021-09-06 03:13:28'),(233,'Crater\\Models\\Invoice',92,'Input',NULL,NULL,NULL,NULL,NULL,NULL,2,1,'2021-09-06 03:13:28','2021-09-06 03:13:28'),(234,'Crater\\Models\\Invoice',93,'Input',NULL,NULL,NULL,NULL,NULL,NULL,3,1,'2021-09-08 11:07:45','2021-09-08 11:07:45'),(235,'Crater\\Models\\Invoice',93,'Input',NULL,NULL,NULL,NULL,NULL,NULL,2,1,'2021-09-08 11:07:45','2021-09-08 11:07:45'),(236,'Crater\\Models\\Customer',55,'Input',NULL,NULL,NULL,'08babpk5747a1zz',NULL,NULL,1,1,'2021-09-09 05:25:11','2022-01-14 12:51:04'),(237,'Crater\\Models\\Invoice',94,'Input',NULL,NULL,NULL,NULL,NULL,NULL,3,1,'2021-09-09 05:33:07','2021-09-09 05:33:07'),(238,'Crater\\Models\\Invoice',94,'Input',NULL,NULL,NULL,NULL,NULL,NULL,2,1,'2021-09-09 05:33:07','2021-09-09 05:33:07'),(239,'Crater\\Models\\Customer',56,'Input',NULL,NULL,NULL,'08abpfm4704p1zl',NULL,NULL,1,1,'2021-09-09 05:39:15','2022-01-14 12:51:04'),(240,'Crater\\Models\\Invoice',95,'Input',NULL,NULL,NULL,NULL,NULL,NULL,3,1,'2021-09-09 05:46:45','2021-09-09 05:46:45'),(241,'Crater\\Models\\Invoice',95,'Input',NULL,NULL,NULL,NULL,NULL,NULL,2,1,'2021-09-09 05:46:45','2021-09-09 05:46:45'),(242,'Crater\\Models\\Invoice',96,'Input',NULL,NULL,NULL,NULL,NULL,NULL,3,1,'2021-09-09 06:37:44','2021-09-09 06:37:44'),(243,'Crater\\Models\\Invoice',96,'Input',NULL,NULL,NULL,NULL,NULL,NULL,2,1,'2021-09-09 06:37:44','2021-09-09 06:37:44'),(244,'Crater\\Models\\Invoice',97,'Input',NULL,NULL,NULL,NULL,NULL,NULL,3,1,'2021-09-14 04:06:21','2021-09-14 04:06:21'),(245,'Crater\\Models\\Invoice',97,'Input',NULL,NULL,NULL,NULL,NULL,NULL,2,1,'2021-09-14 04:06:21','2021-09-14 04:06:21'),(246,'Crater\\Models\\Invoice',98,'Input',NULL,NULL,NULL,NULL,NULL,NULL,3,1,'2021-09-14 10:00:39','2021-09-14 10:00:39'),(247,'Crater\\Models\\Invoice',98,'Input',NULL,NULL,NULL,NULL,NULL,NULL,2,1,'2021-09-14 10:00:39','2021-09-14 10:00:39'),(248,'Crater\\Models\\Invoice',99,'Input',NULL,NULL,NULL,NULL,NULL,NULL,3,1,'2021-09-15 10:30:11','2021-09-15 10:30:11'),(249,'Crater\\Models\\Invoice',99,'Input',NULL,NULL,NULL,NULL,NULL,NULL,2,1,'2021-09-15 10:30:11','2021-09-15 10:30:11'),(250,'Crater\\Models\\Invoice',100,'Input',NULL,NULL,NULL,NULL,NULL,NULL,3,1,'2021-09-17 02:32:17','2021-09-17 02:32:17'),(251,'Crater\\Models\\Invoice',100,'Input',NULL,NULL,NULL,NULL,NULL,NULL,2,1,'2021-09-17 02:32:17','2021-09-17 02:32:17'),(252,'Crater\\Models\\Invoice',101,'Input',NULL,NULL,NULL,NULL,NULL,NULL,3,1,'2021-09-17 02:45:21','2021-09-17 02:45:21'),(253,'Crater\\Models\\Invoice',101,'Input',NULL,NULL,NULL,NULL,NULL,NULL,2,1,'2021-09-17 02:45:21','2021-09-17 02:45:21'),(254,'Crater\\Models\\Customer',57,'Input',NULL,NULL,NULL,'08anypt9406e1z9',NULL,NULL,1,1,'2021-09-18 05:11:59','2022-01-14 12:51:04'),(255,'Crater\\Models\\Invoice',102,'Input',NULL,NULL,NULL,NULL,NULL,NULL,3,1,'2021-09-18 05:16:48','2021-09-18 05:16:48'),(256,'Crater\\Models\\Invoice',102,'Input',NULL,NULL,NULL,NULL,NULL,NULL,2,1,'2021-09-18 05:16:48','2021-09-18 05:16:48'),(257,'Crater\\Models\\Customer',58,'Input',NULL,NULL,NULL,'08ayfpt0673f1z9',NULL,NULL,1,1,'2021-09-20 05:51:15','2022-01-14 12:51:04'),(258,'Crater\\Models\\Invoice',103,'Input',NULL,NULL,NULL,NULL,NULL,NULL,3,1,'2021-09-20 05:54:25','2021-09-20 05:54:25'),(259,'Crater\\Models\\Invoice',103,'Input',NULL,NULL,NULL,NULL,NULL,NULL,2,1,'2021-09-20 05:54:25','2021-09-20 05:54:25'),(260,'Crater\\Models\\Invoice',104,'Input',NULL,NULL,NULL,NULL,NULL,NULL,3,1,'2021-09-21 02:23:25','2021-09-21 02:23:25'),(261,'Crater\\Models\\Invoice',104,'Input',NULL,NULL,NULL,NULL,NULL,NULL,2,1,'2021-09-21 02:23:25','2021-09-21 02:23:25'),(262,'Crater\\Models\\Invoice',105,'Input',NULL,NULL,NULL,NULL,NULL,NULL,3,1,'2021-09-21 11:39:06','2021-09-21 11:39:06'),(263,'Crater\\Models\\Invoice',105,'Input',NULL,NULL,NULL,NULL,NULL,NULL,2,1,'2021-09-21 11:39:06','2021-09-21 11:39:06'),(264,'Crater\\Models\\Invoice',106,'Input',NULL,NULL,NULL,NULL,NULL,NULL,3,1,'2021-09-21 13:08:45','2021-09-21 13:08:45'),(265,'Crater\\Models\\Invoice',106,'Input',NULL,NULL,NULL,NULL,NULL,NULL,2,1,'2021-09-21 13:08:45','2021-09-21 13:08:45'),(266,'Crater\\Models\\Invoice',107,'Input',NULL,NULL,NULL,NULL,NULL,NULL,3,1,'2021-09-22 03:44:39','2021-09-22 03:44:39'),(267,'Crater\\Models\\Invoice',107,'Input',NULL,NULL,NULL,NULL,NULL,NULL,2,1,'2021-09-22 03:44:39','2021-09-22 03:44:39'),(268,'Crater\\Models\\Customer',59,'Input',NULL,NULL,NULL,'08AALCS1824L1ZO',NULL,NULL,4,2,'2021-09-23 05:37:39','2022-01-14 12:51:04'),(269,'Crater\\Models\\Invoice',108,'Input',NULL,NULL,NULL,NULL,NULL,NULL,6,2,'2021-09-23 05:44:16','2021-09-23 05:44:16'),(270,'Crater\\Models\\Invoice',108,'Input',NULL,NULL,NULL,NULL,NULL,NULL,5,2,'2021-09-23 05:44:16','2021-09-23 05:44:16'),(271,'Crater\\Models\\Customer',60,'Input',NULL,NULL,NULL,'08AABCH5877N1ZW',NULL,NULL,4,2,'2021-09-23 05:48:53','2022-01-14 12:51:04'),(272,'Crater\\Models\\Invoice',109,'Input',NULL,NULL,NULL,NULL,NULL,NULL,6,2,'2021-09-23 05:50:31','2021-09-23 05:50:31'),(273,'Crater\\Models\\Invoice',109,'Input',NULL,NULL,NULL,NULL,NULL,NULL,5,2,'2021-09-23 05:50:31','2021-09-23 05:50:31'),(274,'Crater\\Models\\Invoice',110,'Input',NULL,NULL,NULL,NULL,NULL,NULL,3,1,'2021-09-26 14:12:50','2021-09-26 14:12:50'),(275,'Crater\\Models\\Invoice',110,'Input',NULL,NULL,NULL,NULL,NULL,NULL,2,1,'2021-09-26 14:12:50','2021-09-26 14:12:50'),(276,'Crater\\Models\\Customer',61,'Input',NULL,NULL,NULL,'08adrfs2156d1zw',NULL,NULL,1,1,'2021-09-29 02:45:36','2022-01-14 12:51:04'),(277,'Crater\\Models\\Invoice',111,'Input',NULL,NULL,NULL,NULL,NULL,NULL,3,1,'2021-09-30 17:01:13','2021-09-30 17:01:13'),(278,'Crater\\Models\\Invoice',111,'Input',NULL,NULL,NULL,NULL,NULL,NULL,2,1,'2021-09-30 17:01:13','2021-09-30 17:01:13'),(279,'Crater\\Models\\Invoice',112,'Input',NULL,NULL,NULL,NULL,NULL,NULL,3,1,'2021-10-01 01:17:40','2021-10-01 01:17:40'),(280,'Crater\\Models\\Invoice',112,'Input',NULL,NULL,NULL,NULL,NULL,NULL,2,1,'2021-10-01 01:17:40','2021-10-01 01:17:40'),(281,'Crater\\Models\\Invoice',113,'Input',NULL,NULL,NULL,NULL,NULL,NULL,3,1,'2021-10-01 01:43:25','2021-10-01 01:43:25'),(282,'Crater\\Models\\Invoice',113,'Input',NULL,NULL,NULL,NULL,NULL,NULL,2,1,'2021-10-01 01:43:25','2021-10-01 01:43:25'),(283,'Crater\\Models\\Invoice',114,'Input',NULL,NULL,NULL,NULL,NULL,NULL,3,1,'2021-10-01 01:48:49','2021-10-01 01:48:49'),(284,'Crater\\Models\\Invoice',114,'Input',NULL,NULL,NULL,NULL,NULL,NULL,2,1,'2021-10-01 01:48:49','2021-10-01 01:48:49'),(285,'Crater\\Models\\Invoice',115,'Input',NULL,NULL,NULL,NULL,NULL,NULL,3,1,'2021-10-01 01:56:21','2021-10-01 01:56:21'),(286,'Crater\\Models\\Invoice',115,'Input',NULL,NULL,NULL,NULL,NULL,NULL,2,1,'2021-10-01 01:56:21','2021-10-01 01:56:21'),(287,'Crater\\Models\\Invoice',116,'Input',NULL,NULL,NULL,NULL,NULL,NULL,3,1,'2021-10-01 02:09:13','2021-10-01 02:09:13'),(288,'Crater\\Models\\Invoice',116,'Input',NULL,NULL,NULL,NULL,NULL,NULL,2,1,'2021-10-01 02:09:13','2021-10-01 02:09:13'),(289,'Crater\\Models\\Invoice',117,'Input',NULL,NULL,NULL,NULL,NULL,NULL,3,1,'2021-10-03 09:01:30','2021-10-03 09:01:30'),(290,'Crater\\Models\\Invoice',117,'Input',NULL,NULL,NULL,NULL,NULL,NULL,2,1,'2021-10-03 09:01:30','2021-10-03 09:01:30'),(291,'Crater\\Models\\Invoice',118,'Input',NULL,NULL,NULL,NULL,NULL,NULL,3,1,'2021-10-03 09:07:26','2021-10-03 09:07:26'),(292,'Crater\\Models\\Invoice',118,'Input',NULL,NULL,NULL,NULL,NULL,NULL,2,1,'2021-10-03 09:07:26','2021-10-03 09:07:26'),(293,'Crater\\Models\\Invoice',119,'Input',NULL,NULL,NULL,NULL,NULL,NULL,6,2,'2021-10-04 02:59:21','2021-10-04 02:59:21'),(294,'Crater\\Models\\Invoice',119,'Input',NULL,NULL,NULL,NULL,NULL,NULL,5,2,'2021-10-04 02:59:21','2021-10-04 02:59:21'),(295,'Crater\\Models\\Invoice',120,'Input',NULL,NULL,NULL,NULL,NULL,NULL,6,2,'2021-10-04 03:02:30','2021-10-04 03:02:30'),(296,'Crater\\Models\\Invoice',120,'Input',NULL,NULL,NULL,NULL,NULL,NULL,5,2,'2021-10-04 03:02:30','2021-10-04 03:02:30'),(297,'Crater\\Models\\Customer',62,'Input',NULL,NULL,NULL,'08AURPM4999H1ZN',NULL,NULL,4,2,'2021-10-05 11:54:15','2022-01-14 12:51:04'),(298,'Crater\\Models\\Invoice',121,'Input',NULL,NULL,NULL,NULL,NULL,NULL,6,2,'2021-10-05 11:56:40','2021-10-05 11:56:40'),(299,'Crater\\Models\\Invoice',121,'Input',NULL,NULL,NULL,NULL,NULL,NULL,5,2,'2021-10-05 11:56:40','2021-10-05 11:56:40'),(300,'Crater\\Models\\Customer',63,'Input',NULL,NULL,NULL,'08AADCP9656R1ZD',NULL,NULL,4,2,'2021-10-05 12:34:43','2022-01-14 12:51:04'),(301,'Crater\\Models\\Invoice',122,'Input',NULL,NULL,NULL,NULL,NULL,NULL,6,2,'2021-10-05 12:35:45','2021-10-05 12:35:45'),(302,'Crater\\Models\\Invoice',122,'Input',NULL,NULL,NULL,NULL,NULL,NULL,5,2,'2021-10-05 12:35:45','2021-10-05 12:35:45'),(303,'Crater\\Models\\Invoice',123,'Input',NULL,NULL,NULL,NULL,NULL,NULL,3,1,'2021-10-09 09:02:20','2021-10-09 09:02:20'),(304,'Crater\\Models\\Invoice',123,'Input',NULL,NULL,NULL,NULL,NULL,NULL,2,1,'2021-10-09 09:02:20','2021-10-09 09:02:20'),(305,'Crater\\Models\\Invoice',124,'Input',NULL,NULL,NULL,NULL,NULL,NULL,6,2,'2021-10-16 09:03:20','2021-10-16 09:03:20'),(306,'Crater\\Models\\Invoice',124,'Input',NULL,NULL,NULL,NULL,NULL,NULL,5,2,'2021-10-16 09:03:20','2021-10-16 09:03:20'),(307,'Crater\\Models\\Customer',64,'Input',NULL,NULL,NULL,'08aafcs5548d1za',NULL,NULL,1,1,'2021-10-18 06:12:10','2022-01-14 12:51:04'),(308,'Crater\\Models\\Invoice',125,'Input',NULL,NULL,NULL,NULL,NULL,NULL,3,1,'2021-10-18 06:17:09','2021-10-18 06:17:09'),(309,'Crater\\Models\\Invoice',125,'Input',NULL,NULL,NULL,NULL,NULL,NULL,2,1,'2021-10-18 06:17:09','2021-10-18 06:17:09'),(310,'Crater\\Models\\Invoice',126,'Input',NULL,NULL,NULL,NULL,NULL,NULL,3,1,'2021-10-24 10:24:39','2021-10-24 10:24:39'),(311,'Crater\\Models\\Invoice',126,'Input',NULL,NULL,NULL,NULL,NULL,NULL,2,1,'2021-10-24 10:24:39','2021-10-24 10:24:39'),(312,'Crater\\Models\\Invoice',127,'Input',NULL,NULL,NULL,NULL,NULL,NULL,6,2,'2021-10-27 02:33:43','2021-10-27 02:33:43'),(313,'Crater\\Models\\Invoice',127,'Input',NULL,NULL,NULL,NULL,NULL,NULL,5,2,'2021-10-27 02:33:43','2021-10-27 02:33:43'),(314,'Crater\\Models\\Customer',65,'Input',NULL,NULL,NULL,'08AAPCS1993Q1Z8',NULL,NULL,4,2,'2021-10-29 14:06:21','2022-01-14 12:51:04'),(315,'Crater\\Models\\Customer',66,'Input',NULL,NULL,NULL,'08AAKCS2132C1ZP',NULL,NULL,4,2,'2021-10-29 14:08:28','2022-01-14 12:51:04'),(316,'Crater\\Models\\Invoice',128,'Input',NULL,NULL,NULL,NULL,NULL,NULL,6,2,'2021-10-30 02:22:46','2021-10-30 02:22:46'),(317,'Crater\\Models\\Invoice',128,'Input',NULL,NULL,NULL,NULL,NULL,NULL,5,2,'2021-10-30 02:22:46','2021-10-30 02:22:46'),(318,'Crater\\Models\\Customer',67,'Input',NULL,NULL,NULL,'08AAACJ3347A1Z1',NULL,NULL,4,2,'2021-10-30 04:48:43','2022-01-14 12:51:04'),(319,'Crater\\Models\\Customer',68,'Input',NULL,NULL,NULL,'08AAGCS5465CIZB',NULL,NULL,4,2,'2021-10-30 04:50:34','2022-01-14 12:51:04'),(320,'Crater\\Models\\Customer',69,'Input',NULL,NULL,NULL,'08AEIPG7916F1ZG',NULL,NULL,4,2,'2021-10-30 05:16:26','2022-01-14 12:51:05'),(321,'Crater\\Models\\Invoice',129,'Input',NULL,NULL,NULL,NULL,NULL,NULL,6,2,'2021-10-30 05:18:03','2021-10-30 05:18:03'),(322,'Crater\\Models\\Invoice',129,'Input',NULL,NULL,NULL,NULL,NULL,NULL,5,2,'2021-10-30 05:18:03','2021-10-30 05:18:03'),(323,'Crater\\Models\\Invoice',130,'Input',NULL,NULL,NULL,NULL,NULL,NULL,6,2,'2021-10-30 05:19:07','2021-10-30 05:19:07'),(324,'Crater\\Models\\Invoice',130,'Input',NULL,NULL,NULL,NULL,NULL,NULL,5,2,'2021-10-30 05:19:07','2021-10-30 05:19:07'),(325,'Crater\\Models\\Invoice',131,'Input',NULL,NULL,NULL,NULL,NULL,NULL,6,2,'2021-10-30 05:20:31','2021-10-30 05:20:31'),(326,'Crater\\Models\\Invoice',131,'Input',NULL,NULL,NULL,NULL,NULL,NULL,5,2,'2021-10-30 05:20:31','2021-10-30 05:20:31'),(327,'Crater\\Models\\Invoice',132,'Input',NULL,NULL,NULL,NULL,NULL,NULL,3,1,'2021-10-31 02:17:44','2021-10-31 02:17:44'),(328,'Crater\\Models\\Invoice',132,'Input',NULL,NULL,NULL,NULL,NULL,NULL,2,1,'2021-10-31 02:17:44','2021-10-31 02:17:44'),(329,'Crater\\Models\\Invoice',133,'Input',NULL,NULL,NULL,NULL,NULL,NULL,3,1,'2021-10-31 02:39:17','2021-10-31 02:39:17'),(330,'Crater\\Models\\Invoice',133,'Input',NULL,NULL,NULL,NULL,NULL,NULL,2,1,'2021-10-31 02:39:17','2021-10-31 02:39:17'),(331,'Crater\\Models\\Invoice',134,'Input',NULL,NULL,NULL,NULL,NULL,NULL,3,1,'2021-11-08 06:58:48','2021-11-08 06:58:48'),(332,'Crater\\Models\\Invoice',134,'Input',NULL,NULL,NULL,NULL,NULL,NULL,2,1,'2021-11-08 06:58:48','2021-11-08 06:58:48'),(333,'Crater\\Models\\Customer',70,'Input',NULL,NULL,NULL,'08ajipt3461b2z7',NULL,NULL,1,1,'2021-11-10 09:02:34','2022-01-14 12:51:05'),(334,'Crater\\Models\\Invoice',135,'Input',NULL,NULL,NULL,NULL,NULL,NULL,3,1,'2021-11-10 09:03:11','2021-11-10 09:03:11'),(335,'Crater\\Models\\Invoice',135,'Input',NULL,NULL,NULL,NULL,NULL,NULL,2,1,'2021-11-10 09:03:11','2021-11-10 09:03:11'),(336,'Crater\\Models\\Invoice',136,'Input',NULL,NULL,NULL,NULL,NULL,NULL,6,2,'2021-11-13 02:11:49','2021-11-13 02:11:49'),(337,'Crater\\Models\\Invoice',136,'Input',NULL,NULL,NULL,NULL,NULL,NULL,5,2,'2021-11-13 02:11:49','2021-11-13 02:11:49'),(338,'Crater\\Models\\Invoice',137,'Input',NULL,NULL,NULL,NULL,NULL,NULL,6,2,'2021-11-13 02:13:47','2021-11-13 02:13:47'),(339,'Crater\\Models\\Invoice',137,'Input',NULL,NULL,NULL,NULL,NULL,NULL,5,2,'2021-11-13 02:13:47','2021-11-13 02:13:47'),(340,'Crater\\Models\\Invoice',138,'Input',NULL,NULL,NULL,NULL,NULL,NULL,6,2,'2021-11-13 02:19:11','2021-11-13 02:19:11'),(341,'Crater\\Models\\Invoice',138,'Input',NULL,NULL,NULL,NULL,NULL,NULL,5,2,'2021-11-13 02:19:11','2021-11-13 02:19:11'),(342,'Crater\\Models\\Invoice',139,'Input',NULL,NULL,NULL,NULL,NULL,NULL,3,1,'2021-11-13 10:01:01','2021-11-13 10:01:01'),(343,'Crater\\Models\\Invoice',139,'Input',NULL,NULL,NULL,NULL,NULL,NULL,2,1,'2021-11-13 10:01:01','2021-11-13 10:01:01'),(344,'Crater\\Models\\Invoice',140,'Input',NULL,NULL,NULL,NULL,NULL,NULL,6,2,'2021-11-20 03:47:49','2021-11-20 03:47:49'),(345,'Crater\\Models\\Invoice',140,'Input',NULL,NULL,NULL,NULL,NULL,NULL,5,2,'2021-11-20 03:47:49','2021-11-20 03:47:49'),(346,'Crater\\Models\\Invoice',141,'Input',NULL,NULL,NULL,NULL,NULL,NULL,6,2,'2021-11-20 03:53:24','2021-11-20 03:53:24'),(347,'Crater\\Models\\Invoice',141,'Input',NULL,NULL,NULL,NULL,NULL,NULL,5,2,'2021-11-20 03:53:24','2021-11-20 03:53:24'),(348,'Crater\\Models\\Customer',71,'Input',NULL,NULL,NULL,'08AAYPB9818R1ZJ',NULL,NULL,4,2,'2021-11-29 06:22:48','2022-01-14 12:51:05'),(349,'Crater\\Models\\Invoice',142,'Input',NULL,NULL,NULL,NULL,NULL,NULL,6,2,'2021-11-29 06:46:24','2021-11-29 06:46:24'),(350,'Crater\\Models\\Invoice',142,'Input',NULL,NULL,NULL,NULL,NULL,NULL,5,2,'2021-11-29 06:46:24','2021-11-29 06:46:24'),(351,'Crater\\Models\\Invoice',143,'Input',NULL,NULL,NULL,NULL,NULL,NULL,6,2,'2021-12-01 12:12:25','2021-12-01 12:12:25'),(352,'Crater\\Models\\Invoice',143,'Input',NULL,NULL,NULL,NULL,NULL,NULL,5,2,'2021-12-01 12:12:25','2021-12-01 12:12:25'),(353,'Crater\\Models\\Customer',72,'Input',NULL,NULL,NULL,'08aaecv5466e1z5',NULL,NULL,1,1,'2021-12-02 10:11:05','2022-01-14 12:51:05'),(354,'Crater\\Models\\Invoice',144,'Input',NULL,NULL,NULL,NULL,NULL,NULL,3,1,'2021-12-02 10:21:05','2021-12-02 10:21:05'),(355,'Crater\\Models\\Invoice',144,'Input',NULL,NULL,NULL,NULL,NULL,NULL,2,1,'2021-12-02 10:21:05','2021-12-02 10:21:05'),(356,'Crater\\Models\\Invoice',145,'Input',NULL,NULL,NULL,NULL,NULL,NULL,3,1,'2021-12-03 09:59:26','2021-12-03 09:59:26'),(357,'Crater\\Models\\Invoice',145,'Input',NULL,NULL,NULL,NULL,NULL,NULL,2,1,'2021-12-03 09:59:26','2021-12-03 09:59:26'),(358,'Crater\\Models\\Invoice',146,'Input',NULL,NULL,NULL,NULL,NULL,NULL,3,1,'2021-12-03 10:08:33','2021-12-03 10:08:33'),(359,'Crater\\Models\\Invoice',146,'Input',NULL,NULL,NULL,NULL,NULL,NULL,2,1,'2021-12-03 10:08:33','2021-12-03 10:08:33'),(360,'Crater\\Models\\Customer',73,'Input',NULL,NULL,NULL,'08aabcr0447g1zl',NULL,NULL,1,1,'2021-12-03 10:23:07','2022-01-14 12:51:05'),(361,'Crater\\Models\\Invoice',147,'Input',NULL,NULL,NULL,NULL,NULL,NULL,3,1,'2021-12-09 02:58:27','2021-12-09 02:58:27'),(362,'Crater\\Models\\Invoice',147,'Input',NULL,NULL,NULL,NULL,NULL,NULL,2,1,'2021-12-09 02:58:27','2021-12-09 02:58:27'),(363,'Crater\\Models\\Invoice',148,'Input',NULL,NULL,NULL,NULL,NULL,NULL,6,2,'2021-12-11 08:00:53','2021-12-11 08:00:53'),(364,'Crater\\Models\\Invoice',148,'Input',NULL,NULL,NULL,NULL,NULL,NULL,5,2,'2021-12-11 08:00:53','2021-12-11 08:00:53'),(365,'Crater\\Models\\Invoice',149,'Input',NULL,NULL,NULL,NULL,NULL,NULL,6,2,'2021-12-11 08:01:40','2021-12-11 08:01:40'),(366,'Crater\\Models\\Invoice',149,'Input',NULL,NULL,NULL,NULL,NULL,NULL,5,2,'2021-12-11 08:01:40','2021-12-11 08:01:40'),(367,'Crater\\Models\\Invoice',150,'Input',NULL,NULL,NULL,NULL,NULL,NULL,6,2,'2021-12-11 08:16:32','2021-12-11 08:16:32'),(368,'Crater\\Models\\Invoice',150,'Input',NULL,NULL,NULL,NULL,NULL,NULL,5,2,'2021-12-11 08:16:32','2021-12-11 08:16:32'),(369,'Crater\\Models\\Customer',74,'Input',NULL,NULL,NULL,'08AADCG0927C1Z1',NULL,NULL,4,2,'2021-12-11 08:19:35','2022-01-14 12:51:05'),(370,'Crater\\Models\\Invoice',151,'Input',NULL,NULL,NULL,NULL,NULL,NULL,6,2,'2021-12-11 08:26:14','2021-12-11 08:26:14'),(371,'Crater\\Models\\Invoice',151,'Input',NULL,NULL,NULL,NULL,NULL,NULL,5,2,'2021-12-11 08:26:14','2021-12-11 08:26:14'),(372,'Crater\\Models\\Customer',75,'Input',NULL,NULL,NULL,'08AABCR0675C1ZN',NULL,NULL,4,2,'2021-12-15 01:39:30','2022-01-14 12:51:05'),(373,'Crater\\Models\\Invoice',152,'Input',NULL,NULL,NULL,NULL,NULL,NULL,6,2,'2021-12-15 04:03:16','2021-12-15 04:03:16'),(374,'Crater\\Models\\Invoice',152,'Input',NULL,NULL,NULL,NULL,NULL,NULL,5,2,'2021-12-15 04:03:16','2021-12-15 04:03:16'),(375,'Crater\\Models\\Invoice',153,'Input',NULL,NULL,NULL,NULL,NULL,NULL,3,1,'2021-12-16 07:27:51','2021-12-16 07:27:51'),(376,'Crater\\Models\\Invoice',153,'Input',NULL,NULL,NULL,NULL,NULL,NULL,2,1,'2021-12-16 07:27:51','2021-12-16 07:27:51'),(377,'Crater\\Models\\Invoice',154,'Input',NULL,NULL,NULL,NULL,NULL,NULL,3,1,'2021-12-17 07:23:35','2021-12-17 07:23:35'),(378,'Crater\\Models\\Invoice',154,'Input',NULL,NULL,NULL,NULL,NULL,NULL,2,1,'2021-12-17 07:23:35','2021-12-17 07:23:35'),(379,'Crater\\Models\\Invoice',155,'Input',NULL,NULL,NULL,NULL,NULL,NULL,3,1,'2021-12-17 13:52:03','2021-12-17 13:52:03'),(380,'Crater\\Models\\Invoice',155,'Input',NULL,NULL,NULL,NULL,NULL,NULL,2,1,'2021-12-17 13:52:03','2021-12-17 13:52:03'),(381,'Crater\\Models\\Invoice',156,'Input',NULL,NULL,NULL,NULL,NULL,NULL,6,2,'2021-12-22 10:29:06','2021-12-22 10:29:06'),(382,'Crater\\Models\\Invoice',156,'Input',NULL,NULL,NULL,NULL,NULL,NULL,5,2,'2021-12-22 10:29:06','2021-12-22 10:29:06'),(383,'Crater\\Models\\Customer',76,'Input',NULL,NULL,NULL,'08AAACU2849J1Z2',NULL,NULL,4,2,'2021-12-22 11:47:20','2022-01-14 12:51:05'),(384,'Crater\\Models\\Invoice',157,'Input',NULL,NULL,NULL,NULL,NULL,NULL,6,2,'2021-12-22 11:48:59','2021-12-22 11:48:59'),(385,'Crater\\Models\\Invoice',157,'Input',NULL,NULL,NULL,NULL,NULL,NULL,5,2,'2021-12-22 11:48:59','2021-12-22 11:48:59'),(386,'Crater\\Models\\Invoice',158,'Input',NULL,NULL,NULL,NULL,NULL,NULL,6,2,'2021-12-22 11:50:02','2021-12-22 11:50:02'),(387,'Crater\\Models\\Invoice',158,'Input',NULL,NULL,NULL,NULL,NULL,NULL,5,2,'2021-12-22 11:50:02','2021-12-22 11:50:02'),(388,'Crater\\Models\\Invoice',159,'Input',NULL,NULL,NULL,NULL,NULL,NULL,6,2,'2021-12-22 11:51:41','2021-12-22 11:51:41'),(389,'Crater\\Models\\Invoice',159,'Input',NULL,NULL,NULL,NULL,NULL,NULL,5,2,'2021-12-22 11:51:41','2021-12-22 11:51:41'),(390,'Crater\\Models\\Customer',77,'Input',NULL,NULL,NULL,'08AABCM3877F1ZC',NULL,NULL,4,2,'2021-12-23 11:25:57','2022-01-14 12:51:05'),(391,'Crater\\Models\\Invoice',160,'Input',NULL,NULL,NULL,NULL,NULL,NULL,6,2,'2021-12-23 11:26:52','2021-12-23 11:26:52'),(392,'Crater\\Models\\Invoice',160,'Input',NULL,NULL,NULL,NULL,NULL,NULL,5,2,'2021-12-23 11:26:52','2021-12-23 11:26:52'),(393,'Crater\\Models\\Invoice',161,'Input',NULL,NULL,NULL,NULL,NULL,NULL,6,2,'2021-12-26 10:32:49','2021-12-26 10:32:49'),(394,'Crater\\Models\\Invoice',161,'Input',NULL,NULL,NULL,NULL,NULL,NULL,5,2,'2021-12-26 10:32:49','2021-12-26 10:32:49'),(395,'Crater\\Models\\Customer',78,'Input',NULL,NULL,NULL,'08BAMPS6015E1ZL',NULL,NULL,4,2,'2021-12-27 08:08:55','2022-01-14 12:51:05'),(396,'Crater\\Models\\Invoice',162,'Input',NULL,NULL,NULL,NULL,NULL,NULL,3,1,'2022-01-03 07:56:45','2022-01-03 07:56:45'),(397,'Crater\\Models\\Invoice',162,'Input',NULL,NULL,NULL,NULL,NULL,NULL,2,1,'2022-01-03 07:56:45','2022-01-03 07:56:45'),(398,'Crater\\Models\\Invoice',163,'Input',NULL,NULL,NULL,NULL,NULL,NULL,6,2,'2022-01-03 08:00:26','2022-01-03 08:00:26'),(399,'Crater\\Models\\Invoice',163,'Input',NULL,NULL,NULL,NULL,NULL,NULL,5,2,'2022-01-03 08:00:26','2022-01-03 08:00:26'),(400,'Crater\\Models\\Invoice',164,'Input',NULL,NULL,NULL,NULL,NULL,NULL,3,1,'2022-01-03 08:11:09','2022-01-03 08:11:09'),(401,'Crater\\Models\\Invoice',164,'Input',NULL,NULL,NULL,NULL,NULL,NULL,2,1,'2022-01-03 08:11:09','2022-01-03 08:11:09'),(402,'Crater\\Models\\Invoice',165,'Input',NULL,NULL,NULL,NULL,NULL,NULL,3,1,'2022-01-03 08:28:43','2022-01-03 08:28:43'),(403,'Crater\\Models\\Invoice',165,'Input',NULL,NULL,NULL,NULL,NULL,NULL,2,1,'2022-01-03 08:28:43','2022-01-03 08:28:43'),(404,'Crater\\Models\\Customer',79,'Input',NULL,NULL,NULL,'08ahypk9295n1zx',NULL,NULL,1,1,'2022-01-03 09:06:53','2022-01-14 12:51:05'),(405,'Crater\\Models\\Invoice',166,'Input',NULL,NULL,NULL,NULL,NULL,NULL,3,1,'2022-01-03 09:10:12','2022-01-03 09:10:12'),(406,'Crater\\Models\\Invoice',166,'Input',NULL,NULL,NULL,NULL,NULL,NULL,2,1,'2022-01-03 09:10:12','2022-01-03 09:10:12'),(407,'Crater\\Models\\Invoice',167,'Input',NULL,NULL,NULL,NULL,NULL,NULL,3,1,'2022-01-03 09:15:08','2022-01-03 09:15:08'),(408,'Crater\\Models\\Invoice',167,'Input',NULL,NULL,NULL,NULL,NULL,NULL,2,1,'2022-01-03 09:15:08','2022-01-03 09:15:08'),(409,'Crater\\Models\\Customer',80,'Input',NULL,NULL,NULL,'08AAACK9885E1Z5',NULL,NULL,4,2,'2022-01-05 02:53:28','2022-01-14 12:51:05'),(410,'Crater\\Models\\Invoice',168,'Input',NULL,NULL,NULL,NULL,NULL,NULL,6,2,'2022-01-05 02:54:31','2022-01-05 02:54:31'),(411,'Crater\\Models\\Invoice',168,'Input',NULL,NULL,NULL,NULL,NULL,NULL,5,2,'2022-01-05 02:54:31','2022-01-05 02:54:31'),(412,'Crater\\Models\\Customer',81,'Input',NULL,NULL,NULL,'08AAHCS8795A1ZZ',NULL,NULL,4,2,'2022-01-05 09:44:21','2022-01-14 12:51:05'),(413,'Crater\\Models\\Customer',82,'Input',NULL,NULL,NULL,'08AAHCS8795A1ZZ',NULL,NULL,4,2,'2022-01-05 09:48:18','2022-01-14 12:51:05'),(414,'Crater\\Models\\Invoice',169,'Input',NULL,NULL,NULL,NULL,NULL,NULL,6,2,'2022-01-05 12:32:22','2022-01-05 12:32:22'),(415,'Crater\\Models\\Invoice',169,'Input',NULL,NULL,NULL,NULL,NULL,NULL,5,2,'2022-01-05 12:32:22','2022-01-05 12:32:22'),(416,'Crater\\Models\\Customer',83,'Input',NULL,NULL,NULL,'08aacca728561zy',NULL,NULL,1,1,'2022-01-08 03:02:25','2022-01-14 12:51:06'),(417,'Crater\\Models\\Invoice',170,'Input',NULL,NULL,NULL,NULL,NULL,NULL,3,1,'2022-01-08 03:05:26','2022-01-08 03:05:26'),(418,'Crater\\Models\\Invoice',170,'Input',NULL,NULL,NULL,NULL,NULL,NULL,2,1,'2022-01-08 03:05:26','2022-01-08 03:05:26'),(419,'Crater\\Models\\Invoice',171,'Input',NULL,NULL,NULL,NULL,NULL,NULL,3,1,'2022-01-13 02:51:55','2022-01-13 02:51:55'),(420,'Crater\\Models\\Invoice',171,'Input',NULL,NULL,NULL,NULL,NULL,NULL,2,1,'2022-01-13 02:51:55','2022-01-13 02:51:55'),(421,'Crater\\Models\\Customer',84,'Input',NULL,NULL,NULL,'08AANCS3717Q2ZJ',NULL,NULL,4,2,'2022-01-15 07:12:22','2022-01-15 07:12:22'),(428,'Crater\\Models\\Invoice',175,'Input',NULL,NULL,NULL,NULL,NULL,NULL,3,1,'2022-01-15 08:33:19','2022-01-15 08:33:19'),(429,'Crater\\Models\\Invoice',175,'Input',NULL,NULL,NULL,NULL,NULL,NULL,2,1,'2022-01-15 08:33:19','2022-01-15 08:33:19'),(444,'Crater\\Models\\Invoice',183,'Input',NULL,NULL,NULL,NULL,NULL,NULL,6,2,'2022-01-16 02:34:27','2022-01-16 02:34:27'),(445,'Crater\\Models\\Invoice',183,'Input',NULL,NULL,NULL,NULL,NULL,NULL,5,2,'2022-01-16 02:34:27','2022-01-16 02:34:27'),(474,'Crater\\Models\\Invoice',198,'Input',NULL,NULL,NULL,NULL,NULL,NULL,6,2,'2022-01-20 08:26:29','2022-01-20 08:26:29'),(475,'Crater\\Models\\Invoice',198,'Input',NULL,NULL,NULL,NULL,NULL,NULL,5,2,'2022-01-20 08:26:29','2022-01-20 08:26:29'),(476,'Crater\\Models\\Invoice',199,'Input',NULL,NULL,NULL,NULL,NULL,NULL,3,1,'2022-01-22 07:12:35','2022-01-22 07:12:35'),(477,'Crater\\Models\\Invoice',199,'Input',NULL,NULL,NULL,NULL,NULL,NULL,2,1,'2022-01-22 07:12:35','2022-01-22 07:12:35'),(478,'Crater\\Models\\Customer',85,'Input',NULL,NULL,NULL,'08AABCJ8367P1ZR',NULL,NULL,4,2,'2022-01-29 06:49:28','2022-01-29 06:49:28'),(479,'Crater\\Models\\Invoice',200,'Input',NULL,NULL,NULL,NULL,NULL,NULL,6,2,'2022-01-29 06:50:33','2022-01-29 06:50:33'),(480,'Crater\\Models\\Invoice',200,'Input',NULL,NULL,NULL,NULL,NULL,NULL,5,2,'2022-01-29 06:50:33','2022-01-29 06:50:33'),(481,'Crater\\Models\\Invoice',201,'Input',NULL,NULL,NULL,NULL,NULL,NULL,6,2,'2022-01-31 04:02:27','2022-01-31 04:02:27'),(482,'Crater\\Models\\Invoice',201,'Input',NULL,NULL,NULL,NULL,NULL,NULL,5,2,'2022-01-31 04:02:27','2022-01-31 04:02:27'),(483,'Crater\\Models\\Invoice',202,'Input',NULL,NULL,NULL,NULL,NULL,NULL,6,2,'2022-01-31 04:03:25','2022-01-31 04:03:25'),(484,'Crater\\Models\\Invoice',202,'Input',NULL,NULL,NULL,NULL,NULL,NULL,5,2,'2022-01-31 04:03:25','2022-01-31 04:03:25'),(485,'Crater\\Models\\Invoice',203,'Input',NULL,NULL,NULL,NULL,NULL,NULL,6,2,'2022-01-31 04:22:07','2022-01-31 04:22:07'),(486,'Crater\\Models\\Invoice',203,'Input',NULL,NULL,NULL,NULL,NULL,NULL,5,2,'2022-01-31 04:22:07','2022-01-31 04:22:07'),(487,'Crater\\Models\\Customer',86,'Input',NULL,NULL,NULL,'08AAECC4274D1ZU',NULL,NULL,4,2,'2022-02-01 01:13:41','2022-02-01 01:13:41'),(510,'Crater\\Models\\Invoice',215,'Input',NULL,NULL,NULL,NULL,NULL,NULL,6,2,'2022-02-01 03:19:07','2022-02-01 03:19:07'),(511,'Crater\\Models\\Invoice',215,'Input',NULL,NULL,NULL,NULL,NULL,NULL,5,2,'2022-02-01 03:19:07','2022-02-01 03:19:07'),(512,'Crater\\Models\\Invoice',216,'Input',NULL,NULL,NULL,NULL,NULL,NULL,6,2,'2022-02-01 04:10:12','2022-02-01 04:10:12'),(513,'Crater\\Models\\Invoice',216,'Input',NULL,NULL,NULL,NULL,NULL,NULL,5,2,'2022-02-01 04:10:12','2022-02-01 04:10:12'),(516,'Crater\\Models\\Invoice',218,'Input',NULL,NULL,NULL,NULL,NULL,NULL,3,1,'2022-02-08 06:05:38','2022-02-08 06:05:38'),(517,'Crater\\Models\\Invoice',218,'Input',NULL,NULL,NULL,NULL,NULL,NULL,2,1,'2022-02-08 06:05:38','2022-02-08 06:05:38'),(518,'Crater\\Models\\Invoice',219,'Input',NULL,NULL,NULL,NULL,NULL,NULL,3,1,'2022-02-08 09:45:16','2022-02-08 09:45:16'),(519,'Crater\\Models\\Invoice',219,'Input',NULL,NULL,NULL,NULL,NULL,NULL,2,1,'2022-02-08 09:45:16','2022-02-08 09:45:16'),(520,'Crater\\Models\\Invoice',220,'Input',NULL,NULL,NULL,NULL,NULL,NULL,3,1,'2022-02-10 14:10:39','2022-02-10 14:10:39'),(521,'Crater\\Models\\Invoice',220,'Input',NULL,NULL,NULL,NULL,NULL,NULL,2,1,'2022-02-10 14:10:39','2022-02-10 14:10:39'),(524,'Crater\\Models\\Invoice',222,'Input',NULL,NULL,NULL,NULL,NULL,NULL,3,1,'2022-02-11 02:46:05','2022-02-11 02:46:05'),(525,'Crater\\Models\\Invoice',222,'Input',NULL,NULL,NULL,NULL,NULL,NULL,2,1,'2022-02-11 02:46:05','2022-02-11 02:46:05'),(526,'Crater\\Models\\Customer',87,'Input',NULL,NULL,NULL,'08axipt3914d1ze',NULL,NULL,1,1,'2022-02-11 07:44:45','2022-02-11 07:44:45'),(529,'Crater\\Models\\Invoice',224,'Input',NULL,NULL,NULL,NULL,NULL,NULL,3,1,'2022-02-11 07:56:48','2022-02-11 07:56:48'),(530,'Crater\\Models\\Invoice',224,'Input',NULL,NULL,NULL,NULL,NULL,NULL,2,1,'2022-02-11 07:56:48','2022-02-11 07:56:48'),(531,'Crater\\Models\\Invoice',225,'Input',NULL,NULL,NULL,NULL,NULL,NULL,3,1,'2022-02-12 11:56:24','2022-02-12 11:56:24'),(532,'Crater\\Models\\Invoice',225,'Input',NULL,NULL,NULL,NULL,NULL,NULL,2,1,'2022-02-12 11:56:24','2022-02-12 11:56:24'),(533,'Crater\\Models\\Invoice',226,'Input',NULL,NULL,NULL,NULL,NULL,NULL,3,1,'2022-02-13 02:13:21','2022-02-13 02:13:21'),(534,'Crater\\Models\\Invoice',226,'Input',NULL,NULL,NULL,NULL,NULL,NULL,2,1,'2022-02-13 02:13:21','2022-02-13 02:13:21'),(537,'Crater\\Models\\Invoice',228,'Input',NULL,NULL,NULL,NULL,NULL,NULL,3,1,'2022-02-13 02:37:42','2022-02-13 02:37:42'),(538,'Crater\\Models\\Invoice',228,'Input',NULL,NULL,NULL,NULL,NULL,NULL,2,1,'2022-02-13 02:37:42','2022-02-13 02:37:42'),(539,'Crater\\Models\\Invoice',229,'Input',NULL,NULL,NULL,NULL,NULL,NULL,6,2,'2022-02-15 12:37:26','2022-02-15 12:37:26'),(540,'Crater\\Models\\Invoice',229,'Input',NULL,NULL,NULL,NULL,NULL,NULL,5,2,'2022-02-15 12:37:26','2022-02-15 12:37:26'),(541,'Crater\\Models\\Invoice',230,'Input',NULL,NULL,NULL,NULL,NULL,NULL,6,2,'2022-02-15 12:38:03','2022-02-15 12:38:03'),(542,'Crater\\Models\\Invoice',230,'Input',NULL,NULL,NULL,NULL,NULL,NULL,5,2,'2022-02-15 12:38:03','2022-02-15 12:38:03'),(543,'Crater\\Models\\Invoice',231,'Input',NULL,NULL,NULL,NULL,NULL,NULL,6,2,'2022-02-15 13:53:32','2022-02-15 13:53:32'),(544,'Crater\\Models\\Invoice',231,'Input',NULL,NULL,NULL,NULL,NULL,NULL,5,2,'2022-02-15 13:53:32','2022-02-15 13:53:32'),(545,'Crater\\Models\\Invoice',232,'Input',NULL,NULL,NULL,NULL,NULL,NULL,3,1,'2022-02-16 02:01:00','2022-02-16 02:01:00'),(546,'Crater\\Models\\Invoice',232,'Input',NULL,NULL,NULL,NULL,NULL,NULL,2,1,'2022-02-16 02:01:00','2022-02-16 02:01:00'),(547,'Crater\\Models\\Invoice',233,'Input',NULL,NULL,NULL,NULL,NULL,NULL,3,1,'2022-02-16 09:01:21','2022-02-16 09:01:21'),(548,'Crater\\Models\\Invoice',233,'Input',NULL,NULL,NULL,NULL,NULL,NULL,2,1,'2022-02-16 09:01:21','2022-02-16 09:01:21'),(549,'Crater\\Models\\Invoice',234,'Input',NULL,NULL,NULL,NULL,NULL,NULL,3,1,'2022-02-18 10:04:06','2022-02-18 10:04:06'),(550,'Crater\\Models\\Invoice',234,'Input',NULL,NULL,NULL,NULL,NULL,NULL,2,1,'2022-02-18 10:04:06','2022-02-18 10:04:06'),(551,'Crater\\Models\\Customer',88,'Input',NULL,NULL,NULL,'08aaick2719f1zk',NULL,NULL,1,1,'2022-02-22 07:01:33','2022-02-22 07:01:33'),(552,'Crater\\Models\\Invoice',235,'Input',NULL,NULL,NULL,NULL,NULL,NULL,3,1,'2022-02-22 07:04:59','2022-02-22 07:04:59'),(553,'Crater\\Models\\Invoice',235,'Input',NULL,NULL,NULL,NULL,NULL,NULL,2,1,'2022-02-22 07:04:59','2022-02-22 07:04:59'),(554,'Crater\\Models\\Customer',89,'Input',NULL,NULL,NULL,'08AAACB5146M1ZJ',NULL,NULL,4,2,'2022-02-23 09:13:22','2022-02-23 09:13:22'),(555,'Crater\\Models\\Invoice',236,'Input',NULL,NULL,NULL,NULL,NULL,NULL,6,2,'2022-02-23 09:13:57','2022-02-23 09:13:57'),(556,'Crater\\Models\\Invoice',236,'Input',NULL,NULL,NULL,NULL,NULL,NULL,5,2,'2022-02-23 09:13:57','2022-02-23 09:13:57'),(557,'Crater\\Models\\Invoice',237,'Input',NULL,NULL,NULL,NULL,NULL,NULL,3,1,'2022-02-24 08:51:59','2022-02-24 08:51:59'),(558,'Crater\\Models\\Invoice',237,'Input',NULL,NULL,NULL,NULL,NULL,NULL,2,1,'2022-02-24 08:51:59','2022-02-24 08:51:59'),(559,'Crater\\Models\\Invoice',238,'Input',NULL,NULL,NULL,NULL,NULL,NULL,3,1,'2022-02-24 09:04:46','2022-02-24 09:04:46'),(560,'Crater\\Models\\Invoice',238,'Input',NULL,NULL,NULL,NULL,NULL,NULL,2,1,'2022-02-24 09:04:46','2022-02-24 09:04:46'),(561,'Crater\\Models\\Invoice',239,'Input',NULL,NULL,NULL,NULL,NULL,NULL,3,1,'2022-03-01 07:14:24','2022-03-01 07:14:24'),(562,'Crater\\Models\\Invoice',239,'Input',NULL,NULL,NULL,NULL,NULL,NULL,2,1,'2022-03-01 07:14:24','2022-03-01 07:14:24'),(563,'Crater\\Models\\Invoice',240,'Input',NULL,NULL,NULL,NULL,NULL,NULL,3,1,'2022-03-02 08:09:17','2022-03-02 08:09:17'),(564,'Crater\\Models\\Invoice',240,'Input',NULL,NULL,NULL,NULL,NULL,NULL,2,1,'2022-03-02 08:09:17','2022-03-02 08:09:17'),(565,'Crater\\Models\\Invoice',241,'Input',NULL,NULL,NULL,NULL,NULL,NULL,3,1,'2022-03-02 08:18:04','2022-03-02 08:18:04'),(566,'Crater\\Models\\Invoice',241,'Input',NULL,NULL,NULL,NULL,NULL,NULL,2,1,'2022-03-02 08:18:04','2022-03-02 08:18:04'),(567,'Crater\\Models\\Invoice',242,'Input',NULL,NULL,NULL,NULL,NULL,NULL,3,1,'2022-03-02 10:10:03','2022-03-02 10:10:03'),(568,'Crater\\Models\\Invoice',242,'Input',NULL,NULL,NULL,NULL,NULL,NULL,2,1,'2022-03-02 10:10:03','2022-03-02 10:10:03'),(569,'Crater\\Models\\Invoice',243,'Input',NULL,NULL,NULL,NULL,NULL,NULL,6,2,'2022-03-03 12:15:41','2022-03-03 12:15:41'),(570,'Crater\\Models\\Invoice',243,'Input',NULL,NULL,NULL,NULL,NULL,NULL,5,2,'2022-03-03 12:15:41','2022-03-03 12:15:41'),(571,'Crater\\Models\\Invoice',244,'Input',NULL,NULL,NULL,NULL,NULL,NULL,6,2,'2022-03-04 05:06:31','2022-03-04 05:06:31'),(572,'Crater\\Models\\Invoice',244,'Input',NULL,NULL,NULL,NULL,NULL,NULL,5,2,'2022-03-04 05:06:31','2022-03-04 05:06:31'),(581,'Crater\\Models\\Invoice',249,'Input',NULL,NULL,NULL,NULL,NULL,NULL,3,1,'2022-03-05 07:09:51','2022-03-05 07:09:51'),(582,'Crater\\Models\\Invoice',249,'Input',NULL,NULL,NULL,NULL,NULL,NULL,2,1,'2022-03-05 07:09:51','2022-03-05 07:09:51'),(583,'Crater\\Models\\Invoice',250,'Input',NULL,NULL,NULL,NULL,NULL,NULL,6,2,'2022-03-07 13:54:01','2022-03-07 13:54:01'),(584,'Crater\\Models\\Invoice',250,'Input',NULL,NULL,NULL,NULL,NULL,NULL,5,2,'2022-03-07 13:54:01','2022-03-07 13:54:01'),(585,'Crater\\Models\\Customer',90,'Input',NULL,NULL,NULL,'08AACCB4798H1ZC',NULL,NULL,4,2,'2022-03-08 06:45:56','2022-03-08 06:45:56'),(586,'Crater\\Models\\Invoice',251,'Input',NULL,NULL,NULL,NULL,NULL,NULL,6,2,'2022-03-08 08:49:45','2022-03-08 08:49:45'),(587,'Crater\\Models\\Invoice',251,'Input',NULL,NULL,NULL,NULL,NULL,NULL,5,2,'2022-03-08 08:49:45','2022-03-08 08:49:45'),(590,'Crater\\Models\\Invoice',253,'Input',NULL,NULL,NULL,NULL,NULL,NULL,3,1,'2022-03-09 06:06:32','2022-03-09 06:06:32'),(591,'Crater\\Models\\Invoice',253,'Input',NULL,NULL,NULL,NULL,NULL,NULL,2,1,'2022-03-09 06:06:32','2022-03-09 06:06:32'),(592,'Crater\\Models\\Invoice',254,'Input',NULL,NULL,NULL,NULL,NULL,NULL,3,1,'2022-03-09 06:31:23','2022-03-09 06:31:23'),(593,'Crater\\Models\\Invoice',254,'Input',NULL,NULL,NULL,NULL,NULL,NULL,2,1,'2022-03-09 06:31:23','2022-03-09 06:31:23'),(594,'Crater\\Models\\Customer',91,'Input',NULL,NULL,NULL,'08AFGPP1517C1ZS',NULL,NULL,4,2,'2022-03-11 06:20:22','2022-03-11 06:20:22'),(595,'Crater\\Models\\Invoice',255,'Input',NULL,NULL,NULL,NULL,NULL,NULL,6,2,'2022-03-14 03:32:11','2022-03-14 03:32:11'),(596,'Crater\\Models\\Invoice',255,'Input',NULL,NULL,NULL,NULL,NULL,NULL,5,2,'2022-03-14 03:32:11','2022-03-14 03:32:11'),(597,'Crater\\Models\\Invoice',256,'Input',NULL,NULL,NULL,NULL,NULL,NULL,3,1,'2022-03-14 11:24:58','2022-03-14 11:24:58'),(598,'Crater\\Models\\Invoice',256,'Input',NULL,NULL,NULL,NULL,NULL,NULL,2,1,'2022-03-14 11:24:58','2022-03-14 11:24:58'),(599,'Crater\\Models\\Invoice',257,'Input',NULL,NULL,NULL,NULL,NULL,NULL,6,2,'2022-03-16 09:47:09','2022-03-16 09:47:09'),(600,'Crater\\Models\\Invoice',257,'Input',NULL,NULL,NULL,NULL,NULL,NULL,5,2,'2022-03-16 09:47:09','2022-03-16 09:47:09'),(601,'Crater\\Models\\Invoice',258,'Input',NULL,NULL,NULL,NULL,NULL,NULL,6,2,'2022-03-16 09:47:59','2022-03-16 09:47:59'),(602,'Crater\\Models\\Invoice',258,'Input',NULL,NULL,NULL,NULL,NULL,NULL,5,2,'2022-03-16 09:47:59','2022-03-16 09:47:59'),(603,'Crater\\Models\\Invoice',259,'Input',NULL,NULL,NULL,NULL,NULL,NULL,6,2,'2022-03-16 11:35:05','2022-03-16 11:35:05'),(604,'Crater\\Models\\Invoice',259,'Input',NULL,NULL,NULL,NULL,NULL,NULL,5,2,'2022-03-16 11:35:05','2022-03-16 11:35:05'),(605,'Crater\\Models\\Invoice',260,'Input',NULL,NULL,NULL,NULL,NULL,NULL,6,2,'2022-03-19 17:21:26','2022-03-19 17:21:26'),(606,'Crater\\Models\\Invoice',260,'Input',NULL,NULL,NULL,NULL,NULL,NULL,5,2,'2022-03-19 17:21:26','2022-03-19 17:21:26'),(607,'Crater\\Models\\Invoice',261,'Input',NULL,NULL,NULL,NULL,NULL,NULL,6,2,'2022-03-19 17:33:34','2022-03-19 17:33:34'),(608,'Crater\\Models\\Invoice',261,'Input',NULL,NULL,NULL,NULL,NULL,NULL,5,2,'2022-03-19 17:33:34','2022-03-19 17:33:34'),(609,'Crater\\Models\\Invoice',262,'Input',NULL,NULL,NULL,NULL,NULL,NULL,6,2,'2022-03-26 02:04:10','2022-03-26 02:04:10'),(610,'Crater\\Models\\Invoice',262,'Input',NULL,NULL,NULL,NULL,NULL,NULL,5,2,'2022-03-26 02:04:10','2022-03-26 02:04:10'),(611,'Crater\\Models\\Invoice',263,'Input',NULL,NULL,NULL,NULL,NULL,NULL,6,2,'2022-03-26 02:10:56','2022-03-26 02:10:56'),(612,'Crater\\Models\\Invoice',263,'Input',NULL,NULL,NULL,NULL,NULL,NULL,5,2,'2022-03-26 02:10:56','2022-03-26 02:10:56'),(613,'Crater\\Models\\Invoice',264,'Input',NULL,NULL,NULL,NULL,NULL,NULL,6,2,'2022-03-26 02:12:47','2022-03-26 02:12:47'),(614,'Crater\\Models\\Invoice',264,'Input',NULL,NULL,NULL,NULL,NULL,NULL,5,2,'2022-03-26 02:12:47','2022-03-26 02:12:47'),(615,'Crater\\Models\\Invoice',265,'Input',NULL,NULL,NULL,NULL,NULL,NULL,6,2,'2022-03-26 05:43:00','2022-03-26 05:43:00'),(616,'Crater\\Models\\Invoice',265,'Input',NULL,NULL,NULL,NULL,NULL,NULL,5,2,'2022-03-26 05:43:00','2022-03-26 05:43:00'),(617,'Crater\\Models\\Invoice',266,'Input',NULL,NULL,NULL,NULL,NULL,NULL,3,1,'2022-03-26 06:09:54','2022-03-26 06:09:54'),(618,'Crater\\Models\\Invoice',266,'Input',NULL,NULL,NULL,NULL,NULL,NULL,2,1,'2022-03-26 06:09:54','2022-03-26 06:09:54'),(619,'Crater\\Models\\Invoice',267,'Input',NULL,NULL,NULL,NULL,NULL,NULL,3,1,'2022-03-26 06:34:09','2022-03-26 06:34:09'),(620,'Crater\\Models\\Invoice',267,'Input',NULL,NULL,NULL,NULL,NULL,NULL,2,1,'2022-03-26 06:34:09','2022-03-26 06:34:09'),(621,'Crater\\Models\\Invoice',268,'Input',NULL,NULL,NULL,NULL,NULL,NULL,3,1,'2022-03-29 10:04:46','2022-03-29 10:04:46'),(622,'Crater\\Models\\Invoice',268,'Input',NULL,NULL,NULL,NULL,NULL,NULL,2,1,'2022-03-29 10:04:46','2022-03-29 10:04:46'),(623,'Crater\\Models\\Invoice',269,'Input',NULL,NULL,NULL,NULL,NULL,NULL,3,1,'2022-03-30 07:26:03','2022-03-30 07:26:03'),(624,'Crater\\Models\\Invoice',269,'Input',NULL,NULL,NULL,NULL,NULL,NULL,2,1,'2022-03-30 07:26:03','2022-03-30 07:26:03'),(625,'Crater\\Models\\Customer',92,'Input',NULL,NULL,NULL,'08AAACR9846A1ZA',NULL,NULL,1,1,'2022-04-01 07:22:10','2022-04-01 07:22:10'),(626,'Crater\\Models\\Invoice',270,'Input',NULL,NULL,NULL,NULL,NULL,NULL,3,1,'2022-04-01 07:27:07','2022-04-01 07:27:07'),(627,'Crater\\Models\\Invoice',270,'Input',NULL,NULL,NULL,NULL,NULL,NULL,2,1,'2022-04-01 07:27:07','2022-04-01 07:27:07'),(628,'Crater\\Models\\Invoice',271,'Input',NULL,NULL,NULL,NULL,NULL,NULL,3,1,'2022-04-01 07:33:04','2022-04-01 07:33:04'),(629,'Crater\\Models\\Invoice',271,'Input',NULL,NULL,NULL,NULL,NULL,NULL,2,1,'2022-04-01 07:33:04','2022-04-01 07:33:04'),(630,'Crater\\Models\\Invoice',272,'Input',NULL,NULL,NULL,NULL,NULL,NULL,3,1,'2022-04-03 06:34:44','2022-04-03 06:34:44'),(631,'Crater\\Models\\Invoice',272,'Input',NULL,NULL,NULL,NULL,NULL,NULL,2,1,'2022-04-03 06:34:44','2022-04-03 06:34:44'),(632,'Crater\\Models\\Invoice',273,'Input',NULL,NULL,NULL,NULL,NULL,NULL,6,2,'2022-04-08 08:42:59','2022-04-08 08:42:59'),(633,'Crater\\Models\\Invoice',273,'Input',NULL,NULL,NULL,NULL,NULL,NULL,5,2,'2022-04-08 08:42:59','2022-04-08 08:42:59'),(634,'Crater\\Models\\Invoice',274,'Input',NULL,NULL,NULL,NULL,NULL,NULL,3,1,'2022-04-09 07:15:34','2022-04-09 07:15:34'),(635,'Crater\\Models\\Invoice',274,'Input',NULL,NULL,NULL,NULL,NULL,NULL,2,1,'2022-04-09 07:15:34','2022-04-09 07:15:34'),(636,'Crater\\Models\\Invoice',275,'Input',NULL,NULL,NULL,NULL,NULL,NULL,3,1,'2022-04-09 10:18:02','2022-04-09 10:18:02'),(637,'Crater\\Models\\Invoice',275,'Input',NULL,NULL,NULL,NULL,NULL,NULL,2,1,'2022-04-09 10:18:02','2022-04-09 10:18:02'),(638,'Crater\\Models\\Invoice',276,'Input',NULL,NULL,NULL,NULL,NULL,NULL,3,1,'2022-04-10 10:50:45','2022-04-10 10:50:45'),(639,'Crater\\Models\\Invoice',276,'Input',NULL,NULL,NULL,NULL,NULL,NULL,2,1,'2022-04-10 10:50:45','2022-04-10 10:50:45'),(640,'Crater\\Models\\Invoice',277,'Input',NULL,NULL,NULL,NULL,NULL,NULL,6,2,'2022-04-13 11:31:28','2022-04-13 11:31:28'),(641,'Crater\\Models\\Invoice',277,'Input',NULL,NULL,NULL,NULL,NULL,NULL,5,2,'2022-04-13 11:31:28','2022-04-13 11:31:28'),(642,'Crater\\Models\\Customer',93,'Input',NULL,NULL,NULL,'08ADQFS8462H1ZC',NULL,NULL,4,2,'2022-04-13 11:33:43','2022-04-13 11:33:43'),(643,'Crater\\Models\\Customer',94,'Input',NULL,NULL,NULL,'08AACCA7285Q1ZY',NULL,NULL,4,2,'2022-04-13 11:35:56','2022-04-13 11:35:56'),(644,'Crater\\Models\\Invoice',278,'Input',NULL,NULL,NULL,NULL,NULL,NULL,6,2,'2022-04-13 14:43:34','2022-04-13 14:43:34'),(645,'Crater\\Models\\Invoice',278,'Input',NULL,NULL,NULL,NULL,NULL,NULL,5,2,'2022-04-13 14:43:34','2022-04-13 14:43:34'),(646,'Crater\\Models\\Invoice',279,'Input',NULL,NULL,NULL,NULL,NULL,NULL,6,2,'2022-04-13 14:45:04','2022-04-13 14:45:04'),(647,'Crater\\Models\\Invoice',279,'Input',NULL,NULL,NULL,NULL,NULL,NULL,5,2,'2022-04-13 14:45:04','2022-04-13 14:45:04'),(648,'Crater\\Models\\Invoice',280,'Input',NULL,NULL,NULL,NULL,NULL,NULL,6,2,'2022-04-13 14:51:39','2022-04-13 14:51:39'),(649,'Crater\\Models\\Invoice',280,'Input',NULL,NULL,NULL,NULL,NULL,NULL,5,2,'2022-04-13 14:51:39','2022-04-13 14:51:39'),(650,'Crater\\Models\\Invoice',281,'Input',NULL,NULL,NULL,NULL,NULL,NULL,6,2,'2022-04-21 02:20:33','2022-04-21 02:20:33'),(651,'Crater\\Models\\Invoice',281,'Input',NULL,NULL,NULL,NULL,NULL,NULL,5,2,'2022-04-21 02:20:33','2022-04-21 02:20:33'),(654,'Crater\\Models\\Invoice',283,'Input',NULL,NULL,NULL,NULL,NULL,NULL,3,1,'2022-04-21 06:21:18','2022-04-21 06:21:18'),(655,'Crater\\Models\\Invoice',283,'Input',NULL,NULL,NULL,NULL,NULL,NULL,2,1,'2022-04-21 06:21:18','2022-04-21 06:21:18'),(656,'Crater\\Models\\Invoice',284,'Input',NULL,NULL,NULL,NULL,NULL,NULL,3,1,'2022-05-01 09:36:02','2022-05-01 09:36:02'),(657,'Crater\\Models\\Invoice',284,'Input',NULL,NULL,NULL,NULL,NULL,NULL,2,1,'2022-05-01 09:36:02','2022-05-01 09:36:02'),(658,'Crater\\Models\\Invoice',285,'Input',NULL,NULL,NULL,NULL,NULL,NULL,3,1,'2022-05-01 09:49:48','2022-05-01 09:49:48'),(659,'Crater\\Models\\Invoice',285,'Input',NULL,NULL,NULL,NULL,NULL,NULL,2,1,'2022-05-01 09:49:48','2022-05-01 09:49:48'),(660,'Crater\\Models\\Customer',95,'Input',NULL,NULL,NULL,'08alqpt5126p2z4',NULL,NULL,1,1,'2022-05-01 10:53:12','2022-05-01 10:53:12'),(663,'Crater\\Models\\Invoice',287,'Input',NULL,NULL,NULL,NULL,NULL,NULL,3,1,'2022-05-01 11:00:24','2022-05-01 11:00:24'),(664,'Crater\\Models\\Invoice',287,'Input',NULL,NULL,NULL,NULL,NULL,NULL,2,1,'2022-05-01 11:00:24','2022-05-01 11:00:24'),(665,'Crater\\Models\\Invoice',288,'Input',NULL,NULL,NULL,NULL,NULL,NULL,3,1,'2022-05-01 11:06:09','2022-05-01 11:06:09'),(666,'Crater\\Models\\Invoice',288,'Input',NULL,NULL,NULL,NULL,NULL,NULL,2,1,'2022-05-01 11:06:09','2022-05-01 11:06:09'),(667,'Crater\\Models\\Invoice',289,'Input',NULL,NULL,NULL,NULL,NULL,NULL,3,1,'2022-05-01 11:29:09','2022-05-01 11:29:09'),(668,'Crater\\Models\\Invoice',289,'Input',NULL,NULL,NULL,NULL,NULL,NULL,2,1,'2022-05-01 11:29:09','2022-05-01 11:29:09'),(669,'Crater\\Models\\Invoice',290,'Input',NULL,NULL,NULL,NULL,NULL,NULL,6,2,'2022-05-03 04:22:22','2022-05-03 04:22:22'),(670,'Crater\\Models\\Invoice',290,'Input',NULL,NULL,NULL,NULL,NULL,NULL,5,2,'2022-05-03 04:22:22','2022-05-03 04:22:22'),(671,'Crater\\Models\\Invoice',291,'Input',NULL,NULL,NULL,NULL,NULL,NULL,6,2,'2022-05-03 04:23:15','2022-05-03 04:23:15'),(672,'Crater\\Models\\Invoice',291,'Input',NULL,NULL,NULL,NULL,NULL,NULL,5,2,'2022-05-03 04:23:15','2022-05-03 04:23:15'),(673,'Crater\\Models\\Invoice',292,'Input',NULL,NULL,NULL,NULL,NULL,NULL,6,2,'2022-05-04 09:56:46','2022-05-04 09:56:46'),(674,'Crater\\Models\\Invoice',292,'Input',NULL,NULL,NULL,NULL,NULL,NULL,5,2,'2022-05-04 09:56:46','2022-05-04 09:56:46'),(675,'Crater\\Models\\Invoice',293,'Input',NULL,NULL,NULL,NULL,NULL,NULL,6,2,'2022-05-07 06:41:21','2022-05-07 06:41:21'),(676,'Crater\\Models\\Invoice',293,'Input',NULL,NULL,NULL,NULL,NULL,NULL,5,2,'2022-05-07 06:41:21','2022-05-07 06:41:21'),(677,'Crater\\Models\\Invoice',294,'Input',NULL,NULL,NULL,NULL,NULL,NULL,3,1,'2022-05-08 05:05:06','2022-05-08 05:05:06'),(678,'Crater\\Models\\Invoice',294,'Input',NULL,NULL,NULL,NULL,NULL,NULL,2,1,'2022-05-08 05:05:06','2022-05-08 05:05:06'),(679,'Crater\\Models\\Invoice',295,'Input',NULL,NULL,NULL,NULL,NULL,NULL,3,1,'2022-05-08 05:11:04','2022-05-08 05:11:04'),(680,'Crater\\Models\\Invoice',295,'Input',NULL,NULL,NULL,NULL,NULL,NULL,2,1,'2022-05-08 05:11:04','2022-05-08 05:11:04'),(719,'Crater\\Models\\Invoice',315,'Input',NULL,NULL,NULL,NULL,NULL,NULL,6,2,'2022-05-30 01:41:37','2022-05-30 01:41:37'),(720,'Crater\\Models\\Invoice',315,'Input',NULL,NULL,NULL,NULL,NULL,NULL,5,2,'2022-05-30 01:41:37','2022-05-30 01:41:37'),(721,'Crater\\Models\\Invoice',316,'Input',NULL,NULL,NULL,NULL,NULL,NULL,6,2,'2022-05-30 21:10:50','2022-05-30 21:10:50'),(722,'Crater\\Models\\Invoice',316,'Input',NULL,NULL,NULL,NULL,NULL,NULL,5,2,'2022-05-30 21:10:50','2022-05-30 21:10:50'),(725,'Crater\\Models\\Invoice',318,'Input',NULL,NULL,NULL,NULL,NULL,NULL,6,2,'2022-05-30 21:26:11','2022-05-30 21:26:11'),(726,'Crater\\Models\\Invoice',318,'Input',NULL,NULL,NULL,NULL,NULL,NULL,5,2,'2022-05-30 21:26:11','2022-05-30 21:26:11'),(727,'Crater\\Models\\Customer',96,'Input',NULL,NULL,NULL,'08AABCH6795D1ZE',NULL,NULL,4,2,'2022-05-30 21:43:20','2022-05-30 21:43:20'),(728,'Crater\\Models\\Invoice',319,'Input',NULL,NULL,NULL,NULL,NULL,NULL,6,2,'2022-05-30 21:44:26','2022-05-30 21:44:26'),(729,'Crater\\Models\\Invoice',319,'Input',NULL,NULL,NULL,NULL,NULL,NULL,5,2,'2022-05-30 21:44:26','2022-05-30 21:44:26'),(730,'Crater\\Models\\Invoice',320,'Input',NULL,NULL,NULL,NULL,NULL,NULL,3,1,'2022-06-03 00:04:22','2022-06-03 00:04:22'),(731,'Crater\\Models\\Invoice',320,'Input',NULL,NULL,NULL,NULL,NULL,NULL,2,1,'2022-06-03 00:04:22','2022-06-03 00:04:22'),(732,'Crater\\Models\\Invoice',321,'Input',NULL,NULL,NULL,NULL,NULL,NULL,3,1,'2022-06-03 00:16:16','2022-06-03 00:16:16'),(733,'Crater\\Models\\Invoice',321,'Input',NULL,NULL,NULL,NULL,NULL,NULL,2,1,'2022-06-03 00:16:16','2022-06-03 00:16:16'),(734,'Crater\\Models\\Invoice',322,'Input',NULL,NULL,NULL,NULL,NULL,NULL,3,1,'2022-06-03 00:23:19','2022-06-03 00:23:19'),(735,'Crater\\Models\\Invoice',322,'Input',NULL,NULL,NULL,NULL,NULL,NULL,2,1,'2022-06-03 00:23:19','2022-06-03 00:23:19'),(736,'Crater\\Models\\Invoice',323,'Input',NULL,NULL,NULL,NULL,NULL,NULL,6,2,'2022-06-03 09:44:58','2022-06-03 09:44:58'),(737,'Crater\\Models\\Invoice',323,'Input',NULL,NULL,NULL,NULL,NULL,NULL,5,2,'2022-06-03 09:44:58','2022-06-03 09:44:58'),(738,'Crater\\Models\\Customer',97,'Input',NULL,NULL,NULL,'08AXCPD1434E1Z3',NULL,NULL,4,2,'2022-06-04 06:12:16','2022-06-04 06:12:16'),(739,'Crater\\Models\\Invoice',324,'Input',NULL,NULL,NULL,NULL,NULL,NULL,6,2,'2022-06-04 06:12:47','2022-06-04 06:12:47'),(740,'Crater\\Models\\Invoice',324,'Input',NULL,NULL,NULL,NULL,NULL,NULL,5,2,'2022-06-04 06:12:47','2022-06-04 06:12:47'),(745,'Crater\\Models\\Invoice',327,'Input',NULL,NULL,NULL,NULL,NULL,NULL,6,2,'2022-06-08 05:37:42','2022-06-08 05:37:42'),(746,'Crater\\Models\\Invoice',327,'Input',NULL,NULL,NULL,NULL,NULL,NULL,5,2,'2022-06-08 05:37:42','2022-06-08 05:37:42'),(749,'Crater\\Models\\Invoice',329,'Input',NULL,NULL,NULL,NULL,NULL,NULL,6,2,'2022-06-17 03:25:02','2022-06-17 03:25:02'),(750,'Crater\\Models\\Invoice',329,'Input',NULL,NULL,NULL,NULL,NULL,NULL,5,2,'2022-06-17 03:25:02','2022-06-17 03:25:02'),(761,'Crater\\Models\\Invoice',335,'Input',NULL,NULL,NULL,NULL,NULL,NULL,3,1,'2022-06-18 02:45:23','2022-06-18 02:45:23'),(762,'Crater\\Models\\Invoice',335,'Input',NULL,NULL,NULL,NULL,NULL,NULL,2,1,'2022-06-18 02:45:23','2022-06-18 02:45:23');

--
-- Table structure for table `custom_fields`
--

CREATE TABLE `custom_fields` (
  `id` bigint(20) unsigned NOT NULL AUTO_INCREMENT,
  `name` varchar(255) COLLATE utf8_unicode_ci NOT NULL,
  `slug` varchar(255) COLLATE utf8_unicode_ci NOT NULL,
  `label` varchar(255) COLLATE utf8_unicode_ci NOT NULL,
  `model_type` varchar(255) COLLATE utf8_unicode_ci NOT NULL,
  `type` varchar(255) COLLATE utf8_unicode_ci NOT NULL,
  `placeholder` varchar(255) COLLATE utf8_unicode_ci DEFAULT NULL,
  `options` json DEFAULT NULL,
  `boolean_answer` tinyint(1) DEFAULT NULL,
  `date_answer` date DEFAULT NULL,
  `time_answer` time DEFAULT NULL,
  `string_answer` text COLLATE utf8_unicode_ci,
  `number_answer` bigint(20) unsigned DEFAULT NULL,
  `date_time_answer` datetime DEFAULT NULL,
  `is_required` tinyint(1) NOT NULL DEFAULT '0',
  `order` bigint(20) unsigned NOT NULL DEFAULT '1',
  `company_id` int(10) unsigned NOT NULL,
  `created_at` timestamp NULL DEFAULT NULL,
  `updated_at` timestamp NULL DEFAULT NULL,
  PRIMARY KEY (`id`),
  KEY `custom_fields_company_id_foreign` (`company_id`),
  CONSTRAINT `custom_fields_company_id_foreign` FOREIGN KEY (`company_id`) REFERENCES `companies` (`id`)
) ENGINE=InnoDB AUTO_INCREMENT=7 DEFAULT CHARSET=utf8 COLLATE=utf8_unicode_ci;

--
-- Dumping data for table `custom_fields`
--

INSERT INTO `custom_fields` VALUES (1,'gst_no','CUSTOM_CUSTOMER_GST_NO','GST No','Customer','Input',NULL,'[]',NULL,NULL,NULL,NULL,NULL,NULL,1,1,1,'2021-03-25 17:18:35','2021-06-03 19:22:02'),(2,'eway_bill_number','CUSTOM_INVOICE_EWAY_BILL_NO','EWay Bill No','Invoice','Input','EWay Bill No','[]',NULL,NULL,NULL,NULL,NULL,NULL,0,1,1,'2021-06-03 19:17:13','2021-06-03 19:21:45'),(3,'transport_vehicle_no','CUSTOM_INVOICE_TRANSPORT_VEHICLE_NO','Transport Vehicle No','Invoice','Input',NULL,'[]',NULL,NULL,NULL,NULL,NULL,NULL,0,1,1,'2021-06-03 19:18:21','2021-06-03 19:21:28'),(4,'gst_no','CUSTOM_CUSTOMER_GST_NO_1','GST No','Customer','Input',NULL,'[]',NULL,NULL,NULL,NULL,NULL,NULL,1,1,2,'2021-06-18 03:47:55','2021-06-18 07:12:26'),(5,'eway_bill_number','CUSTOM_INVOICE_EWAY_BILL_NO_1','EWay Bill No','Invoice','Input',NULL,'[]',NULL,NULL,NULL,NULL,NULL,NULL,0,1,2,'2021-06-18 03:48:44','2021-06-18 07:12:54'),(6,'transport_vehicle_no','CUSTOM_INVOICE_TRANSPORT_VEHICLE_NO_1','Transport Vehicle No','Invoice','Input',NULL,'[]',NULL,NULL,NULL,NULL,NULL,NULL,0,1,2,'2021-06-18 07:13:31','2021-06-18 07:13:31');

--
-- Table structure for table `customers`
--

CREATE TABLE `customers` (
  `id` bigint(20) unsigned NOT NULL AUTO_INCREMENT,
  `prefix` varchar(255) COLLATE utf8_unicode_ci DEFAULT NULL,
  `name` varchar(255) COLLATE utf8_unicode_ci NOT NULL,
  `email` varchar(255) COLLATE utf8_unicode_ci DEFAULT NULL,
  `phone` varchar(255) COLLATE utf8_unicode_ci DEFAULT NULL,
  `password` varchar(255) COLLATE utf8_unicode_ci DEFAULT NULL,
  `remember_token` varchar(100) COLLATE utf8_unicode_ci DEFAULT NULL,
  `facebook_id` varchar(255) COLLATE utf8_unicode_ci DEFAULT NULL,
  `google_id` varchar(255) COLLATE utf8_unicode_ci DEFAULT NULL,
  `github_id` varchar(255) COLLATE utf8_unicode_ci DEFAULT NULL,
  `contact_name` varchar(255) COLLATE utf8_unicode_ci DEFAULT NULL,
  `company_name` varchar(255) COLLATE utf8_unicode_ci DEFAULT NULL,
  `website` varchar(255) COLLATE utf8_unicode_ci DEFAULT NULL,
  `enable_portal` tinyint(1) DEFAULT '0',
  `currency_id` int(10) unsigned DEFAULT NULL,
  `company_id` int(10) unsigned DEFAULT NULL,
  `creator_id` int(10) unsigned DEFAULT NULL,
  `created_at` timestamp NULL DEFAULT NULL,
  `updated_at` timestamp NULL DEFAULT NULL,
  PRIMARY KEY (`id`),
  KEY `customers_currency_id_foreign` (`currency_id`),
  KEY `customers_company_id_foreign` (`company_id`),
  KEY `customers_creator_id_foreign` (`creator_id`),
  CONSTRAINT `customers_company_id_foreign` FOREIGN KEY (`company_id`) REFERENCES `companies` (`id`),
  CONSTRAINT `customers_creator_id_foreign` FOREIGN KEY (`creator_id`) REFERENCES `users` (`id`),
  CONSTRAINT `customers_currency_id_foreign` FOREIGN KEY (`currency_id`) REFERENCES `currencies` (`id`)
) ENGINE=InnoDB AUTO_INCREMENT=98 DEFAULT CHARSET=utf8 COLLATE=utf8_unicode_ci;

--
-- Dumping data for table `customers`
--

INSERT INTO `customers` VALUES (1,NULL,'Khandal Mata ji Marble Pvt Ltd',NULL,NULL,'$2y$10$Hd44UMXq.XuxV9gDZLkgZuZuQfEAhxUXy2Ln0AUC4SU6D7X22sVcS',NULL,NULL,NULL,NULL,'Guddu ji',NULL,NULL,0,12,1,1,'2021-03-25 17:14:22','2022-01-14 13:25:52'),(2,NULL,'Shree gajanand kripa granites pvt ltd',NULL,NULL,'$2y$10$uAtXmVYeHBh.qLlEOxL.GeIUg47k8qQIEGeDGyKMr.g9zsPLUdHPa',NULL,NULL,NULL,NULL,'Deepak ji',NULL,NULL,0,12,1,4,'2021-06-04 10:24:26','2022-01-14 13:25:52'),(3,NULL,'Mahesh granite',NULL,NULL,'$2y$10$m.5UDemKfloDi.FXo9ycxuR2Mvszs4vwvq6QDWyKSSpbUrmdRTiPK',NULL,NULL,NULL,NULL,'Niki ji',NULL,NULL,0,12,1,4,'2021-06-04 10:53:26','2022-01-14 13:25:52'),(4,NULL,'Jagan marble',NULL,NULL,'$2y$10$XVy6XolwtCJMz2pgapN68ekI.ttaGjiM8K8ewOoTvE2.cGZWPCh8W',NULL,NULL,NULL,NULL,NULL,NULL,NULL,0,12,1,4,'2021-06-04 10:57:23','2022-01-14 13:25:52'),(5,NULL,'Chawanda granite',NULL,NULL,'$2y$10$5vk/SzuqrDsoXSzTHTk5Ge1znbgKbfzrKOwbu8/hYDMsZIEEPKE7a',NULL,NULL,NULL,NULL,NULL,NULL,NULL,0,12,1,4,'2021-06-04 11:00:14','2022-01-14 13:25:52'),(6,NULL,'Sangam marble & granite',NULL,NULL,'$2y$10$jscqVO5vIOHOtXda27BVv.sDUzrD/SqqAelpmn7E/wCy3PPJBWjVa',NULL,NULL,NULL,NULL,NULL,NULL,NULL,0,12,1,4,'2021-06-04 11:02:08','2022-01-14 13:25:52'),(7,NULL,'Rajal granite',NULL,NULL,'$2y$10$vMIGnx7XcyfI3itQrOTX2.55jcq8UWIfEVIB07QaaG9IvJN67m22C',NULL,NULL,NULL,NULL,NULL,NULL,NULL,0,12,1,4,'2021-06-04 11:03:58','2022-01-14 13:25:52'),(8,NULL,'Orient marble',NULL,NULL,'$2y$10$RIZh7iz27tU15Z/6WPfxpuctBk7jXOjklk4kt5KvSJWB.jQ.JL3c6',NULL,NULL,NULL,NULL,NULL,NULL,NULL,0,12,1,4,'2021-06-04 11:06:19','2022-01-14 13:25:52'),(9,NULL,'Supyar granite',NULL,NULL,'$2y$10$Lce9/WadOjd3KkkM8KSUWOn2ZFI6Uzgc0qE5c/0w.3.5dmRCyo6kC',NULL,NULL,NULL,NULL,NULL,NULL,NULL,0,12,1,4,'2021-06-04 11:09:29','2022-01-14 13:25:52'),(10,NULL,'Balaji stonemart',NULL,NULL,'$2y$10$jchV0tvHkUSauecMuCiZoeYT8c7PK1VyO1wO0GTfA1dzWJikmWGT.',NULL,NULL,NULL,NULL,NULL,NULL,NULL,0,12,1,4,'2021-06-04 11:11:30','2022-01-14 13:25:52'),(11,NULL,'Mahashraman marble pvt ltd',NULL,NULL,'$2y$10$5ZFU1IMZ9BEJWOFMQl9LnOBBlnVIorp3219eEXgxii7AlLGyzRBQe',NULL,NULL,NULL,NULL,NULL,NULL,NULL,0,12,1,4,'2021-06-04 11:13:47','2022-01-14 13:25:52'),(12,NULL,'Anil exporter',NULL,NULL,'$2y$10$h0nerdYu4x/dmsB/iqXKMOiIcVqWHe2VOdF6kyWvh/vQT5xhlXB72',NULL,NULL,NULL,NULL,NULL,NULL,NULL,0,12,1,4,'2021-06-04 11:15:38','2022-01-14 13:25:52'),(13,NULL,'Shree ji granite & marble',NULL,NULL,'$2y$10$fpIKROjdbn6Ci9n00j/M9uqxGIYrt8qJUOhSKTBb5/pPhDxt1uada',NULL,NULL,NULL,NULL,'Vasu ji',NULL,NULL,0,12,1,4,'2021-06-04 11:19:17','2022-01-14 13:25:52'),(14,NULL,'Dwarkadhish granite',NULL,NULL,'$2y$10$e0tvYFPRaKa89xrTYA2LTuAwwuA2btaOBeS2mmyLyVOk4W8ODRWXG',NULL,NULL,NULL,NULL,NULL,NULL,NULL,0,12,1,4,'2021-06-05 01:02:28','2022-01-14 13:25:52'),(15,NULL,'Meera marble',NULL,NULL,'$2y$10$1Y9IgyZAISFHoAScEEp7p.9LtmYA3ZpPaaSm7MeAX11uEU3Ohbd4q',NULL,NULL,NULL,NULL,NULL,NULL,NULL,0,12,1,4,'2021-06-05 09:34:04','2022-01-14 13:25:52'),(16,NULL,'Gajanand granite',NULL,NULL,'$2y$10$qJc6cS8ut8WSMLNyVOHimeRKj7nK/Nay7DPcApWA.nIbBcLSMcI5.',NULL,NULL,NULL,NULL,NULL,NULL,NULL,0,12,1,4,'2021-06-05 09:52:43','2022-01-14 13:25:52'),(17,NULL,'Lakecity enterprises',NULL,NULL,'$2y$10$I4NfBnSV0Xt5tLRtSn/whuPXHH3t/Uq52uEBrtRCHzGC5F96Y/Pum',NULL,NULL,NULL,NULL,NULL,NULL,NULL,0,12,1,4,'2021-06-10 05:05:49','2022-01-14 13:25:52'),(18,NULL,'Mundra marble',NULL,NULL,'$2y$10$jqsZR3VG1GYMPeuwRVtRx.NtO0p8o/q1Ru.HiZWnuPXHicAdCtwjy',NULL,NULL,NULL,NULL,NULL,NULL,NULL,0,12,1,4,'2021-06-10 05:57:40','2022-01-14 13:25:52'),(19,NULL,'Rooplaxmi granite',NULL,NULL,'$2y$10$DCPL5ev7MEWWV4wH3hIUu.7hjw.A5As77cPz0fZv1k5S/RD9OnmBK',NULL,NULL,NULL,NULL,NULL,NULL,NULL,0,12,1,4,'2021-06-10 07:03:46','2022-01-14 13:25:52'),(20,NULL,'Tirupati marble & Granites',NULL,NULL,'$2y$10$pCdxIGHuEsbA/Gb9Xe/eFuxHUr58L.C.BXXtkZpQfvENNe9ULPpGC',NULL,NULL,NULL,NULL,NULL,NULL,NULL,0,12,1,4,'2021-06-12 05:09:14','2022-01-14 13:25:52'),(21,NULL,'Ruchika granite',NULL,NULL,'$2y$10$0FsBXDjLAfZCayY1FCV3nOTEJuTrKxLBR8LdzgK0rScyh0mS7lNLa',NULL,NULL,NULL,NULL,NULL,NULL,NULL,0,12,1,4,'2021-06-13 11:07:07','2022-01-14 13:25:52'),(22,NULL,'Shrinath granite',NULL,NULL,'$2y$10$4wqhU9BusXRHl/l60DiGeu9ajpfimdc4b2oKSw8/bpq0Ng3t4IVVe',NULL,NULL,NULL,NULL,NULL,NULL,NULL,0,12,1,4,'2021-06-14 10:32:14','2022-01-14 13:25:52'),(23,NULL,'Shree ganpati granites',NULL,NULL,'$2y$10$LZsv1TJtfiZL6zLMmmWwzOkwRKuDzRCV0TfpvU/C.cd8hNu/Zo.dm',NULL,NULL,NULL,NULL,NULL,NULL,NULL,0,12,1,4,'2021-06-16 09:30:24','2022-01-14 13:25:52'),(24,NULL,'Avkar Marble & Granite Pvt Ltd',NULL,NULL,'$2y$10$NAjN16WqsUCOHLF1YWUGuOQysAmcNP.bIrxRTxFkiuP4kR3ku38YK',NULL,NULL,NULL,NULL,NULL,NULL,NULL,0,12,2,5,'2021-06-18 03:51:17','2022-01-14 13:25:52'),(25,NULL,'Radaji marble & granite',NULL,NULL,'$2y$10$4.Z2cDBz5somrfhKrvG1XOvQ.qKqA3NsMXp11kKqKdVw1c0gTR4N.',NULL,NULL,NULL,NULL,NULL,NULL,NULL,0,12,1,4,'2021-06-19 03:43:18','2022-01-14 13:25:52'),(26,NULL,'SALASAR Granite industries',NULL,NULL,'$2y$10$U3oPtWHp3VaCnncAgIRFge2ARbnFK39HBZ8C70KU0g47WKYrL6L36',NULL,NULL,NULL,NULL,NULL,NULL,NULL,0,12,1,4,'2021-06-20 09:03:30','2022-01-14 13:25:52'),(27,NULL,'Prerna landcon pvt.ltd',NULL,NULL,'$2y$10$W3rtGN/V9bFFbzrQ4rFXnuzs.x8yg2XqxK4fkCURi7LAhK8YFirea',NULL,NULL,NULL,NULL,NULL,NULL,NULL,0,12,1,4,'2021-06-20 10:48:40','2022-01-14 13:25:52'),(28,NULL,'Shree stone',NULL,NULL,'$2y$10$O6mWhk3SWTKGBzfpUywh5uDMbmUzU57TxE5UyG3VaY7l9roUP697m',NULL,NULL,NULL,NULL,NULL,NULL,NULL,0,12,1,4,'2021-06-24 08:38:34','2022-01-14 13:25:52'),(29,NULL,'Shree Balaji marble & granite',NULL,NULL,'$2y$10$aJdDdJiqPXBUZHeb/a7mXug5xAiohwD8Rt.aAamCIY79kkQwKW96q',NULL,NULL,NULL,NULL,NULL,NULL,NULL,0,12,1,4,'2021-06-28 06:32:58','2022-01-14 13:25:52'),(30,NULL,'Amar stone',NULL,NULL,'$2y$10$GW4Jouv0kBBg7CGi2t7XDOuaiSMlPiBAAae78vNk4iii4qWQJEdeu',NULL,NULL,NULL,NULL,NULL,NULL,NULL,0,12,1,4,'2021-06-28 10:32:25','2022-01-14 13:25:52'),(31,NULL,'M/S Shree Math mahadev marble suppliers',NULL,NULL,'$2y$10$vI.Tdt5FkDgfv5q8eM81Ze4cCQ.A5RTOR0I6NXdKRrchihsJDrltS',NULL,NULL,NULL,NULL,NULL,NULL,NULL,0,12,2,5,'2021-06-29 07:20:37','2022-01-14 13:25:52'),(32,NULL,'Satnarayan marble Pvt Ltd',NULL,NULL,'$2y$10$oZBR1lSZ7EpA/.Suw4jHqen8gLZqkUwEPM7Xv8zSb9W0Az7liVE9W',NULL,NULL,NULL,NULL,NULL,NULL,NULL,0,12,2,5,'2021-07-06 08:39:02','2022-01-14 13:25:52'),(33,NULL,'Shri umiya marmo Pvt Ltd',NULL,NULL,'$2y$10$1ls5tuRE4UySY/8egRzTbuinkgQydnbsFY0L0u0TB9oYd5TMmvdGi',NULL,NULL,NULL,NULL,NULL,NULL,NULL,0,12,2,5,'2021-07-06 08:44:13','2022-01-14 13:25:52'),(34,NULL,'Shri Balaji white marmo stones Pvt ltd',NULL,NULL,'$2y$10$Swu5c/ADxA.q3DNxS65tvet1ytipx75Ngay6cuweqtD.4o8MluOM.',NULL,NULL,NULL,NULL,NULL,NULL,NULL,0,12,2,5,'2021-07-06 08:51:41','2022-01-14 13:25:52'),(35,NULL,'Kohinoor chemical & tools',NULL,NULL,'$2y$10$XNKorHH5nC4OhNiz069KUu2sjg.WWNjP2eHET3cDXv95NutMxL5B2',NULL,NULL,NULL,NULL,NULL,NULL,NULL,0,12,1,4,'2021-07-08 09:25:49','2022-01-14 13:25:52'),(36,NULL,'Shri shiv sai granite',NULL,NULL,'$2y$10$KFdSp7.5KUCynvr2ljLXueumGX0Lo1HFELlFTKT.lGnRawT6OqsV6',NULL,NULL,NULL,NULL,NULL,NULL,NULL,0,12,1,4,'2021-07-14 11:33:52','2022-01-14 13:25:52'),(37,NULL,'Baba Ramdev granites',NULL,NULL,'$2y$10$zhuJJO6TpQx6JxuqrU1qi.60UbBCHxzl4d4UEZESHFvnBbU7RDdZm',NULL,NULL,NULL,NULL,NULL,NULL,NULL,0,12,1,4,'2021-07-16 08:17:10','2022-01-14 13:25:52'),(38,NULL,'Prime marble',NULL,NULL,'$2y$10$v7nt/hB6ypEVS.ebJEMtLOdt3L3nlj3aGgXEY6GAhSoqWIZn8MK.W',NULL,NULL,NULL,NULL,NULL,NULL,NULL,0,12,2,5,'2021-07-26 08:32:21','2022-01-14 13:25:52'),(39,NULL,'Shree mahesh granites Pvt ltd',NULL,NULL,'$2y$10$hm6XK550zey5OAEqV./ypuvrW8TCrc3dkdBDJIYGy18H1gihDQo7q',NULL,NULL,NULL,NULL,NULL,NULL,NULL,0,12,2,5,'2021-07-28 11:59:36','2022-01-14 13:25:52'),(40,NULL,'Megha marbles Pvt ltd',NULL,NULL,'$2y$10$LUwoCVsUIxdH9UQT4GoDkeEgyAVEGkHRzqyILKVUpBHYt0isRagtq',NULL,NULL,NULL,NULL,NULL,NULL,NULL,0,12,2,5,'2021-07-28 12:01:53','2022-01-14 13:25:52'),(41,NULL,'Shri kardhar stonex',NULL,NULL,'$2y$10$SukvSq2cGkqJU/UD3klbROmFST6Jwd4Vwfe/tsNCV9aRSN0aGIKKW',NULL,NULL,NULL,NULL,NULL,NULL,NULL,0,12,2,5,'2021-07-28 12:04:48','2022-01-14 13:25:52'),(42,NULL,'Saraswati marble',NULL,NULL,'$2y$10$tpwvgzeZ0YoC78khmXPTnO4t89yt9LCZnbaAzV/MuIpvcprOnjfsq',NULL,NULL,NULL,NULL,NULL,NULL,NULL,0,12,2,5,'2021-07-30 05:40:05','2022-01-14 13:25:52'),(43,NULL,'Ravish marmo',NULL,NULL,'$2y$10$kn/OSQmgACa03AKnmefG8.0PMTb6lm2ZpKJGMlXirzb13w6TwOANq',NULL,NULL,NULL,NULL,NULL,NULL,NULL,0,12,2,5,'2021-07-30 05:42:04','2022-01-14 13:25:52'),(44,NULL,'Kamal minerals',NULL,NULL,'$2y$10$RvynGi8s406H/3Rx5iMNSev9jXUMfWYdzh8ABfPAI03d.6N.JU/PO',NULL,NULL,NULL,NULL,NULL,NULL,NULL,0,12,2,5,'2021-07-30 05:53:50','2022-01-14 13:25:52'),(45,NULL,'Salasar Granite',NULL,NULL,'$2y$10$DRbZhduXncxxImB4dhgW7.TcTge2n3LyjB1dRdqICzqgRrVbaGu0q',NULL,NULL,NULL,NULL,NULL,NULL,NULL,0,12,2,5,'2021-07-30 06:26:46','2022-01-14 13:25:52'),(46,NULL,'Siteshwar marble & granite',NULL,NULL,'$2y$10$Y6ympH6ZdjjugfZHSdnEPupUeFlv1v98OFTrbg70DZfayvttR2Jhu',NULL,NULL,NULL,NULL,NULL,NULL,NULL,0,12,1,4,'2021-08-02 09:38:42','2022-01-14 13:25:52'),(47,NULL,'Shri bala ji Granites',NULL,NULL,'$2y$10$1H0yZ23vV/oI8QUkn.ynQOuU2RTFth3nj0mqcJDkLE0KskzPO7.Am',NULL,NULL,NULL,NULL,NULL,NULL,NULL,0,12,1,4,'2021-08-06 08:40:43','2022-01-14 13:25:52'),(48,NULL,'Mahalaxmi marble and granite',NULL,NULL,'$2y$10$o7roAgldrEc7A0PWykyL8u4SFmqF.aweeHDXHwkTChkhQqRL0AR8W',NULL,NULL,NULL,NULL,NULL,NULL,NULL,0,12,1,4,'2021-08-29 10:32:09','2022-01-14 13:25:52'),(49,NULL,'Shree kalyan marmo grani p.ltd',NULL,NULL,'$2y$10$p6pG8NnWiBdqX9Ocfe.JMuS13Q4XklZ..sRUQHACk7U8.KowU4.f6',NULL,NULL,NULL,NULL,NULL,NULL,NULL,0,12,1,4,'2021-09-01 02:31:03','2022-01-14 13:25:52'),(50,NULL,'Kamdhenu enterprises',NULL,NULL,'$2y$10$6Oa.BzJJsW4mOzPu5NjMwOrgixGcQVtCExYkntFfAdICEw32RZ0Ju',NULL,NULL,NULL,NULL,NULL,NULL,NULL,0,12,1,4,'2021-09-02 12:07:37','2022-01-14 13:25:52'),(51,NULL,'Madhav minerals Pvt ltd',NULL,NULL,'$2y$10$vW8E0FXBEuRkAab.wBmU8OB/DZ.Dvkhq5sTP.0.xhMbUokbRM6D0.',NULL,NULL,NULL,NULL,NULL,NULL,NULL,0,12,1,4,'2021-09-04 04:41:14','2022-01-14 13:25:52'),(52,NULL,'Samdani marble',NULL,NULL,'$2y$10$fmycIOxnCZpeDm8TqtRth..oFJ7fHNPyxLe6ErXSf94juWKHuvmee',NULL,NULL,NULL,NULL,NULL,NULL,NULL,0,12,2,5,'2021-09-05 11:22:32','2022-01-14 13:25:52'),(53,NULL,'Shubh marble',NULL,NULL,'$2y$10$K./CNfqLioKAtW4b.FKdzuQpIQj1AriOyaYInZJCu0183c/NbzpzK',NULL,NULL,NULL,NULL,NULL,NULL,NULL,0,12,2,5,'2021-09-05 11:31:23','2022-01-14 13:25:52'),(54,NULL,'Anand granite',NULL,NULL,'$2y$10$5fE88VX1dsph3.JaZAwTWeaIs57R4puLecY1RJxI26f0ZAwh62sKO',NULL,NULL,NULL,NULL,NULL,NULL,NULL,0,12,1,4,'2021-09-06 02:26:40','2022-01-14 13:25:52'),(55,NULL,'Kalka marble & Granite',NULL,NULL,'$2y$10$rZMxQdBhHlPOsSeM2D37WOALw8H5FW6D3fqZAFftdzm2QBtgsSYZO',NULL,NULL,NULL,NULL,NULL,NULL,NULL,0,12,1,4,'2021-09-09 05:25:11','2022-01-14 13:25:52'),(56,NULL,'Maa Bhawani marble & Granite',NULL,NULL,'$2y$10$St.PFWywW.l0wp2RqAVKI.HHKF/C0L61KTMmrkNdegLrox2mqaLtK',NULL,NULL,NULL,NULL,NULL,NULL,NULL,0,12,1,4,'2021-09-09 05:39:15','2022-01-14 13:25:52'),(57,NULL,'New shiv shakti granite',NULL,NULL,'$2y$10$.aX29ywMDX1BZYEiMohJSuUlvTPMCU./mnQKiUqXr8Oxif4gwzlE.',NULL,NULL,NULL,NULL,NULL,NULL,NULL,0,12,1,4,'2021-09-18 05:11:59','2022-01-14 13:25:52'),(58,NULL,'Bhagti Marble & Granite',NULL,NULL,'$2y$10$CKfu7Te0iQRee0tiLAbNKOufH6RqqJqhmZ3Q8Jvm4/6t1XqEWefae',NULL,NULL,NULL,NULL,NULL,NULL,NULL,0,12,1,4,'2021-09-20 05:51:15','2022-01-14 13:25:52'),(59,NULL,'Saheli marble',NULL,NULL,'$2y$10$6r7hl8CNZ65yOcOZmh5JcOxXHD9GSjiCxkIevmtiPGK2J6Lvu.HN2',NULL,NULL,NULL,NULL,NULL,NULL,NULL,0,12,2,5,'2021-09-23 05:37:39','2022-01-14 13:25:52'),(60,NULL,'Hari-Sharan Marble',NULL,NULL,'$2y$10$NnDZX2EdjzkStg2zGzhTpOYWhzVwQya4udGhQxgeRq4mcSpVJEWC6',NULL,NULL,NULL,NULL,NULL,NULL,NULL,0,12,2,5,'2021-09-23 05:48:53','2022-01-14 13:25:52'),(61,NULL,'Shree nath marble & granite',NULL,NULL,'$2y$10$6gDt7sU7QqCkn.iv7QwyZ.UXXtMQh1TGVb4kGNG22coRMlY9AXAem',NULL,NULL,NULL,NULL,NULL,NULL,NULL,0,12,1,4,'2021-09-29 02:45:36','2022-01-14 13:25:52'),(62,NULL,'Shiv bhole dia tools',NULL,NULL,'$2y$10$1DmqdgRZ/./r.i0zOQK1yOYT4ruUrVHNJufpz3yi2ei3Ao.c5hrcW',NULL,NULL,NULL,NULL,NULL,NULL,NULL,0,12,2,5,'2021-10-05 11:54:15','2022-01-14 13:25:52'),(63,NULL,'Prerna landcon Pvt ltd',NULL,NULL,'$2y$10$QNo5NCwdY0/rqVOcuyD0Ou7RguFsb58AVVif0TGEI6XVJ6kSdPP2i',NULL,NULL,NULL,NULL,NULL,NULL,NULL,0,12,2,5,'2021-10-05 12:34:43','2022-01-14 13:25:52'),(64,NULL,'Satyanarayan marble Pvt ltd',NULL,NULL,'$2y$10$tvb.NHwiNxKPzbEgz78yq.xvQWwmH2PO..ESnBvXhQYTrZUHBLxX.',NULL,NULL,NULL,NULL,NULL,NULL,NULL,0,12,1,4,'2021-10-18 06:12:10','2022-01-14 13:25:52'),(65,NULL,'Rajgarh marble Pvt ltd',NULL,NULL,'$2y$10$EqcD9kZMw/EbxZx/6JFdCO2ZA5TlvztR/EmzGnproxI0ekhOAubAC',NULL,NULL,NULL,NULL,NULL,NULL,NULL,0,12,2,5,'2021-10-29 14:06:21','2022-01-14 13:25:52'),(66,NULL,'Surabhi marbles Pvt ltd',NULL,NULL,'$2y$10$EGfkYcFhJdE7vFdAr1O.keF2ligzDsQvvcEJZQ7qt/WZR2hW0MHAu',NULL,NULL,NULL,NULL,NULL,NULL,NULL,0,12,2,5,'2021-10-29 14:08:28','2022-01-14 13:25:52'),(67,NULL,'Jagan marble & granite Pvt ltd',NULL,NULL,'$2y$10$U9bpd0DmBxpEHuRr51uaieCOVyY.tRIJzztlJ9AG.6oW8T6g4j40S',NULL,NULL,NULL,NULL,NULL,NULL,NULL,0,12,2,5,'2021-10-30 04:48:43','2022-01-14 13:25:52'),(68,NULL,'Keshariya ji marble',NULL,NULL,'$2y$10$Za9uGTJG8JViGh0yqJy.MOU9v/E3bNJ4ynCYW9DJmTcpnCBLMTVOe',NULL,NULL,NULL,NULL,NULL,NULL,NULL,0,12,2,5,'2021-10-30 04:50:33','2022-01-14 13:25:52'),(69,NULL,'Shree bherunath marbles',NULL,NULL,'$2y$10$s7hn.YdVNrTeS9OmrHhm9Ots.s3snIeYTnnLyQa0lrOMWSxQ10mea',NULL,NULL,NULL,NULL,NULL,NULL,NULL,0,12,2,1,'2021-10-30 05:16:25','2022-03-07 05:41:11'),(70,NULL,'Parmeshwar marble & Granite',NULL,NULL,'$2y$10$.3K.Ogt0hCy/UJ4.mtfmbe92F9FhDdw4L24XUyK9nkwxqhQnam8FW',NULL,NULL,NULL,NULL,'Parmeshwar marble &granite',NULL,NULL,0,12,1,4,'2021-11-10 09:02:34','2022-01-14 13:25:52'),(71,NULL,'Mico marble',NULL,NULL,'$2y$10$k6n0QXbZ6dtPq2IO3ZIeo.H7EIXEERG/Ngy2gJ39MM.AT3.804/xW',NULL,NULL,NULL,NULL,NULL,NULL,NULL,0,12,2,5,'2021-11-29 06:22:48','2022-01-14 13:25:52'),(72,NULL,'Vsnkul mata marble & articles',NULL,NULL,'$2y$10$MLi3nR1Oq5rMcUQz1lYVh.gMPFgbHocWmQBgE9C8VgIDwKh/8.m4i',NULL,NULL,NULL,NULL,'Vsnkul mata marble & articles',NULL,NULL,0,12,1,4,'2021-12-02 10:11:05','2022-01-14 13:25:52'),(73,NULL,'Rajputana',NULL,NULL,'$2y$10$hXPzs0sacNWnuTxzb18E7eAz7.yKFPWXCOmG43HdvsGufh8tpN4A6',NULL,NULL,NULL,NULL,'Rajputana',NULL,NULL,0,12,1,4,'2021-12-03 10:23:07','2022-01-14 13:25:52'),(74,NULL,'Gajanand grani marmo Pvt ltd',NULL,NULL,'$2y$10$/3W9WJ8/UuIZjeWGtum/Ae.YqsTTGkB2HzlVGLoboiR7l4ZmYwPUS',NULL,NULL,NULL,NULL,NULL,NULL,NULL,0,12,2,5,'2021-12-11 08:19:35','2022-01-14 13:25:52'),(75,NULL,'Rajhans marmo & mines Pvt ltd',NULL,NULL,'$2y$10$jJu.cnxJMwI4yZU/JFqL4O.Vez.HfhYkvpo4JhgSNorbKCVyjbNd.',NULL,NULL,NULL,NULL,NULL,NULL,NULL,0,12,2,5,'2021-12-15 01:39:30','2022-01-14 13:25:52'),(76,NULL,'udaipur marble',NULL,NULL,'$2y$10$0Mg1FGi18dxviNrXkofOfe.9231DDpRAzCMqXYLTv6ash1.SzFE3u',NULL,NULL,NULL,NULL,NULL,NULL,NULL,0,12,2,5,'2021-12-22 11:47:20','2022-01-14 13:25:52'),(77,NULL,'Motherson marbles Pvt ltd',NULL,NULL,'$2y$10$BPmVJqjKJQ.pF9.ok8kkCOmk6tGLFtK3.bukBGQ9bLtbF0TqtWZ2.',NULL,NULL,NULL,NULL,NULL,NULL,NULL,0,12,2,5,'2021-12-23 11:25:57','2022-01-14 13:25:52'),(78,NULL,'Rajlaxmi Marble',NULL,NULL,'$2y$10$3c2wYq10V5zkqcamwmdJ9O6BJsLXXrIhceCinoh6Ncw0uLv6jxx3m',NULL,NULL,NULL,NULL,NULL,NULL,NULL,0,12,2,5,'2021-12-27 08:08:55','2022-01-14 13:25:52'),(79,NULL,'Mukesh trading company',NULL,NULL,'$2y$10$ZBRgZ8VU.0tl45nqvQKCdetJ7ITnqo1uAXHbmhEoyZqOFtgWEehAa',NULL,NULL,NULL,NULL,'Mukesh trading company',NULL,NULL,0,12,1,4,'2022-01-03 09:06:53','2022-01-14 13:25:52'),(80,NULL,'Kiran marbles',NULL,NULL,'$2y$10$nzQTYL44tbfhRxid8svlRuE4rHpPhU6pDzIRohQJ5/sPfZQgod93C',NULL,NULL,NULL,NULL,NULL,NULL,NULL,0,12,2,5,'2022-01-05 02:53:28','2022-01-14 13:25:52'),(81,NULL,'Shivayan marmo Pvt ltd',NULL,NULL,'$2y$10$YMzb6Do3pJA6g49o3FTBw.MrYQpKuRaWw/tw1zMlyT3wiT1zhdPAa',NULL,NULL,NULL,NULL,NULL,NULL,NULL,0,12,1,5,'2022-01-05 09:44:21','2022-01-14 13:25:52'),(82,NULL,'Shivayan marmo Pvt ltd',NULL,NULL,'$2y$10$iehL68UohvT8WtlL1Cg53.R6wAEeeKhz8mgZhCzV6gDvTbuOhh5DC',NULL,NULL,NULL,NULL,NULL,NULL,NULL,0,12,2,5,'2022-01-05 09:48:18','2022-01-14 13:25:52'),(83,NULL,'Asocited marmo & granite Pvt ltd',NULL,NULL,'$2y$10$8F6QnO3sp7JW/pY2ZQfz6.lqCE/wARKICaBcawFcaDrb/5ERz3zam',NULL,NULL,NULL,NULL,'Asocited marmo & granite Pvt ltd',NULL,NULL,0,12,1,4,'2022-01-08 03:02:25','2022-01-14 13:25:52'),(84,NULL,'Shreeram white marmo Pvt ltd',NULL,NULL,NULL,NULL,NULL,NULL,NULL,NULL,NULL,NULL,0,12,2,1,'2022-01-15 07:12:22','2022-01-15 07:12:22'),(85,NULL,'Jayanti marmo impex Pvt ltd',NULL,NULL,NULL,NULL,NULL,NULL,NULL,NULL,NULL,NULL,0,12,2,1,'2022-01-29 06:49:28','2022-01-29 06:49:28'),(86,NULL,'Colour marbles Pvt ltd',NULL,NULL,NULL,NULL,NULL,NULL,NULL,NULL,NULL,NULL,0,12,2,1,'2022-02-01 01:13:41','2022-02-01 01:13:41'),(87,NULL,'Shree ganesh granito',NULL,NULL,NULL,NULL,NULL,NULL,NULL,'Shree ganesh granito',NULL,NULL,0,12,1,4,'2022-02-11 07:44:45','2022-02-11 07:44:45'),(88,NULL,'Keshari Nandan granites',NULL,NULL,NULL,NULL,NULL,NULL,NULL,'Keshari Nandan granites',NULL,NULL,0,12,1,4,'2022-02-22 07:01:33','2022-02-22 07:01:33'),(89,NULL,'Bhagwati marbles Pvt ltd',NULL,NULL,NULL,NULL,NULL,NULL,NULL,NULL,NULL,NULL,0,12,2,1,'2022-02-23 09:13:22','2022-02-23 09:13:22'),(90,NULL,'Bholenath marbles Pvt ltd',NULL,NULL,NULL,NULL,NULL,NULL,NULL,NULL,NULL,NULL,0,12,2,1,'2022-03-08 06:45:07','2022-03-08 06:45:07'),(91,NULL,'Arihant Marbles(India)',NULL,NULL,NULL,NULL,NULL,NULL,NULL,NULL,NULL,NULL,0,12,2,1,'2022-03-11 06:20:22','2022-03-11 06:20:22'),(92,NULL,'Ravish marmo and mines pvt ltd',NULL,NULL,NULL,NULL,NULL,NULL,NULL,'Ravish marmo and mines pvt ltd',NULL,NULL,0,12,1,4,'2022-04-01 07:22:10','2022-04-01 07:22:10'),(93,NULL,'Bhernath marble Tasol Road',NULL,NULL,NULL,NULL,NULL,NULL,NULL,NULL,NULL,NULL,0,12,2,1,'2022-04-13 11:33:43','2022-04-13 11:33:43'),(94,NULL,'AMGL Kota Stone',NULL,NULL,NULL,NULL,NULL,NULL,NULL,NULL,NULL,NULL,0,12,2,1,'2022-04-13 11:35:55','2022-04-13 11:35:55'),(95,NULL,'Jay Shree marble and granite',NULL,NULL,NULL,NULL,NULL,NULL,NULL,NULL,NULL,NULL,0,12,1,4,'2022-05-01 10:53:12','2022-05-01 10:53:12'),(96,NULL,'Shakti marmo',NULL,NULL,NULL,NULL,NULL,NULL,NULL,NULL,NULL,NULL,0,12,2,1,'2022-05-30 21:43:20','2022-05-30 21:43:20'),(97,NULL,'Devpura Marbles',NULL,NULL,NULL,NULL,NULL,NULL,NULL,NULL,NULL,NULL,0,12,2,1,'2022-06-04 06:12:16','2022-06-04 06:12:16');

--
-- Table structure for table `email_logs`
--

CREATE TABLE `email_logs` (
  `id` bigint(20) unsigned NOT NULL AUTO_INCREMENT,
  `from` varchar(255) COLLATE utf8_unicode_ci NOT NULL,
  `to` varchar(255) COLLATE utf8_unicode_ci NOT NULL,
  `subject` varchar(255) COLLATE utf8_unicode_ci NOT NULL,
  `body` text COLLATE utf8_unicode_ci NOT NULL,
  `mailable_type` varchar(255) COLLATE utf8_unicode_ci NOT NULL,
  `mailable_id` varchar(255) COLLATE utf8_unicode_ci NOT NULL,
  `created_at` timestamp NULL DEFAULT NULL,
  `updated_at` timestamp NULL DEFAULT NULL,
  `token` varchar(255) COLLATE utf8_unicode_ci DEFAULT NULL,
  PRIMARY KEY (`id`),
  UNIQUE KEY `email_logs_token_unique` (`token`)
) ENGINE=InnoDB DEFAULT CHARSET=utf8 COLLATE=utf8_unicode_ci;

--
-- Dumping data for table `email_logs`
--


--
-- Table structure for table `estimate_items`
--

CREATE TABLE `estimate_items` (
  `id` int(10) unsigned NOT NULL AUTO_INCREMENT,
  `name` varchar(255) COLLATE utf8_unicode_ci NOT NULL,
  `description` text COLLATE utf8_unicode_ci,
  `discount_type` varchar(255) COLLATE utf8_unicode_ci NOT NULL,
  `quantity` decimal(15,2) NOT NULL,
  `unit_name` varchar(255) COLLATE utf8_unicode_ci DEFAULT NULL,
  `discount` decimal(15,2) DEFAULT NULL,
  `discount_val` bigint(20) unsigned DEFAULT NULL,
  `price` bigint(20) unsigned NOT NULL,
  `tax` bigint(20) unsigned NOT NULL,
  `total` bigint(20) unsigned NOT NULL,
  `item_id` int(10) unsigned DEFAULT NULL,
  `estimate_id` int(10) unsigned NOT NULL,
  `company_id` int(10) unsigned DEFAULT NULL,
  `created_at` timestamp NULL DEFAULT NULL,
  `updated_at` timestamp NULL DEFAULT NULL,
  `exchange_rate` decimal(19,6) DEFAULT NULL,
  `base_discount_val` bigint(20) unsigned DEFAULT NULL,
  `base_price` bigint(20) unsigned DEFAULT NULL,
  `base_tax` bigint(20) unsigned DEFAULT NULL,
  `base_total` bigint(20) unsigned DEFAULT NULL,
  PRIMARY KEY (`id`),
  KEY `estimate_items_item_id_foreign` (`item_id`),
  KEY `estimate_items_estimate_id_foreign` (`estimate_id`),
  KEY `estimate_items_company_id_foreign` (`company_id`),
  CONSTRAINT `estimate_items_company_id_foreign` FOREIGN KEY (`company_id`) REFERENCES `companies` (`id`) ON DELETE CASCADE,
  CONSTRAINT `estimate_items_estimate_id_foreign` FOREIGN KEY (`estimate_id`) REFERENCES `estimates` (`id`) ON DELETE CASCADE,
  CONSTRAINT `estimate_items_item_id_foreign` FOREIGN KEY (`item_id`) REFERENCES `items` (`id`) ON DELETE CASCADE
) ENGINE=InnoDB DEFAULT CHARSET=utf8 COLLATE=utf8_unicode_ci;

--
-- Dumping data for table `estimate_items`
--


--
-- Table structure for table `estimates`
--

CREATE TABLE `estimates` (
  `id` int(10) unsigned NOT NULL AUTO_INCREMENT,
  `sequence_number` mediumint(8) unsigned DEFAULT NULL,
  `customer_sequence_number` mediumint(8) unsigned DEFAULT NULL,
  `estimate_date` date NOT NULL,
  `expiry_date` date DEFAULT NULL,
  `estimate_number` varchar(255) COLLATE utf8_unicode_ci NOT NULL,
  `status` varchar(255) COLLATE utf8_unicode_ci NOT NULL,
  `reference_number` varchar(255) COLLATE utf8_unicode_ci DEFAULT NULL,
  `tax_per_item` varchar(255) COLLATE utf8_unicode_ci NOT NULL,
  `discount_per_item` varchar(255) COLLATE utf8_unicode_ci NOT NULL,
  `notes` text COLLATE utf8_unicode_ci,
  `discount` decimal(15,2) DEFAULT NULL,
  `discount_type` varchar(255) COLLATE utf8_unicode_ci DEFAULT NULL,
  `discount_val` bigint(20) unsigned DEFAULT NULL,
  `sub_total` bigint(20) unsigned NOT NULL,
  `total` bigint(20) unsigned NOT NULL,
  `tax` bigint(20) unsigned NOT NULL,
  `unique_hash` varchar(255) COLLATE utf8_unicode_ci DEFAULT NULL,
  `company_id` int(10) unsigned DEFAULT NULL,
  `created_at` timestamp NULL DEFAULT NULL,
  `updated_at` timestamp NULL DEFAULT NULL,
  `creator_id` int(10) unsigned DEFAULT NULL,
  `template_name` varchar(255) COLLATE utf8_unicode_ci DEFAULT NULL,
  `customer_id` bigint(20) unsigned DEFAULT NULL,
  `exchange_rate` decimal(19,6) DEFAULT NULL,
  `base_discount_val` bigint(20) unsigned DEFAULT NULL,
  `base_sub_total` bigint(20) unsigned DEFAULT NULL,
  `base_total` bigint(20) unsigned DEFAULT NULL,
  `base_tax` bigint(20) unsigned DEFAULT NULL,
  `currency_id` int(10) unsigned DEFAULT NULL,
  `sales_tax_type` varchar(255) COLLATE utf8_unicode_ci DEFAULT NULL,
  `sales_tax_address_type` varchar(255) COLLATE utf8_unicode_ci DEFAULT NULL,
  PRIMARY KEY (`id`),
  KEY `estimates_company_id_foreign` (`company_id`),
  KEY `estimates_creator_id_foreign` (`creator_id`),
  KEY `estimates_customer_id_foreign` (`customer_id`),
  KEY `estimates_currency_id_foreign` (`currency_id`),
  CONSTRAINT `estimates_company_id_foreign` FOREIGN KEY (`company_id`) REFERENCES `companies` (`id`) ON DELETE CASCADE,
  CONSTRAINT `estimates_creator_id_foreign` FOREIGN KEY (`creator_id`) REFERENCES `users` (`id`) ON DELETE CASCADE,
  CONSTRAINT `estimates_currency_id_foreign` FOREIGN KEY (`currency_id`) REFERENCES `currencies` (`id`),
  CONSTRAINT `estimates_customer_id_foreign` FOREIGN KEY (`customer_id`) REFERENCES `customers` (`id`)
) ENGINE=InnoDB DEFAULT CHARSET=utf8 COLLATE=utf8_unicode_ci;

--
-- Dumping data for table `estimates`
--


--
-- Table structure for table `exchange_rate_logs`
--

CREATE TABLE `exchange_rate_logs` (
  `id` bigint(20) unsigned NOT NULL AUTO_INCREMENT,
  `company_id` int(10) unsigned DEFAULT NULL,
  `base_currency_id` int(10) unsigned DEFAULT NULL,
  `currency_id` int(10) unsigned DEFAULT NULL,
  `exchange_rate` decimal(19,6) DEFAULT NULL,
  `created_at` timestamp NULL DEFAULT NULL,
  `updated_at` timestamp NULL DEFAULT NULL,
  PRIMARY KEY (`id`),
  KEY `exchange_rate_logs_company_id_foreign` (`company_id`),
  KEY `exchange_rate_logs_base_currency_id_foreign` (`base_currency_id`),
  KEY `exchange_rate_logs_currency_id_foreign` (`currency_id`),
  CONSTRAINT `exchange_rate_logs_base_currency_id_foreign` FOREIGN KEY (`base_currency_id`) REFERENCES `currencies` (`id`),
  CONSTRAINT `exchange_rate_logs_company_id_foreign` FOREIGN KEY (`company_id`) REFERENCES `companies` (`id`),
  CONSTRAINT `exchange_rate_logs_currency_id_foreign` FOREIGN KEY (`currency_id`) REFERENCES `currencies` (`id`)
) ENGINE=InnoDB DEFAULT CHARSET=utf8 COLLATE=utf8_unicode_ci;

--
-- Dumping data for table `exchange_rate_logs`
--


--
-- Table structure for table `exchange_rate_providers`
--

CREATE TABLE `exchange_rate_providers` (
  `id` bigint(20) unsigned NOT NULL AUTO_INCREMENT,
  `driver` varchar(255) COLLATE utf8_unicode_ci NOT NULL,
  `key` varchar(255) COLLATE utf8_unicode_ci NOT NULL,
  `currencies` json DEFAULT NULL,
  `driver_config` json DEFAULT NULL,
  `active` tinyint(1) NOT NULL DEFAULT '1',
  `company_id` int(10) unsigned DEFAULT NULL,
  `created_at` timestamp NULL DEFAULT NULL,
  `updated_at` timestamp NULL DEFAULT NULL,
  PRIMARY KEY (`id`),
  KEY `exchange_rate_providers_company_id_foreign` (`company_id`),
  CONSTRAINT `exchange_rate_providers_company_id_foreign` FOREIGN KEY (`company_id`) REFERENCES `companies` (`id`)
) ENGINE=InnoDB DEFAULT CHARSET=utf8 COLLATE=utf8_unicode_ci;

--
-- Dumping data for table `exchange_rate_providers`
--


--
-- Table structure for table `expense_categories`
--

CREATE TABLE `expense_categories` (
  `id` int(10) unsigned NOT NULL AUTO_INCREMENT,
  `name` varchar(255) COLLATE utf8_unicode_ci NOT NULL,
  `description` varchar(255) COLLATE utf8_unicode_ci DEFAULT NULL,
  `company_id` int(10) unsigned DEFAULT NULL,
  `created_at` timestamp NULL DEFAULT NULL,
  `updated_at` timestamp NULL DEFAULT NULL,
  PRIMARY KEY (`id`),
  KEY `expense_categories_company_id_foreign` (`company_id`),
  CONSTRAINT `expense_categories_company_id_foreign` FOREIGN KEY (`company_id`) REFERENCES `companies` (`id`) ON DELETE CASCADE
) ENGINE=InnoDB AUTO_INCREMENT=3 DEFAULT CHARSET=utf8 COLLATE=utf8_unicode_ci;

--
-- Dumping data for table `expense_categories`
--

INSERT INTO `expense_categories` VALUES (1,'Interest',NULL,1,'2021-06-06 04:31:31','2021-06-06 04:31:31'),(2,'Transport',NULL,1,'2021-06-06 04:31:44','2021-06-06 04:31:44');

--
-- Table structure for table `expenses`
--

CREATE TABLE `expenses` (
  `id` int(10) unsigned NOT NULL AUTO_INCREMENT,
  `expense_date` date NOT NULL,
  `attachment_receipt` varchar(255) COLLATE utf8_unicode_ci DEFAULT NULL,
  `amount` bigint(20) unsigned NOT NULL,
  `notes` text COLLATE utf8_unicode_ci,
  `expense_category_id` int(10) unsigned NOT NULL,
  `company_id` int(10) unsigned DEFAULT NULL,
  `created_at` timestamp NULL DEFAULT NULL,
  `updated_at` timestamp NULL DEFAULT NULL,
  `creator_id` int(10) unsigned DEFAULT NULL,
  `customer_id` bigint(20) unsigned DEFAULT NULL,
  `exchange_rate` decimal(19,6) DEFAULT NULL,
  `base_amount` bigint(20) unsigned DEFAULT NULL,
  `currency_id` int(10) unsigned DEFAULT NULL,
  `payment_method_id` int(10) unsigned DEFAULT NULL,
  PRIMARY KEY (`id`),
  KEY `expenses_expense_category_id_foreign` (`expense_category_id`),
  KEY `expenses_company_id_foreign` (`company_id`),
  KEY `expenses_creator_id_foreign` (`creator_id`),
  KEY `expenses_payment_method_id_foreign` (`payment_method_id`),
  CONSTRAINT `expenses_company_id_foreign` FOREIGN KEY (`company_id`) REFERENCES `companies` (`id`) ON DELETE CASCADE,
  CONSTRAINT `expenses_creator_id_foreign` FOREIGN KEY (`creator_id`) REFERENCES `users` (`id`) ON DELETE CASCADE,
  CONSTRAINT `expenses_expense_category_id_foreign` FOREIGN KEY (`expense_category_id`) REFERENCES `expense_categories` (`id`) ON DELETE CASCADE,
  CONSTRAINT `expenses_payment_method_id_foreign` FOREIGN KEY (`payment_method_id`) REFERENCES `payment_methods` (`id`)
) ENGINE=InnoDB DEFAULT CHARSET=utf8 COLLATE=utf8_unicode_ci;

--
-- Dumping data for table `expenses`
--


--
-- Table structure for table `file_disks`
--

CREATE TABLE `file_disks` (
  `id` bigint(20) unsigned NOT NULL AUTO_INCREMENT,
  `name` varchar(255) COLLATE utf8_unicode_ci NOT NULL,
  `type` varchar(255) COLLATE utf8_unicode_ci NOT NULL DEFAULT 'REMOTE',
  `driver` varchar(255) COLLATE utf8_unicode_ci NOT NULL,
  `set_as_default` tinyint(1) NOT NULL DEFAULT '0',
  `credentials` json NOT NULL,
  `created_at` timestamp NULL DEFAULT NULL,
  `updated_at` timestamp NULL DEFAULT NULL,
  PRIMARY KEY (`id`)
) ENGINE=InnoDB AUTO_INCREMENT=3 DEFAULT CHARSET=utf8 COLLATE=utf8_unicode_ci;

--
-- Dumping data for table `file_disks`
--

INSERT INTO `file_disks` VALUES (1,'local_public','SYSTEM','local',0,'\"{\\\"driver\\\":\\\"local\\\",\\\"root\\\":\\\"\\\\/var\\\\/www\\\\/app.amarsuperhardtools.com\\\\/storage\\\\/app\\\\/public\\\",\\\"url\\\":\\\"http:\\\\/\\\\/www.app.amarsuperhardtools.com\\\\/storage\\\",\\\"visibility\\\":\\\"public\\\"}\"','2021-03-24 22:51:30','2021-03-24 22:51:30'),(2,'local_private','SYSTEM','local',1,'\"{\\\"root\\\":\\\"\\\\/var\\\\/www\\\\/app.amarsuperhardtools.com\\\\/storage\\\\/app\\\",\\\"driver\\\":\\\"local\\\"}\"','2021-03-24 22:51:30','2021-03-24 22:51:30');

--
-- Table structure for table `invoice_items`
--

CREATE TABLE `invoice_items` (
  `id` int(10) unsigned NOT NULL AUTO_INCREMENT,
  `name` varchar(255) COLLATE utf8_unicode_ci NOT NULL,
  `description` text COLLATE utf8_unicode_ci,
  `discount_type` varchar(255) COLLATE utf8_unicode_ci NOT NULL,
  `price` bigint(20) unsigned NOT NULL,
  `quantity` decimal(15,2) NOT NULL,
  `unit_name` varchar(255) COLLATE utf8_unicode_ci DEFAULT NULL,
  `discount` decimal(15,2) DEFAULT NULL,
  `discount_val` bigint(20) unsigned NOT NULL,
  `tax` bigint(20) unsigned NOT NULL,
  `total` bigint(20) unsigned NOT NULL,
  `invoice_id` int(10) unsigned DEFAULT NULL,
  `item_id` int(10) unsigned DEFAULT NULL,
  `company_id` int(10) unsigned DEFAULT NULL,
  `created_at` timestamp NULL DEFAULT NULL,
  `updated_at` timestamp NULL DEFAULT NULL,
  `recurring_invoice_id` bigint(20) unsigned DEFAULT NULL,
  `base_price` bigint(20) unsigned DEFAULT NULL,
  `exchange_rate` decimal(19,6) DEFAULT NULL,
  `base_discount_val` bigint(20) unsigned DEFAULT NULL,
  `base_tax` bigint(20) unsigned DEFAULT NULL,
  `base_total` bigint(20) unsigned DEFAULT NULL,
  PRIMARY KEY (`id`),
  KEY `invoice_items_invoice_id_foreign` (`invoice_id`),
  KEY `invoice_items_item_id_foreign` (`item_id`),
  KEY `invoice_items_company_id_foreign` (`company_id`),
  KEY `invoice_items_recurring_invoice_id_foreign` (`recurring_invoice_id`),
  CONSTRAINT `invoice_items_company_id_foreign` FOREIGN KEY (`company_id`) REFERENCES `companies` (`id`) ON DELETE CASCADE,
  CONSTRAINT `invoice_items_invoice_id_foreign` FOREIGN KEY (`invoice_id`) REFERENCES `invoices` (`id`) ON DELETE CASCADE,
  CONSTRAINT `invoice_items_item_id_foreign` FOREIGN KEY (`item_id`) REFERENCES `items` (`id`) ON DELETE CASCADE,
  CONSTRAINT `invoice_items_recurring_invoice_id_foreign` FOREIGN KEY (`recurring_invoice_id`) REFERENCES `recurring_invoices` (`id`)
) ENGINE=InnoDB AUTO_INCREMENT=984 DEFAULT CHARSET=utf8 COLLATE=utf8_unicode_ci;

--
-- Dumping data for table `invoice_items`
--

INSERT INTO `invoice_items` VALUES (155,'Black Converter','HSN 3204','none',31400,25.00,NULL,0.00,0,0,785000,11,NULL,1,'2021-06-05 10:51:30','2022-01-14 12:51:10',NULL,31400,1.000000,0,0,785000),(156,'Z Black Converter','HSN 3204','none',35600,75.00,NULL,0.00,0,0,2670000,11,NULL,1,'2021-06-05 10:51:30','2022-01-14 12:51:10',NULL,35600,1.000000,0,0,2670000),(159,'E Black Converter','HSN 3204','none',42400,25.00,NULL,0.00,0,0,1060000,12,NULL,1,'2021-06-05 10:59:56','2022-01-14 12:51:10',NULL,42400,1.000000,0,0,1060000),(160,'Z Black Converter','HSN 3204','none',35600,100.00,NULL,0.00,0,0,3560000,12,NULL,1,'2021-06-05 10:59:56','2022-01-14 12:51:10',NULL,35600,1.000000,0,0,3560000),(162,'E Black Converter','HSN 3204','none',42400,80.00,NULL,0.00,0,0,3392000,13,NULL,1,'2021-06-05 11:04:39','2022-01-14 12:51:10',NULL,42400,1.000000,0,0,3392000),(165,'Z Black Converter','HSN 3204','none',35600,100.00,NULL,0.00,0,0,3560000,14,NULL,1,'2021-06-05 11:12:33','2022-01-14 12:51:10',NULL,35600,1.000000,0,0,3560000),(166,'Brown Converter','HSN 3204','none',42400,25.00,NULL,0.00,0,0,1060000,14,NULL,1,'2021-06-05 11:12:33','2022-01-14 12:51:10',NULL,42400,1.000000,0,0,1060000),(169,'Brown Converter','HSN 3204','none',42400,50.00,NULL,0.00,0,0,2120000,15,NULL,1,'2021-06-05 11:17:17','2022-01-14 12:51:10',NULL,42400,1.000000,0,0,2120000),(170,'Z Black Converter','HSN 3204','none',35600,25.00,NULL,0.00,0,0,890000,15,NULL,1,'2021-06-05 11:17:17','2022-01-14 12:51:10',NULL,35600,1.000000,0,0,890000),(172,'Z Black Converter','HSN 3204','none',35600,200.00,NULL,0.00,0,0,7120000,4,NULL,1,'2021-06-05 11:19:53','2022-01-14 12:51:09',NULL,35600,1.000000,0,0,7120000),(193,'Black Converter','HSN 3204','none',30200,75.00,NULL,0.00,0,0,2265000,17,NULL,1,'2021-06-10 06:36:49','2022-01-14 12:51:10',NULL,30200,1.000000,0,0,2265000),(196,'Brown Converter','HSN 3204','none',42400,5.00,NULL,0.00,0,0,212000,19,NULL,1,'2021-06-10 06:41:29','2022-01-14 12:51:10',NULL,42400,1.000000,0,0,212000),(197,'E Black Converter','HSN 3204','none',42400,38.44,NULL,0.00,0,0,1629856,19,NULL,1,'2021-06-10 06:41:29','2022-01-14 12:51:10',NULL,42400,1.000000,0,0,1629856),(198,'Black Converter','HSN 3204','none',30800,75.00,NULL,0.00,0,0,2310000,18,NULL,1,'2021-06-10 06:43:28','2022-01-14 12:51:10',NULL,30800,1.000000,0,0,2310000),(199,'Brown Converter','HSN 3204','none',42400,25.00,NULL,0.00,0,0,1060000,18,NULL,1,'2021-06-10 06:43:28','2022-01-14 12:51:10',NULL,42400,1.000000,0,0,1060000),(201,'Black Converter','HSN 3204','none',30500,100.00,NULL,0.00,0,0,3050000,20,NULL,1,'2021-06-10 07:20:36','2022-01-14 12:51:10',NULL,30500,1.000000,0,0,3050000),(202,'E Black Converter','HSN 3204','none',40200,5.00,NULL,0.00,0,0,201000,20,NULL,1,'2021-06-10 07:20:36','2022-01-14 12:51:10',NULL,40200,1.000000,0,0,201000),(204,'Black Converter','HSN 3204','none',31356,200.00,NULL,0.00,0,0,6271200,21,NULL,1,'2021-06-12 05:13:50','2022-01-14 12:51:10',NULL,31356,1.000000,0,0,6271200),(208,'Black Converter','HSN 3204','none',30510,50.00,NULL,0.00,0,0,1525500,22,NULL,1,'2021-06-14 09:06:12','2022-01-14 12:51:10',NULL,30510,1.000000,0,0,1525500),(210,'Black Converter','HSN 3204','none',30510,50.00,NULL,0.00,0,0,1525500,23,NULL,1,'2021-06-14 10:34:13','2022-01-14 12:51:10',NULL,30510,1.000000,0,0,1525500),(235,'Z Black Converter','HSN 3204','none',35339,200.00,NULL,0.00,0,0,7067800,24,NULL,1,'2021-06-16 09:36:25','2022-01-14 12:51:10',NULL,35339,1.000000,0,0,7067800),(236,'E Black Converter','HSN 3204','none',42380,25.00,NULL,0.00,0,0,1059500,24,NULL,1,'2021-06-16 09:36:25','2022-01-14 12:51:10',NULL,42380,1.000000,0,0,1059500),(238,'Black Converter','HSN 3204','none',30800,75.00,NULL,0.00,0,0,2310000,25,NULL,1,'2021-06-16 09:46:16','2022-01-14 12:51:10',NULL,30800,1.000000,0,0,2310000),(268,'Stone Cutting Segment','HSN 3204','none',2800,1575.00,NULL,0.00,0,0,4410000,30,NULL,2,'2021-06-18 08:37:11','2022-01-14 12:51:10',NULL,2800,1.000000,0,0,4410000),(270,'Black Converter','HSN 3204','none',31360,200.00,NULL,0.00,0,0,6272000,31,NULL,1,'2021-06-19 07:13:44','2022-01-14 12:51:10',NULL,31360,1.000000,0,0,6272000),(272,'Black Converter','HSN 3204','none',29681,200.00,NULL,0.00,0,0,5936200,32,NULL,1,'2021-06-20 09:07:50','2022-01-14 12:51:10',NULL,29681,1.000000,0,0,5936200),(277,'RED CONVERTER','HSN 3204','none',42400,4.75,NULL,0.00,0,0,201400,35,NULL,1,'2021-06-26 05:38:21','2022-01-14 12:51:10',NULL,42400,1.000000,0,0,201400),(278,'Black Converter','HSN 3204','none',31400,172.00,NULL,0.00,0,0,5400800,33,NULL,1,'2021-06-26 09:09:03','2022-01-14 12:51:10',NULL,31400,1.000000,0,0,5400800),(279,'Black Converter','HSN 3204','none',31000,200.00,NULL,0.00,0,0,6200000,34,NULL,1,'2021-06-26 09:11:04','2022-01-14 12:51:10',NULL,31000,1.000000,0,0,6200000),(281,'Black Converter','HSN 3204','none',31380,50.00,NULL,0.00,0,0,1569000,36,NULL,1,'2021-06-28 06:36:27','2022-01-14 12:51:10',NULL,31380,1.000000,0,0,1569000),(283,'Black Converter','HSN 3204','none',31360,75.00,NULL,0.00,0,0,2352000,37,NULL,1,'2021-06-28 10:38:01','2022-01-14 12:51:10',NULL,31360,1.000000,0,0,2352000),(290,'Stone Cutting Segment','HSN 3204','none',2889,2250.00,NULL,0.00,0,0,6500250,39,NULL,2,'2021-06-29 07:25:05','2022-01-14 12:51:10',NULL,2889,1.000000,0,0,6500250),(293,'E Black Converter','HSN 3204','none',42372,200.00,NULL,0.00,0,0,8474400,38,NULL,1,'2021-07-05 01:12:35','2022-01-14 12:51:10',NULL,42372,1.000000,0,0,8474400),(306,'Stone Cutting Segment','HSN 3204','none',2800,1900.00,NULL,0.00,0,0,5320000,41,NULL,2,'2021-07-06 11:39:21','2022-01-14 12:51:11',NULL,2800,1.000000,0,0,5320000),(308,'Stone Cutting Segment','HSN 3204','none',2800,1760.00,NULL,0.00,0,0,4928000,43,NULL,2,'2021-07-06 11:39:57','2022-01-14 12:51:10',NULL,2800,1.000000,0,0,4928000),(327,'Black Converter','HSN 3204','none',29660,225.00,NULL,0.00,0,0,6673500,16,NULL,1,'2021-07-13 04:58:04','2022-01-14 12:51:10',NULL,29660,1.000000,0,0,6673500),(329,'Black Converter','HSN 3204','none',29660,200.00,NULL,0.00,0,0,5932000,47,NULL,1,'2021-07-13 05:04:13','2022-01-14 12:51:10',NULL,29660,1.000000,0,0,5932000),(330,'epoxy 35% filling','HSN','none',55100,1.00,NULL,0.00,0,0,55100,46,NULL,1,'2021-07-13 05:43:13','2022-01-14 12:51:10',NULL,55100,1.000000,0,0,55100),(331,'MORE GLOW EPOXY RESIN','HSN','none',40600,40.00,NULL,0.00,0,0,1624000,46,NULL,1,'2021-07-13 05:43:13','2022-01-14 12:51:10',NULL,40600,1.000000,0,0,1624000),(332,'Black Converter','HSN 3204','none',31390,100.00,NULL,0.00,0,0,3139000,46,NULL,1,'2021-07-13 05:43:13','2022-01-14 12:51:10',NULL,31390,1.000000,0,0,3139000),(333,'Black Converter','HSN 3204','none',31400,50.00,NULL,0.00,0,0,1570000,48,NULL,1,'2021-07-14 02:25:44','2022-01-14 12:51:10',NULL,31400,1.000000,0,0,1570000),(334,'Black Converter','HSN 3204','none',31400,50.00,NULL,0.00,0,0,1570000,49,NULL,1,'2021-07-14 02:29:51','2022-01-14 12:51:10',NULL,31400,1.000000,0,0,1570000),(337,'Black Converter','HSN 3204','none',31100,75.00,NULL,0.00,0,0,2332500,50,NULL,1,'2021-07-14 11:37:18','2022-01-14 12:51:11',NULL,31100,1.000000,0,0,2332500),(338,'Brown Converter','HSN 3204','none',42400,10.00,NULL,0.00,0,0,424000,51,NULL,1,'2021-07-16 08:29:31','2022-01-14 12:51:11',NULL,42400,1.000000,0,0,424000),(339,'MORE GLOW EPOXY RESIN','HSN 3907','none',38130,40.00,NULL,0.00,0,0,1525200,51,NULL,1,'2021-07-16 08:29:31','2022-01-14 12:51:11',NULL,38130,1.000000,0,0,1525200),(340,'Black Converter','HSN 3204','none',28390,150.00,NULL,0.00,0,0,4258500,45,NULL,1,'2021-07-17 06:08:59','2022-01-14 12:51:11',NULL,28390,1.000000,0,0,4258500),(341,'Z Black Converter','HSN 3204','none',35600,100.00,NULL,0.00,0,0,3560000,40,NULL,1,'2021-07-21 09:20:26','2022-01-14 12:51:10',NULL,35600,1.000000,0,0,3560000),(347,'Black Converter','HSN 3204','none',30520,200.00,NULL,0.00,0,0,6104000,52,NULL,1,'2021-07-25 06:22:00','2022-01-14 12:51:10',NULL,30520,1.000000,0,0,6104000),(348,'MORE GLOW EPOXY RESIN','HSN 3907','none',38980,40.00,NULL,0.00,0,0,1559200,52,NULL,1,'2021-07-25 06:22:00','2022-01-14 12:51:10',NULL,38980,1.000000,0,0,1559200),(353,'Z Black Converter','HSN 3204','none',35600,50.00,NULL,0.00,0,0,1780000,54,NULL,1,'2021-07-30 05:00:01','2022-01-14 12:51:10',NULL,35600,1.000000,0,0,1780000),(362,'Stone Cutting Segment','HSN 8202','none',2800,1320.00,NULL,0.00,0,0,3696000,58,NULL,2,'2021-07-30 05:56:24','2022-01-14 12:51:11',NULL,2800,1.000000,0,0,3696000),(365,'Stone Cutting Segment','HSN 8202','none',2700,2178.00,NULL,0.00,0,0,5880600,53,NULL,2,'2021-07-30 05:57:11','2022-01-14 12:51:11',NULL,2700,1.000000,0,0,5880600),(366,'Stone Cutting Segment','HSN 8202','none',2600,1909.00,NULL,0.00,0,0,4963400,56,NULL,2,'2021-07-30 06:09:51','2022-01-14 12:51:11',NULL,2600,1.000000,0,0,4963400),(369,'Stone Cutting Segment','HSN 8202','none',3200,1261.00,NULL,0.00,0,0,4035200,61,NULL,2,'2021-07-30 06:29:38','2022-01-14 12:51:11',NULL,3200,1.000000,0,0,4035200),(371,'Black Converter','HSN 3204','none',31360,25.00,NULL,0.00,0,0,784000,62,NULL,1,'2021-08-02 12:18:03','2022-01-14 12:51:11',NULL,31360,1.000000,0,0,784000),(373,'Black Converter','HSN 3204','none',29665,200.00,NULL,0.00,0,0,5933000,63,NULL,1,'2021-08-03 08:55:54','2022-01-14 12:51:10',NULL,29665,1.000000,0,0,5933000),(374,'Black Converter','HSN 3204','none',31400,200.00,NULL,0.00,0,0,6280000,64,NULL,1,'2021-08-03 09:51:56','2022-01-14 12:51:10',NULL,31400,1.000000,0,0,6280000),(375,'Brown Converter','HSN 3204','none',40330,25.00,NULL,0.00,0,0,1008250,64,NULL,1,'2021-08-03 09:51:56','2022-01-14 12:51:10',NULL,40330,1.000000,0,0,1008250),(378,'MORE GLOW EPOXY RESIN','HSN 3907','none',38985,120.00,NULL,0.00,0,0,4678200,65,NULL,1,'2021-08-03 10:00:13','2022-01-14 12:51:10',NULL,38985,1.000000,0,0,4678200),(381,'Brown Converter','HSN 3204','none',40690,100.00,NULL,0.00,0,0,4069000,66,NULL,1,'2021-08-03 11:06:35','2022-01-14 12:51:10',NULL,40690,1.000000,0,0,4069000),(382,'Black Converter','HSN 3204','none',31310,25.00,NULL,0.00,0,0,782750,66,NULL,1,'2021-08-03 11:06:35','2022-01-14 12:51:10',NULL,31310,1.000000,0,0,782750),(385,'Black Converter','HSN 3204','none',31361,50.00,NULL,0.00,0,0,1568050,67,NULL,1,'2021-08-06 08:45:05','2022-01-14 12:51:11',NULL,31361,1.000000,0,0,1568050),(386,'Black Converter','HSN 3204','none',30900,50.00,NULL,0.00,0,0,1545000,44,NULL,1,'2021-08-10 10:45:01','2022-01-14 12:51:10',NULL,30900,1.000000,0,0,1545000),(387,'Brown Converter','HSN 3204','none',41750,25.00,NULL,0.00,0,0,1043750,44,NULL,1,'2021-08-10 10:45:01','2022-01-14 12:51:10',NULL,41750,1.000000,0,0,1043750),(388,'Black Converter','HSN 3204','none',29665,200.00,NULL,0.00,0,0,5933000,68,NULL,1,'2021-08-11 06:45:00','2022-01-14 12:51:10',NULL,29665,1.000000,0,0,5933000),(389,'Black Converter','HSN 3204','none',27967,200.00,NULL,0.00,0,0,5593400,69,NULL,1,'2021-08-13 09:03:22','2022-01-14 12:51:10',NULL,27967,1.000000,0,0,5593400),(402,'Black Converter','HSN 3204','none',30515,25.00,NULL,0.00,0,0,762875,73,NULL,1,'2021-08-29 10:39:25','2022-01-14 12:51:11',NULL,30515,1.000000,0,0,762875),(404,'Black Converter','HSN 3204','none',30510,75.00,NULL,0.00,0,0,2288250,74,NULL,1,'2021-08-31 04:58:22','2022-01-14 12:51:11',NULL,30510,1.000000,0,0,2288250),(409,'Black Converter','HSN 3204','none',31400,75.00,NULL,0.00,0,0,2355000,75,NULL,1,'2021-09-01 02:51:36','2022-01-14 12:51:11',NULL,31400,1.000000,0,0,2355000),(410,'Brown Converter','HSN 3204','none',40700,150.00,NULL,0.00,0,0,6105000,75,NULL,1,'2021-09-01 02:51:36','2022-01-14 12:51:11',NULL,40700,1.000000,0,0,6105000),(414,'Z Black Converter','HSN 3204','none',35600,75.00,NULL,0.00,0,0,2670000,77,NULL,1,'2021-09-02 12:14:48','2022-01-14 12:51:11',NULL,35600,1.000000,0,0,2670000),(415,'E Black Converter','HSN 3204','none',42400,50.00,NULL,0.00,0,0,2120000,77,NULL,1,'2021-09-02 12:14:48','2022-01-14 12:51:11',NULL,42400,1.000000,0,0,2120000),(416,'MORE GLOW EPOXY RESIN','HSN 3907','none',38940,40.00,NULL,0.00,0,0,1557600,77,NULL,1,'2021-09-02 12:14:48','2022-01-14 12:51:11',NULL,38940,1.000000,0,0,1557600),(418,'Z Black Converter','HSN 3204','none',33052,25.00,NULL,0.00,0,0,826300,79,NULL,1,'2021-09-04 04:46:11','2022-01-14 12:51:11',NULL,33052,1.000000,0,0,826300),(419,'Black Converter','HSN 3204','none',30000,150.00,NULL,0.00,0,0,4500000,80,NULL,1,'2021-09-04 10:05:57','2022-01-14 12:51:09',NULL,30000,1.000000,0,0,4500000),(420,'MORE GLOW EPOXY RESIN','HSN 3907','none',35810,80.00,NULL,0.00,0,0,2864800,80,NULL,1,'2021-09-04 10:05:57','2022-01-14 12:51:09',NULL,35810,1.000000,0,0,2864800),(424,'Black Converter','HSN 3204','none',30933,150.00,NULL,0.00,0,0,4639950,82,NULL,1,'2021-09-05 02:24:50','2022-01-14 12:51:10',NULL,30933,1.000000,0,0,4639950),(427,'Black Converter','HSN 3204','none',31400,100.00,NULL,0.00,0,0,3140000,83,NULL,1,'2021-09-05 02:31:40','2022-01-14 12:51:10',NULL,31400,1.000000,0,0,3140000),(428,'MORE GLOW EPOXY RESIN','HSN 3907','none',36120,40.00,NULL,0.00,0,0,1444800,83,NULL,1,'2021-09-05 02:31:40','2022-01-14 12:51:10',NULL,36120,1.000000,0,0,1444800),(431,'Z Black Converter','HSN 3204','none',35600,100.00,NULL,0.00,0,0,3560000,85,NULL,1,'2021-09-05 02:50:53','2022-01-14 12:51:11',NULL,35600,1.000000,0,0,3560000),(432,'MORE GLOW EPOXY RESIN','HSN 3907','none',37340,80.00,NULL,0.00,0,0,2987200,85,NULL,1,'2021-09-05 02:50:53','2022-01-14 12:51:11',NULL,37340,1.000000,0,0,2987200),(434,'MORE GLOW EPOXY RESIN','HSN 3907','none',37570,120.00,NULL,0.00,0,0,4508400,78,NULL,1,'2021-09-05 02:58:53','2022-01-14 12:51:10',NULL,37570,1.000000,0,0,4508400),(435,'Black Converter','HSN 3204','none',31400,50.00,NULL,0.00,0,0,1570000,72,NULL,1,'2021-09-05 03:01:31','2022-01-14 12:51:10',NULL,31400,1.000000,0,0,1570000),(436,'RED CONVERTER','HSN 3204','none',42400,5.00,NULL,0.00,0,0,212000,72,NULL,1,'2021-09-05 03:01:31','2022-01-14 12:51:10',NULL,42400,1.000000,0,0,212000),(437,'MORE GLOW EPOXY RESIN','HSN 3907','none',38850,80.00,NULL,0.00,0,0,3108000,72,NULL,1,'2021-09-05 03:01:31','2022-01-14 12:51:10',NULL,38850,1.000000,0,0,3108000),(438,'Black Converter','HSN 3204','none',30000,50.00,NULL,0.00,0,0,1500000,81,NULL,1,'2021-09-05 03:02:39','2022-01-14 12:51:10',NULL,30000,1.000000,0,0,1500000),(439,'MORE GLOW EPOXY RESIN','HSN 3907','none',38460,80.00,NULL,0.00,0,0,3076800,81,NULL,1,'2021-09-05 03:02:39','2022-01-14 12:51:10',NULL,38460,1.000000,0,0,3076800),(446,'Z Black Converter','HSN 3204','none',34747,25.00,NULL,0.00,0,0,868675,91,NULL,1,'2021-09-06 02:17:15','2022-01-14 12:51:10',NULL,34747,1.000000,0,0,868675),(454,'Stone Cutting Segment','HSN 8202','none',2700,2185.00,NULL,0.00,0,0,5899500,88,NULL,2,'2021-09-07 06:30:06','2022-01-14 12:51:11',NULL,2700,1.000000,0,0,5899500),(455,'Brown Converter','HSN 3204','none',38000,25.00,NULL,0.00,0,0,950000,71,NULL,1,'2021-09-07 09:36:29','2022-01-14 12:51:10',NULL,38000,1.000000,0,0,950000),(456,'Black Converter','HSN 3204','none',29970,150.00,NULL,0.00,0,0,4495500,71,NULL,1,'2021-09-07 09:36:29','2022-01-14 12:51:10',NULL,29970,1.000000,0,0,4495500),(458,'Black Converter','HSN 3204','none',30933,150.00,NULL,0.00,0,0,4639950,93,NULL,1,'2021-09-08 11:08:22','2022-01-14 12:51:10',NULL,30933,1.000000,0,0,4639950),(461,'Black Converter','HSN 3204','none',30000,200.00,NULL,0.00,0,0,6000000,95,NULL,1,'2021-09-09 05:46:45','2022-01-14 12:51:11',NULL,30000,1.000000,0,0,6000000),(462,'MORE GLOW EPOXY RESIN','HSN 3907','none',34747,40.00,NULL,0.00,0,0,1389880,95,NULL,1,'2021-09-09 05:46:45','2022-01-14 12:51:11',NULL,34747,1.000000,0,0,1389880),(466,'Black Converter','HSN 3204','none',29662,200.00,NULL,0.00,0,0,5932400,96,NULL,1,'2021-09-09 06:42:55','2022-01-14 12:51:11',NULL,29662,1.000000,0,0,5932400),(467,'MORE GLOW EPOXY RESIN','HSN 3907','none',36420,6.70,NULL,0.00,0,0,244014,96,NULL,1,'2021-09-09 06:42:55','2022-01-14 12:51:11',NULL,36420,1.000000,0,0,244014),(469,'Stone Cutting Segment','HSN 8202','none',2700,1725.00,NULL,0.00,0,0,4657500,89,NULL,2,'2021-09-12 06:28:42','2022-01-14 12:51:11',NULL,2700,1.000000,0,0,4657500),(470,'Brown Converter','HSN 3204','none',40200,50.00,NULL,0.00,0,0,2010000,84,NULL,1,'2021-09-12 11:08:16','2022-01-14 12:51:10',NULL,40200,1.000000,0,0,2010000),(471,'Z Black Converter','HSN 3204','none',34400,50.00,NULL,0.00,0,0,1720000,84,NULL,1,'2021-09-12 11:08:16','2022-01-14 12:51:10',NULL,34400,1.000000,0,0,1720000),(472,'Stone Cutting Segment','HSN 8202','none',2800,1650.00,NULL,0.00,0,0,4620000,87,NULL,2,'2021-09-12 11:25:31','2022-01-14 12:51:10',NULL,2800,1.000000,0,0,4620000),(476,'Black Converter','HSN 3204','none',30000,25.00,NULL,0.00,0,0,750000,97,NULL,1,'2021-09-14 04:06:58','2022-01-14 12:51:11',NULL,30000,1.000000,0,0,750000),(477,'Brown Converter','HSN 3204','none',40000,25.00,NULL,0.00,0,0,1000000,97,NULL,1,'2021-09-14 04:06:58','2022-01-14 12:51:11',NULL,40000,1.000000,0,0,1000000),(478,'MORE GLOW EPOXY RESIN','HSN 3907','none',36125,80.00,NULL,0.00,0,0,2890000,97,NULL,1,'2021-09-14 04:06:58','2022-01-14 12:51:11',NULL,36125,1.000000,0,0,2890000),(480,'Black Converter','HSN 3204','none',29665,200.00,NULL,0.00,0,0,5933000,98,NULL,1,'2021-09-14 10:00:48','2022-01-14 12:51:11',NULL,29665,1.000000,0,0,5933000),(482,'Black Converter','HSN 3204','none',29665,200.00,NULL,0.00,0,0,5933000,99,NULL,1,'2021-09-15 10:30:19','2022-01-14 12:51:10',NULL,29665,1.000000,0,0,5933000),(483,'MORE GLOW EPOXY RESIN','HSN 3907','none',36500,80.00,NULL,0.00,0,0,2920000,76,NULL,1,'2021-09-15 10:32:51','2022-01-14 12:51:10',NULL,36500,1.000000,0,0,2920000),(484,'Black Converter','HSN 3204','none',27240,75.00,NULL,0.00,0,0,2043000,76,NULL,1,'2021-09-15 10:32:51','2022-01-14 12:51:10',NULL,27240,1.000000,0,0,2043000),(488,'Black Converter','HSN 3204','none',30510,75.00,NULL,0.00,0,0,2288250,100,NULL,1,'2021-09-17 03:58:31','2022-01-14 12:51:11',NULL,30510,1.000000,0,0,2288250),(489,'Brown Converter','HSN 3204','none',40700,25.00,NULL,0.00,0,0,1017500,101,NULL,1,'2021-09-17 04:00:19','2022-01-14 12:51:10',NULL,40700,1.000000,0,0,1017500),(490,'Z Black Converter','HSN 3204','none',33040,50.00,NULL,0.00,0,0,1652000,101,NULL,1,'2021-09-17 04:00:19','2022-01-14 12:51:10',NULL,33040,1.000000,0,0,1652000),(491,'Stone Cutting Segment','HSN 8202','none',2600,1974.00,NULL,0.00,0,0,5132400,59,NULL,2,'2021-09-17 07:51:38','2022-01-14 12:51:11',NULL,2600,1.000000,0,0,5132400),(492,'Black Converter','HSN 3204','none',29665,50.00,NULL,0.00,0,0,1483250,92,NULL,1,'2021-09-17 08:40:23','2022-01-14 12:51:11',NULL,29665,1.000000,0,0,1483250),(494,'Black Converter','HSN 3204','none',30510,25.00,NULL,0.00,0,0,762750,102,NULL,1,'2021-09-18 05:17:01','2022-01-14 12:51:12',NULL,30510,1.000000,0,0,762750),(497,'Black Converter','HSN 3204','none',29662,200.00,NULL,0.00,0,0,5932400,103,NULL,1,'2021-09-20 05:55:31','2022-01-14 12:51:12',NULL,29662,1.000000,0,0,5932400),(499,'Black Converter','HSN 3204','none',30679,125.00,NULL,0.00,0,0,3834875,104,NULL,1,'2021-09-21 02:24:01','2022-01-14 12:51:10',NULL,30679,1.000000,0,0,3834875),(501,'Black Converter','HSN 3204','none',29665,200.00,NULL,0.00,0,0,5933000,105,NULL,1,'2021-09-21 11:39:12','2022-01-14 12:51:11',NULL,29665,1.000000,0,0,5933000),(502,'Black Converter','HSN 3204','none',29665,200.00,NULL,0.00,0,0,5933000,106,NULL,1,'2021-09-21 13:08:45','2022-01-14 12:51:10',NULL,29665,1.000000,0,0,5933000),(505,'MORE GLOW EPOXY RESIN','HSN 3907','none',35500,80.00,NULL,0.00,0,0,2840000,107,NULL,1,'2021-09-22 03:45:04','2022-01-14 12:51:11',NULL,35500,1.000000,0,0,2840000),(506,'Brown Converter','HSN 3204','none',40100,30.00,NULL,0.00,0,0,1203000,107,NULL,1,'2021-09-22 03:45:04','2022-01-14 12:51:11',NULL,40100,1.000000,0,0,1203000),(515,'Stone Cutting Segment','HSN 8202','none',3000,1710.00,NULL,0.00,0,0,5130000,109,NULL,2,'2021-09-23 06:28:46','2022-01-14 12:51:13',NULL,3000,1.000000,0,0,5130000),(516,'Stone Cutting Segment','HSN 8202','none',2800,2024.00,NULL,0.00,0,0,5667200,57,NULL,2,'2021-09-24 08:36:15','2022-01-14 12:51:11',NULL,2800,1.000000,0,0,5667200),(522,'Z Black Converter','HSN 3204','none',34748,25.00,NULL,0.00,0,0,868700,112,NULL,1,'2021-10-01 01:17:40','2022-01-14 12:51:10',NULL,34748,1.000000,0,0,868700),(525,'Black Converter','HSN 3204','none',29662,150.00,NULL,0.00,0,0,4449300,113,NULL,1,'2021-10-01 01:45:27','2022-01-14 12:51:10',NULL,29662,1.000000,0,0,4449300),(526,'MORE GLOW EPOXY RESIN','HSN 3907','none',35010,23.00,NULL,0.00,0,0,805230,114,NULL,1,'2021-10-01 01:48:49','2022-01-14 12:51:11',NULL,35010,1.000000,0,0,805230),(529,'Black Converter','HSN 3204','none',29662,150.00,NULL,0.00,0,0,4449300,115,NULL,1,'2021-10-01 01:57:01','2022-01-14 12:51:10',NULL,29662,1.000000,0,0,4449300),(530,'Brown Converter','HSN 3204','none',39828,45.00,NULL,0.00,0,0,1792260,115,NULL,1,'2021-10-01 01:57:01','2022-01-14 12:51:10',NULL,39828,1.000000,0,0,1792260),(531,'Black Converter','HSN 3204','none',30510,25.00,NULL,0.00,0,0,762750,116,NULL,1,'2021-10-01 02:09:13','2022-01-14 12:51:11',NULL,30510,1.000000,0,0,762750),(532,'Black Converter','HSN 3204','none',30510,75.00,NULL,0.00,0,0,2288250,117,NULL,1,'2021-10-03 09:01:30','2022-01-14 12:51:11',NULL,30510,1.000000,0,0,2288250),(533,'Black Converter','HSN 3204','none',29473,225.00,NULL,0.00,0,0,6631425,118,NULL,1,'2021-10-03 09:07:26','2022-01-14 12:51:10',NULL,29473,1.000000,0,0,6631425),(545,'Stone Cutting Segment','HSN 8202','none',2000,2500.00,NULL,0.00,0,0,5000000,121,NULL,2,'2021-10-05 12:11:41','2022-01-14 12:51:13',NULL,2000,1.000000,0,0,5000000),(546,'Stone Cutting Segment','HSN 8202','none',2000,2500.00,NULL,0.00,0,0,5000000,119,NULL,2,'2021-10-05 12:11:57','2022-01-14 12:51:13',NULL,2000,1.000000,0,0,5000000),(547,'Stone Cutting Segment','HSN 8202','none',2600,2392.00,NULL,0.00,0,0,6219200,120,NULL,2,'2021-10-05 12:19:04','2022-01-14 12:51:11',NULL,2600,1.000000,0,0,6219200),(549,'Stone Cutting Segment','HSN 8202','none',3400,494.00,NULL,0.00,0,0,1679600,122,NULL,2,'2021-10-05 12:36:00','2022-01-14 12:51:13',NULL,3400,1.000000,0,0,1679600),(550,'Black Converter','HSN 3204','none',32204,400.00,NULL,0.00,0,0,12881600,123,NULL,1,'2021-10-09 09:02:20','2022-01-14 12:51:11',NULL,32204,1.000000,0,0,12881600),(551,'Black Converter','HSN 3204','none',30500,25.00,NULL,0.00,0,0,762500,111,NULL,1,'2021-10-09 09:07:03','2022-01-14 12:51:13',NULL,30500,1.000000,0,0,762500),(552,'MORE GLOW EPOXY RESIN','HSN 3907','none',36447,40.00,NULL,0.00,0,0,1457880,111,NULL,1,'2021-10-09 09:07:03','2022-01-14 12:51:13',NULL,36447,1.000000,0,0,1457880),(561,'Black Converter','HSN 3204','none',30000,25.00,NULL,0.00,0,0,750000,94,NULL,1,'2021-10-12 16:18:41','2022-01-14 12:51:11',NULL,30000,1.000000,0,0,750000),(562,'MORE GLOW EPOXY RESIN','HSN 3907','none',36230,40.00,NULL,0.00,0,0,1449200,94,NULL,1,'2021-10-12 16:18:41','2022-01-14 12:51:11',NULL,36230,1.000000,0,0,1449200),(563,'MORE GLOW EPOXY RESIN','HSN 3907','none',37000,40.00,NULL,0.00,0,0,1480000,110,NULL,1,'2021-10-12 16:19:53','2022-01-14 12:51:10',NULL,37000,1.000000,0,0,1480000),(564,'Black Converter','HSN 3204','none',30739,50.00,NULL,0.00,0,0,1536950,110,NULL,1,'2021-10-12 16:19:53','2022-01-14 12:51:10',NULL,30739,1.000000,0,0,1536950),(567,'Stone Cutting Segment','HSN 3204','none',2800,2180.00,NULL,0.00,0,0,6104000,42,NULL,2,'2021-10-18 06:09:36','2022-01-14 12:51:10',NULL,2800,1.000000,0,0,6104000),(569,'Z Black Converter','HSN 3204','none',34747,25.00,NULL,0.00,0,0,868675,125,NULL,1,'2021-10-18 06:17:25','2022-01-14 12:51:13',NULL,34747,1.000000,0,0,868675),(570,'Stone Cutting Segment','HSN 8202','none',2800,2140.00,NULL,0.00,0,0,5992000,60,NULL,2,'2021-10-22 03:35:57','2022-01-14 12:51:11',NULL,2800,1.000000,0,0,5992000),(571,'Z Black Converter','HSN 3204','none',35595,25.00,NULL,0.00,0,0,889875,126,NULL,1,'2021-10-24 10:24:39','2022-01-14 12:51:11',NULL,35595,1.000000,0,0,889875),(583,'Stone Cutting Segment','HSN 8202','none',2800,2033.00,NULL,0.00,0,0,5692400,127,NULL,2,'2021-10-30 05:23:02','2022-01-14 12:51:10',NULL,2800,1.000000,0,0,5692400),(584,'Stone Cutting Segment','HSN 8202','none',2700,2140.00,NULL,0.00,0,0,5778000,128,NULL,2,'2021-10-30 05:23:14','2022-01-14 12:51:13',NULL,2700,1.000000,0,0,5778000),(587,'Stone Cutting Segment','HSN 8202','none',2700,2100.00,NULL,0.00,0,0,5670000,131,NULL,2,'2021-10-30 05:23:48','2022-01-14 12:51:13',NULL,2700,1.000000,0,0,5670000),(589,'Stone Cutting Segment','HSN 8202','none',2700,1440.00,NULL,0.00,0,0,3888000,130,NULL,2,'2021-10-30 05:35:17','2022-01-14 12:51:13',NULL,2700,1.000000,0,0,3888000),(591,'Black Converter','HSN 3204','none',32500,100.00,NULL,0.00,0,0,3250000,132,NULL,1,'2021-10-31 02:17:44','2022-01-14 12:51:10',NULL,32500,1.000000,0,0,3250000),(592,'Brown Converter','HSN 3204','none',41190,25.00,NULL,0.00,0,0,1029750,132,NULL,1,'2021-10-31 02:17:44','2022-01-14 12:51:10',NULL,41190,1.000000,0,0,1029750),(593,'Black Converter','HSN 3204','none',27850,75.00,NULL,0.00,0,0,2088750,133,NULL,1,'2021-10-31 02:39:17','2022-01-14 12:51:10',NULL,27850,1.000000,0,0,2088750),(594,'Black Converter','HSN 3204','none',32205,200.00,NULL,0.00,0,0,6441000,134,NULL,1,'2021-11-08 06:58:48','2022-01-14 12:51:11',NULL,32205,1.000000,0,0,6441000),(595,'Stone Cutting Segment','HSN 8202','none',2700,2354.00,NULL,0.00,0,0,6355800,124,NULL,2,'2021-11-09 08:08:26','2022-01-14 12:51:11',NULL,2700,1.000000,0,0,6355800),(596,'Black Converter','HSN 3204','none',32204,200.00,NULL,0.00,0,0,6440800,135,NULL,1,'2021-11-10 09:03:11','2022-01-14 12:51:13',NULL,32204,1.000000,0,0,6440800),(605,'Black Converter','HSN 3204','none',31360,200.00,NULL,0.00,0,0,6272000,139,NULL,1,'2021-11-13 10:01:01','2022-01-14 12:51:10',NULL,31360,1.000000,0,0,6272000),(614,'Gangsaw Segment','23/20X10X4.0/4.5MM\nHSN 8202','none',2600,2645.00,NULL,0.00,0,0,6877000,141,NULL,2,'2021-12-01 12:08:20','2022-01-14 12:51:11',NULL,2600,1.000000,0,0,6877000),(618,'Stone Cutting Segment','HSN 8202','none',2700,1518.00,NULL,0.00,0,0,4098600,108,NULL,2,'2021-12-02 04:39:45','2022-01-14 12:51:13',NULL,2700,1.000000,0,0,4098600),(621,'MORE GLOW EPOXY RESIN','HSN 3907','none',42000,80.00,NULL,0.00,0,0,3360000,144,NULL,1,'2021-12-02 10:23:59','2022-01-14 12:51:13',NULL,42000,1.000000,0,0,3360000),(622,'Black Converter','HSN 3204','none',33000,100.00,NULL,0.00,0,0,3300000,144,NULL,1,'2021-12-02 10:23:59','2022-01-14 12:51:13',NULL,33000,1.000000,0,0,3300000),(623,'Black Converter','HSN 3204','none',32205,200.00,NULL,0.00,0,0,6441000,145,NULL,1,'2021-12-03 09:59:26','2022-01-14 12:51:11',NULL,32205,1.000000,0,0,6441000),(624,'Brown Converter','HSN 3204','none',44000,5.00,NULL,0.00,0,0,220000,146,NULL,1,'2021-12-03 10:08:33','2022-01-14 12:51:13',NULL,44000,1.000000,0,0,220000),(625,'E Black Converter','HSN 3204','none',43960,75.00,NULL,0.00,0,0,3297000,146,NULL,1,'2021-12-03 10:08:33','2022-01-14 12:51:13',NULL,43960,1.000000,0,0,3297000),(626,'Z Black Converter','HSN 3204','none',33040,50.00,NULL,0.00,0,0,1652000,147,NULL,1,'2021-12-09 02:58:27','2022-01-14 12:51:10',NULL,33040,1.000000,0,0,1652000),(627,'Brown Converter','HSN 3204','none',41165,45.00,NULL,0.00,0,0,1852425,147,NULL,1,'2021-12-09 02:58:27','2022-01-14 12:51:10',NULL,41165,1.000000,0,0,1852425),(637,'Gangsaw Segment','23/20X10X4.0/4.5MM\nHSN 8202','none',2800,1840.00,NULL,0.00,0,0,5152000,140,NULL,2,'2021-12-11 10:36:23','2022-01-14 12:51:11',NULL,2800,1.000000,0,0,5152000),(638,'Gangsaw Segment','23/20X10X4.0/4.5MM\nHSN 8202','none',2800,2268.00,NULL,0.00,0,0,6350400,138,NULL,2,'2021-12-11 10:36:38','2022-01-14 12:51:11',NULL,2800,1.000000,0,0,6350400),(639,'Gangsaw Segment','23/20X10X4.0/4.5MM\nHSN 8202','none',2800,536.00,NULL,0.00,0,0,1500800,142,NULL,2,'2021-12-11 10:37:04','2022-01-14 12:51:13',NULL,2800,1.000000,0,0,1500800),(643,'Black Converter','HSN 3204','none',33899,200.00,NULL,0.00,0,0,6779800,153,NULL,1,'2021-12-16 07:27:51','2022-01-14 12:51:10',NULL,33899,1.000000,0,0,6779800),(644,'Gangsaw Segment','23/20X10X4.0/4.5MM\nHSN 8202','none',2700,2037.00,NULL,0.00,0,0,5499900,151,NULL,2,'2021-12-16 07:41:40','2022-01-14 12:51:13',NULL,2700,1.000000,0,0,5499900),(647,'Gangsaw Segment','23/20X10X4.0/4.5MM\nHSN 8202','none',2300,2000.00,NULL,0.00,0,0,4600000,149,NULL,2,'2021-12-16 07:47:39','2022-01-14 12:51:13',NULL,2300,1.000000,0,0,4600000),(648,'Gangsaw Segment','23/20X10X4.0/4.5MM\nHSN 8202','none',2300,3000.00,NULL,0.00,0,0,6900000,148,NULL,2,'2021-12-16 07:47:55','2022-01-14 12:51:13',NULL,2300,1.000000,0,0,6900000),(650,'Black Converter','HSN 3204','none',33055,200.00,NULL,0.00,0,0,6611000,154,NULL,1,'2021-12-17 07:33:05','2022-01-14 12:51:13',NULL,33055,1.000000,0,0,6611000),(651,'Z Black Converter','HSN 3204','none',32700,25.00,NULL,0.00,0,0,817500,155,NULL,1,'2021-12-17 13:52:03','2022-01-14 12:51:10',NULL,32700,1.000000,0,0,817500),(652,'Brown Converter','HSN 3204','none',41880,25.00,NULL,0.00,0,0,1047000,155,NULL,1,'2021-12-17 13:52:03','2022-01-14 12:51:10',NULL,41880,1.000000,0,0,1047000),(662,'Gangsaw Segment','23/20X10X4.0/4.5MM\nHSN 8202','none',2700,1890.00,NULL,0.00,0,0,5103000,152,NULL,2,'2021-12-23 06:27:08','2022-01-14 12:51:13',NULL,2700,1.000000,0,0,5103000),(664,'Gangsaw Segment','23/20X10X4.0/4.5MM\nHSN 8202','none',2700,1926.00,NULL,0.00,0,0,5200200,160,NULL,2,'2021-12-23 11:27:52','2022-01-14 12:51:13',NULL,2700,1.000000,0,0,5200200),(665,'Stone Cutting Segment','HSN 8202','none',2700,1827.00,NULL,0.00,0,0,4932900,129,NULL,2,'2021-12-24 07:02:35','2022-01-14 12:51:13',NULL,2700,1.000000,0,0,4932900),(671,'Gangsaw Segment','23/20X10X4.0/4.5MM\nHSN 8202','none',2700,2121.00,NULL,0.00,0,0,5726700,161,NULL,2,'2022-01-03 06:38:18','2022-01-14 12:51:13',NULL,2700,1.000000,0,0,5726700),(672,'Z Black Converter','HSN 3204','none',35600,25.00,NULL,0.00,0,0,890000,162,NULL,1,'2022-01-03 07:56:45','2022-01-14 12:51:11',NULL,35600,1.000000,0,0,890000),(676,'Black Converter','HSN 3204','none',32820,125.00,NULL,0.00,0,0,4102500,164,NULL,1,'2022-01-03 08:18:52','2022-01-14 12:51:10',NULL,32820,1.000000,0,0,4102500),(677,'Brown Converter','HSN 3204','none',41830,25.00,NULL,0.00,0,0,1045750,164,NULL,1,'2022-01-03 08:18:52','2022-01-14 12:51:10',NULL,41830,1.000000,0,0,1045750),(678,'Z Black Converter','HSN 3204','none',38136,75.00,NULL,0.00,0,0,2860200,165,NULL,1,'2022-01-03 08:28:43','2022-01-14 12:51:10',NULL,38136,1.000000,0,0,2860200),(679,'Black Converter','HSN 3204','none',35035,75.00,NULL,0.00,0,0,2627625,166,NULL,1,'2022-01-03 09:10:12','2022-01-14 12:51:13',NULL,35035,1.000000,0,0,2627625),(680,'E Black Converter','HSN 3204','none',44071,25.00,NULL,0.00,0,0,1101775,167,NULL,1,'2022-01-03 09:15:08','2022-01-14 12:51:13',NULL,44071,1.000000,0,0,1101775),(682,'Gangsaw Segment','23/20X10X4.0/4.5MM\nHSN 8202','none',2800,2310.00,NULL,0.00,0,0,6468000,157,NULL,2,'2022-01-03 10:22:35','2022-01-14 12:51:13',NULL,2800,1.000000,0,0,6468000),(684,'Gangsaw Segment','23/20X10X4.0/4.5MM\nHSN 8202','none',2500,2000.00,NULL,0.00,0,0,5000000,150,NULL,2,'2022-01-03 10:30:01','2022-01-14 12:51:11',NULL,2500,1.000000,0,0,5000000),(686,'Gangsaw Segment','23/20X10X4.0/4.5MM\nHSN 8202','none',2800,1974.00,NULL,0.00,0,0,5527200,158,NULL,2,'2022-01-03 10:33:41','2022-01-14 12:51:13',NULL,2800,1.000000,0,0,5527200),(687,'Gangsaw Segment','23/20X10X4.0/4.5MM\nHSN 8202','none',3000,2508.00,NULL,0.00,0,0,7524000,159,NULL,2,'2022-01-03 10:33:56','2022-01-14 12:51:11',NULL,3000,1.000000,0,0,7524000),(688,'Stone Cutting Segment','HSN 8202','none',3800,428.00,NULL,0.00,0,0,1626400,163,NULL,2,'2022-01-03 10:34:18','2022-01-14 12:51:13',NULL,3800,1.000000,0,0,1626400),(689,'Dressing Set','5.5MM','none',4242,330.00,NULL,0.00,0,0,1399860,143,NULL,2,'2022-01-03 10:38:28','2022-01-14 12:51:13',NULL,4242,1.000000,0,0,1399860),(698,'Gangsaw Segment','23/20X10X4.0/4.5MM\nHSN 8202','none',3000,2016.00,NULL,0.00,0,0,6048000,168,NULL,2,'2022-01-06 09:26:40','2022-01-14 12:51:13',NULL,3000,1.000000,0,0,6048000),(702,'Gangsaw Segment','23/20X10X4.0/4.5MM\nHSN 8202','none',2800,2016.00,NULL,0.00,0,0,5644800,169,NULL,2,'2022-01-10 03:40:41','2022-01-14 12:51:13',NULL,2800,1.000000,0,0,5644800),(704,'Gangsaw Segment','23/20X10X4.0/4.5MM\nHSN 8202','none',2800,1575.00,NULL,0.00,0,0,4410000,156,NULL,2,'2022-01-11 05:16:47','2022-01-14 12:51:10',NULL,2800,1.000000,0,0,4410000),(705,'Black Converter','HSN 3204','none',33899,25.00,NULL,0.00,0,0,847475,170,NULL,1,'2022-01-12 05:35:56','2022-01-14 12:51:13',NULL,33899,1.000000,0,0,847475),(706,'Z Black Converter','HSN 3204','none',33900,25.00,NULL,0.00,0,0,847500,171,NULL,1,'2022-01-13 02:51:55','2022-01-14 12:51:10',NULL,33900,1.000000,0,0,847500),(707,'Stone Cutting Segment','HSN 8202','none',2800,2415.00,NULL,0.00,0,0,6762000,55,NULL,2,'2022-01-14 11:11:47','2022-01-14 12:51:11',NULL,2800,1.000000,0,0,6762000),(734,'Gangsaw Segment','23/20X10X4.0/4.5MM\nHSN 8202','none',2800,2247.00,NULL,0.00,0,0,6291600,183,NULL,2,'2022-01-16 04:16:09','2022-01-16 04:16:09',NULL,2800,1.000000,0,0,6291600),(740,'Z Black Converter','HSN 3204','none',35600,25.00,NULL,0.00,0,0,890000,175,NULL,1,'2022-01-17 11:47:46','2022-01-17 11:47:46',NULL,35600,1.000000,0,0,890000),(753,'Gangsaw Segment','23/20X10X4.0/4.5MM\nHSN 8202','none',2700,2100.00,NULL,0.00,0,0,5670000,198,NULL,2,'2021-11-12 20:41:29','2022-01-14 07:21:09',NULL,0,NULL,0,0,0),(757,'Gangsaw Segment','23/20X10X4.0/4.5MM\nHSN 8202','none',3000,2033.00,NULL,0.00,0,0,6099000,200,NULL,2,'2022-01-29 07:02:37','2022-01-29 07:02:37',NULL,3000,1.000000,0,0,6099000),(758,'Gangsaw Segment','23/20X10X4.0/4.5MM\nHSN 8202','none',2200,2000.00,NULL,0.00,0,0,4400000,201,NULL,2,'2021-11-12 20:41:29','2022-01-14 07:21:09',NULL,0,NULL,0,0,0),(759,'Gangsaw Segment','23/20X10X4.0/4.5MM\nHSN 8202','none',2200,2000.00,NULL,0.00,0,0,4400000,202,NULL,2,'2021-11-12 20:41:29','2022-01-14 07:21:09',NULL,0,NULL,0,0,0),(760,'Gangsaw Segment','23/20X10X4.0/4.5MM\nHSN 8202','none',2700,2033.00,NULL,0.00,0,0,5489100,203,NULL,2,'2021-11-12 20:41:29','2022-01-14 07:21:09',NULL,0,NULL,0,0,0),(776,'Gangsaw Segment','23/20X10X4.0/4.5MM\nHSN 8202','none',3000,2205.00,'Pcs',0.00,0,0,6615000,215,NULL,2,'2022-02-01 04:07:18','2022-02-01 04:07:18',NULL,3000,1.000000,0,0,6615000),(777,'Gangsaw Segment','23/20X10X4.0/4.5MM\nHSN 8202','none',3000,1424.00,'Pcs',0.00,0,0,4272000,216,NULL,2,'2021-11-12 20:41:29','2022-01-14 07:21:09',NULL,0,NULL,0,0,0),(778,'Black Converter','HSN 3204','none',29200,200.00,NULL,0.00,0,0,5840000,199,NULL,1,'2022-02-01 07:10:39','2022-02-01 07:10:39',NULL,29200,1.000000,0,0,5840000),(781,'Black Converter','HSN 3204','none',32205,200.00,'kg',0.00,0,0,6441000,219,NULL,1,'2021-03-24 22:57:48','2022-01-14 07:21:09',NULL,0,NULL,0,0,0),(784,'Black Converter','HSN 3204','none',32628,100.00,'kg',0.00,0,0,3262800,220,NULL,1,'2022-02-10 15:42:44','2022-02-10 15:42:44',NULL,32628,1.000000,0,0,3262800),(785,'Black Converter','HSN 3204','none',32000,50.00,'kg',0.00,0,0,1600000,222,NULL,1,'2021-03-24 22:57:48','2022-01-14 07:21:09',NULL,0,NULL,0,0,0),(786,'Brown Converter','HSN 3204','none',43080,75.00,'kg',0.00,0,0,3231000,222,NULL,1,'2021-06-04 03:57:08','2022-01-14 07:21:09',NULL,0,NULL,0,0,0),(792,'Black Converter','HSN 3204','none',32205,200.00,'kg',0.00,0,0,6441000,224,NULL,1,'2021-03-24 22:57:48','2022-01-14 07:21:09',NULL,0,NULL,0,0,0),(793,'Black Converter','HSN 3204','none',29665,200.00,'kg',0.00,0,0,5933000,218,NULL,1,'2022-02-11 07:59:59','2022-02-11 07:59:59',NULL,29665,1.000000,0,0,5933000),(794,'Black Converter','HSN 3204','none',32205,200.00,'kg',0.00,0,0,6441000,225,NULL,1,'2021-03-24 22:57:48','2022-01-14 07:21:09',NULL,0,NULL,0,0,0),(795,'Z Black Converter','HSN 3204','none',33900,25.00,'kg',0.00,0,0,847500,226,NULL,1,'2021-06-04 03:58:41','2022-01-14 07:21:09',NULL,0,NULL,0,0,0),(799,'Black Converter','HSN 3204','none',33900,125.00,'kg',0.00,0,0,4237500,228,NULL,1,'2021-03-24 22:57:48','2022-01-14 07:21:09',NULL,0,NULL,0,0,0),(800,'Gangsaw Segment','23/20X10X4.0/4.5MM\nHSN 8202','none',3000,1583.00,'Pcs',0.00,0,0,4749000,229,NULL,2,'2021-11-12 20:41:29','2022-01-14 07:21:09',NULL,3000,1.000000,0,0,4749000),(801,'Gangsaw Segment','23/20X10X4.0/4.5MM\nHSN 8202','none',3000,1583.00,'Pcs',0.00,0,0,4749000,230,NULL,2,'2021-11-12 20:41:29','2022-01-14 07:21:09',NULL,3000,1.000000,0,0,4749000),(804,'Black Converter','HSN 3204','none',32205,200.00,'kg',0.00,0,0,6441000,233,NULL,1,'2021-03-24 22:57:48','2022-01-14 07:21:09',NULL,32205,1.000000,0,0,6441000),(805,'Z Black Converter','HSN 3204','none',35500,48.00,'kg',0.00,0,0,1704000,234,NULL,1,'2021-06-04 03:58:41','2022-01-14 07:21:09',NULL,35500,1.000000,0,0,1704000),(806,'Black Converter','HSN 3204','none',33900,25.00,'kg',0.00,0,0,847500,235,NULL,1,'2021-03-24 22:57:48','2022-01-14 07:21:09',NULL,33900,1.000000,0,0,847500),(807,'Z Black Converter','HSN 3204','none',33900,25.00,'kg',0.00,0,0,847500,232,NULL,1,'2022-02-22 07:29:08','2022-02-22 07:29:08',NULL,33900,1.000000,0,0,847500),(809,'Gangsaw Segment','23/20X10X4.0/4.5MM\nHSN 8202','none',3000,2090.00,'Pcs',0.00,0,0,6270000,236,NULL,2,'2022-02-23 09:18:48','2022-02-23 09:18:48',NULL,3000,1.000000,0,0,6270000),(810,'Black Converter','HSN 3204','none',33580,200.00,'kg',0.00,0,0,6716000,237,NULL,1,'2021-03-24 22:57:48','2022-01-14 07:21:09',NULL,33580,1.000000,0,0,6716000),(812,'Black Converter','HSN 3204','none',29240,200.00,'kg',0.00,0,0,5848000,238,NULL,1,'2022-02-24 09:29:10','2022-02-24 09:29:10',NULL,29240,1.000000,0,0,5848000),(817,'Black Converter','HSN 3204','none',31400,150.00,'kg',0.00,0,0,4710000,239,NULL,1,'2022-03-01 07:35:15','2022-03-01 07:35:15',NULL,31400,1.000000,0,0,4710000),(818,'E Black Converter','HSN 3204','none',43000,50.00,'kg',0.00,0,0,2150000,239,NULL,1,'2022-03-01 07:35:15','2022-03-01 07:35:15',NULL,43000,1.000000,0,0,2150000),(819,'Brown Converter','HSN 3204','none',42550,25.00,'kg',0.00,0,0,1063750,239,NULL,1,'2022-03-01 07:35:15','2022-03-01 07:35:15',NULL,42550,1.000000,0,0,1063750),(820,'MORE GLOW EPOXY RESIN','HSN 3907','none',40000,80.00,'Ltr',0.00,0,0,3200000,240,NULL,1,'2021-06-04 04:00:26','2022-01-17 12:19:21',NULL,40000,1.000000,0,0,3200000),(821,'Black Converter','HSN 3204','none',31941,100.00,'kg',0.00,0,0,3194100,240,NULL,1,'2021-03-24 22:57:48','2022-01-14 07:21:09',NULL,31941,1.000000,0,0,3194100),(822,'Black Converter','HSN 3204','none',32210,50.00,'kg',0.00,0,0,1610500,241,NULL,1,'2021-03-24 22:57:48','2022-01-14 07:21:09',NULL,32210,1.000000,0,0,1610500),(823,'MORE GLOW EPOXY RESIN','HSN 3907','none',42500,40.00,'Ltr',0.00,0,0,1700000,242,NULL,1,'2021-06-04 04:00:26','2022-01-17 12:19:21',NULL,42500,1.000000,0,0,1700000),(824,'Black Converter','HSN 3204','none',33831,75.00,'kg',0.00,0,0,2537325,242,NULL,1,'2021-03-24 22:57:48','2022-01-14 07:21:09',NULL,33831,1.000000,0,0,2537325),(826,'Gangsaw Segment','23/20X10X4.0/4.5MM\nHSN 8202','none',2800,2354.00,'Pcs',0.00,0,0,6591200,231,NULL,2,'2022-03-03 12:10:06','2022-03-03 12:10:06',NULL,2800,1.000000,0,0,6591200),(828,'Gangsaw Segment','23/20X10X4.0/4.5MM\nHSN 8202','none',2800,2289.00,'Pcs',0.00,0,0,6409200,243,NULL,2,'2022-03-03 12:16:53','2022-03-03 12:16:53',NULL,2800,1.000000,0,0,6409200),(839,'Black Converter','HSN 3204','none',32204,200.00,'kg',0.00,0,0,6440800,249,NULL,1,'2021-03-24 22:57:48','2022-01-14 07:21:09',NULL,32204,1.000000,0,0,6440800),(841,'Gangsaw Segment','23/20X10X4.0/4.5MM\nHSN 8202','none',2700,2185.00,'Pcs',0.00,0,0,5899500,250,NULL,2,'2021-11-12 20:41:29','2022-01-14 07:21:09',NULL,2700,1.000000,0,0,5899500),(842,'Gangsaw Segment','23/20X10X4.0/4.5MM\nHSN 8202','none',2900,2000.00,'Pcs',0.00,0,0,5800000,251,NULL,2,'2021-11-12 20:41:29','2022-01-14 07:21:09',NULL,2900,1.000000,0,0,5800000),(845,'Z Black Converter','HSN 3204','none',33900,25.00,'kg',0.00,0,0,847500,253,NULL,1,'2021-06-04 03:58:41','2022-01-14 07:21:09',NULL,33900,1.000000,0,0,847500),(848,'Black Converter','HSN 3204','none',32204,200.00,'kg',0.00,0,0,6440800,254,NULL,1,'2021-03-24 22:57:48','2022-01-14 07:21:09',NULL,32204,1.000000,0,0,6440800),(850,'Gangsaw Segment','23/20X10X4.0/4.5MM\nHSN 8202','none',2800,2205.00,'Pcs',0.00,0,0,6174000,244,NULL,2,'2022-03-11 06:22:08','2022-03-11 06:22:08',NULL,2800,1.000000,0,0,6174000),(851,'Gangsaw Segment','23/20X10X4.0/4.5MM\nHSN 8202','none',2000,4000.00,'Pcs',0.00,0,0,8000000,255,NULL,2,'2021-11-12 20:41:29','2022-01-14 07:21:09',NULL,2000,1.000000,0,0,8000000),(852,'Z Black Converter','HSN 3204','none',33900,25.00,'kg',0.00,0,0,847500,256,NULL,1,'2021-06-04 03:58:41','2022-01-14 07:21:09',NULL,33900,1.000000,0,0,847500),(854,'Gangsaw Segment','23/20X10X4.0/4.5MM\nHSN 8202','none',3000,2052.00,'Pcs',0.00,0,0,6156000,258,NULL,2,'2021-11-12 20:41:29','2022-01-14 07:21:09',NULL,3000,1.000000,0,0,6156000),(855,'Gangsaw Segment','23/20X10X4.0/4.5MM\nHSN 8202','none',2000,10000.00,'Pcs',0.00,0,0,20000000,259,NULL,2,'2021-11-12 20:41:29','2022-01-14 07:21:09',NULL,2000,1.000000,0,0,20000000),(858,'Gangsaw Segment','23/20X10X4.0/4.5MM\nHSN 8202','none',2000,11000.00,'Pcs',0.00,0,0,22000000,261,NULL,2,'2022-03-21 05:44:44','2022-03-21 05:44:44',NULL,2000,1.000000,0,0,22000000),(861,'Gangsaw Segment','23/20X10X4.0/4.5MM\nHSN 8202','none',3000,2310.00,'Pcs',0.00,0,0,6930000,257,NULL,2,'2022-03-25 13:13:23','2022-03-25 13:13:23',NULL,3000,1.000000,0,0,6930000),(863,'Gangsaw Segment','23/20X10X4.0/4.5MM\nHSN 8202','none',2800,1575.00,'Pcs',0.00,0,0,4410000,260,NULL,2,'2022-03-25 13:16:31','2022-03-25 13:16:31',NULL,2800,1.000000,0,0,4410000),(864,'Gangsaw Segment','23/20X10X4.0/4.5MM\nHSN 8202','none',2700,1920.00,'Pcs',0.00,0,0,5184000,262,NULL,2,'2021-11-12 20:41:29','2022-01-14 07:21:09',NULL,2700,1.000000,0,0,5184000),(865,'Gangsaw Segment','23/20X10X4.0/4.5MM\nHSN 8202','none',2800,1974.00,'Pcs',0.00,0,0,5527200,263,NULL,2,'2021-11-12 20:41:29','2022-01-14 07:21:09',NULL,2800,1.000000,0,0,5527200),(866,'Gangsaw Segment','23/20X10X4.0/4.5MM\nHSN 8202','none',2700,2033.00,'Pcs',0.00,0,0,5489100,264,NULL,2,'2021-11-12 20:41:29','2022-01-14 07:21:09',NULL,2700,1.000000,0,0,5489100),(868,'MORE GLOW EPOXY RESIN','HSN 3907','none',36500,37.00,'Ltr',0.00,0,0,1350500,266,NULL,1,'2021-06-04 04:00:26','2022-01-17 12:19:21',NULL,36500,1.000000,0,0,1350500),(869,'Brown Converter','HSN 3204','none',41505,167.00,'kg',0.00,0,0,6931335,266,NULL,1,'2021-06-04 03:57:08','2022-01-14 07:21:09',NULL,41505,1.000000,0,0,6931335),(870,'Gangsaw Segment','23/20X10X4.0/4.5MM\nHSN 8202','none',3000,2289.00,'Pcs',0.00,0,0,6867000,265,NULL,2,'2022-03-26 06:18:04','2022-03-26 06:18:04',NULL,3000,1.000000,0,0,6867000),(871,'MORE GLOW EPOXY RESIN','HSN 3907','none',44500,92.00,'Ltr',0.00,0,0,4094000,267,NULL,1,'2021-06-04 04:00:26','2022-01-17 12:19:21',NULL,44500,1.000000,0,0,4094000),(872,'Black Converter','HSN 3204','none',34490,100.00,'kg',0.00,0,0,3449000,267,NULL,1,'2021-03-24 22:57:48','2022-01-14 07:21:09',NULL,34490,1.000000,0,0,3449000),(873,'Black Converter','HSN 3204','none',27967,200.00,'kg',0.00,0,0,5593400,268,NULL,1,'2021-03-24 22:57:48','2022-01-14 07:21:09',NULL,27967,1.000000,0,0,5593400),(875,'Black Converter','HSN 3204','none',29240,200.00,'kg',0.00,0,0,5848000,269,NULL,1,'2022-03-30 07:29:02','2022-03-30 07:29:02',NULL,29240,1.000000,0,0,5848000),(878,'Brown Converter','HSN 3204','none',41100,25.00,'kg',0.00,0,0,1027500,271,NULL,1,'2021-06-04 03:57:08','2022-01-14 07:21:09',NULL,41100,1.000000,0,0,1027500),(879,'E Black Converter','HSN 3204','none',43665,25.00,'kg',0.00,0,0,1091625,271,NULL,1,'2021-06-04 20:19:59','2022-01-14 07:21:09',NULL,43665,1.000000,0,0,1091625),(880,'Black Converter','HSN 3204','none',36000,25.00,'kg',0.00,0,0,900000,270,NULL,1,'2022-04-01 07:47:57','2022-04-01 07:47:57',NULL,36000,1.000000,0,0,900000),(881,'MORE GLOW EPOXY RESIN','HSN 3907','none',45220,80.00,'Ltr',0.00,0,0,3617600,270,NULL,1,'2022-04-01 07:47:57','2022-04-01 07:47:57',NULL,45220,1.000000,0,0,3617600),(883,'Black Converter','HSN 3204','none',29662,200.00,'kg',0.00,0,0,5932400,272,NULL,1,'2022-04-03 06:35:02','2022-04-03 06:35:02',NULL,29662,1.000000,0,0,5932400),(884,'Gangsaw Segment','23/20X10X4.0/4.5MM\nHSN 8202','none',3000,2346.00,'Pcs',0.00,0,0,7038000,273,NULL,2,'2021-11-12 20:41:29','2022-01-14 07:21:09',NULL,3000,1.000000,0,0,7038000),(885,'Black Converter','HSN 3204','none',31400,54.00,'kg',0.00,0,0,1695600,274,NULL,1,'2021-03-24 22:57:48','2022-01-14 07:21:09',NULL,31400,1.000000,0,0,1695600),(886,'MORE GLOW EPOXY RESIN','HSN 3907','none',35910,46.00,'Ltr',0.00,0,0,1651860,274,NULL,1,'2021-06-04 04:00:26','2022-01-17 12:19:21',NULL,35910,1.000000,0,0,1651860),(887,'Black Converter','HSN 3204','none',32205,200.00,'kg',0.00,0,0,6441000,275,NULL,1,'2021-03-24 22:57:48','2022-01-14 07:21:09',NULL,32205,1.000000,0,0,6441000),(888,'Black Converter','HSN 3204','none',32205,200.00,'kg',0.00,0,0,6441000,276,NULL,1,'2021-03-24 22:57:48','2022-01-14 07:21:09',NULL,32205,1.000000,0,0,6441000),(889,'Gangsaw Segment','23/20X10X4.0/4.5MM\nHSN 8202','none',3000,2310.00,'Pcs',0.00,0,0,6930000,277,NULL,2,'2021-11-12 20:41:29','2022-01-14 07:21:09',NULL,3000,1.000000,0,0,6930000),(890,'Gangsaw Segment','23/20X10X4.0/4.5MM\nHSN 8202','none',3000,1900.00,'Pcs',0.00,0,0,5700000,278,NULL,2,'2021-11-12 20:41:29','2022-01-14 07:21:09',NULL,3000,1.000000,0,0,5700000),(891,'Gangsaw Segment','23/20X10X4.0/4.5MM\nHSN 8202','none',3000,1520.00,'Pcs',0.00,0,0,4560000,279,NULL,2,'2021-11-12 20:41:29','2022-01-14 07:21:09',NULL,3000,1.000000,0,0,4560000),(893,'Gangsaw Segment','23/20X10X4.0/4.5MM\nHSN 8202','none',3000,1869.00,'Pcs',0.00,0,0,5607000,280,NULL,2,'2022-04-21 02:17:25','2022-04-21 02:17:25',NULL,3000,1.000000,0,0,5607000),(897,'Gangsaw Segment','23/20X10X4.0/4.5MM\nHSN 8202','none',3000,2489.00,'Pcs',0.00,0,0,7467000,281,NULL,2,'2022-04-21 02:21:56','2022-04-21 02:21:56',NULL,3000,1.000000,0,0,7467000),(899,'Z Black Converter','HSN 3204','none',34840,225.00,'kg',0.00,0,0,7839000,283,NULL,1,'2022-04-21 06:28:32','2022-04-21 06:28:32',NULL,34840,1.000000,0,0,7839000),(900,'Black Converter','HSN 3204','none',31400,75.00,'kg',0.00,0,0,2355000,284,NULL,1,'2021-03-24 22:57:48','2022-01-14 07:21:09',NULL,31400,1.000000,0,0,2355000),(901,'E Black Converter','HSN 3204','none',44000,50.00,'kg',0.00,0,0,2200000,284,NULL,1,'2021-06-04 20:19:59','2022-01-14 07:21:09',NULL,44000,1.000000,0,0,2200000),(902,'Black Converter','HSN 3204','none',34000,75.00,'kg',0.00,0,0,2550000,285,NULL,1,'2021-03-24 22:57:48','2022-01-14 07:21:09',NULL,34000,1.000000,0,0,2550000),(903,'MORE GLOW EPOXY RESIN','HSN 3907','none',45245,80.00,'Ltr',0.00,0,0,3619600,285,NULL,1,'2021-06-04 04:00:26','2022-01-17 12:19:21',NULL,45245,1.000000,0,0,3619600),(906,'Black Converter','HSN 3204','none',32204,172.75,'kg',0.00,0,0,5563241,287,NULL,1,'2021-03-24 22:57:48','2022-01-14 07:21:09',NULL,32204,1.000000,0,0,5563241),(907,'Black Converter','HSN 3204','none',31400,25.00,'kg',0.00,0,0,785000,288,NULL,1,'2021-03-24 22:57:48','2022-01-14 07:21:09',NULL,31400,1.000000,0,0,785000),(908,'MORE GLOW EPOXY RESIN','HSN 3907','none',43154,80.00,'Ltr',0.00,0,0,3452320,288,NULL,1,'2021-06-04 04:00:26','2022-01-17 12:19:21',NULL,43154,1.000000,0,0,3452320),(909,'Z Black Converter','HSN 3204','none',35594,25.00,'kg',0.00,0,0,889850,289,NULL,1,'2021-06-04 03:58:41','2022-01-14 07:21:09',NULL,35594,1.000000,0,0,889850),(912,'Gangsaw Segment','23/20X10X4.0/4.5MM\nHSN 8202','none',2800,2247.00,'Pcs',0.00,0,0,6291600,291,NULL,2,'2022-05-03 04:23:42','2022-05-03 04:23:42',NULL,2800,1.000000,0,0,6291600),(913,'Gangsaw Segment','23/20X10X4.0/4.5MM\nHSN 8202','none',2200,2500.00,'Pcs',0.00,0,0,5500000,292,NULL,2,'2021-11-12 20:41:29','2022-01-14 07:21:09',NULL,2200,1.000000,0,0,5500000),(914,'Gangsaw Segment','23/20X10X4.0/4.5MM\nHSN 8202','none',3000,1680.00,'Pcs',0.00,0,0,5040000,290,NULL,2,'2022-05-04 10:03:12','2022-05-04 10:03:12',NULL,3000,1.000000,0,0,5040000),(916,'Gangsaw Segment','23/20X10X4.0/4.5MM\nHSN 8202','none',2800,2016.00,'Pcs',0.00,0,0,5644800,293,NULL,2,'2022-05-07 07:20:22','2022-05-07 07:20:22',NULL,2800,1.000000,0,0,5644800),(917,'Black Converter','HSN 3204','none',29240,200.00,'kg',0.00,0,0,5848000,294,NULL,1,'2021-03-24 22:57:48','2022-01-14 07:21:09',NULL,29240,1.000000,0,0,5848000),(918,'Black Converter','HSN 3204','none',32210,50.00,'kg',0.00,0,0,1610500,295,NULL,1,'2021-03-24 22:57:48','2022-01-14 07:21:09',NULL,32210,1.000000,0,0,1610500),(942,'Gangsaw Segment','23/20X10X4.0/4.5MM\nHSN 8202','none',3000,2346.00,NULL,0.00,0,0,7038000,315,NULL,2,'2022-05-30 01:56:20','2022-05-30 01:56:20',NULL,3000,1.000000,0,0,7038000),(943,'Gangsaw Segment','23/20X10X4.0/4.5MM\nHSN 8202','none',3000,1968.00,NULL,0.00,0,0,5904000,316,NULL,2,'2021-11-13 02:11:29','2022-01-14 12:51:09',NULL,3000,1.000000,0,0,5904000),(947,'Brown Converter','HSN 3204','none',41000,30.00,NULL,0.00,0,0,1230000,320,NULL,1,'2021-06-04 09:27:08','2022-01-14 12:51:09',NULL,41000,1.000000,0,0,1230000),(948,'Black Converter','HSN 3204','none',31900,75.00,NULL,0.00,0,0,2392500,320,NULL,1,'2021-03-25 04:27:48','2022-01-14 12:51:09',NULL,31900,1.000000,0,0,2392500),(949,'E Black Converter','HSN 3204','none',43059,50.00,NULL,0.00,0,0,2152950,320,NULL,1,'2021-06-05 01:49:59','2022-01-14 12:51:09',NULL,43059,1.000000,0,0,2152950),(950,'Brown Converter','HSN 3204','none',42000,25.00,NULL,0.00,0,0,1050000,321,NULL,1,'2021-06-04 09:27:08','2022-01-14 12:51:09',NULL,42000,1.000000,0,0,1050000),(951,'Black Converter','HSN 3204','none',32887,200.00,NULL,0.00,0,0,6577400,321,NULL,1,'2021-03-25 04:27:48','2022-01-14 12:51:09',NULL,32887,1.000000,0,0,6577400),(952,'Black Converter','HSN 3204','none',32205,200.00,NULL,0.00,0,0,6441000,322,NULL,1,'2021-03-25 04:27:48','2022-01-14 12:51:09',NULL,32205,1.000000,0,0,6441000),(959,'Gangsaw Segment','23/20X10X4.0/4.5MM\nHSN 8202','none',3000,2033.00,NULL,0.00,0,0,6099000,323,NULL,2,'2022-06-04 06:07:48','2022-06-04 06:07:48',NULL,3000,1.000000,0,0,6099000),(963,'Gangsaw Segment','23/20X10X4.0/4.5MM\nHSN 8202','none',3300,1900.00,NULL,0.00,0,0,6270000,324,NULL,2,'2022-06-04 06:56:15','2022-06-04 06:56:15',NULL,3300,1.000000,0,0,6270000),(964,'Gangsaw Segment','23/20X10X4.0/4.5MM\nHSN 8202','none',3000,2420.00,NULL,0.00,0,0,7260000,318,NULL,2,'2022-06-07 07:23:52','2022-06-07 07:23:52',NULL,3000,1.000000,0,0,7260000),(966,'Gangsaw Segment','23/20X10X4.0/4.5MM\nHSN 8202','none',3000,2247.00,NULL,0.00,0,0,6741000,319,NULL,2,'2022-06-07 07:25:11','2022-06-07 07:25:11',NULL,3000,1.000000,0,0,6741000),(970,'Gangsaw Segment','23/20X10X4.0/4.5MM\nHSN 8202','none',2200,2500.00,NULL,0.00,0,0,5500000,327,NULL,2,'2021-11-13 02:11:29','2022-01-14 12:51:09',NULL,2200,1.000000,0,0,5500000),(974,'Gangsaw Segment','23/20X10X4.0/4.5MM\nHSN 8202','none',3000,2200.00,NULL,0.00,0,0,6600000,329,NULL,2,'2021-11-13 02:11:29','2022-01-14 12:51:09',NULL,3000,1.000000,0,0,6600000),(983,'Black Converter','HSN 3204','none',32204,200.00,NULL,0.00,0,0,6440800,335,NULL,1,'2022-06-18 02:47:24','2022-06-18 02:47:24',NULL,32204,1.000000,0,0,6440800);

--
-- Table structure for table `invoices`
--

CREATE TABLE `invoices` (
  `id` int(10) unsigned NOT NULL AUTO_INCREMENT,
  `sequence_number` mediumint(8) unsigned DEFAULT NULL,
  `customer_sequence_number` mediumint(8) unsigned DEFAULT NULL,
  `invoice_date` date NOT NULL,
  `due_date` date DEFAULT NULL,
  `invoice_number` varchar(255) COLLATE utf8_unicode_ci NOT NULL,
  `reference_number` varchar(255) COLLATE utf8_unicode_ci DEFAULT NULL,
  `status` varchar(255) COLLATE utf8_unicode_ci NOT NULL,
  `paid_status` varchar(255) COLLATE utf8_unicode_ci NOT NULL,
  `tax_per_item` varchar(255) COLLATE utf8_unicode_ci NOT NULL,
  `discount_per_item` varchar(255) COLLATE utf8_unicode_ci NOT NULL,
  `notes` text COLLATE utf8_unicode_ci,
  `discount_type` varchar(255) COLLATE utf8_unicode_ci DEFAULT NULL,
  `discount` decimal(15,2) DEFAULT NULL,
  `discount_val` bigint(20) unsigned DEFAULT NULL,
  `sub_total` bigint(20) unsigned NOT NULL,
  `total` bigint(20) unsigned NOT NULL,
  `tax` bigint(20) unsigned NOT NULL,
  `due_amount` bigint(20) unsigned NOT NULL,
  `sent` tinyint(1) NOT NULL DEFAULT '0',
  `viewed` tinyint(1) NOT NULL DEFAULT '0',
  `unique_hash` varchar(255) COLLATE utf8_unicode_ci DEFAULT NULL,
  `company_id` int(10) unsigned DEFAULT NULL,
  `created_at` timestamp NULL DEFAULT NULL,
  `updated_at` timestamp NULL DEFAULT NULL,
  `creator_id` int(10) unsigned DEFAULT NULL,
  `template_name` varchar(255) COLLATE utf8_unicode_ci DEFAULT NULL,
  `customer_id` bigint(20) unsigned DEFAULT NULL,
  `recurring_invoice_id` bigint(20) unsigned DEFAULT NULL,
  `exchange_rate` decimal(19,6) DEFAULT NULL,
  `base_discount_val` bigint(20) unsigned DEFAULT NULL,
  `base_sub_total` bigint(20) unsigned DEFAULT NULL,
  `base_total` bigint(20) unsigned DEFAULT NULL,
  `base_tax` bigint(20) unsigned DEFAULT NULL,
  `base_due_amount` bigint(20) unsigned DEFAULT NULL,
  `currency_id` int(10) unsigned DEFAULT NULL,
  `sales_tax_type` varchar(255) COLLATE utf8_unicode_ci DEFAULT NULL,
  `sales_tax_address_type` varchar(255) COLLATE utf8_unicode_ci DEFAULT NULL,
  `overdue` tinyint(1) NOT NULL DEFAULT '0',
  PRIMARY KEY (`id`),
  KEY `invoices_company_id_foreign` (`company_id`),
  KEY `invoices_creator_id_foreign` (`creator_id`),
  KEY `invoices_customer_id_foreign` (`customer_id`),
  KEY `invoices_recurring_invoice_id_foreign` (`recurring_invoice_id`),
  KEY `invoices_currency_id_foreign` (`currency_id`),
  CONSTRAINT `invoices_company_id_foreign` FOREIGN KEY (`company_id`) REFERENCES `companies` (`id`) ON DELETE CASCADE,
  CONSTRAINT `invoices_creator_id_foreign` FOREIGN KEY (`creator_id`) REFERENCES `users` (`id`) ON DELETE CASCADE,
  CONSTRAINT `invoices_currency_id_foreign` FOREIGN KEY (`currency_id`) REFERENCES `currencies` (`id`),
  CONSTRAINT `invoices_customer_id_foreign` FOREIGN KEY (`customer_id`) REFERENCES `customers` (`id`),
  CONSTRAINT `invoices_recurring_invoice_id_foreign` FOREIGN KEY (`recurring_invoice_id`) REFERENCES `recurring_invoices` (`id`)
) ENGINE=InnoDB AUTO_INCREMENT=336 DEFAULT CHARSET=utf8 COLLATE=utf8_unicode_ci;

--
-- Dumping data for table `invoices`
--

INSERT INTO `invoices` VALUES (4,1,1,'2021-05-01','2021-05-01','INV-1',NULL,'SENT','UNPAID','0','0','<p><strong>Bank Detail</strong></p><p>NAME : Amar Speciality Chemicals</p><p>Bank Name : AXIS Bank</p><p>A/C No : 921020008506724</p><p>IFSC CODE : UTIB0003293</p>','fixed',0.00,0,7120000,8401600,1281600,8401600,0,0,'pqR81G67x1jxVrme4POY',1,'2021-06-01 10:56:02','2022-05-25 13:18:53',4,'invoice3',2,NULL,1.000000,7120000,7120000,8401600,1281600,8401600,12,NULL,NULL,1),(11,2,1,'2021-05-05','2021-05-05','INV-2',NULL,'DRAFT','UNPAID','0','0','<p><strong>Bank Detail</strong></p><p>NAME : Amar Speciality Chemicals</p><p>Bank Name : AXIS Bank</p><p>A/C No : 921020008506724</p><p>IFSC CODE : UTIB0003293</p>','fixed',0.00,0,3455000,4076900,621900,4076900,0,0,'MYG7qn8Rge8gPjV6mL4p',1,'2021-06-05 05:21:20','2022-01-14 12:51:10',4,'invoice3',14,NULL,1.000000,3455000,3455000,4076900,621900,4076900,12,NULL,NULL,0),(12,3,1,'2021-05-12','2021-05-12','INV-03',NULL,'DRAFT','UNPAID','0','0','<p><strong>Bank Detail</strong></p><p>NAME : Amar Speciality Chemicals</p><p>Bank Name : AXIS Bank</p><p>A/C No : 921020008506724</p><p>IFSC CODE : UTIB0003293</p>','fixed',0.00,0,4620000,5451600,831600,5451600,0,0,'ej8R46OMbrvgrPGN1vDn',1,'2021-06-05 05:29:48','2022-01-14 12:51:10',4,'invoice1',14,NULL,1.000000,4620000,4620000,5451600,831600,5451600,12,NULL,NULL,0),(13,4,1,'2021-05-14','2021-05-14','INV-04',NULL,'DRAFT','UNPAID','0','0','<p><strong>Bank Detail</strong></p><p>NAME : Amar Speciality Chemicals</p><p>Bank Name : AXIS Bank</p><p>A/C No : 921020008506724</p><p>IFSC CODE : UTIB0003293</p>','fixed',0.00,0,3392000,4002560,610560,4002560,0,0,'Nn7G62Dpx7mxrO4LPjVM',1,'2021-06-05 05:34:28','2022-01-14 12:51:10',4,'invoice1',8,NULL,1.000000,3392000,3392000,4002560,610560,4002560,12,NULL,NULL,0),(14,5,1,'2021-05-20','2021-05-20','INV-05',NULL,'DRAFT','UNPAID','0','0','<p><strong>Bank Detail</strong></p><p>NAME : Amar Speciality Chemicals</p><p>Bank Name : AXIS Bank</p><p>A/C No : 921020008506724</p><p>IFSC CODE : UTIB0003293</p>','fixed',0.00,0,4620000,5451600,831600,5451600,0,0,'mN8GMj2OgqYgpqRLnV1P',1,'2021-06-05 05:38:29','2022-01-14 12:51:10',4,'invoice1',14,NULL,1.000000,4620000,4620000,5451600,831600,5451600,12,NULL,NULL,0),(15,6,1,'2021-05-25','2021-05-25','INV-06',NULL,'DRAFT','UNPAID','0','0','<p><strong>Bank Detail</strong></p><p>NAME : Amar Speciality Chemicals</p><p>Bank Name : AXIS Bank</p><p>A/C No : 921020008506724</p><p>IFSC CODE : UTIB0003293</p>','fixed',0.00,0,3010000,3551800,541800,3551800,0,0,'7OVm2e8pgR2xq16LrM4n',1,'2021-06-05 05:47:05','2022-01-14 12:51:10',4,'invoice1',16,NULL,1.000000,3010000,3010000,3551800,541800,3551800,12,NULL,NULL,0),(16,7,1,'2021-06-05','2021-06-05','INV-07',NULL,'DRAFT','UNPAID','0','0','<p><strong>Bank Detail</strong></p><p>NAME : Amar Speciality Chemicals</p><p>Bank Name : AXIS Bank</p><p>A/C No : 921020008506724</p><p>IFSC CODE : UTIB0003293</p>','fixed',0.00,0,6673500,7874730,1201230,7874730,0,0,'LpdPhwxYMY0c6s46DIik6IcJBVDmICIpvfFPfNnJJxTaANUbRPjoNnSALW6z',1,'2021-06-03 04:24:41','2022-01-14 12:51:10',NULL,'invoice1',15,NULL,1.000000,6673500,6673500,7874730,1201230,7874730,12,NULL,NULL,0),(17,8,1,'2021-06-06','2021-06-06','INV-08',NULL,'DRAFT','UNPAID','0','0','<p><strong>Bank Detail</strong></p><p>NAME : Amar Speciality Chemicals</p><p>Bank Name : AXIS Bank</p><p>A/C No : 921020008506724</p><p>IFSC CODE : UTIB0003293</p>','fixed',0.00,0,2265000,2672700,407700,2672700,0,0,'LN76enDVbpvbRmvj82pP',1,'2021-06-09 18:17:46','2022-01-14 12:51:10',4,'invoice3',17,NULL,1.000000,2265000,2265000,2672700,407700,2672700,12,NULL,NULL,0),(18,9,1,'2021-06-07','2021-06-07','INV-09',NULL,'DRAFT','UNPAID','0','0','<p><strong>Bank Detail</strong></p><p>NAME : Amar Speciality Chemicals</p><p>Bank Name : AXIS Bank</p><p>A/C No : 921020008506724</p><p>IFSC CODE : UTIB0003293</p>','fixed',0.00,0,3370000,3976600,606600,3976600,0,0,'LVvYq874xVPxjG2mP6RO',1,'2021-06-10 00:15:57','2022-01-14 12:51:10',4,'invoice3',9,NULL,1.000000,3370000,3370000,3976600,606600,3976600,12,NULL,NULL,0),(19,10,1,'2021-06-07','2021-06-07','INV-10',NULL,'DRAFT','UNPAID','0','0','<p><strong>Bank Detail</strong></p><p>NAME : Amar Speciality Chemicals</p><p>Bank Name : AXIS Bank</p><p>A/C No : 921020008506724</p><p>IFSC CODE : UTIB0003293</p>','percentage',0.00,0,1841856,2173390,331534,2173390,0,0,'nDqORpGYbDrgLev4VPMm',1,'2021-06-09 19:04:21','2022-01-14 12:51:10',4,'invoice3',18,NULL,1.000000,1841856,1841856,2173390,331534,2173390,12,NULL,NULL,0),(20,11,1,'2021-06-08','2021-06-08','INV-11',NULL,'DRAFT','UNPAID','0','0','<p><strong>Bank Detail</strong></p><p>NAME : Amar Speciality Chemicals</p><p>Bank Name : AXIS Bank</p><p>A/C No : 921020008506724</p><p>IFSC CODE : UTIB0003293</p>','fixed',0.00,0,3251000,3836180,585180,3836180,0,0,'NmYv2Lrpg28gjM4G8P71',1,'2021-06-10 07:20:36','2022-01-14 12:51:10',4,'invoice3',19,NULL,1.000000,3251000,3251000,3836180,585180,3836180,12,NULL,NULL,0),(21,12,1,'2021-06-12','2021-06-12','INV-12',NULL,'DRAFT','UNPAID','0','0','<p><strong>Bank Detail</strong></p><p>NAME : Amar Speciality Chemicals</p><p>Bank Name : AXIS Bank</p><p>A/C No : 921020008506724</p><p>IFSC CODE : UTIB0003293</p>','fixed',0.00,0,6271200,7400016,1128816,7400016,0,0,'6jO2NYr8bN8xmLG4Pep1',1,'2021-06-11 23:42:54','2022-01-14 12:51:10',4,'invoice3',20,NULL,1.000000,6271200,6271200,7400016,1128816,7400016,12,NULL,NULL,0),(22,13,1,'2021-06-13','2021-06-13','INV-13',NULL,'DRAFT','UNPAID','0','0','<p><strong>Bank Detail</strong></p><p>NAME : Amar Speciality Chemicals</p><p>Bank Name : AXIS Bank</p><p>A/C No : 921020008506724</p><p>IFSC CODE : UTIB0003293</p>','fixed',0.00,0,1525500,1800090,274590,1800090,0,0,'82MORpV4xL7xnGDr7ve6',1,'2021-06-13 00:18:43','2022-01-14 12:51:10',4,'invoice3',21,NULL,1.000000,1525500,1525500,1800090,274590,1800090,12,NULL,NULL,0),(23,14,1,'2021-06-14','2021-06-14','INV-14',NULL,'DRAFT','UNPAID','0','0','<p><strong>Bank Detail</strong></p><p>NAME : Amar Speciality Chemicals</p><p>Bank Name : AXIS Bank</p><p>A/C No : 921020008506724</p><p>IFSC CODE : UTIB0003293</p>','fixed',0.00,0,1525500,1800090,274590,1800090,0,0,'ODR8nvGjg82gLqp4m26r',1,'2021-06-14 05:03:37','2022-01-14 12:51:10',4,'invoice3',22,NULL,1.000000,1525500,1525500,1800090,274590,1800090,12,NULL,NULL,0),(24,15,1,'2021-06-16','2021-06-16','INV-15',NULL,'DRAFT','UNPAID','0','0','<p><strong>Bank Detail</strong></p><p>NAME : Amar Speciality Chemicals</p><p>Bank Name : AXIS Bank</p><p>A/C No : 921020008506724</p><p>IFSC CODE : UTIB0003293</p>','fixed',0.00,0,8127300,9590214,1462914,9590214,0,0,'q26Ompr4gO7PgeVGLnMj',1,'2021-06-13 21:26:16','2022-01-14 12:51:10',4,'invoice3',14,NULL,1.000000,8127300,8127300,9590214,1462914,9590214,12,NULL,NULL,0),(25,16,1,'2021-06-16','2021-06-16','INV-16',NULL,'DRAFT','UNPAID','0','0','<p><strong>Bank Detail</strong></p><p>NAME : Amar Speciality Chemicals</p><p>Bank Name : AXIS Bank</p><p>A/C No : 921020008506724</p><p>IFSC CODE : UTIB0003293</p>','fixed',0.00,0,2310000,2725800,415800,2725800,0,0,'GLV6N74pbMVVb1Dqr8nP',1,'2021-06-16 04:13:13','2022-01-14 12:51:10',4,'invoice3',23,NULL,1.000000,2310000,2310000,2725800,415800,2725800,12,NULL,NULL,0),(30,77,1,'2021-06-18','2021-06-18','AMR-77',NULL,'DRAFT','UNPAID','NO','NO','<p><strong>Bank Detail</strong></p><p>Name : AMAR SUPERHARD TOOLS</p><p>Bank   : Axis Bank</p><p>A\\C No : 918020103188858</p><p>IFSC : UTIB0003293</p>','fixed',100.00,10000,4410000,5192000,792000,5192000,0,0,'e8V1DGOqxnYexnjNmpYR',2,'2021-06-15 18:45:04','2022-01-14 12:51:10',5,'invoice1',24,NULL,1.000000,4410000,4410000,5192000,792000,5192000,12,NULL,NULL,0),(31,17,1,'2021-06-19','2021-06-26','INV-17',NULL,'DRAFT','UNPAID','0','0','<p><strong>Bank Detail</strong></p><p>NAME : Amar Speciality Chemicals</p><p>Bank Name : AXIS Bank</p><p>A/C No : 921020008506724</p><p>IFSC CODE : UTIB0003293</p>','fixed',0.00,0,6272000,7400960,1128960,7400960,0,0,'qR842vOYbGN7gePMGLn7',1,'2021-06-19 01:43:35','2022-01-14 12:51:10',4,'invoice2',25,NULL,1.000000,6272000,6272000,7400960,1128960,7400960,12,NULL,NULL,0),(32,18,1,'2021-06-20','2021-06-20','INV-18',NULL,'DRAFT','UNPAID','0','0','<p><strong>Bank Detail</strong></p><p>NAME : Amar Speciality Chemicals</p><p>Bank Name : AXIS Bank</p><p>A/C No : 921020008506724</p><p>IFSC CODE : UTIB0003293</p>','fixed',0.00,0,5936200,7004716,1068516,7004716,0,0,'R64pMOj8bvL1be7qDL1N',1,'2021-06-20 03:37:03','2022-01-14 12:51:10',4,'invoice2',26,NULL,1.000000,5936200,5936200,7004716,1068516,7004716,12,NULL,NULL,0),(33,19,1,'2021-06-20','2021-06-20','INV-19',NULL,'DRAFT','UNPAID','0','0','<p><strong>Bank Detail</strong></p><p>NAME : Amar Speciality Chemicals</p><p>Bank Name : AXIS Bank</p><p>A/C No : 921020008506724</p><p>IFSC CODE : UTIB0003293</p>','fixed',0.00,0,5400800,6372944,972144,6372944,0,0,'27PVveOmgj7ngrNLRG16',1,'2021-06-19 23:50:26','2022-01-14 12:51:10',4,'invoice3',27,NULL,1.000000,5400800,5400800,6372944,972144,6372944,12,NULL,NULL,0),(34,20,1,'2021-06-24','2021-06-24','INV-20',NULL,'DRAFT','UNPAID','0','0','<p><strong>Bank Detail</strong></p><p>NAME : Amar Speciality Chemicals</p><p>Bank Name : AXIS Bank</p><p>A/C No : 921020008506724</p><p>IFSC CODE : UTIB0003293</p>','fixed',0.00,0,6200000,7316000,1116000,7316000,0,0,'VPN1qMOjxmpOx4e2Y68D',1,'2021-06-24 03:13:24','2022-01-14 12:51:10',4,'invoice3',28,NULL,1.000000,6200000,6200000,7316000,1116000,7316000,12,NULL,NULL,0),(35,21,1,'2021-06-25','2021-06-25','INV-21',NULL,'DRAFT','UNPAID','0','0','<p><strong>Bank Detail</strong></p><p>NAME : Amar Speciality Chemicals</p><p>Bank Name : AXIS Bank</p><p>A/C No : 921020008506724</p><p>IFSC CODE : UTIB0003293</p>','fixed',0.00,0,201400,237652,36252,237652,0,0,'MYG7qn8Rgen8gPjV6mL4',1,'2021-06-24 20:28:14','2022-01-14 12:51:10',4,'invoice3',11,NULL,1.000000,201400,201400,237652,36252,237652,12,NULL,NULL,0),(36,22,1,'2021-06-28','2021-06-28','INV-22',NULL,'DRAFT','UNPAID','0','0','<p><strong>Bank Detail</strong></p><p>NAME : Amar Speciality Chemicals</p><p>Bank Name : AXIS Bank</p><p>A/C No : 921020008506724</p><p>IFSC CODE : UTIB0003293</p>','fixed',0.00,0,1569000,1851420,282420,1851420,0,0,'ej8R46OMbrevxrPGN1vD',1,'2021-06-28 01:05:09','2022-01-14 12:51:10',4,'invoice3',29,NULL,1.000000,1569000,1569000,1851420,282420,1851420,12,NULL,NULL,0),(37,23,1,'2021-06-28','2021-06-28','INV-23',NULL,'DRAFT','UNPAID','0','0','<p><strong>Bank Detail</strong></p><p>NAME : Amar Speciality Chemicals</p><p>Bank Name : AXIS Bank</p><p>A/C No : 921020008506724</p><p>IFSC CODE : UTIB0003293</p>','fixed',0.00,0,2352000,2775360,423360,2775360,0,0,'Nn7G62Dpx72mbrO4LPjV',1,'2021-06-28 05:07:43','2022-01-14 12:51:10',4,'invoice3',30,NULL,1.000000,2352000,2352000,2775360,423360,2775360,12,NULL,NULL,0),(38,24,1,'2021-06-29','2021-06-29','INV-24',NULL,'DRAFT','UNPAID','0','0','<p><strong>Bank Detail</strong></p><p>NAME : Amar Speciality Chemicals</p><p>Bank Name : AXIS Bank</p><p>A/C No : 921020008506724</p><p>IFSC CODE : UTIB0003293</p>','fixed',0.00,0,8474400,9999792,1525392,9999792,0,0,'mN8GMj2Ogq6YxpqRLnV1',1,'2021-06-28 11:54:12','2022-01-14 12:51:10',4,'invoice3',14,NULL,1.000000,8474400,8474400,9999792,1525392,9999792,12,NULL,NULL,0),(39,78,1,'2021-06-20','2021-06-20','AMR-78',NULL,'DRAFT','UNPAID','NO','NO','<p><strong>Bank Detail</strong></p><p>Name : Amar Superhard Tools</p><p>Bank   : Axis Bank</p><p>A\\C No : 918020103188858</p><p>IFSC : UTIB0003293</p>','fixed',0.00,0,6500250,7670295,1170045,7670295,0,0,'7OVm2e8pgR62bq16LrM4',2,'2021-06-28 14:52:37','2022-01-14 12:51:10',5,'invoice1',31,NULL,1.000000,6500250,6500250,7670295,1170045,7670295,12,NULL,NULL,0),(40,25,1,'2021-07-03','2021-07-03','INV-25',NULL,'DRAFT','UNPAID','0','0','<p><strong>Bank Detail</strong></p><p>NAME : Amar Speciality Chemicals</p><p>Bank Name : AXIS Bank</p><p>A/C No : 921020008506724</p><p>IFSC CODE : UTIB0003293</p>','fixed',0.00,0,3560000,4200800,640800,4200800,0,0,'4Neq6vY1x4V1bjrLDPGR',1,'2021-07-02 16:25:25','2022-01-14 12:51:10',4,'invoice3',10,NULL,1.000000,3560000,3560000,4200800,640800,4200800,12,NULL,NULL,0),(41,79,1,'2021-06-22','2021-06-22','AMR-79',NULL,'DRAFT','UNPAID','NO','NO','<p><strong>Bank Detail</strong></p><p>Name : Amar Superhard Tools</p><p>Bank   : Axis Bank</p><p>A\\C No : 918020103188858</p><p>IFSC : UTIB0003293</p>','fixed',0.00,0,5320000,6277600,957600,6277600,0,0,'LN76enDVbpLvbRmvj82p',2,'2021-07-05 10:54:21','2022-01-14 12:51:11',5,'invoice1',34,NULL,1.000000,5320000,5320000,6277600,957600,6277600,12,NULL,NULL,0),(42,80,1,'2021-06-23','2021-06-23','AMR-80',NULL,'DRAFT','UNPAID','NO','NO','<p><strong>Bank Detail</strong></p><p>Name : Amar Superhard Tools</p><p>Bank   : Axis Bank</p><p>A\\C No : 918020103188858</p><p>IFSC : UTIB0003293</p>','fixed',0.00,0,6104000,7202720,1098720,7202720,0,0,'LVvYq874xVNPbjG2mP6R',2,'2021-07-05 08:06:01','2022-01-14 12:51:10',5,'invoice1',32,NULL,1.000000,6104000,6104000,7202720,1098720,7202720,12,NULL,NULL,0),(43,81,1,'2021-06-26','2021-06-26','AMR-81',NULL,'DRAFT','UNPAID','NO','NO','<p><strong>Bank Detail</strong></p><p>Name : Amar Superhard Tools</p><p>Bank   : Axis Bank</p><p>A\\C No : 918020103188858</p><p>IFSC : UTIB0003293</p>','fixed',0.00,0,4928000,5815040,887040,5815040,0,0,'nDqORpGYbDLrxLev4VPM',2,'2021-07-05 13:37:05','2022-01-14 12:51:10',5,'invoice1',33,NULL,1.000000,4928000,4928000,5815040,887040,5815040,12,NULL,NULL,0),(44,26,1,'2021-07-04','2021-07-04','INV-26',NULL,'DRAFT','UNPAID','0','0',NULL,'fixed',0.00,0,2588750,3054725,465975,3054725,0,0,'NmYv2Lrpg248bjM4G8P7',1,'2021-07-06 14:45:06','2022-01-14 12:51:10',4,'invoice1',27,NULL,1.000000,2588750,2588750,3054725,465975,3054725,12,NULL,NULL,0),(45,27,1,'2021-07-08','2021-07-08','INV-27',NULL,'DRAFT','UNPAID','0','0','<p><strong>Bank Detail</strong></p><p>NAME : Amar Speciality Chemicals</p><p>Bank Name : AXIS Bank</p><p>A/C No : 921020008506724</p><p>IFSC CODE : UTIB0003293</p>','fixed',0.00,0,4258500,5025030,766530,5025030,0,0,'6jO2NYr8bNY8xmLG4Pep',1,'2021-07-07 12:57:29','2022-01-14 12:51:11',4,'invoice3',35,NULL,1.000000,4258500,4258500,5025030,766530,5025030,12,NULL,NULL,0),(46,28,1,'2021-07-11','2021-07-11','INV-28',NULL,'DRAFT','UNPAID','0','0','<p><strong>Bank Detail</strong></p><p>NAME : Amar Speciality Chemicals</p><p>Bank Name : AXIS Bank</p><p>A/C No : 921020008506724</p><p>IFSC CODE : UTIB0003293</p>','fixed',0.00,0,4818100,5685358,867258,5685358,0,0,'82MORpV4xLN7gnGDr7ve',1,'2021-07-10 15:13:05','2022-01-14 12:51:10',4,'invoice3',12,NULL,1.000000,4818100,4818100,5685358,867258,5685358,12,NULL,NULL,0),(47,29,1,'2021-07-13','2021-07-13','INV-29',NULL,'DRAFT','UNPAID','0','0','<p><strong>Bank Detail</strong></p><p>NAME : Amar Speciality Chemicals</p><p>Bank Name : AXIS Bank</p><p>A/C No : 921020008506724</p><p>IFSC CODE : UTIB0003293</p>','fixed',0.00,0,5932000,6999760,1067760,6999760,0,0,'ODR8nvGjg8L2bLqp4m26',1,'2021-07-12 23:31:32','2022-01-14 12:51:10',4,'invoice3',15,NULL,1.000000,5932000,5932000,6999760,1067760,6999760,12,NULL,NULL,0),(48,30,1,'2021-07-14','2021-07-14','INV-30',NULL,'DRAFT','UNPAID','0','0','<p><strong>Bank Detail</strong></p><p>NAME : Amar Speciality Chemicals</p><p>Bank Name : AXIS Bank</p><p>A/C No : 921020008506724</p><p>IFSC CODE : UTIB0003293</p>','fixed',0.00,0,1570000,1852600,282600,1852600,0,0,'q26Ompr4gONPbeVGLnMj',1,'2021-07-14 02:25:44','2022-01-14 12:51:10',4,'invoice3',23,NULL,1.000000,1570000,1570000,1852600,282600,1852600,12,NULL,NULL,0),(49,31,1,'2021-07-14','2021-07-14','INV-31',NULL,'DRAFT','UNPAID','0','0','<p><strong>Bank Detail</strong></p><p>NAME : Amar Speciality Chemicals</p><p>Bank Name : AXIS Bank</p><p>A/C No : 921020008506724</p><p>IFSC CODE : UTIB0003293</p>','fixed',0.00,0,1570000,1852600,282600,1852600,0,0,'GLV6N74pbMMVb1Dqr8nP',1,'2021-07-14 02:29:51','2022-01-14 12:51:10',4,'invoice3',22,NULL,1.000000,1570000,1570000,1852600,282600,1852600,12,NULL,NULL,0),(50,32,1,'2021-07-14','2021-07-14','INV-32',NULL,'DRAFT','UNPAID','0','0','<p><strong>Bank Detail</strong></p><p>NAME : Amar Speciality Chemicals</p><p>Bank Name : AXIS Bank</p><p>A/C No : 921020008506724</p><p>IFSC CODE : UTIB0003293</p>','fixed',0.00,0,2332500,2752350,419850,2752350,0,0,'qP7MVLYGgYMMgm1DepN8',1,'2021-07-14 00:34:25','2022-01-14 12:51:11',4,'invoice3',36,NULL,1.000000,2332500,2332500,2752350,419850,2752350,12,NULL,NULL,0),(51,33,1,'2021-07-16','2021-07-23','INV-33',NULL,'DRAFT','UNPAID','0','0','<p><strong>Bank Detail</strong></p><p>NAME : Amar Speciality Chemicals</p><p>Bank Name : AXIS Bank</p><p>A/C No : 921020008506724</p><p>IFSC CODE : UTIB0003293</p>','fixed',0.00,0,1949200,2300056,350856,2300056,0,0,'nO6qNrj2xPP4xmeMVvG1',1,'2021-07-16 08:29:31','2022-01-14 12:51:11',4,'invoice3',37,NULL,1.000000,1949200,1949200,2300056,350856,2300056,12,NULL,NULL,0),(52,34,1,'2021-07-25','2021-07-25','INV-34',NULL,'DRAFT','UNPAID','0','0','<p><strong>Bank Detail</strong></p><p>NAME : Amar Speciality Chemicals</p><p>Bank Name : AXIS Bank</p><p>A/C No : 921020008506724</p><p>IFSC CODE : UTIB0003293</p>','fixed',0.00,0,7663200,9042576,1379376,9042576,0,0,'pqR81G67x14jxVrme4PO',1,'2021-07-24 19:12:55','2022-01-14 12:51:10',4,'invoice3',29,NULL,1.000000,7663200,7663200,9042576,1379376,9042576,12,NULL,NULL,0),(53,87,1,'2021-07-26','2021-07-26','AMR-87',NULL,'DRAFT','UNPAID','NO','NO','<p><strong>Bank Detail</strong></p><p>Name : Amar Superhard Tools</p><p>Bank   : Axis Bank</p><p>A\\C No : 918020103188858</p><p>IFSC : UTIB0003293</p>','fixed',0.00,0,5880600,6939108,1058508,6939108,0,0,'O1e6D4M7x6VOgVGY2q8r',2,'2021-07-28 13:48:20','2022-01-14 12:51:11',5,'invoice1',38,NULL,1.000000,5880600,5880600,6939108,1058508,6939108,12,NULL,NULL,0),(54,35,1,'2021-07-26','2021-08-06','INV-35',NULL,'DRAFT','UNPAID','0','0','<p><strong>Bank Detail</strong></p><p>NAME : Amar Speciality Chemicals</p><p>Bank Name : AXIS Bank</p><p>A/C No : 921020008506724</p><p>IFSC CODE : UTIB0003293</p>','fixed',0.00,0,1780000,2100400,320400,2100400,0,0,'e8V1DGOqxnLegnjNmpYR',1,'2021-07-30 05:00:01','2022-01-14 12:51:10',4,'invoice3',13,NULL,1.000000,1780000,1780000,2100400,320400,2100400,12,NULL,NULL,0),(55,82,1,'2021-07-08','2021-07-08','AMR-82',NULL,'DRAFT','UNPAID','NO','NO','<p><strong>Bank Detail</strong></p><p>Name : Amar Superhard Tools</p><p>Bank   : Axis Bank</p><p>A\\C No : 918020103188858</p><p>IFSC : UTIB0003293</p>','fixed',0.00,0,6762000,7979160,1217160,7979160,0,0,'qR842vOYbGV7bePMGLn7',2,'2021-07-29 18:27:59','2022-01-14 12:51:11',5,'invoice1',41,NULL,1.000000,6762000,6762000,7979160,1217160,7979160,12,NULL,NULL,0),(56,83,1,'2021-07-08','2021-07-08','AMR-83',NULL,'DRAFT','UNPAID','NO','NO','<p><strong>Bank Detail</strong></p><p>Name : Amar Superhard Tools</p><p>Bank   : Axis Bank</p><p>A\\C No : 918020103188858</p><p>IFSC : UTIB0003293</p>','fixed',0.00,0,4963400,5856812,893412,5856812,0,0,'R64pMOj8bvV1ge7qDL1N',2,'2021-07-29 23:59:15','2022-01-14 12:51:11',5,'invoice1',39,NULL,1.000000,4963400,4963400,5856812,893412,5856812,12,NULL,NULL,0),(57,85,1,'2021-07-15','2021-07-15','AMR-85',NULL,'DRAFT','UNPAID','NO','NO','<p><strong>Bank Detail</strong></p><p>Name : Amar Superhard Tools</p><p>Bank   : Axis Bank</p><p>A\\C No : 918020103188858</p><p>IFSC : UTIB0003293</p>','fixed',0.00,0,5667200,6687296,1020096,6687296,0,0,'27PVveOmgj2nxrNLRG16',2,'2021-07-29 18:32:15','2022-01-14 12:51:11',5,'invoice1',40,NULL,1.000000,5667200,5667200,6687296,1020096,6687296,12,NULL,NULL,0),(58,84,1,'2021-07-11','2021-07-11','AMR-84',NULL,'DRAFT','UNPAID','NO','NO','<p><strong>Bank Detail</strong></p><p>Name : Amar Superhard Tools</p><p>Bank   : Axis Bank</p><p>A\\C No : 918020103188858</p><p>IFSC : UTIB0003293</p>','fixed',0.00,0,3696000,4361280,665280,4361280,0,0,'VPN1qMOjxmMOb4e2Y68D',2,'2021-07-30 00:13:29','2022-01-14 12:51:11',5,'invoice1',43,NULL,1.000000,3696000,3696000,4361280,665280,4361280,12,NULL,NULL,0),(59,86,1,'2021-07-17','2021-07-17','AMR-86',NULL,'DRAFT','UNPAID','NO','NO','<p><strong>Bank Detail</strong></p><p>Name : Amar Superhard Tools</p><p>Bank   : Axis Bank</p><p>A\\C No : 918020103188858</p><p>IFSC : UTIB0003293</p>','fixed',0.00,0,5132400,6056232,923832,6056232,0,0,'MYG7qn8Rgej8bPjV6mL4',2,'2021-07-29 13:19:40','2022-01-14 12:51:11',5,'invoice1',42,NULL,1.000000,5132400,5132400,6056232,923832,6056232,12,NULL,NULL,0),(60,88,1,'2021-07-28','2021-07-28','AMR-88',NULL,'DRAFT','UNPAID','NO','NO','<p><strong>Bank Detail</strong></p><p>Name : Amar Superhard Tools</p><p>Bank   : Axis Bank</p><p>A\\C No : 918020103188858</p><p>IFSC : UTIB0003293</p>','fixed',0.00,0,5992000,7070560,1078560,7070560,0,0,'ej8R46OMbrVvxrPGN1vD',2,'2021-07-29 18:54:54','2022-01-14 12:51:11',5,'invoice1',44,NULL,1.000000,5992000,5992000,7070560,1078560,7070560,12,NULL,NULL,0),(61,89,1,'2021-07-30','2021-07-30','AMR-89',NULL,'DRAFT','UNPAID','NO','NO','<p><strong>Bank Detail</strong></p><p>Name : Amar Superhard Tools</p><p>Bank   : Axis Bank</p><p>A\\C No : 918020103188858</p><p>IFSC : UTIB0003293</p>','fixed',0.00,0,4035200,4761536,726336,4761536,0,0,'Nn7G62Dpx71mxrO4LPjV',2,'2021-07-30 00:59:30','2022-01-14 12:51:11',5,'invoice1',45,NULL,1.000000,4035200,4035200,4761536,726336,4761536,12,NULL,NULL,0),(62,36,1,'2021-07-26','2021-07-26','INV-36',NULL,'DRAFT','UNPAID','0','0','<p><strong>Bank Detail</strong></p><p>NAME : Amar Speciality Chemicals</p><p>Bank Name : AXIS Bank</p><p>A/C No : 921020008506724</p><p>IFSC CODE : UTIB0003293</p>','fixed',0.00,0,784000,925120,141120,925120,0,0,'mN8GMj2Ogq2YgpqRLnV1',1,'2021-08-02 06:46:32','2022-01-14 12:51:11',4,'invoice3',46,NULL,1.000000,784000,784000,925120,141120,925120,12,NULL,NULL,0),(63,41,1,'2021-08-03','2021-08-03','INV-41',NULL,'DRAFT','UNPAID','0','0','<p><strong>Bank Detail</strong></p><p>NAME : Amar Speciality Chemicals</p><p>Bank Name : AXIS Bank</p><p>A/C No : 921020008506724</p><p>IFSC CODE : UTIB0003293</p>','fixed',0.00,0,5933000,7000940,1067940,7000940,0,0,'7OVm2e8pgRL2gq16LrM4',1,'2021-08-03 03:25:21','2022-01-14 12:51:10',4,'invoice3',28,NULL,1.000000,5933000,5933000,7000940,1067940,7000940,12,NULL,NULL,0),(64,37,1,'2021-07-27','2021-07-27','INV-37',NULL,'DRAFT','UNPAID','0','0','<p><strong>Bank Detail</strong></p><p>NAME : Amar Speciality Chemicals</p><p>Bank Name : AXIS Bank</p><p>A/C No : 921020008506724</p><p>IFSC CODE : UTIB0003293</p>','fixed',0.00,0,7288250,8600135,1311885,8600135,0,0,'4Neq6vY1x4D1bjrLDPGR',1,'2021-08-03 09:51:56','2022-01-14 12:51:10',4,'invoice3',9,NULL,1.000000,7288250,7288250,8600135,1311885,8600135,12,NULL,NULL,0),(65,39,1,'2021-07-29','2021-07-29','INV-39',NULL,'DRAFT','UNPAID','0','0','<p><strong>Bank Detail</strong></p><p>NAME : Amar Speciality Chemicals</p><p>Bank Name : AXIS Bank</p><p>A/C No : 921020008506724</p><p>IFSC CODE : UTIB0003293</p>','fixed',0.00,0,4678200,5520276,842076,5520276,0,0,'LN76enDVbpDvgRmvj82p',1,'2021-08-02 22:59:31','2022-01-14 12:51:10',4,'invoice3',9,NULL,1.000000,4678200,4678200,5520276,842076,5520276,12,NULL,NULL,0),(66,38,1,'2021-07-28','2021-07-28','INV-38',NULL,'DRAFT','UNPAID','0','0','<p><strong>Bank Detail</strong></p><p>NAME : Amar Speciality Chemicals</p><p>Bank Name : AXIS Bank</p><p>A/C No : 921020008506724</p><p>IFSC CODE : UTIB0003293</p>','fixed',0.00,0,4851750,5725065,873315,5725065,0,0,'LVvYq874xVqPxjG2mP6R',1,'2021-08-03 05:35:48','2022-01-14 12:51:10',4,'invoice3',16,NULL,1.000000,4851750,4851750,5725065,873315,5725065,12,NULL,NULL,0),(67,40,1,'2021-07-30','2021-07-30','INV-40',NULL,'DRAFT','UNPAID','0','0','<p><strong>Bank Detail</strong></p><p>NAME : Amar Speciality Chemicals</p><p>Bank Name : AXIS Bank</p><p>A/C No : 921020008506724</p><p>IFSC CODE : UTIB0003293</p>','fixed',0.00,0,1568050,1850299,282249,1850299,0,0,'nDqORpGYbDVrbLev4VPM',1,'2021-08-05 21:43:41','2022-01-14 12:51:11',4,'invoice3',47,NULL,1.000000,1568050,1568050,1850299,282249,1850299,12,NULL,NULL,0),(68,42,1,'2021-08-11','2021-08-11','INV-42',NULL,'DRAFT','UNPAID','0','0','<p><strong>Bank Detail</strong></p><p>NAME : Amar Speciality Chemicals</p><p>Bank Name : AXIS Bank</p><p>A/C No : 921020008506724</p><p>IFSC CODE : UTIB0003293</p>','fixed',0.00,0,5933000,7000940,1067940,7000940,0,0,'NmYv2Lrpg2V8gjM4G8P7',1,'2021-08-11 06:45:00','2022-01-14 12:51:10',4,'invoice3',20,NULL,1.000000,5933000,5933000,7000940,1067940,7000940,12,NULL,NULL,0),(69,43,1,'2021-08-13','2021-08-13','INV-43',NULL,'DRAFT','UNPAID','0','0','<p><strong>Bank Detail</strong></p><p>NAME : Amar Speciality Chemicals</p><p>Bank Name : AXIS Bank</p><p>A/C No : 921020008506724</p><p>IFSC CODE : UTIB0003293</p>','fixed',0.00,0,5593400,6600212,1006812,6600212,0,0,'6jO2NYr8bNn8xmLG4Pep',1,'2021-08-13 09:03:22','2022-01-14 12:51:10',4,'invoice3',15,NULL,1.000000,5593400,5593400,6600212,1006812,6600212,12,NULL,NULL,0),(71,44,1,'2021-08-14','2021-08-14','INV-44',NULL,'DRAFT','UNPAID','0','0','<p><strong>Bank Detail</strong></p><p>NAME : Amar Speciality Chemicals</p><p>Bank Name : AXIS Bank</p><p>A/C No : 921020008506724</p><p>IFSC CODE : UTIB0003293</p>','fixed',0.00,0,5445500,6425690,980190,6425690,0,0,'ODR8nvGjg8N2xLqp4m26',1,'2021-08-27 03:07:21','2022-01-14 12:51:10',4,'invoice3',9,NULL,1.000000,5445500,5445500,6425690,980190,6425690,12,NULL,NULL,0),(72,45,1,'2021-08-15','2021-08-15','INV-45',NULL,'DRAFT','UNPAID','0','0','<p><strong>Bank Detail</strong></p><p>NAME : Amar Speciality Chemicals</p><p>Bank Name : AXIS Bank</p><p>A/C No : 921020008506724</p><p>IFSC CODE : UTIB0003293</p>','fixed',0.00,0,4890000,5770200,880200,5770200,0,0,'q26Ompr4gOYPxeVGLnMj',1,'2021-08-27 03:19:55','2022-01-14 12:51:10',4,'invoice3',12,NULL,1.000000,4890000,4890000,5770200,880200,5770200,12,NULL,NULL,0),(73,46,1,'2021-08-15','2021-08-15','INV-46',NULL,'DRAFT','UNPAID','0','0','<p><strong>Bank Detail</strong></p><p>NAME : Amar Speciality Chemicals</p><p>Bank Name : AXIS Bank</p><p>A/C No : 921020008506724</p><p>IFSC CODE : UTIB0003293</p>','fixed',0.00,0,762875,900193,137318,900193,0,0,'GLV6N74pbMOVx1Dqr8nP',1,'2021-08-29 05:05:35','2022-01-14 12:51:11',4,'invoice3',48,NULL,1.000000,762875,762875,900193,137318,900193,12,NULL,NULL,0),(74,47,1,'2021-08-16','2021-08-16','INV-47',NULL,'DRAFT','UNPAID','0','0','<p><strong>Bank Detail</strong></p><p>NAME : Amar Speciality Chemicals</p><p>Bank Name : AXIS Bank</p><p>A/C No : 921020008506724</p><p>IFSC CODE : UTIB0003293</p>','fixed',0.00,0,2288250,2700135,411885,2700135,0,0,'qP7MVLYGgY7Mbm1DepN8',1,'2021-08-30 00:01:50','2022-01-14 12:51:11',4,'invoice3',46,NULL,1.000000,2288250,2288250,2700135,411885,2700135,12,NULL,NULL,0),(75,48,1,'2021-08-16','2021-08-16','INV-48',NULL,'DRAFT','UNPAID','0','0','<p><strong>Bank Detail</strong></p><p>NAME : Amar Speciality Chemicals</p><p>Bank Name : AXIS Bank</p><p>A/C No : 921020008506724</p><p>IFSC CODE : UTIB0003293</p>','fixed',0.00,0,8460000,9982800,1522800,9982800,0,0,'nO6qNrj2xP44gmeMVvG1',1,'2021-08-31 21:04:56','2022-01-14 12:51:11',4,'invoice3',49,NULL,1.000000,8460000,8460000,9982800,1522800,9982800,12,NULL,NULL,0),(76,49,1,'2021-08-17','2021-08-17','INV-49',NULL,'DRAFT','UNPAID','0','0','<p><strong>Bank Detail</strong></p><p>NAME : Amar Speciality Chemicals</p><p>Bank Name : AXIS Bank</p><p>A/C No : 921020008506724</p><p>IFSC CODE : UTIB0003293</p>','fixed',0.00,0,4963000,5856340,893340,5856340,0,0,'pqR81G67x1VjbVrme4PO',1,'2021-08-31 21:11:47','2022-01-14 12:51:10',4,'invoice3',26,NULL,1.000000,4963000,4963000,5856340,893340,5856340,12,NULL,NULL,0),(77,50,1,'2021-08-18','2021-08-18','INV-50',NULL,'DRAFT','UNPAID','0','0','<p><strong>Bank Detail</strong></p><p>NAME : Amar Speciality Chemicals</p><p>Bank Name : AXIS Bank</p><p>A/C No : 921020008506724</p><p>IFSC CODE : UTIB0003293</p>','fixed',0.00,0,6347600,7490168,1142568,7490168,0,0,'O1e6D4M7x6DOgVGY2q8r',1,'2021-09-02 06:43:07','2022-01-14 12:51:11',4,'invoice3',50,NULL,1.000000,6347600,6347600,7490168,1142568,7490168,12,NULL,NULL,0),(78,51,1,'2021-08-19','2021-08-19','INV-51',NULL,'DRAFT','UNPAID','0','0','<p><strong>Bank Detail</strong></p><p>NAME : Amar Speciality Chemicals</p><p>Bank Name : AXIS Bank</p><p>A/C No : 921020008506724</p><p>IFSC CODE : UTIB0003293</p>','fixed',0.00,0,4508400,5319912,811512,5319912,0,0,'e8V1DGOqxnGexnjNmpYR',1,'2021-09-02 06:54:42','2022-01-14 12:51:10',4,'invoice3',9,NULL,1.000000,4508400,4508400,5319912,811512,5319912,12,NULL,NULL,0),(79,52,1,'2021-08-19','2021-08-19','INV-52',NULL,'DRAFT','UNPAID','0','0','<p><strong>Bank Detail</strong></p><p>NAME : Amar Speciality Chemicals</p><p>Bank Name : AXIS Bank</p><p>A/C No : 921020008506724</p><p>IFSC CODE : UTIB0003293</p>','fixed',0.00,0,826300,975034,148734,975034,0,0,'qR842vOYbG27bePMGLn7',1,'2021-09-04 04:46:11','2022-01-14 12:51:11',4,'invoice3',51,NULL,1.000000,826300,826300,975034,148734,975034,12,NULL,NULL,0),(80,53,1,'2021-08-20','2021-08-20','INV-53',NULL,'DRAFT','UNPAID','0','0','<p><strong>Bank Detail</strong></p><p>NAME : Amar Speciality Chemicals</p><p>Bank Name : AXIS Bank</p><p>A/C No : 921020008506724</p><p>IFSC CODE : UTIB0003293</p>','fixed',0.00,0,7364800,8690464,1325664,8690464,0,0,'R64pMOj8bvY1ge7qDL1N',1,'2021-09-04 10:05:57','2022-01-14 12:51:09',4,'invoice3',2,NULL,1.000000,7364800,7364800,8690464,1325664,8690464,12,NULL,NULL,0),(81,54,1,'2021-08-21','2021-08-21','INV-54',NULL,'DRAFT','UNPAID','0','0','<p><strong>Bank Detail</strong></p><p>NAME : Amar Speciality Chemicals</p><p>Bank Name : AXIS Bank</p><p>A/C No : 921020008506724</p><p>IFSC CODE : UTIB0003293</p>','fixed',0.00,0,4576800,5400624,823824,5400624,0,0,'27PVveOmgjenxrNLRG16',1,'2021-09-04 20:22:28','2022-01-14 12:51:10',4,'invoice3',12,NULL,1.000000,4576800,4576800,5400624,823824,5400624,12,NULL,NULL,0),(82,55,1,'2021-08-21','2021-08-21','INV-55',NULL,'DRAFT','UNPAID','0','0','<p><strong>Bank Detail</strong></p><p>NAME : Amar Speciality Chemicals</p><p>Bank Name : AXIS Bank</p><p>A/C No : 921020008506724</p><p>IFSC CODE : UTIB0003293</p>','fixed',0.00,0,4639950,5475141,835191,5475141,0,0,'VPN1qMOjxmLOx4e2Y68D',1,'2021-09-04 20:53:47','2022-01-14 12:51:10',4,'invoice3',23,NULL,1.000000,4639950,4639950,5475141,835191,5475141,12,NULL,NULL,0),(83,56,1,'2021-08-22','2021-08-22','INV-56',NULL,'DRAFT','UNPAID','0','0','<p><strong>Bank Detail</strong></p><p>NAME : Amar Speciality Chemicals</p><p>Bank Name : AXIS Bank</p><p>A/C No : 921020008506724</p><p>IFSC CODE : UTIB0003293</p>','fixed',0.00,0,4584800,5410064,825264,5410064,0,0,'MYG7qn8Rgee8gPjV6mL4',1,'2021-09-04 21:01:07','2022-01-14 12:51:10',4,'invoice3',22,NULL,1.000000,4584800,4584800,5410064,825264,5410064,12,NULL,NULL,0),(84,57,1,'2021-08-22','2021-08-22','INV-57',NULL,'DRAFT','UNPAID','0','0','<p><strong>Bank Detail</strong></p><p>NAME : Amar Speciality Chemicals</p><p>Bank Name : AXIS Bank</p><p>A/C No : 921020008506724</p><p>IFSC CODE : UTIB0003293</p>','fixed',0.00,0,3730000,4401400,671400,4401400,0,0,'ej8R46OMbrLvgrPGN1vD',1,'2021-09-04 21:12:26','2022-01-14 12:51:10',4,'invoice3',6,NULL,1.000000,3730000,3730000,4401400,671400,4401400,12,NULL,NULL,0),(85,58,1,'2021-08-23','2021-08-23','INV-58',NULL,'DRAFT','UNPAID','0','0','<p><strong>Bank Detail</strong></p><p>NAME : Amar Speciality Chemicals</p><p>Bank Name : AXIS Bank</p><p>A/C No : 921020008506724</p><p>IFSC CODE : UTIB0003293</p>','fixed',0.00,0,6547200,7725696,1178496,7725696,0,0,'Nn7G62Dpx7pmxrO4LPjV',1,'2021-09-05 02:50:53','2022-01-14 12:51:11',4,'invoice3',50,NULL,1.000000,6547200,6547200,7725696,1178496,7725696,12,NULL,NULL,0),(87,90,1,'2021-08-06','2021-08-06','AMR-90',NULL,'DRAFT','UNPAID','NO','NO','<p><strong>Bank Detail</strong></p><p>Name : Amar Superhard Tools</p><p>Bank   : Axis Bank</p><p>A\\C No : 918020103188858</p><p>IFSC : UTIB0003293</p>','fixed',0.00,0,4620000,5451600,831600,5451600,0,0,'7OVm2e8pgR42gq16LrM4',2,'2021-09-04 18:25:56','2022-01-14 12:51:10',5,'invoice1',33,NULL,1.000000,4620000,4620000,5451600,831600,5451600,12,NULL,NULL,0),(88,91,1,'2021-08-09','2021-08-09','AMR-91',NULL,'DRAFT','UNPAID','NO','NO','<p><strong>Bank Detail</strong></p><p>Name : Amar Superhard Tools</p><p>Bank   : Axis Bank</p><p>A\\C No : 918020103188858</p><p>IFSC : UTIB0003293</p>','fixed',0.00,0,5899500,6961410,1061910,6961410,0,0,'4Neq6vY1x4p1xjrLDPGR',2,'2021-09-04 07:26:57','2022-01-14 12:51:11',5,'invoice1',34,NULL,1.000000,5899500,5899500,6961410,1061910,6961410,12,NULL,NULL,0),(89,92,1,'2021-08-12','2021-08-12','AMR-92',NULL,'DRAFT','UNPAID','NO','NO','<p><strong>Bank Detail</strong></p><p>Name : Amar Superhard Tools</p><p>Bank   : Axis Bank</p><p>A\\C No : 918020103188858</p><p>IFSC : UTIB0003293</p>','fixed',0.00,0,4657500,5495850,838350,5495850,0,0,'LN76enDVbp1vbRmvj82p',2,'2021-09-04 18:54:22','2022-01-14 12:51:11',5,'invoice1',52,NULL,1.000000,4657500,4657500,5495850,838350,5495850,12,NULL,NULL,0),(91,60,1,'2021-08-25','2021-08-25','INV-60',NULL,'DRAFT','UNPAID','0','0','<p><strong>Bank Detail</strong></p><p>NAME : Amar Speciality Chemicals</p><p>Bank Name : AXIS Bank</p><p>A/C No : 921020008506724</p><p>IFSC CODE : UTIB0003293</p>','fixed',0.00,0,868675,1025037,156362,1025037,0,0,'nDqORpGYbDerbLev4VPM',1,'2021-09-06 02:17:15','2022-01-14 12:51:10',4,'invoice3',13,NULL,1.000000,868675,868675,1025037,156362,1025037,12,NULL,NULL,0),(92,61,1,'2021-08-25','2021-08-25','INV-61',NULL,'DRAFT','UNPAID','0','0','<p><strong>Bank Detail</strong></p><p>NAME : Amar Speciality Chemicals</p><p>Bank Name : AXIS Bank</p><p>A/C No : 921020008506724</p><p>IFSC CODE : UTIB0003293</p>','fixed',0.00,0,1483250,1750235,266985,1750235,0,0,'NmYv2Lrpg2p8bjM4G8P7',1,'2021-09-05 21:43:28','2022-01-14 12:51:11',4,'invoice3',54,NULL,1.000000,1483250,1483250,1750235,266985,1750235,12,NULL,NULL,0),(93,59,1,'2021-08-24','2021-08-24','INV-59',NULL,'DRAFT','UNPAID','0','0','<p><strong>Bank Detail</strong></p><p>NAME : Amar Speciality Chemicals</p><p>Bank Name : AXIS Bank</p><p>A/C No : 921020008506724</p><p>IFSC CODE : UTIB0003293</p>','fixed',0.00,0,4639950,5475141,835191,5475141,0,0,'6jO2NYr8bNM8xmLG4Pep',1,'2021-09-08 05:37:45','2022-01-14 12:51:10',4,'invoice3',30,NULL,1.000000,4639950,4639950,5475141,835191,5475141,12,NULL,NULL,0),(94,62,1,'2021-09-01','2021-09-01','INV-62',NULL,'DRAFT','UNPAID','0','0','<p><strong>Bank Detail</strong></p><p>NAME : Amar Speciality Chemicals</p><p>Bank Name : AXIS Bank</p><p>A/C No : 921020008506724</p><p>IFSC CODE : UTIB0003293</p>','fixed',0.00,0,2199200,2595056,395856,2595056,0,0,'82MORpV4xL17xnGDr7ve',1,'2021-09-09 00:03:07','2022-01-14 12:51:11',4,'invoice3',55,NULL,1.000000,2199200,2199200,2595056,395856,2595056,12,NULL,NULL,0),(95,63,1,'2021-09-02','2021-09-02','INV-63',NULL,'DRAFT','UNPAID','0','0','<p><strong>Bank Detail</strong></p><p>NAME : Amar Speciality Chemicals</p><p>Bank Name : AXIS Bank</p><p>A/C No : 921020008506724</p><p>IFSC CODE : UTIB0003293</p>','fixed',0.00,0,7389880,8720058,1330178,8720058,0,0,'ODR8nvGjg8D2gLqp4m26',1,'2021-09-09 05:46:45','2022-01-14 12:51:11',4,'invoice3',56,NULL,1.000000,7389880,7389880,8720058,1330178,8720058,12,NULL,NULL,0),(96,64,1,'2021-09-03','2021-09-03','INV-64',NULL,'DRAFT','UNPAID','0','0','<p><strong>Bank Detail</strong></p><p>NAME : Amar Speciality Chemicals</p><p>Bank Name : AXIS Bank</p><p>A/C No : 921020008506724</p><p>IFSC CODE : UTIB0003293</p>','fixed',0.00,0,6176414,7288169,1111755,7288169,0,0,'q26Ompr4gOGPxeVGLnMj',1,'2021-09-08 19:37:44','2022-01-14 12:51:11',4,'invoice3',36,NULL,1.000000,6176414,6176414,7288169,1111755,7288169,12,NULL,NULL,0),(97,65,1,'2021-09-04','2021-09-04','INV-65',NULL,'COMPLETED','PAID','0','0','<p><strong>Bank Detail</strong></p><p>NAME : Amar Speciality Chemicals</p><p>Bank Name : AXIS Bank</p><p>A/C No : 921020008506724</p><p>IFSC CODE : UTIB0003293</p>','fixed',0.00,0,4640000,5475200,835200,0,0,0,'GLV6N74pbM6Vg1Dqr8nP',1,'2021-09-13 22:36:21','2022-01-14 12:51:11',4,'invoice3',56,NULL,1.000000,4640000,4640000,5475200,835200,0,12,NULL,NULL,0),(98,66,1,'2021-09-14','2021-09-14','INV-66',NULL,'DRAFT','UNPAID','0','0','<p><strong>Bank Detail</strong></p><p>NAME : Amar Speciality Chemicals</p><p>Bank Name : AXIS Bank</p><p>A/C No : 921020008506724</p><p>IFSC CODE : UTIB0003293</p>','fixed',0.00,0,5933000,7000940,1067940,7000940,0,0,'qP7MVLYGgYPMgm1DepN8',1,'2021-09-14 04:30:39','2022-01-14 12:51:11',4,'invoice3',55,NULL,1.000000,5933000,5933000,7000940,1067940,7000940,12,NULL,NULL,0),(99,67,1,'2021-09-15','2021-09-15','INV-67',NULL,'DRAFT','UNPAID','0','0','<p><strong>Bank Detail</strong></p><p>NAME : Amar Speciality Chemicals</p><p>Bank Name : AXIS Bank</p><p>A/C No : 921020008506724</p><p>IFSC CODE : UTIB0003293</p>','fixed',0.00,0,5933000,7000940,1067940,7000940,0,0,'nO6qNrj2xPN4bmeMVvG1',1,'2021-09-15 05:00:11','2022-01-14 12:51:10',4,'invoice3',26,NULL,1.000000,5933000,5933000,7000940,1067940,7000940,12,NULL,NULL,0),(100,68,1,'2021-09-16','2021-09-16','INV-68',NULL,'DRAFT','UNPAID','0','0','<p><strong>Bank Detail</strong></p><p>NAME : Amar Speciality Chemicals</p><p>Bank Name : AXIS Bank</p><p>A/C No : 921020008506724</p><p>IFSC CODE : UTIB0003293</p>','fixed',0.00,0,2288250,2700135,411885,2700135,0,0,'q26Ompr4gOGGxeVGLnMj',1,'2021-09-16 21:02:17','2022-01-14 12:51:11',4,'invoice3',48,NULL,1.000000,2288250,2288250,2700135,411885,2700135,12,NULL,NULL,0),(101,69,1,'2021-09-16','2021-09-16','INV-69',NULL,'DRAFT','UNPAID','0','0','<p><strong>Bank Detail</strong></p><p>NAME : Amar Speciality Chemicals</p><p>Bank Name : AXIS Bank</p><p>A/C No : 921020008506724</p><p>IFSC CODE : UTIB0003293</p>','fixed',0.00,0,2669500,3150010,480510,3150010,0,0,'GLV6N74pbM62g1Dqr8nP',1,'2021-09-16 21:15:21','2022-01-14 12:51:10',4,'invoice3',6,NULL,1.000000,2669500,2669500,3150010,480510,3150010,12,NULL,NULL,0),(102,70,1,'2021-09-17','2021-09-17','INV-70',NULL,'DRAFT','UNPAID','0','0','<p><strong>Bank Detail</strong></p><p>NAME : Amar Speciality Chemicals</p><p>Bank Name : AXIS Bank</p><p>A/C No : 921020008506724</p><p>IFSC CODE : UTIB0003293</p>','fixed',0.00,0,762750,900045,137295,900045,0,0,'qP7MVLYGgYPNgm1DepN8',1,'2021-09-17 23:46:48','2022-01-14 12:51:12',4,'invoice3',57,NULL,1.000000,762750,762750,900045,137295,900045,12,NULL,NULL,0),(103,71,1,'2021-09-20','2021-09-20','INV-71',NULL,'DRAFT','UNPAID','0','0','<p><strong>Bank Detail</strong></p><p>NAME : Amar Speciality Chemicals</p><p>Bank Name : AXIS Bank</p><p>A/C No : 921020008506724</p><p>IFSC CODE : UTIB0003293</p>','fixed',0.00,0,5932400,7000232,1067832,7000232,0,0,'nO6qNrj2xPNYbmeMVvG1',1,'2021-09-20 00:24:25','2022-01-14 12:51:12',4,'invoice3',58,NULL,1.000000,5932400,5932400,7000232,1067832,7000232,12,NULL,NULL,0),(104,72,1,'2021-09-21','2021-09-21','INV-72',NULL,'DRAFT','UNPAID','0','0','<p><strong>Bank Detail</strong></p><p>NAME : Amar Speciality Chemicals</p><p>Bank Name : AXIS Bank</p><p>A/C No : 921020008506724</p><p>IFSC CODE : UTIB0003293</p>','fixed',0.00,0,3834875,4525153,690278,4525153,0,0,'pqR81G67x1j2xVrme4PO',1,'2021-09-20 20:53:25','2022-01-14 12:51:10',4,'invoice3',19,NULL,1.000000,3834875,3834875,4525153,690278,4525153,12,NULL,NULL,0),(105,73,1,'2021-09-21','2021-09-21','INV-73',NULL,'COMPLETED','PAID','0','0','<p><strong>Bank Detail</strong></p><p>NAME : Amar Speciality Chemicals</p><p>Bank Name : AXIS Bank</p><p>A/C No : 921020008506724</p><p>IFSC CODE : UTIB0003293</p>','fixed',0.00,0,5933000,7000940,1067940,0,0,0,'O1e6D4M7x68egVGY2q8r',1,'2021-09-21 06:09:06','2022-01-14 12:51:11',4,'invoice3',56,NULL,1.000000,5933000,5933000,7000940,1067940,0,12,NULL,NULL,0),(106,74,1,'2021-09-21','2021-09-21','INV-74',NULL,'DRAFT','UNPAID','0','0','<p><strong>Bank Detail</strong></p><p>NAME : Amar Speciality Chemicals</p><p>Bank Name : AXIS Bank</p><p>A/C No : 921020008506724</p><p>IFSC CODE : UTIB0003293</p>','fixed',0.00,0,5933000,7000940,1067940,7000940,0,0,'e8V1DGOqxnDMxnjNmpYR',1,'2021-09-21 13:08:45','2022-01-14 12:51:10',4,'invoice3',23,NULL,1.000000,5933000,5933000,7000940,1067940,7000940,12,NULL,NULL,0),(107,75,1,'2021-09-22','2021-09-22','INV-75',NULL,'COMPLETED','PAID','0','0','<p><strong>Bank Detail</strong></p><p>NAME : Amar Speciality Chemicals</p><p>Bank Name : AXIS Bank</p><p>A/C No : 921020008506724</p><p>IFSC CODE : UTIB0003293</p>','fixed',0.00,0,4043000,4770740,727740,0,0,0,'qR842vOYbGrPgePMGLn7',1,'2021-09-21 22:14:39','2022-01-14 12:51:11',4,'invoice3',56,NULL,1.000000,4043000,4043000,4770740,727740,0,12,NULL,NULL,0),(108,93,1,'2021-09-01','2021-09-01','AMR-93',NULL,'DRAFT','UNPAID','NO','NO','<p><strong>Bank Detail</strong></p><p>Name : Amar Superhard Tools</p><p>Bank   : Axis Bank</p><p>A\\C No : 918020103188858</p><p>IFSC : UTIB0003293</p>','fixed',0.00,0,4098600,4836348,737748,4836348,0,0,'R64pMOj8bvmObe7qDL1N',2,'2021-09-22 07:44:16','2022-01-14 12:51:13',5,'invoice1',59,NULL,1.000000,4098600,4098600,4836348,737748,4836348,12,NULL,NULL,0),(109,94,1,'2021-09-03','2021-09-03','AMR-94',NULL,'DRAFT','UNPAID','NO','NO','<p><strong>Bank Detail</strong></p><p>Name : Amar Superhard Tools</p><p>Bank   : Axis Bank</p><p>A\\C No : 918020103188858</p><p>IFSC : UTIB0003293</p>','fixed',0.00,0,5130000,6053400,923400,6053400,0,0,'27PVveOmgj4qgrNLRG16',2,'2021-09-22 13:20:31','2022-01-14 12:51:13',5,'invoice1',60,NULL,1.000000,5130000,5130000,6053400,923400,6053400,12,NULL,NULL,0),(110,76,1,'2021-09-22','2021-09-22','INV-76',NULL,'DRAFT','UNPAID','0','0','<p><strong>Bank Detail</strong></p><p>NAME : Amar Speciality Chemicals</p><p>Bank Name : AXIS Bank</p><p>A/C No : 921020008506724</p><p>IFSC CODE : UTIB0003293</p>','fixed',0.00,0,3016950,3560001,543051,3560001,0,0,'VPN1qMOjxm2Db4e2Y68D',1,'2021-09-25 05:12:50','2022-01-14 12:51:10',4,'invoice3',22,NULL,1.000000,3016950,3016950,3560001,543051,3560001,12,NULL,NULL,0),(111,77,1,'2021-09-23','2021-09-23','INV-77',NULL,'DRAFT','UNPAID','0','0','<p><strong>Bank Detail</strong></p><p>NAME : Amar Speciality Chemicals</p><p>Bank Name : AXIS Bank</p><p>A/C No : 921020008506724</p><p>IFSC CODE : UTIB0003293</p>','fixed',0.00,0,2220380,2620048,399668,2620048,0,0,'MYG7qn8Rgev1bPjV6mL4',1,'2021-09-30 11:31:13','2022-01-14 12:51:13',4,'invoice3',61,NULL,1.000000,2220380,2220380,2620048,399668,2620048,12,NULL,NULL,0),(112,78,1,'2021-09-23','2021-09-23','INV-78',NULL,'DRAFT','UNPAID','0','0','<p><strong>Bank Detail</strong></p><p>NAME : Amar Speciality Chemicals</p><p>Bank Name : AXIS Bank</p><p>A/C No : 921020008506724</p><p>IFSC CODE : UTIB0003293</p>','fixed',0.00,0,868700,1025066,156366,1025066,0,0,'ej8R46OMbrnYxrPGN1vD',1,'2021-10-01 01:17:40','2022-01-14 12:51:10',4,'invoice3',13,NULL,1.000000,868700,868700,1025066,156366,1025066,12,NULL,NULL,0),(113,79,1,'2021-09-24','2021-09-24','INV-79',NULL,'DRAFT','UNPAID','0','0','<p><strong>Bank Detail</strong></p><p>NAME : Amar Speciality Chemicals</p><p>Bank Name : AXIS Bank</p><p>A/C No : 921020008506724</p><p>IFSC CODE : UTIB0003293</p>','fixed',0.00,0,4449300,5250174,800874,5250174,0,0,'Nn7G62Dpx7NYgrO4LPjV',1,'2021-09-30 20:13:25','2022-01-14 12:51:10',4,'invoice3',2,NULL,1.000000,4449300,4449300,5250174,800874,5250174,12,NULL,NULL,0),(114,80,1,'2021-09-24','2021-09-24','INV-80',NULL,'COMPLETED','PAID','0','0','<p><strong>Bank Detail</strong></p><p>NAME : Amar Speciality Chemicals</p><p>Bank Name : AXIS Bank</p><p>A/C No : 921020008506724</p><p>IFSC CODE : UTIB0003293</p>','fixed',0.00,0,805230,950171,144941,0,0,0,'mN8GMj2Ogq7rbpqRLnV1',1,'2021-10-01 01:48:49','2022-01-14 12:51:11',4,'invoice3',56,NULL,1.000000,805230,805230,950171,144941,0,12,NULL,NULL,0),(115,81,1,'2021-09-25','2021-09-25','INV-81',NULL,'DRAFT','UNPAID','0','0','<p><strong>Bank Detail</strong></p><p>NAME : Amar Speciality Chemicals</p><p>Bank Name : AXIS Bank</p><p>A/C No : 921020008506724</p><p>IFSC CODE : UTIB0003293</p>','fixed',0.00,0,6241560,7365041,1123481,7365041,0,0,'7OVm2e8pgRvGgq16LrM4',1,'2021-09-30 20:26:21','2022-01-14 12:51:10',4,'invoice3',9,NULL,1.000000,6241560,6241560,7365041,1123481,7365041,12,NULL,NULL,0),(116,82,1,'2021-09-25','2021-09-25','INV-82',NULL,'DRAFT','UNPAID','0','0','<p><strong>Bank Detail</strong></p><p>NAME : Amar Speciality Chemicals</p><p>Bank Name : AXIS Bank</p><p>A/C No : 921020008506724</p><p>IFSC CODE : UTIB0003293</p>','fixed',0.00,0,762750,900045,137295,900045,0,0,'4Neq6vY1x4NmgjrLDPGR',1,'2021-10-01 02:09:13','2022-01-14 12:51:11',4,'invoice3',48,NULL,1.000000,762750,762750,900045,137295,900045,12,NULL,NULL,0),(117,83,1,'2021-09-26','2021-09-26','INV-83',NULL,'DRAFT','UNPAID','0','0','<p><strong>Bank Detail</strong></p><p>NAME : Amar Speciality Chemicals</p><p>Bank Name : AXIS Bank</p><p>A/C No : 921020008506724</p><p>IFSC CODE : UTIB0003293</p>','fixed',0.00,0,2288250,2700135,411885,2700135,0,0,'LN76enDVbp7mbRmvj82p',1,'2021-10-03 09:01:30','2022-01-14 12:51:11',4,'invoice3',46,NULL,1.000000,2288250,2288250,2700135,411885,2700135,12,NULL,NULL,0),(118,84,1,'2021-10-03','2021-10-03','INV-84',NULL,'DRAFT','UNPAID','0','0','<p><strong>Bank Detail</strong></p><p>NAME : Amar Speciality Chemicals</p><p>Bank Name : AXIS Bank</p><p>A/C No : 921020008506724</p><p>IFSC CODE : UTIB0003293</p>','fixed',0.00,0,6631425,7825082,1193657,7825082,0,0,'LVvYq874xVOMgjG2mP6R',1,'2021-10-03 09:07:26','2022-01-14 12:51:10',4,'invoice3',15,NULL,1.000000,6631425,6631425,7825082,1193657,7825082,12,NULL,NULL,0),(119,95,1,'2021-09-08','2021-09-08','AMR-95',NULL,'DRAFT','UNPAID','NO','NO','<p><strong>Bank Detail</strong></p><p>Name : Amar Superhard Tools</p><p>Bank   : Axis Bank</p><p>A\\C No : 918020103188858</p><p>IFSC : UTIB0003293</p>','fixed',0.00,0,5000000,5900000,900000,5900000,0,0,'nDqORpGYbD8NbLev4VPM',2,'2021-10-02 23:29:21','2022-01-14 12:51:13',5,'invoice1',62,NULL,1.000000,5000000,5000000,5900000,900000,5900000,12,NULL,NULL,0),(120,96,1,'2021-09-17','2021-09-17','AMR-96',NULL,'DRAFT','UNPAID','NO','NO','<p><strong>Bank Detail</strong></p><p>Name : Amar Superhard Tools</p><p>Bank   : Axis Bank</p><p>A\\C No : 918020103188858</p><p>IFSC : UTIB0003293</p>','fixed',0.00,0,6219200,7338656,1119456,7338656,0,0,'NmYv2Lrpg2nRgjM4G8P7',2,'2021-10-03 10:32:30','2022-01-14 12:51:11',5,'invoice1',39,NULL,1.000000,6219200,6219200,7338656,1119456,7338656,12,NULL,NULL,0),(121,97,1,'2021-09-26','2021-09-26','AMR-97',NULL,'DRAFT','UNPAID','NO','NO','<p><strong>Bank Detail</strong></p><p>Name : Amar Superhard Tools</p><p>Bank   : Axis Bank</p><p>A\\C No : 918020103188858</p><p>IFSC : UTIB0003293</p>','fixed',0.00,0,5000000,5900000,900000,5900000,0,0,'6jO2NYr8bNrYbmLG4Pep',2,'2021-10-05 00:56:40','2022-01-14 12:51:13',5,'invoice1',62,NULL,1.000000,5000000,5000000,5900000,900000,5900000,12,NULL,NULL,0),(122,98,1,'2021-09-28','2021-09-28','AMR-98',NULL,'DRAFT','UNPAID','NO','NO','<p><strong>Bank Detail</strong></p><p>Name : Amar Superhard Tools</p><p>Bank   : Axis Bank</p><p>A\\C No : 918020103188858</p><p>IFSC : UTIB0003293</p>','fixed',0.00,0,1679600,1981928,302328,1981928,0,0,'82MORpV4xLVObnGDr7ve',2,'2021-10-05 07:05:45','2022-01-14 12:51:13',5,'invoice1',63,NULL,1.000000,1679600,1679600,1981928,302328,1981928,12,NULL,NULL,0),(123,85,1,'2021-10-09','2021-10-09','INV-85',NULL,'COMPLETED','PAID','0','0','<p><strong>Bank Detail</strong></p><p>NAME : Amar Speciality Chemicals</p><p>Bank Name : AXIS Bank</p><p>A/C No : 921020008506724</p><p>IFSC CODE : UTIB0003293</p>','fixed',0.00,0,12881600,15200288,2318688,0,0,0,'ODR8nvGjg8YDgLqp4m26',1,'2021-10-09 09:02:20','2022-01-14 12:51:11',4,'invoice3',56,NULL,1.000000,12881600,12881600,15200288,2318688,0,12,NULL,NULL,0),(124,99,1,'2021-10-02','2021-10-02','AMR-99',NULL,'DRAFT','UNPAID','NO','NO','<p><strong>Bank Detail</strong></p><p>Name : Amar Superhard Tools</p><p>Bank   : Axis Bank</p><p>A\\C No : 918020103188858</p><p>IFSC : UTIB0003293</p>','fixed',0.00,0,6355800,7499844,1144044,7499844,0,0,'q26Ompr4gOLGgeVGLnMj',2,'2021-10-15 22:03:20','2022-01-14 12:51:11',5,'invoice1',38,NULL,1.000000,6355800,6355800,7499844,1144044,7499844,12,NULL,NULL,0),(125,86,1,'2021-10-10','2021-10-10','INV-86',NULL,'DRAFT','UNPAID','0','0','<p><strong>Bank Detail</strong></p><p>NAME : Amar Speciality Chemicals</p><p>Bank Name : AXIS Bank</p><p>A/C No : 921020008506724</p><p>IFSC CODE : UTIB0003293</p>','fixed',0.00,0,868675,1025037,156362,1025037,0,0,'GLV6N74pbM22b1Dqr8nP',1,'2021-10-18 00:47:09','2022-01-14 12:51:13',4,'invoice3',64,NULL,1.000000,868675,868675,1025037,156362,1025037,12,NULL,NULL,0),(126,87,1,'2021-10-11','2021-10-11','INV-87',NULL,'DRAFT','UNPAID','0','0','<p><strong>Bank Detail</strong></p><p>NAME : Amar Speciality Chemicals</p><p>Bank Name : AXIS Bank</p><p>A/C No : 921020008506724</p><p>IFSC CODE : UTIB0003293</p>','fixed',0.00,0,889875,1050053,160178,1050053,0,0,'qP7MVLYGgYeNgm1DepN8',1,'2021-10-24 10:24:39','2022-01-14 12:51:11',4,'invoice3',51,NULL,1.000000,889875,889875,1050053,160178,1050053,12,NULL,NULL,0),(127,100,1,'2021-10-04','2021-10-04','AMR-100',NULL,'DRAFT','UNPAID','NO','NO','<p><strong>Bank Detail</strong></p><p>Name : Amar Superhard Tools</p><p>Bank   : Axis Bank</p><p>A\\C No : 918020103188858</p><p>IFSC : UTIB0003293</p>','fixed',0.00,0,5692400,6717032,1024632,6717032,0,0,'nO6qNrj2xPvYgmeMVvG1',2,'2021-10-26 10:03:43','2022-01-14 12:51:10',5,'invoice1',32,NULL,1.000000,5692400,5692400,6717032,1024632,6717032,12,NULL,NULL,0),(128,101,1,'2021-10-06','2021-10-06','AMR-101',NULL,'DRAFT','UNPAID','NO','NO','<p><strong>Bank Detail</strong></p><p>Name : Amar Superhard Tools</p><p>Bank   : Axis Bank</p><p>A\\C No : 918020103188858</p><p>IFSC : UTIB0003293</p>','fixed',0.00,0,5778000,6818040,1040040,6818040,0,0,'pqR81G67x1q2bVrme4PO',2,'2021-10-29 09:52:46','2022-01-14 12:51:13',5,'invoice1',65,NULL,1.000000,5778000,5778000,6818040,1040040,6818040,12,NULL,NULL,0),(129,102,1,'2021-10-10','2021-10-10','AMR-102',NULL,'DRAFT','UNPAID','NO','NO','<p><strong>Bank Detail</strong></p><p>Name : Amar Superhard Tools</p><p>Bank   : Axis Bank</p><p>A\\C No : 918020103188858</p><p>IFSC : UTIB0003293</p>','fixed',0.00,0,4932900,5820822,887922,5820822,0,0,'O1e6D4M7x6OebVGY2q8r',2,'2021-10-29 01:48:03','2022-01-14 12:51:13',5,'invoice1',69,NULL,1.000000,4932900,4932900,5820822,887922,5820822,12,NULL,NULL,0),(130,103,1,'2021-10-25','2021-10-25','AMR-103',NULL,'DRAFT','UNPAID','NO','NO','<p><strong>Bank Detail</strong></p><p>Name : Amar Superhard Tools</p><p>Bank   : Axis Bank</p><p>A\\C No : 918020103188858</p><p>IFSC : UTIB0003293</p>','fixed',0.00,0,3888000,4587840,699840,4587840,0,0,'e8V1DGOqxnpMgnjNmpYR',2,'2021-10-29 12:49:07','2022-01-14 12:51:13',5,'invoice1',68,NULL,1.000000,3888000,3888000,4587840,699840,4587840,12,NULL,NULL,0),(131,104,1,'2021-10-27','2021-10-27','AMR-104',NULL,'DRAFT','UNPAID','NO','NO','<p><strong>Bank Detail</strong></p><p>Name : Amar Superhard Tools</p><p>Bank   : Axis Bank</p><p>A\\C No : 918020103188858</p><p>IFSC : UTIB0003293</p>','fixed',0.00,0,5670000,6690600,1020600,6690600,0,0,'qR842vOYbGmPxePMGLn7',2,'2021-10-29 23:50:31','2022-01-14 12:51:13',5,'invoice1',66,NULL,1.000000,5670000,5670000,6690600,1020600,6690600,12,NULL,NULL,0),(132,88,1,'2021-10-12','2021-10-12','INV-88',NULL,'DRAFT','UNPAID','0','0','<p><strong>Bank Detail</strong></p><p>NAME : Amar Speciality Chemicals</p><p>Bank Name : AXIS Bank</p><p>A/C No : 921020008506724</p><p>IFSC CODE : UTIB0003293</p>','fixed',0.00,0,4279750,5050105,770355,5050105,0,0,'R64pMOj8bv7Obe7qDL1N',1,'2021-10-31 02:17:44','2022-01-14 12:51:10',4,'invoice3',9,NULL,1.000000,4279750,4279750,5050105,770355,5050105,12,NULL,NULL,0),(133,89,1,'2021-10-13','2021-10-13','INV-89',NULL,'DRAFT','UNPAID','0','0','<p><strong>Bank Detail</strong></p><p>NAME : Amar Speciality Chemicals</p><p>Bank Name : AXIS Bank</p><p>A/C No : 921020008506724</p><p>IFSC CODE : UTIB0003293</p>','fixed',0.00,0,2088750,2464725,375975,2464725,0,0,'27PVveOmgjpqgrNLRG16',1,'2021-10-31 02:39:17','2022-01-14 12:51:10',4,'invoice3',25,NULL,1.000000,2088750,2088750,2464725,375975,2464725,12,NULL,NULL,0),(134,90,1,'2021-11-08','2021-11-08','INV-90',NULL,'DRAFT','UNPAID','0','0','<p><strong>Bank Detail</strong></p><p>NAME : Amar Speciality Chemicals</p><p>Bank Name : AXIS Bank</p><p>A/C No : 921020008506724</p><p>IFSC CODE : UTIB0003293</p>','fixed',0.00,0,6441000,7600380,1159380,7600380,0,0,'VPN1qMOjxmnDb4e2Y68D',1,'2021-11-08 06:58:48','2022-01-14 12:51:11',4,'invoice3',56,NULL,1.000000,6441000,6441000,7600380,1159380,7600380,12,NULL,NULL,0),(135,91,1,'2021-11-10','2021-11-17','INV-91',NULL,'DRAFT','UNPAID','0','0','<p><strong>Bank Detail</strong></p><p>NAME : Amar Speciality Chemicals</p><p>Bank Name : AXIS Bank</p><p>A/C No : 921020008506724</p><p>IFSC CODE : UTIB0003293</p>','fixed',0.00,0,6440800,7600144,1159344,7600144,0,0,'MYG7qn8Rger1xPjV6mL4',1,'2021-11-10 09:03:11','2022-01-14 12:51:13',4,'invoice3',70,NULL,1.000000,6440800,6440800,7600144,1159344,7600144,12,NULL,NULL,0),(138,106,1,'2021-11-07','2021-11-07','AMR-106',NULL,'DRAFT','UNPAID','NO','NO','<p><strong>Bank Detail</strong></p><p>Name : Amar Superhard Tools</p><p>Bank   : Axis Bank</p><p>A\\C No : 918020103188858</p><p>IFSC : UTIB0003293</p>','fixed',0.00,0,6350400,7493472,1143072,7493472,0,0,'mN8GMj2OgqLrbpqRLnV1',2,'2021-11-12 04:19:11','2022-01-14 12:51:11',5,'invoice1',44,NULL,1.000000,6350400,6350400,7493472,1143072,7493472,12,NULL,NULL,0),(139,92,1,'2021-11-13','2021-11-13','INV-92',NULL,'DRAFT','UNPAID','0','0','<p><strong>Bank Detail</strong></p><p>NAME : Amar Speciality Chemicals</p><p>Bank Name : AXIS Bank</p><p>A/C No : 921020008506724</p><p>IFSC CODE : UTIB0003293</p>','fixed',0.00,0,6272000,7400960,1128960,7400960,0,0,'7OVm2e8pgRnGxq16LrM4',1,'2021-11-13 10:01:01','2022-01-14 12:51:10',4,'invoice3',15,NULL,1.000000,6272000,6272000,7400960,1128960,7400960,12,NULL,NULL,0),(140,105,1,'2021-11-01','2021-11-01','AMR-105',NULL,'DRAFT','UNPAID','NO','NO','<p><strong>Bank Detail</strong></p><p>Name : Amar Superhard Tools</p><p>Bank   : Axis Bank</p><p>A\\C No : 918020103188858</p><p>IFSC : UTIB0003293</p>','fixed',0.00,0,5152000,6079360,927360,6079360,0,0,'4Neq6vY1x4jmxjrLDPGR',2,'2021-11-19 11:17:49','2022-01-14 12:51:11',5,'invoice1',52,NULL,1.000000,5152000,5152000,6079360,927360,6079360,12,NULL,NULL,0),(141,108,1,'2021-11-19','2021-11-19','AMR-108',NULL,'DRAFT','UNPAID','NO','NO','<p><strong>Bank Detail</strong></p><p>Name : Amar Superhard Tools</p><p>Bank   : Axis Bank</p><p>A\\C No : 918020103188858</p><p>IFSC : UTIB0003293</p>','fixed',0.00,0,6877000,8114860,1237860,8114860,0,0,'LN76enDVbpGmgRmvj82p',2,'2021-11-19 22:23:24','2022-01-14 12:51:11',5,'invoice1',39,NULL,1.000000,6877000,6877000,8114860,1237860,8114860,12,NULL,NULL,0),(142,107,1,'2021-11-12','2021-11-12','AMR-107',NULL,'DRAFT','UNPAID','NO','NO','<p><strong>Bank Detail</strong></p><p>Name : Amar Superhard Tools</p><p>Bank   : Axis Bank</p><p>A\\C No : 918020103188858</p><p>IFSC : UTIB0003293</p>','fixed',0.00,0,1500800,1770944,270144,1770944,0,0,'LVvYq874xV7MgjG2mP6R',2,'2021-11-28 19:46:24','2022-01-14 12:51:13',5,'invoice1',71,NULL,1.000000,1500800,1500800,1770944,270144,1770944,12,NULL,NULL,0),(143,109,1,'2021-11-22','2021-11-22','AMR-109',NULL,'DRAFT','UNPAID','NO','NO','<p><strong>Bank Detail</strong></p><p>Name : Amar Superhard Tools</p><p>Bank   : Axis Bank</p><p>A\\C No : 918020103188858</p><p>IFSC : UTIB0003293</p>','fixed',0.00,0,1399860,1651835,251975,1651835,0,0,'nDqORpGYbDGNbLev4VPM',2,'2021-12-01 01:12:25','2022-01-14 12:51:13',5,'invoice1',60,NULL,1.000000,1399860,1399860,1651835,251975,1651835,12,NULL,NULL,0),(144,93,1,'2021-11-14','2021-11-14','INV-93',NULL,'DRAFT','UNPAID','0','0','<p><strong>Bank Detail</strong></p><p>NAME : Amar Speciality Chemicals</p><p>Bank Name : AXIS Bank</p><p>A/C No : 921020008506724</p><p>IFSC CODE : UTIB0003293</p>','fixed',0.00,0,6660000,7858800,1198800,7858800,0,0,'NmYv2Lrpg2mRbjM4G8P7',1,'2021-12-02 04:51:05','2022-01-14 12:51:13',4,'invoice3',72,NULL,1.000000,6660000,6660000,7858800,1198800,7858800,12,NULL,NULL,0),(145,96,1,'2021-12-03','2021-12-03','INV-96',NULL,'DRAFT','UNPAID','0','0','<p><strong>Bank Detail</strong></p><p>NAME : Amar Speciality Chemicals</p><p>Bank Name : AXIS Bank</p><p>A/C No : 921020008506724</p><p>IFSC CODE : UTIB0003293</p>','fixed',0.00,0,6441000,7600380,1159380,7600380,0,0,'6jO2NYr8bNLYgmLG4Pep',1,'2021-12-03 09:59:26','2022-01-14 12:51:11',4,'invoice3',56,NULL,1.000000,6441000,6441000,7600380,1159380,7600380,12,NULL,NULL,0),(146,94,1,'2021-11-15','2021-11-15','INV-94',NULL,'DRAFT','UNPAID','0','0','<p><strong>Bank Detail</strong></p><p>NAME : Amar Speciality Chemicals</p><p>Bank Name : AXIS Bank</p><p>A/C No : 921020008506724</p><p>IFSC CODE : UTIB0003293</p>','fixed',0.00,0,3517000,4150060,633060,4150060,0,0,'82MORpV4xLROxnGDr7ve',1,'2021-12-03 10:08:33','2022-01-14 12:51:13',4,'invoice3',64,NULL,1.000000,3517000,3517000,4150060,633060,4150060,12,NULL,NULL,0),(147,95,1,'2021-11-16','2021-11-16','INV-95',NULL,'DRAFT','UNPAID','0','0','<p><strong>Bank Detail</strong></p><p>NAME : Amar Speciality Chemicals</p><p>Bank Name : AXIS Bank</p><p>A/C No : 921020008506724</p><p>IFSC CODE : UTIB0003293</p>','fixed',0.00,0,3504425,4135222,630797,4135222,0,0,'ODR8nvGjg8VDgLqp4m26',1,'2021-12-09 02:58:27','2022-01-14 12:51:10',4,'invoice3',6,NULL,1.000000,3504425,3504425,4135222,630797,4135222,12,NULL,NULL,0),(148,110,1,'2021-12-02','2021-12-02','AMR-110',NULL,'DRAFT','UNPAID','NO','NO','<p><strong>Bank Detail</strong></p><p>Name : Amar Superhard Tools</p><p>Bank   : Axis Bank</p><p>A\\C No : 918020103188858</p><p>IFSC : UTIB0003293</p>','fixed',0.00,0,6900000,8142000,1242000,8142000,0,0,'q26Ompr4gOVGxeVGLnMj',2,'2021-12-11 02:30:53','2022-01-14 12:51:13',5,'invoice1',62,NULL,1.000000,6900000,6900000,8142000,1242000,8142000,12,NULL,NULL,0),(149,112,1,'2021-12-07','2021-12-07','AMR-112',NULL,'DRAFT','UNPAID','NO','NO','<p><strong>Bank Detail</strong></p><p>Name : Amar Superhard Tools</p><p>Bank   : Axis Bank</p><p>A\\C No : 918020103188858</p><p>IFSC : UTIB0003293</p>','fixed',0.00,0,4600000,5428000,828000,5428000,0,0,'GLV6N74pbMe2b1Dqr8nP',2,'2021-12-10 10:01:40','2022-01-14 12:51:13',5,'invoice1',62,NULL,1.000000,4600000,4600000,5428000,828000,5428000,12,NULL,NULL,0),(150,111,1,'2021-12-04','2021-12-04','AMR-111',NULL,'DRAFT','UNPAID','NO','NO','<p><strong>Bank Detail</strong></p><p>Name : Amar Superhard Tools</p><p>Bank   : Axis Bank</p><p>A\\C No : 918020103188858</p><p>IFSC : UTIB0003293</p>','fixed',0.00,0,5000000,5900000,900000,5900000,0,0,'qP7MVLYGgYNNxm1DepN8',2,'2021-12-10 15:46:32','2022-01-14 12:51:11',5,'invoice1',42,NULL,1.000000,5000000,5000000,5900000,900000,5900000,12,NULL,NULL,0),(151,113,1,'2021-12-10','2021-12-10','AMR-113',NULL,'DRAFT','UNPAID','NO','NO','<p><strong>Bank Detail</strong></p><p>Name : Amar Superhard Tools</p><p>Bank   : Axis Bank</p><p>A\\C No : 918020103188858</p><p>IFSC : UTIB0003293</p>','fixed',0.00,0,5499900,6489882,989982,6489882,0,0,'nO6qNrj2xPrYbmeMVvG1',2,'2021-12-10 15:56:14','2022-01-14 12:51:13',5,'invoice1',74,NULL,1.000000,5499900,5499900,6489882,989982,6489882,12,NULL,NULL,0),(152,114,1,'2021-12-13','2021-12-13','AMR-114',NULL,'DRAFT','UNPAID','NO','NO','<p><strong>Bank Detail</strong></p><p>Name : Amar Superhard Tools</p><p>Bank   : Axis Bank</p><p>A\\C No : 918020103188858</p><p>IFSC : UTIB0003293</p>','fixed',0.00,0,5103000,6021540,918540,6021540,0,0,'pqR81G67x1N2gVrme4PO',2,'2021-12-14 11:33:16','2022-01-14 12:51:13',5,'invoice1',75,NULL,1.000000,5103000,5103000,6021540,918540,6021540,12,NULL,NULL,0),(153,97,1,'2021-12-16','2021-12-16','INV-97',NULL,'DRAFT','UNPAID','0','0','<p><strong>Bank Detail</strong></p><p>NAME : Amar Speciality Chemicals</p><p>Bank Name : AXIS Bank</p><p>A/C No : 921020008506724</p><p>IFSC CODE : UTIB0003293</p>','fixed',0.00,0,6779800,8000164,1220364,8000164,0,0,'O1e6D4M7x6mebVGY2q8r',1,'2021-12-16 07:27:51','2022-01-14 12:51:10',4,'invoice3',23,NULL,1.000000,6779800,6779800,8000164,1220364,8000164,12,NULL,NULL,0),(154,98,1,'2021-12-17','2021-12-17','INV-98',NULL,'DRAFT','UNPAID','0','0','<p><strong>Bank Detail</strong></p><p>NAME : Amar Speciality Chemicals</p><p>Bank Name : AXIS Bank</p><p>A/C No : 921020008506724</p><p>IFSC CODE : UTIB0003293</p>','fixed',0.00,0,6611000,7800980,1189980,7800980,0,0,'e8V1DGOqxneMxnjNmpYR',1,'2021-12-17 01:53:35','2022-01-14 12:51:13',4,'invoice3',70,NULL,1.000000,6611000,6611000,7800980,1189980,7800980,12,NULL,NULL,0),(155,99,1,'2021-12-17','2021-12-17','INV-99',NULL,'DRAFT','UNPAID','0','0','<p><strong>Bank Detail</strong></p><p>NAME : Amar Speciality Chemicals</p><p>Bank Name : AXIS Bank</p><p>A/C No : 921020008506724</p><p>IFSC CODE : UTIB0003293</p>','fixed',0.00,0,1864500,2200110,335610,2200110,0,0,'qR842vOYbGDPbePMGLn7',1,'2021-12-17 13:52:03','2022-01-14 12:51:10',4,'invoice3',6,NULL,1.000000,1864500,1864500,2200110,335610,2200110,12,NULL,NULL,0),(156,115,1,'2021-12-14','2021-12-14','AMR-115',NULL,'DRAFT','UNPAID','NO','NO','<p><strong>Bank Detail</strong></p><p>Name : Amar Superhard Tools</p><p>Bank   : Axis Bank</p><p>A\\C No : 918020103188858</p><p>IFSC : UTIB0003293</p>','fixed',0.00,0,4410000,5203800,793800,5203800,0,0,'R64pMOj8bvPOge7qDL1N',2,'2021-12-21 06:59:06','2022-01-14 12:51:10',5,'invoice1',24,NULL,1.000000,4410000,4410000,5203800,793800,5203800,12,NULL,NULL,0),(157,116,1,'2021-12-17','2021-12-17','AMR-116',NULL,'DRAFT','UNPAID','NO','NO','<p><strong>Bank Detail</strong></p><p>Name : Amar Superhard Tools</p><p>Bank   : Axis Bank</p><p>A\\C No : 918020103188858</p><p>IFSC : UTIB0003293</p>','fixed',0.00,0,6468000,7632240,1164240,7632240,0,0,'27PVveOmgjPqxrNLRG16',2,'2021-12-21 08:18:59','2022-01-14 12:51:13',5,'invoice1',78,NULL,1.000000,6468000,6468000,7632240,1164240,7632240,12,NULL,NULL,0),(158,117,1,'2021-12-18','2021-12-18','AMR-117',NULL,'DRAFT','UNPAID','NO','NO','<p><strong>Bank Detail</strong></p><p>Name : Amar Superhard Tools</p><p>Bank   : Axis Bank</p><p>A\\C No : 918020103188858</p><p>IFSC : UTIB0003293</p>','fixed',0.00,0,5527200,6522096,994896,6522096,0,0,'VPN1qMOjxmjDx4e2Y68D',2,'2021-12-22 06:20:02','2022-01-14 12:51:13',5,'invoice1',67,NULL,1.000000,5527200,5527200,6522096,994896,6522096,12,NULL,NULL,0),(159,118,1,'2021-12-21','2021-12-21','AMR-118',NULL,'DRAFT','UNPAID','NO','NO','<p><strong>Bank Detail</strong></p><p>Name : Amar Superhard Tools</p><p>Bank   : Axis Bank</p><p>A\\C No : 918020103188858</p><p>IFSC : UTIB0003293</p>','fixed',0.00,0,7524000,8878320,1354320,8878320,0,0,'MYG7qn8Rge71bPjV6mL4',2,'2021-12-21 19:21:41','2022-01-14 12:51:11',5,'invoice1',43,NULL,1.000000,7524000,7524000,8878320,1354320,8878320,12,NULL,NULL,0),(160,119,1,'2021-12-22','2021-12-22','AMR-119',NULL,'DRAFT','UNPAID','NO','NO','<p><strong>Bank Detail</strong></p><p>Name : Amar Superhard Tools</p><p>Bank   : Axis Bank</p><p>A\\C No : 918020103188858</p><p>IFSC : UTIB0003293</p>','fixed',0.00,0,5200200,6136236,936036,6136236,0,0,'ej8R46OMbrjYgrPGN1vD',2,'2021-12-23 05:56:52','2022-01-14 12:51:13',5,'invoice1',77,NULL,1.000000,5200200,5200200,6136236,936036,6136236,12,NULL,NULL,0),(161,120,1,'2021-12-23','2021-12-23','AMR-120',NULL,'DRAFT','UNPAID','NO','NO','<p><strong>Bank Detail</strong></p><p>Name : Amar Superhard Tools</p><p>Bank   : Axis Bank</p><p>A\\C No : 918020103188858</p><p>IFSC : UTIB0003293</p>','fixed',0.00,0,5726700,6757506,1030806,6757506,0,0,'Nn7G62Dpx7eYbrO4LPjV',2,'2021-12-25 23:32:49','2022-01-14 12:51:13',5,'invoice1',65,NULL,1.000000,5726700,5726700,6757506,1030806,6757506,12,NULL,NULL,0),(162,100,1,'2021-12-18','2021-12-18','INV-100',NULL,'DRAFT','UNPAID','0','0','<p><strong>Bank Detail</strong></p><p>NAME : Amar Speciality Chemicals</p><p>Bank Name : AXIS Bank</p><p>A/C No : 921020008506724</p><p>IFSC CODE : UTIB0003293</p>','fixed',0.00,0,890000,1050200,160200,1050200,0,0,'mN8GMj2OgqprbpqRLnV1',1,'2022-01-03 07:56:45','2022-01-14 12:51:11',4,'invoice3',51,NULL,1.000000,890000,890000,1050200,160200,1050200,12,NULL,NULL,0),(163,121,1,'2021-12-26','2021-12-26','AMR-121',NULL,'DRAFT','UNPAID','NO','NO','<p><strong>Bank Detail</strong></p><p>Name : Amar Superhard Tools</p><p>Bank   : Axis Bank</p><p>A\\C No : 918020103188858</p><p>IFSC : UTIB0003293</p>','fixed',0.00,0,1626400,1919152,292752,1919152,0,0,'7OVm2e8pgRmGgq16LrM4',2,'2022-01-02 21:00:26','2022-01-14 12:51:13',5,'invoice1',63,NULL,1.000000,1626400,1626400,1919152,292752,1919152,12,NULL,NULL,0),(164,101,1,'2021-12-19','2021-12-19','INV-101',NULL,'DRAFT','UNPAID','0','0','<p><strong>Bank Detail</strong></p><p>NAME : Amar Speciality Chemicals</p><p>Bank Name : AXIS Bank</p><p>A/C No : 921020008506724</p><p>IFSC CODE : UTIB0003293</p>','fixed',0.00,0,5148250,6074935,926685,6074935,0,0,'4Neq6vY1x42mbjrLDPGR',1,'2022-01-03 02:41:09','2022-01-14 12:51:10',4,'invoice3',9,NULL,1.000000,5148250,5148250,6074935,926685,6074935,12,NULL,NULL,0),(165,102,1,'2021-12-20','2021-12-20','INV-102',NULL,'DRAFT','UNPAID','0','0','<p><strong>Bank Detail</strong></p><p>NAME : Amar Speciality Chemicals</p><p>Bank Name : AXIS Bank</p><p>A/C No : 921020008506724</p><p>IFSC CODE : UTIB0003293</p>','fixed',0.00,0,2860200,3375036,514836,3375036,0,0,'LN76enDVbpjmbRmvj82p',1,'2022-01-03 08:28:43','2022-01-14 12:51:10',4,'invoice3',3,NULL,1.000000,2860200,2860200,3375036,514836,3375036,12,NULL,NULL,0),(166,103,1,'2021-12-21','2021-12-21','INV-103',NULL,'DRAFT','UNPAID','0','0','<p><strong>Bank Detail</strong></p><p>NAME : Amar Speciality Chemicals</p><p>Bank Name : AXIS Bank</p><p>A/C No : 921020008506724</p><p>IFSC CODE : UTIB0003293</p>','fixed',0.00,0,2627625,3100598,472973,3100598,0,0,'LVvYq874xVmMgjG2mP6R',1,'2022-01-03 09:10:12','2022-01-14 12:51:13',4,'invoice3',79,NULL,1.000000,2627625,2627625,3100598,472973,3100598,12,NULL,NULL,0),(167,104,1,'2021-12-23','2021-12-23','INV-104',NULL,'DRAFT','UNPAID','0','0','<p><strong>Bank Detail</strong></p><p>NAME : Amar Speciality Chemicals</p><p>Bank Name : AXIS Bank</p><p>A/C No : 921020008506724</p><p>IFSC CODE : UTIB0003293</p>','fixed',0.00,0,1101775,1300095,198320,1300095,0,0,'nDqORpGYbDpNxLev4VPM',1,'2022-01-03 09:15:08','2022-01-14 12:51:13',4,'invoice3',64,NULL,1.000000,1101775,1101775,1300095,198320,1300095,12,NULL,NULL,0),(168,122,1,'2021-12-30','2021-12-30','AMR-122',NULL,'DRAFT','UNPAID','NO','NO','<p><strong>Bank Detail</strong></p><p>Name : Amar Superhard Tools</p><p>Bank   : Axis Bank</p><p>A\\C No : 918020103188858</p><p>IFSC : UTIB0003293</p>','fixed',0.00,0,6048000,7136640,1088640,7136640,0,0,'NmYv2Lrpg22RgjM4G8P7',2,'2022-01-04 10:24:31','2022-01-14 12:51:13',5,'invoice1',80,NULL,1.000000,6048000,6048000,7136640,1088640,7136640,12,NULL,NULL,0),(169,123,1,'2021-12-31','2021-12-31','AMR-123',NULL,'DRAFT','UNPAID','NO','NO','<p><strong>Bank Detail</strong></p><p>Name : Amar Superhard Tools</p><p>Bank   : Axis Bank</p><p>A\\C No : 918020103188858</p><p>IFSC : UTIB0003293</p>','fixed',0.00,0,5644800,6660864,1016064,6660864,0,0,'6jO2NYr8bNOYgmLG4Pep',2,'2022-01-04 09:02:22','2022-01-14 12:51:13',5,'invoice1',82,NULL,1.000000,5644800,5644800,6660864,1016064,6660864,12,NULL,NULL,0),(170,105,1,'2021-12-24','2021-12-24','INV-105',NULL,'DRAFT','UNPAID','0','0','<p><strong>Bank Detail</strong></p><p>NAME : Amar Speciality Chemicals</p><p>Bank Name : AXIS Bank</p><p>A/C No : 921020008506724</p><p>IFSC CODE : UTIB0003293</p>','fixed',0.00,0,847475,1000021,152546,1000021,0,0,'82MORpV4xLLOxnGDr7ve',1,'2022-01-07 16:05:26','2022-01-14 12:51:13',4,'invoice3',83,NULL,1.000000,847475,847475,1000021,152546,1000021,12,NULL,NULL,0),(171,106,1,'2022-01-07','2022-01-07','INV-106',NULL,'DRAFT','UNPAID','0','0','<p><strong>Bank Detail</strong></p><p>NAME : Amar Speciality Chemicals</p><p>Bank Name : AXIS Bank</p><p>A/C No : 921020008506724</p><p>IFSC CODE : UTIB0003293</p>','fixed',0.00,0,847500,1000050,152550,1000050,0,0,'ODR8nvGjg84DbLqp4m26',1,'2022-01-13 02:51:55','2022-01-14 12:51:10',4,'invoice3',6,NULL,1.000000,847500,847500,1000050,152550,1000050,12,NULL,NULL,0),(175,107,2,'2022-01-15','2022-01-22','INV-107',NULL,'DRAFT','UNPAID','0','0','<p><strong>Bank Detail</strong></p><p>NAME : Amar Speciality Chemicals</p><p>Bank Name : AXIS Bank</p><p>A/C No : 921020008506724</p><p>IFSC CODE : UTIB0003293</p>','fixed',0.00,0,890000,1050200,160200,1050200,0,0,'nO6qNrj2xPYYxmeMVvG1',1,'2022-01-15 08:33:19','2022-01-17 11:47:46',4,'invoice1',6,NULL,1.000000,0,890000,1050200,160200,1050200,12,NULL,NULL,0),(183,124,1,'2022-01-01','2022-01-01','AMR-124',NULL,'DRAFT','UNPAID','NO','NO','<p><strong>Bank Detail</strong></p><p>Name : <strong>AMAR SUPERHARD TOOLS</strong></p><p>Bank : <strong>AXIS BANK</strong></p><p>A\\C No : <strong>918020103188858</strong></p><p>IFSC : <strong>UTIB0003293</strong></p>','fixed',0.00,0,6291600,7424088,1132488,7424088,0,0,'MYG7qn8Rgem1bPjV6mL4',2,'2022-01-16 02:34:27','2022-01-16 04:16:09',1,'invoice1',84,NULL,1.000000,0,6291600,7424088,1132488,7424088,12,NULL,NULL,0),(198,125,2,'2022-01-03','2022-01-03','AMR-125',NULL,'DRAFT','UNPAID','NO','NO','<p><strong>Bank Detail</strong></p><p>Name : <strong>AMAR SUPERHARD TOOLS</strong></p><p>Bank : <strong>AXIS BANK</strong></p><p>A\\C No : <strong>918020103188858</strong></p><p>IFSC : <strong>UTIB0003293</strong></p>','fixed',0.00,0,5670000,6690600,1020600,6690600,0,0,'qP7MVLYGgY4Nbm1DepN8',2,'2022-01-20 08:26:29','2022-01-20 08:26:29',1,'invoice1',66,NULL,NULL,0,0,0,0,0,12,NULL,NULL,0),(199,108,2,'2022-01-22','2022-01-22','INV-108',NULL,'DRAFT','UNPAID','0','0','<p><strong>Bank Detail</strong></p><p>NAME : Amar Speciality Chemicals</p><p>Bank Name : AXIS Bank</p><p>A/C No : 921020008506724</p><p>IFSC CODE : UTIB0003293</p>','fixed',0.00,0,5840000,6891200,1051200,6891200,0,0,'nO6qNrj2xPnYxmeMVvG1',1,'2022-01-22 07:12:35','2022-02-01 07:10:39',4,'invoice1',15,NULL,1.000000,0,5840000,6891200,1051200,6891200,12,NULL,NULL,0),(200,126,1,'2022-01-06','2022-01-06','AMR-126',NULL,'DRAFT','UNPAID','NO','NO','<p><strong>Bank Detail</strong></p><p>Name : <strong>AMAR SUPERHARD TOOLS</strong></p><p>Bank : <strong>AXIS BANK</strong></p><p>A\\C No : <strong>918020103188858</strong></p><p>IFSC : <strong>UTIB0003293</strong></p>','fixed',0.00,0,6099000,7196820,1097820,7196820,0,0,'q26Ompr4gO66beVGLnMj',2,'2022-01-29 06:50:33','2022-01-29 07:02:37',1,'invoice1',85,NULL,1.000000,0,6099000,7196820,1097820,7196820,12,NULL,NULL,0),(201,127,2,'2022-01-09','2022-01-09','AMR-127',NULL,'DRAFT','UNPAID','NO','NO','<p><strong>Bank Detail</strong></p><p>Name : <strong>AMAR SUPERHARD TOOLS</strong></p><p>Bank : <strong>AXIS BANK</strong></p><p>A\\C No : <strong>918020103188858</strong></p><p>IFSC : <strong>UTIB0003293</strong></p>','fixed',0.00,0,4400000,5192000,792000,5192000,0,0,'GLV6N74pbMP1b1Dqr8nP',2,'2022-01-31 04:02:27','2022-01-31 04:02:27',1,'invoice1',62,NULL,NULL,0,0,0,0,0,12,NULL,NULL,0),(202,128,3,'2022-01-10','2022-01-10','AMR-128',NULL,'DRAFT','UNPAID','NO','NO','<p><strong>Bank Detail</strong></p><p>Name : <strong>AMAR SUPERHARD TOOLS</strong></p><p>Bank : <strong>AXIS BANK</strong></p><p>A\\C No : <strong>918020103188858</strong></p><p>IFSC : <strong>UTIB0003293</strong></p>','fixed',0.00,0,4400000,5192000,792000,5192000,0,0,'qP7MVLYGgY4Obm1DepN8',2,'2022-01-31 04:03:25','2022-01-31 04:03:25',1,'invoice1',62,NULL,NULL,0,0,0,0,0,12,NULL,NULL,0),(203,129,2,'2022-01-12','2022-01-12','AMR-129',NULL,'DRAFT','UNPAID','NO','NO','<p><strong>Bank Detail</strong></p><p>Name : <strong>AMAR SUPERHARD TOOLS</strong></p><p>Bank : <strong>AXIS BANK</strong></p><p>A\\C No : <strong>918020103188858</strong></p><p>IFSC : <strong>UTIB0003293</strong></p>','fixed',0.00,0,5489100,6477138,988038,6477138,0,0,'nO6qNrj2xPnMxmeMVvG1',2,'2022-01-31 04:22:07','2022-01-31 04:22:07',1,'invoice1',32,NULL,NULL,0,0,0,0,0,12,NULL,NULL,0),(215,130,1,'2022-01-15','2022-01-15','AMR-130',NULL,'DRAFT','UNPAID','NO','NO','<p><strong>Bank Detail</strong></p><p>Name : <strong>AMAR SUPERHARD TOOLS</strong></p><p>Bank : <strong>AXIS BANK</strong></p><p>A\\C No : <strong>918020103188858</strong></p><p>IFSC : <strong>UTIB0003293</strong></p>','fixed',0.00,0,6615000,7805700,1190700,7805700,0,0,'7OVm2e8pgRjPgq16LrM4',2,'2022-02-01 03:19:07','2022-02-01 04:07:18',1,'invoice1',86,NULL,1.000000,0,6615000,7805700,1190700,7805700,12,NULL,NULL,0),(216,131,2,'2022-01-18','2022-01-18','AMR-131',NULL,'DRAFT','UNPAID','NO','NO','<p><strong>Bank Detail</strong></p><p>Name : <strong>AMAR SUPERHARD TOOLS</strong></p><p>Bank : <strong>AXIS BANK</strong></p><p>A\\C No : <strong>918020103188858</strong></p><p>IFSC : <strong>UTIB0003293</strong></p>','fixed',0.00,0,4272000,5040960,768960,5040960,0,0,'4Neq6vY1x4qMbjrLDPGR',2,'2022-02-01 04:10:12','2022-02-01 04:10:12',1,'invoice1',71,NULL,NULL,0,0,0,0,0,12,NULL,NULL,0),(218,110,3,'2022-02-08','2022-02-15','INV-112',NULL,'DRAFT','UNPAID','0','0','<p><strong>Bank Detail</strong></p><p>NAME : Amar Speciality Chemicals</p><p>Bank Name : AXIS Bank</p><p>A/C No : 921020008506724</p><p>IFSC CODE : UTIB0003293</p>','fixed',0.00,0,5933000,7000940,1067940,7000940,0,0,'LVvYq874xVrqbjG2mP6R',1,'2022-02-08 06:05:38','2022-02-11 07:59:59',4,'invoice3',56,NULL,1.000000,0,5933000,7000940,1067940,7000940,12,NULL,NULL,0),(219,111,2,'2022-02-08','2022-02-08','INV-113',NULL,'DRAFT','UNPAID','0','0','<p><strong>Bank Detail</strong></p><p>NAME : Amar Speciality Chemicals</p><p>Bank Name : AXIS Bank</p><p>A/C No : 921020008506724</p><p>IFSC CODE : UTIB0003293</p>','fixed',0.00,0,6441000,7600380,1159380,7600380,0,0,'nDqORpGYbD4exLev4VPM',1,'2022-02-08 09:45:16','2022-02-08 09:45:16',4,'invoice3',26,NULL,NULL,0,0,0,0,0,12,NULL,NULL,0),(220,112,2,'2022-01-23','2022-02-17','INV-109',NULL,'DRAFT','UNPAID','0','0','<p><strong>Bank Detail</strong></p><p>NAME : Amar Speciality Chemicals</p><p>Bank Name : AXIS Bank</p><p>A/C No : 921020008506724</p><p>IFSC CODE : UTIB0003293</p>','fixed',0.00,0,3262800,3850104,587304,3850104,0,0,'NmYv2Lrpg2NGxjM4G8P7',1,'2022-02-10 14:10:39','2022-02-10 15:42:44',4,'invoice3',46,NULL,1.000000,0,3262800,3850104,587304,3850104,12,NULL,NULL,0),(222,113,2,'2022-01-24','2022-01-24','INV-110',NULL,'DRAFT','UNPAID','0','0','<p><strong>Bank Detail</strong></p><p>NAME : Amar Speciality Chemicals</p><p>Bank Name : AXIS Bank</p><p>A/C No : 921020008506724</p><p>IFSC CODE : UTIB0003293</p>','fixed',0.00,0,4831000,5700580,869580,5700580,0,0,'82MORpV4xLPRbnGDr7ve',1,'2022-02-11 02:46:05','2022-02-11 02:46:05',4,'invoice3',9,NULL,NULL,0,0,0,0,0,12,NULL,NULL,0),(224,114,1,'2022-01-24','2022-01-24','INV-111',NULL,'DRAFT','UNPAID','0','0','<p><strong>Bank Detail</strong></p><p>NAME : Amar Speciality Chemicals</p><p>Bank Name : AXIS Bank</p><p>A/C No : 921020008506724</p><p>IFSC CODE : UTIB0003293</p>','fixed',0.00,0,6441000,7600380,1159380,7600380,0,0,'q26Ompr4gOn6xeVGLnMj',1,'2022-02-11 07:56:48','2022-02-11 07:56:48',4,'invoice2',87,NULL,NULL,0,0,0,0,0,12,NULL,NULL,0),(225,115,2,'2022-02-12','2022-02-21','INV-114',NULL,'DRAFT','UNPAID','0','0','<p><strong>Bank Detail</strong></p><p>NAME : Amar Speciality Chemicals</p><p>Bank Name : AXIS Bank</p><p>A/C No : 921020008506724</p><p>IFSC CODE : UTIB0003293</p>','fixed',0.00,0,6441000,7600380,1159380,7600380,0,0,'GLV6N74pbM11x1Dqr8nP',1,'2022-02-12 11:56:24','2022-02-12 11:56:24',4,'invoice3',87,NULL,NULL,0,0,0,0,0,12,NULL,NULL,0),(226,116,3,'2022-02-13','2022-02-20','INV-115',NULL,'DRAFT','UNPAID','0','0','<p><strong>Bank Detail</strong></p><p>NAME : Amar Speciality Chemicals</p><p>Bank Name : AXIS Bank</p><p>A/C No : 921020008506724</p><p>IFSC CODE : UTIB0003293</p>','fixed',0.00,0,847500,1000050,152550,1000050,0,0,'qP7MVLYGgYrOxm1DepN8',1,'2022-02-13 02:13:21','2022-02-13 02:13:21',4,'invoice3',6,NULL,NULL,0,0,0,0,0,12,NULL,NULL,0),(228,117,3,'2022-02-13','2022-02-20','INV-116',NULL,'DRAFT','UNPAID','0','0','<p><strong>Bank Detail</strong></p><p>NAME : Amar Speciality Chemicals</p><p>Bank Name : AXIS Bank</p><p>A/C No : 921020008506724</p><p>IFSC CODE : UTIB0003293</p>','fixed',0.00,0,4237500,5000250,762750,5000250,0,0,'pqR81G67x1ePbVrme4PO',1,'2022-02-13 02:37:42','2022-02-13 02:37:42',4,'invoice3',46,NULL,NULL,0,0,0,0,0,12,NULL,NULL,0),(229,132,2,'2022-02-02','2022-02-02','AMR-132',NULL,'DRAFT','UNPAID','NO','NO','<p><strong>Bank Detail</strong></p><p>Name : <strong>AMAR SUPERHARD TOOLS</strong></p><p>Bank : <strong>AXIS BANK</strong></p><p>A\\C No : <strong>918020103188858</strong></p><p>IFSC : <strong>UTIB0003293</strong></p>','fixed',0.00,0,4749000,5603820,854820,5603820,0,0,'O1e6D4M7x6ejgVGY2q8r',2,'2022-02-15 12:37:26','2022-02-15 12:37:26',1,'invoice1',77,NULL,1.000000,0,4749000,5603820,854820,5603820,12,NULL,NULL,0),(230,133,3,'2022-02-05','2022-02-05','AMR-133',NULL,'DRAFT','UNPAID','NO','NO','<p><strong>Bank Detail</strong></p><p>Name : <strong>AMAR SUPERHARD TOOLS</strong></p><p>Bank : <strong>AXIS BANK</strong></p><p>A\\C No : <strong>918020103188858</strong></p><p>IFSC : <strong>UTIB0003293</strong></p>','fixed',0.00,0,4749000,5603820,854820,5603820,0,0,'e8V1DGOqxnmRgnjNmpYR',2,'2022-02-15 12:38:03','2022-02-15 12:38:03',1,'invoice1',77,NULL,1.000000,0,4749000,5603820,854820,5603820,12,NULL,NULL,0),(231,134,2,'2022-02-08','2022-02-08','AMR-134',NULL,'DRAFT','UNPAID','NO','NO','<p><strong>Bank Detail</strong></p><p>Name : <strong>AMAR SUPERHARD TOOLS</strong></p><p>Bank : <strong>AXIS BANK</strong></p><p>A\\C No : <strong>918020103188858</strong></p><p>IFSC : <strong>UTIB0003293</strong></p>','fixed',0.00,0,6591200,7777616,1186416,7777616,0,0,'qR842vOYbG48xePMGLn7',2,'2022-02-15 13:53:32','2022-03-03 12:10:06',1,'invoice1',84,NULL,1.000000,0,6591200,7777616,1186416,7777616,12,NULL,NULL,0),(232,118,4,'2022-02-14','2022-02-23','INV-117',NULL,'DRAFT','UNPAID','0','0','<p><strong>Bank Detail</strong></p><p>NAME : Amar Speciality Chemicals</p><p>Bank Name : AXIS Bank</p><p>A/C No : 921020008506724</p><p>IFSC CODE : UTIB0003293</p>','fixed',0.00,0,847500,1000050,152550,1000050,0,0,'R64pMOj8bvr8xe7qDL1N',1,'2022-02-16 02:01:00','2022-02-22 07:29:08',1,'invoice1',6,NULL,1.000000,0,847500,1000050,152550,1000050,12,NULL,NULL,0),(233,119,2,'2022-02-16','2022-02-23','INV-118',NULL,'DRAFT','UNPAID','0','0','<p><strong>Bank Detail</strong></p><p>NAME : Amar Speciality Chemicals</p><p>Bank Name : AXIS Bank</p><p>A/C No : 921020008506724</p><p>IFSC CODE : UTIB0003293</p>','fixed',0.00,0,6441000,7600380,1159380,7600380,0,0,'27PVveOmgjnYxrNLRG16',1,'2022-02-16 09:01:21','2022-02-16 09:01:21',4,'invoice3',55,NULL,1.000000,0,6441000,7600380,1159380,7600380,12,NULL,NULL,0),(234,120,2,'2022-02-17','2022-02-25','INV-119',NULL,'DRAFT','UNPAID','0','0','<p><strong>Bank Detail</strong></p><p>NAME : Amar Speciality Chemicals</p><p>Bank Name : AXIS Bank</p><p>A/C No : 921020008506724</p><p>IFSC CODE : UTIB0003293</p>','fixed',0.00,0,1704000,2010720,306720,2010720,0,0,'VPN1qMOjxmmvx4e2Y68D',1,'2022-02-18 10:04:06','2022-02-18 10:04:06',4,'invoice3',51,NULL,1.000000,0,1704000,2010720,306720,2010720,12,NULL,NULL,0),(235,121,1,'2022-02-22','2022-02-22','INV-120',NULL,'DRAFT','UNPAID','0','0','<p><strong>Bank Detail</strong></p><p>NAME : Amar Speciality Chemicals</p><p>Bank Name : AXIS Bank</p><p>A/C No : 921020008506724</p><p>IFSC CODE : UTIB0003293</p>','fixed',0.00,0,847500,1000050,152550,1000050,0,0,'MYG7qn8RgeMGgPjV6mL4',1,'2022-02-22 07:04:59','2022-02-22 07:04:59',4,'invoice3',88,NULL,1.000000,0,847500,1000050,152550,1000050,12,NULL,NULL,0),(236,135,1,'2022-02-10','2022-02-10','AMR-135',NULL,'DRAFT','UNPAID','NO','NO','<p><strong>Bank Detail</strong></p><p>Name : <strong>AMAR SUPERHARD TOOLS</strong></p><p>Bank : <strong>AXIS BANK</strong></p><p>A\\C No : <strong>918020103188858</strong></p><p>IFSC : <strong>UTIB0003293</strong></p>','fixed',0.00,0,6270000,7398600,1128600,7398600,0,0,'ej8R46OMbrp8grPGN1vD',2,'2022-02-23 09:13:57','2022-02-23 09:18:48',1,'invoice1',89,NULL,1.000000,0,6270000,7398600,1128600,7398600,12,NULL,NULL,0),(237,122,2,'2022-02-23','2022-03-03','INV-121',NULL,'DRAFT','UNPAID','0','0','<p><strong>Bank Detail</strong></p><p>NAME : Amar Speciality Chemicals</p><p>Bank Name : AXIS Bank</p><p>A/C No : 921020008506724</p><p>IFSC CODE : UTIB0003293</p>','fixed',0.00,0,6716000,7924880,1208880,7924880,0,0,'Nn7G62Dpx7L4xrO4LPjV',1,'2022-02-24 08:51:59','2022-02-24 08:51:59',4,'invoice3',27,NULL,1.000000,0,6716000,7924880,1208880,7924880,12,NULL,NULL,0),(238,123,3,'2022-02-24','2022-02-24','INV-122',NULL,'DRAFT','UNPAID','0','0','<p><strong>Bank Detail</strong></p><p>NAME : Amar Speciality Chemicals</p><p>Bank Name : AXIS Bank</p><p>A/C No : 921020008506724</p><p>IFSC CODE : UTIB0003293</p>','fixed',0.00,0,5848000,6900640,1052640,6900640,0,0,'mN8GMj2OgqmnbpqRLnV1',1,'2022-02-24 09:04:46','2022-02-24 09:29:10',1,'invoice3',15,NULL,1.000000,0,5848000,6900640,1052640,6900640,12,NULL,NULL,0),(239,124,3,'2022-02-25','2022-02-28','INV-123',NULL,'DRAFT','UNPAID','0','0','<p><strong>Bank Detail</strong></p><p>NAME : Amar Speciality Chemicals</p><p>Bank Name : AXIS Bank</p><p>A/C No : 921020008506724</p><p>IFSC CODE : UTIB0003293</p>','fixed',0.00,0,7923750,9350025,1426275,9350025,0,0,'7OVm2e8pgRVPxq16LrM4',1,'2022-03-01 07:14:24','2022-03-01 07:35:15',4,'invoice3',9,NULL,1.000000,0,7923750,9350025,1426275,9350025,12,NULL,NULL,0),(240,125,2,'2022-02-26','2022-02-26','INV-124',NULL,'DRAFT','UNPAID','0','0','<p><strong>Bank Detail</strong></p><p>NAME : Amar Speciality Chemicals</p><p>Bank Name : AXIS Bank</p><p>A/C No : 921020008506724</p><p>IFSC CODE : UTIB0003293</p>','fixed',0.00,0,6394100,7545038,1150938,7545038,0,0,'4Neq6vY1x4PMbjrLDPGR',1,'2022-03-02 08:09:17','2022-03-02 08:09:17',4,'invoice3',12,NULL,1.000000,0,6394100,7545038,1150938,7545038,12,NULL,NULL,0),(241,126,4,'2022-02-26','2022-02-26','INV-125',NULL,'DRAFT','UNPAID','0','0','<p><strong>Bank Detail</strong></p><p>NAME : Amar Speciality Chemicals</p><p>Bank Name : AXIS Bank</p><p>A/C No : 921020008506724</p><p>IFSC CODE : UTIB0003293</p>','fixed',0.00,0,1610500,1900390,289890,1900390,0,0,'LN76enDVbpPLgRmvj82p',1,'2022-03-02 08:18:04','2022-03-02 08:18:04',4,'invoice3',46,NULL,1.000000,0,1610500,1900390,289890,1900390,12,NULL,NULL,0),(242,127,2,'2022-02-26','2022-02-26','INV-126',NULL,'DRAFT','UNPAID','0','0','<p><strong>Bank Detail</strong></p><p>NAME : Amar Speciality Chemicals</p><p>Bank Name : AXIS Bank</p><p>A/C No : 921020008506724</p><p>IFSC CODE : UTIB0003293</p>','fixed',0.00,0,4237325,5000044,762719,5000044,0,0,'LVvYq874xVDqxjG2mP6R',1,'2022-03-02 10:10:03','2022-03-02 10:10:03',4,'invoice3',72,NULL,1.000000,0,4237325,5000044,762719,5000044,12,NULL,NULL,0),(243,136,2,'2022-02-15','2022-02-15','AMR-136',NULL,'DRAFT','UNPAID','NO','NO','<p><strong>Bank Detail</strong></p><p>Name : <strong>AMAR SUPERHARD TOOLS</strong></p><p>Bank : <strong>AXIS BANK</strong></p><p>A\\C No : <strong>918020103188858</strong></p><p>IFSC : <strong>UTIB0003293</strong></p>','fixed',0.00,0,6409200,7562856,1153656,7562856,0,0,'nDqORpGYbDjexLev4VPM',2,'2022-03-03 12:15:41','2022-03-03 12:16:53',1,'invoice1',78,NULL,1.000000,0,6409200,7562856,1153656,7562856,12,NULL,NULL,0),(244,137,1,'2022-02-16','2022-02-16','AMR-137',NULL,'DRAFT','UNPAID','NO','NO','<p><strong>Bank Detail</strong></p><p>Name : <strong>AMAR SUPERHARD TOOLS</strong></p><p>Bank : <strong>AXIS BANK</strong></p><p>A\\C No : <strong>918020103188858</strong></p><p>IFSC : <strong>UTIB0003293</strong></p>','fixed',0.00,0,6174000,7285320,1111320,7285320,0,0,'NmYv2Lrpg2MGgjM4G8P7',2,'2022-03-04 05:06:31','2022-03-11 06:22:08',1,'invoice1',91,NULL,1.000000,0,6174000,7285320,1111320,7285320,12,NULL,NULL,0),(249,128,3,'2022-03-05','2022-03-05','INV-127',NULL,'DRAFT','UNPAID','0','0','<p><strong>Bank Detail</strong></p><p>NAME : Amar Speciality Chemicals</p><p>Bank Name : AXIS Bank</p><p>A/C No : 921020008506724</p><p>IFSC CODE : UTIB0003293</p>','fixed',0.00,0,6440800,7600144,1159344,7600144,0,0,'GLV6N74pbML1x1Dqr8nP',1,'2022-03-05 07:09:51','2022-03-05 07:09:51',1,'invoice2',27,NULL,1.000000,0,6440800,7600144,1159344,7600144,12,NULL,NULL,0),(250,138,2,'2022-02-20','2022-02-20','AMR-138',NULL,'DRAFT','UNPAID','NO','NO','<p><strong>Bank Detail</strong></p><p>Name : <strong>AMAR SUPERHARD TOOLS</strong></p><p>Bank : <strong>AXIS BANK</strong></p><p>A\\C No : <strong>918020103188858</strong></p><p>IFSC : <strong>UTIB0003293</strong></p>','fixed',0.00,0,5899500,6961410,1061910,6961410,0,0,'qP7MVLYGgYOObm1DepN8',2,'2022-03-07 13:54:01','2022-03-07 13:54:01',1,'invoice1',75,NULL,1.000000,0,5899500,6961410,1061910,6961410,12,NULL,NULL,0),(251,139,1,'2022-02-22','2022-02-22','AMR-139',NULL,'DRAFT','UNPAID','NO','NO','<p><strong>Bank Detail</strong></p><p>Name : <strong>AMAR SUPERHARD TOOLS</strong></p><p>Bank : <strong>AXIS BANK</strong></p><p>A\\C No : <strong>918020103188858</strong></p><p>IFSC : <strong>UTIB0003293</strong></p>','fixed',0.00,0,5800000,6844000,1044000,6844000,0,0,'nO6qNrj2xPqMxmeMVvG1',2,'2022-03-08 08:49:45','2022-03-08 08:49:45',1,'invoice1',90,NULL,1.000000,0,5800000,6844000,1044000,6844000,12,NULL,NULL,0),(253,130,5,'2022-03-08','2022-03-16','INV 128',NULL,'DRAFT','UNPAID','0','0','<p><strong>Bank Detail</strong></p><p>NAME : Amar Speciality Chemicals</p><p>Bank Name : AXIS Bank</p><p>A/C No : 921020008506724</p><p>IFSC CODE : UTIB0003293</p>','fixed',0.00,0,847500,1000050,152550,1000050,0,0,'O1e6D4M7x66jxVGY2q8r',1,'2022-03-09 06:06:32','2022-03-09 06:06:32',4,'invoice3',6,NULL,1.000000,0,847500,1000050,152550,1000050,12,NULL,NULL,0),(254,131,3,'2022-03-09','2022-03-09','INV-129',NULL,'DRAFT','UNPAID','0','0','<p><strong>Bank Detail</strong></p><p>NAME : Amar Speciality Chemicals</p><p>Bank Name : AXIS Bank</p><p>A/C No : 921020008506724</p><p>IFSC CODE : UTIB0003293</p>','fixed',0.00,0,6440800,7600144,1159344,7600144,0,0,'e8V1DGOqxnMRxnjNmpYR',1,'2022-03-09 06:31:23','2022-03-09 06:31:23',1,'invoice2',87,NULL,1.000000,0,6440800,7600144,1159344,7600144,12,NULL,NULL,0),(255,140,4,'2022-03-02','2022-03-02','AMR-140',NULL,'DRAFT','UNPAID','NO','NO','<p><strong>Bank Detail</strong></p><p>Name : <strong>AMAR SUPERHARD TOOLS</strong></p><p>Bank : <strong>AXIS BANK</strong></p><p>A\\C No : <strong>918020103188858</strong></p><p>IFSC : <strong>UTIB0003293</strong></p>','fixed',0.00,0,8000000,9440000,1440000,9440000,0,0,'qR842vOYbGq8bePMGLn7',2,'2022-03-14 03:32:11','2022-03-14 03:32:11',1,'invoice1',62,NULL,1.000000,0,8000000,9440000,1440000,9440000,12,NULL,NULL,0),(256,132,6,'2022-03-10','2022-03-21','INV-130',NULL,'DRAFT','UNPAID','0','0','<p><strong>Bank Detail</strong></p><p>NAME : Amar Speciality Chemicals</p><p>Bank Name : AXIS Bank</p><p>A/C No : 921020008506724</p><p>IFSC CODE : UTIB0003293</p>','fixed',0.00,0,847500,1000050,152550,1000050,0,0,'R64pMOj8bvj8be7qDL1N',1,'2022-03-14 11:24:58','2022-03-14 11:24:58',4,'invoice3',6,NULL,1.000000,0,847500,1000050,152550,1000050,12,NULL,NULL,0),(257,141,2,'2022-03-03','2022-03-03','AMR-141',NULL,'DRAFT','UNPAID','NO','NO','<p><strong>Bank Detail</strong></p><p>Name : <strong>AMAR SUPERHARD TOOLS</strong></p><p>Bank : <strong>AXIS BANK</strong></p><p>A\\C No : <strong>918020103188858</strong></p><p>IFSC : <strong>UTIB0003293</strong></p>','fixed',0.00,0,6930000,8177400,1247400,8177400,0,0,'27PVveOmgjGYxrNLRG16',2,'2022-03-16 09:47:09','2022-03-25 13:13:23',1,'invoice1',86,NULL,1.000000,0,6930000,8177400,1247400,8177400,12,NULL,NULL,0),(258,142,2,'2022-03-06','2022-03-06','AMR-142',NULL,'DRAFT','UNPAID','NO','NO','<p><strong>Bank Detail</strong></p><p>Name : <strong>AMAR SUPERHARD TOOLS</strong></p><p>Bank : <strong>AXIS BANK</strong></p><p>A\\C No : <strong>918020103188858</strong></p><p>IFSC : <strong>UTIB0003293</strong></p>','fixed',0.00,0,6156000,7264080,1108080,7264080,0,0,'VPN1qMOjxmOvx4e2Y68D',2,'2022-03-16 09:47:59','2022-03-16 09:47:59',1,'invoice1',80,NULL,1.000000,0,6156000,7264080,1108080,7264080,12,NULL,NULL,0),(259,143,5,'2022-03-16','2022-03-16','AMR-144',NULL,'DRAFT','UNPAID','NO','NO','<p><strong>Bank Detail</strong></p><p>Name : <strong>AMAR SUPERHARD TOOLS</strong></p><p>Bank : <strong>AXIS BANK</strong></p><p>A\\C No : <strong>918020103188858</strong></p><p>IFSC : <strong>UTIB0003293</strong></p>','fixed',0.00,0,20000000,23600000,3600000,23600000,0,0,'MYG7qn8RgeYGgPjV6mL4',2,'2022-03-16 11:35:05','2022-03-16 11:35:05',1,'invoice1',62,NULL,1.000000,0,20000000,23600000,3600000,23600000,12,NULL,NULL,0),(260,144,2,'2022-03-12','2022-03-12','AMR-143',NULL,'DRAFT','UNPAID','NO','NO','<p><strong>Bank Detail</strong></p><p>Name : <strong>AMAR SUPERHARD TOOLS</strong></p><p>Bank : <strong>AXIS BANK</strong></p><p>A\\C No : <strong>918020103188858</strong></p><p>IFSC : <strong>UTIB0003293</strong></p>','fixed',0.00,0,4410000,5203800,793800,5203800,0,0,'ej8R46OMbr68brPGN1vD',2,'2022-03-19 17:21:26','2022-03-25 13:16:31',1,'invoice1',24,NULL,1.000000,0,4410000,5203800,793800,5203800,12,NULL,NULL,0),(261,145,6,'2022-03-21','2022-03-21','AMR-145',NULL,'DRAFT','UNPAID','NO','NO','<p><strong>Bank Detail</strong></p><p>Name : <strong>AMAR SUPERHARD TOOLS</strong></p><p>Bank : <strong>AXIS BANK</strong></p><p>A\\C No : <strong>918020103188858</strong></p><p>IFSC : <strong>UTIB0003293</strong></p>','fixed',0.00,0,22000000,25960000,3960000,25960000,0,0,'Nn7G62Dpx7n4brO4LPjV',2,'2022-03-19 17:33:34','2022-03-21 05:44:44',1,'invoice1',62,NULL,1.000000,0,22000000,25960000,3960000,25960000,12,NULL,NULL,0),(262,146,2,'2022-03-23','2022-03-23','AMR-146',NULL,'DRAFT','UNPAID','NO','NO','<p><strong>Bank Detail</strong></p><p>Name : <strong>AMAR SUPERHARD TOOLS</strong></p><p>Bank : <strong>AXIS BANK</strong></p><p>A\\C No : <strong>918020103188858</strong></p><p>IFSC : <strong>UTIB0003293</strong></p>','fixed',0.00,0,5184000,6117120,933120,6117120,0,0,'mN8GMj2Ogq1nbpqRLnV1',2,'2022-03-26 02:04:10','2022-03-26 02:04:10',1,'invoice1',52,NULL,1.000000,0,5184000,6117120,933120,6117120,12,NULL,NULL,0),(263,147,2,'2022-03-24','2022-03-24','AMR-147',NULL,'DRAFT','UNPAID','NO','NO','<p><strong>Bank Detail</strong></p><p>Name : <strong>AMAR SUPERHARD TOOLS</strong></p><p>Bank : <strong>AXIS BANK</strong></p><p>A\\C No : <strong>918020103188858</strong></p><p>IFSC : <strong>UTIB0003293</strong></p>','fixed',0.00,0,5527200,6522096,994896,6522096,0,0,'7OVm2e8pgRqPxq16LrM4',2,'2022-03-26 02:10:56','2022-03-26 02:10:56',1,'invoice1',67,NULL,1.000000,0,5527200,6522096,994896,6522096,12,NULL,NULL,0),(264,148,3,'2022-03-26','2022-04-26','AMR-148',NULL,'DRAFT','UNPAID','NO','NO','<p><strong>Bank Detail</strong></p><p>Name : <strong>AMAR SUPERHARD TOOLS</strong></p><p>Bank : <strong>AXIS BANK</strong></p><p>A\\C No : <strong>918020103188858</strong></p><p>IFSC : <strong>UTIB0003293</strong></p>','fixed',0.00,0,5489100,6477138,988038,6477138,0,0,'4Neq6vY1x48MbjrLDPGR',2,'2022-03-26 02:12:47','2022-03-26 02:12:47',1,'invoice1',32,NULL,1.000000,0,5489100,6477138,988038,6477138,12,NULL,NULL,0),(265,149,2,'2022-03-26','2022-03-26','AMR-149',NULL,'DRAFT','UNPAID','NO','NO','<p><strong>Bank Detail</strong></p><p>Name : <strong>AMAR SUPERHARD TOOLS</strong></p><p>Bank : <strong>AXIS BANK</strong></p><p>A\\C No : <strong>918020103188858</strong></p><p>IFSC : <strong>UTIB0003293</strong></p>','fixed',0.00,0,6867000,8103060,1236060,8103060,0,0,'LN76enDVbpRLbRmvj82p',2,'2022-03-26 05:43:00','2022-03-26 06:18:04',1,'invoice1',41,NULL,1.000000,0,6867000,8103060,1236060,8103060,12,NULL,NULL,0),(266,133,2,'2022-03-11','2022-04-02','INV-131',NULL,'DRAFT','UNPAID','0','0','<p><strong>Bank Detail</strong></p><p>NAME : Amar Speciality Chemicals</p><p>Bank Name : AXIS Bank</p><p>A/C No : 921020008506724</p><p>IFSC CODE : UTIB0003293</p>','fixed',0.00,0,8281835,9772565,1490730,9772565,0,0,'LVvYq874xVGqxjG2mP6R',1,'2022-03-26 06:09:54','2022-03-26 06:09:54',4,'invoice3',49,NULL,1.000000,0,8281835,9772565,1490730,9772565,12,NULL,NULL,0),(267,134,3,'2022-03-12','2022-03-31','INV-132',NULL,'DRAFT','UNPAID','0','0','<p><strong>Bank Detail</strong></p><p>NAME : Amar Speciality Chemicals</p><p>Bank Name : AXIS Bank</p><p>A/C No : 921020008506724</p><p>IFSC CODE : UTIB0003293</p>','fixed',0.00,0,7543000,8900740,1357740,8900740,0,0,'nDqORpGYbDOexLev4VPM',1,'2022-03-26 06:34:09','2022-03-26 06:34:09',4,'invoice3',12,NULL,1.000000,0,7543000,8900740,1357740,8900740,12,NULL,NULL,0),(268,135,4,'2022-03-13','2022-03-13','INV-133',NULL,'DRAFT','UNPAID','0','0','<p><strong>Bank Detail</strong></p><p>NAME : Amar Speciality Chemicals</p><p>Bank Name : AXIS Bank</p><p>A/C No : 921020008506724</p><p>IFSC CODE : UTIB0003293</p>','fixed',0.00,0,5593400,6600212,1006812,6600212,0,0,'NmYv2Lrpg2rGxjM4G8P7',1,'2022-03-29 10:04:46','2022-03-29 10:04:46',4,'invoice3',15,NULL,1.000000,0,5593400,6600212,1006812,6600212,12,NULL,NULL,0),(269,136,5,'2022-03-30','2022-03-30','INV-136',NULL,'DRAFT','UNPAID','0','0','<p><strong>Bank Detail</strong></p><p>NAME : Amar Speciality Chemicals</p><p>Bank Name : AXIS Bank</p><p>A/C No : 921020008506724</p><p>IFSC CODE : UTIB0003293</p>','fixed',0.00,0,5848000,6900640,1052640,6900640,0,0,'6jO2NYr8bNmrgmLG4Pep',1,'2022-03-30 07:26:03','2022-03-30 07:29:02',4,'invoice3',15,NULL,1.000000,0,5848000,6900640,1052640,6900640,12,NULL,NULL,0),(270,137,1,'2022-03-15','2022-03-15','INV-134',NULL,'DRAFT','UNPAID','0','0','<p><strong>Bank Detail</strong></p><p>NAME : Amar Speciality Chemicals</p><p>Bank Name : AXIS Bank</p><p>A/C No : 921020008506724</p><p>IFSC CODE : UTIB0003293</p>','fixed',0.00,0,4517600,5330768,813168,5330768,0,0,'82MORpV4xLvRxnGDr7ve',1,'2022-04-01 07:27:07','2022-04-01 07:47:57',4,'invoice3',92,NULL,1.000000,0,4517600,5330768,813168,5330768,12,NULL,NULL,0),(271,138,4,'2022-03-18','2022-03-31','INV-135',NULL,'DRAFT','UNPAID','0','0','<p><strong>Bank Detail</strong></p><p>NAME : Amar Speciality Chemicals</p><p>Bank Name : AXIS Bank</p><p>A/C No : 921020008506724</p><p>IFSC CODE : UTIB0003293</p>','fixed',0.00,0,2119125,2500568,381443,2500568,0,0,'ODR8nvGjg8r4xLqp4m26',1,'2022-04-01 07:33:04','2022-04-01 07:33:04',4,'invoice3',9,NULL,1.000000,0,2119125,2500568,381443,2500568,12,NULL,NULL,0),(272,139,4,'2022-04-03','2022-04-03','INV-138',NULL,'DRAFT','UNPAID','0','0','<p><strong>Bank Detail</strong></p><p>NAME : Amar Speciality Chemicals</p><p>Bank Name : AXIS Bank</p><p>A/C No : 921020008506724</p><p>IFSC CODE : UTIB0003293</p>','fixed',0.00,0,5932400,7000232,1067832,7000232,0,0,'q26Ompr4gOO6geVGLnMj',1,'2022-04-03 06:34:44','2022-04-03 06:35:02',4,'invoice3',56,NULL,1.000000,0,5932400,7000232,1067832,7000232,12,NULL,NULL,0),(273,150,2,'2022-03-27','2022-03-27','AMR-150',NULL,'DRAFT','UNPAID','NO','NO','<p><strong>Bank Detail</strong></p><p>Name : <strong>AMAR SUPERHARD TOOLS</strong></p><p>Bank : <strong>AXIS BANK</strong></p><p>A\\C No : <strong>918020103188858</strong></p><p>IFSC : <strong>UTIB0003293</strong></p>','fixed',0.00,0,7038000,8304840,1266840,8304840,0,0,'GLV6N74pbMj1x1Dqr8nP',2,'2022-04-08 08:42:59','2022-04-08 08:42:59',1,'invoice1',89,NULL,1.000000,0,7038000,8304840,1266840,8304840,12,NULL,NULL,0),(274,140,2,'2022-03-31','2022-03-31','INV-137',NULL,'DRAFT','UNPAID','0','0','<p><strong>Bank Detail</strong></p><p>NAME : Amar Speciality Chemicals</p><p>Bank Name : AXIS Bank</p><p>A/C No : 921020008506724</p><p>IFSC CODE : UTIB0003293</p>','fixed',0.00,0,3347460,3950003,602543,3950003,0,0,'qP7MVLYGgYmObm1DepN8',1,'2022-04-09 07:15:34','2022-04-09 07:15:34',4,'invoice3',79,NULL,1.000000,0,3347460,3950003,602543,3950003,12,NULL,NULL,0),(275,141,3,'2022-04-09','2022-04-20','INV-139',NULL,'DRAFT','UNPAID','0','0','<p><strong>Bank Detail</strong></p><p>NAME : Amar Speciality Chemicals</p><p>Bank Name : AXIS Bank</p><p>A/C No : 921020008506724</p><p>IFSC CODE : UTIB0003293</p>','fixed',0.00,0,6441000,7600380,1159380,7600380,0,0,'nO6qNrj2xPMMxmeMVvG1',1,'2022-04-09 10:18:02','2022-04-09 10:18:02',4,'invoice3',55,NULL,1.000000,0,6441000,7600380,1159380,7600380,12,NULL,NULL,0),(276,142,4,'2022-04-10','2022-04-17','INV-140',NULL,'DRAFT','UNPAID','0','0','<p><strong>Bank Detail</strong></p><p>NAME : Amar Speciality Chemicals</p><p>Bank Name : AXIS Bank</p><p>A/C No : 921020008506724</p><p>IFSC CODE : UTIB0003293</p>','fixed',0.00,0,6441000,7600380,1159380,7600380,0,0,'pqR81G67x1RPxVrme4PO',1,'2022-04-10 10:50:45','2022-04-10 10:50:45',4,'invoice3',87,NULL,1.000000,0,6441000,7600380,1159380,7600380,12,NULL,NULL,0),(277,151,3,'2022-04-02','2022-04-02','AMR-151',NULL,'DRAFT','UNPAID','NO','NO','<p><strong>Bank Detail</strong></p><p>Name : <strong>AMAR SUPERHARD TOOLS</strong></p><p>Bank : <strong>AXIS BANK</strong></p><p>A\\C No : <strong>918020103188858</strong></p><p>IFSC : <strong>UTIB0003293</strong></p>','fixed',0.00,0,6930000,8177400,1247400,8177400,0,0,'O1e6D4M7x62jgVGY2q8r',2,'2022-04-13 11:31:28','2022-04-13 11:31:28',1,'invoice1',86,NULL,1.000000,0,6930000,8177400,1247400,8177400,12,NULL,NULL,0),(278,152,1,'2022-04-03','2022-04-03','AMR-152',NULL,'DRAFT','UNPAID','NO','NO','<p><strong>Bank Detail</strong></p><p>Name : <strong>AMAR SUPERHARD TOOLS</strong></p><p>Bank : <strong>AXIS BANK</strong></p><p>A\\C No : <strong>918020103188858</strong></p><p>IFSC : <strong>UTIB0003293</strong></p>','fixed',0.00,0,5700000,6726000,1026000,6726000,0,0,'e8V1DGOqxnVRxnjNmpYR',2,'2022-04-13 14:43:34','2022-04-13 14:43:34',1,'invoice1',94,NULL,1.000000,0,5700000,6726000,1026000,6726000,12,NULL,NULL,0),(279,153,1,'2022-04-05','2022-04-05','AMR-153',NULL,'DRAFT','UNPAID','NO','NO','<p><strong>Bank Detail</strong></p><p>Name : <strong>AMAR SUPERHARD TOOLS</strong></p><p>Bank : <strong>AXIS BANK</strong></p><p>A\\C No : <strong>918020103188858</strong></p><p>IFSC : <strong>UTIB0003293</strong></p>','fixed',0.00,0,4560000,5380800,820800,5380800,0,0,'qR842vOYbGP8bePMGLn7',2,'2022-04-13 14:45:04','2022-04-13 14:45:04',1,'invoice1',93,NULL,1.000000,0,4560000,5380800,820800,5380800,12,NULL,NULL,0),(280,154,2,'2022-04-06','2022-04-06','AMR-154',NULL,'DRAFT','UNPAID','NO','NO','<p><strong>Bank Detail</strong></p><p>Name : <strong>AMAR SUPERHARD TOOLS</strong></p><p>Bank : <strong>AXIS BANK</strong></p><p>A\\C No : <strong>918020103188858</strong></p><p>IFSC : <strong>UTIB0003293</strong></p>','fixed',0.00,0,5607000,6616260,1009260,6616260,0,0,'R64pMOj8bvR8be7qDL1N',2,'2022-04-13 14:51:39','2022-04-21 02:17:24',1,'invoice1',69,NULL,1.000000,0,5607000,6616260,1009260,6616260,12,NULL,NULL,0),(281,155,2,'2022-04-09','2022-04-09','AMR-155',NULL,'DRAFT','UNPAID','NO','NO','<p><strong>Bank Detail</strong></p><p>Name : <strong>AMAR SUPERHARD TOOLS</strong></p><p>Bank : <strong>AXIS BANK</strong></p><p>A\\C No : <strong>918020103188858</strong></p><p>IFSC : <strong>UTIB0003293</strong></p>','fixed',0.00,0,7467000,8811060,1344060,8811060,0,0,'27PVveOmgjVYxrNLRG16',2,'2022-04-21 02:20:33','2022-04-21 02:21:56',1,'invoice1',43,NULL,1.000000,0,7467000,8811060,1344060,8811060,12,NULL,NULL,0),(283,143,3,'2022-04-21','2022-04-21','INV-141',NULL,'DRAFT','UNPAID','0','0','<p><strong>Bank Detail</strong></p><p>NAME : Amar Speciality Chemicals</p><p>Bank Name : AXIS Bank</p><p>A/C No : 921020008506724</p><p>IFSC CODE : UTIB0003293</p>','fixed',0.00,0,7839000,9250020,1411020,9250020,0,0,'MYG7qn8Rge8GgPjV6mL4',1,'2022-04-21 06:21:18','2022-04-21 06:28:32',4,'invoice3',51,NULL,1.000000,0,7839000,9250020,1411020,9250020,12,NULL,NULL,0),(284,144,5,'2022-04-22','2022-04-22','INV-142',NULL,'DRAFT','UNPAID','0','0','<p><strong>Bank Detail</strong></p><p>NAME : Amar Speciality Chemicals</p><p>Bank Name : AXIS Bank</p><p>A/C No : 921020008506724</p><p>IFSC CODE : UTIB0003293</p>','fixed',0.00,0,4555000,5374900,819900,5374900,0,0,'ej8R46OMbrR8grPGN1vD',1,'2022-05-01 09:36:02','2022-05-01 09:36:02',4,'invoice3',9,NULL,1.000000,0,4555000,5374900,819900,5374900,12,NULL,NULL,0),(285,145,4,'2022-04-23','2022-04-23','INV-143',NULL,'DRAFT','UNPAID','0','0','<p><strong>Bank Detail</strong></p><p>NAME : Amar Speciality Chemicals</p><p>Bank Name : AXIS Bank</p><p>A/C No : 921020008506724</p><p>IFSC CODE : UTIB0003293</p>','fixed',0.00,0,6169600,7280128,1110528,7280128,0,0,'Nn7G62Dpx7r4grO4LPjV',1,'2022-05-01 09:49:48','2022-05-01 09:49:48',4,'invoice3',12,NULL,1.000000,0,6169600,7280128,1110528,7280128,12,NULL,NULL,0),(287,147,5,'2022-04-25','2022-04-25','INV-145',NULL,'DRAFT','UNPAID','0','0','<p><strong>Bank Detail</strong></p><p>NAME : Amar Speciality Chemicals</p><p>Bank Name : AXIS Bank</p><p>A/C No : 921020008506724</p><p>IFSC CODE : UTIB0003293</p>','fixed',0.00,0,5563241,6564624,1001383,6564624,0,0,'7OVm2e8pgR8Pxq16LrM4',1,'2022-05-01 11:00:24','2022-05-01 11:00:24',4,'invoice3',46,NULL,1.000000,0,5563241,6564624,1001383,6564624,12,NULL,NULL,0),(288,148,3,'2022-04-26','2022-04-26','INV-146',NULL,'DRAFT','UNPAID','0','0','<p><strong>Bank Detail</strong></p><p>NAME : Amar Speciality Chemicals</p><p>Bank Name : AXIS Bank</p><p>A/C No : 921020008506724</p><p>IFSC CODE : UTIB0003293</p>','fixed',0.00,0,4237320,5000038,762718,5000038,0,0,'4Neq6vY1x4nMbjrLDPGR',1,'2022-05-01 11:06:09','2022-05-01 11:06:09',4,'invoice3',72,NULL,1.000000,0,4237320,5000038,762718,5000038,12,NULL,NULL,0),(289,149,1,'2022-04-24','2022-04-24','INV-144',NULL,'DRAFT','UNPAID','0','0','<p><strong>Bank Detail</strong></p><p>NAME : Amar Speciality Chemicals</p><p>Bank Name : AXIS Bank</p><p>A/C No : 921020008506724</p><p>IFSC CODE : UTIB0003293</p>','fixed',0.00,0,889850,1050023,160173,1050023,0,0,'LN76enDVbpnLgRmvj82p',1,'2022-05-01 11:29:09','2022-05-01 11:29:09',4,'invoice3',95,NULL,1.000000,0,889850,1050023,160173,1050023,12,NULL,NULL,0),(290,156,2,'2022-04-10','2022-04-10','AMR-156',NULL,'DRAFT','UNPAID','NO','NO','<p><strong>Bank Detail</strong></p><p>Name : <strong>AMAR SUPERHARD TOOLS</strong></p><p>Bank : <strong>AXIS BANK</strong></p><p>A\\C No : <strong>918020103188858</strong></p><p>IFSC : <strong>UTIB0003293</strong></p>','fixed',0.00,0,5040000,5947200,907200,5947200,0,0,'LVvYq874xVRqgjG2mP6R',2,'2022-05-03 04:22:22','2022-05-04 10:03:12',1,'invoice1',68,NULL,1.000000,0,5040000,5947200,907200,5947200,12,NULL,NULL,0),(291,157,3,'2022-04-12','2022-04-12','AMR-157',NULL,'DRAFT','UNPAID','NO','NO','<p><strong>Bank Detail</strong></p><p>Name : <strong>AMAR SUPERHARD TOOLS</strong></p><p>Bank : <strong>AXIS BANK</strong></p><p>A\\C No : <strong>918020103188858</strong></p><p>IFSC : <strong>UTIB0003293</strong></p>','fixed',0.00,0,6291600,7424088,1132488,7424088,0,0,'nDqORpGYbDqebLev4VPM',2,'2022-05-03 04:23:15','2022-05-03 04:23:42',1,'invoice1',84,NULL,1.000000,0,6291600,7424088,1132488,7424088,12,NULL,NULL,0),(292,158,7,'2022-04-15','2022-04-15','AMR-158',NULL,'DRAFT','UNPAID','NO','NO','<p><strong>Bank Detail</strong></p><p>Name : <strong>AMAR SUPERHARD TOOLS</strong></p><p>Bank : <strong>AXIS BANK</strong></p><p>A\\C No : <strong>918020103188858</strong></p><p>IFSC : <strong>UTIB0003293</strong></p>','fixed',0.00,0,5500000,6490000,990000,6490000,0,0,'NmYv2Lrpg21GbjM4G8P7',2,'2022-05-04 09:56:46','2022-05-04 09:56:46',1,'invoice1',62,NULL,1.000000,0,5500000,6490000,990000,6490000,12,NULL,NULL,0),(293,159,2,'2022-04-20','2022-04-20','AMR-159',NULL,'DRAFT','UNPAID','NO','NO','<p><strong>Bank Detail</strong></p><p>Name : <strong>AMAR SUPERHARD TOOLS</strong></p><p>Bank : <strong>AXIS BANK</strong></p><p>A\\C No : <strong>918020103188858</strong></p><p>IFSC : <strong>UTIB0003293</strong></p>','fixed',0.00,0,5644800,6660864,1016064,6660864,0,0,'6jO2NYr8bNprgmLG4Pep',2,'2022-05-07 06:41:21','2022-05-07 07:20:22',1,'invoice1',82,NULL,1.000000,0,5644800,6660864,1016064,6660864,12,NULL,NULL,0),(294,150,6,'2022-05-08','2022-05-15','INV-147',NULL,'DRAFT','UNPAID','0','0','<p><strong>Bank Detail</strong></p><p>NAME : Amar Speciality Chemicals</p><p>Bank Name : AXIS Bank</p><p>A/C No : 921020008506724</p><p>IFSC CODE : UTIB0003293</p>','fixed',0.00,0,5848000,6900640,1052640,6900640,0,0,'82MORpV4xLpRxnGDr7ve',1,'2022-05-08 05:05:06','2022-05-08 05:05:06',4,'invoice3',15,NULL,1.000000,0,5848000,6900640,1052640,6900640,12,NULL,NULL,0),(295,151,6,'2022-05-08','2022-05-15','INV-148',NULL,'DRAFT','UNPAID','0','0','<p><strong>Bank Detail</strong></p><p>NAME : Amar Speciality Chemicals</p><p>Bank Name : AXIS Bank</p><p>A/C No : 921020008506724</p><p>IFSC CODE : UTIB0003293</p>','fixed',0.00,0,1610500,1900390,289890,1900390,0,0,'ODR8nvGjg8m4bLqp4m26',1,'2022-05-08 05:11:04','2022-05-08 05:11:04',4,'invoice3',46,NULL,1.000000,0,1610500,1900390,289890,1900390,12,NULL,NULL,0),(315,160,3,'2022-05-04','2022-05-04','AMR-160',NULL,'DRAFT','UNPAID','NO','NO','<p><strong>Bank Detail</strong></p><p>Name : <strong>AMAR SUPERHARD TOOLS</strong></p><p>Bank : <strong>AXIS BANK</strong></p><p>A\\C No : <strong>918020103188858</strong></p><p>IFSC : <strong>UTIB0003293</strong></p>','fixed',0.00,0,7038000,8304840,1266840,8304840,0,0,'7OVm2e8pgRe4xq16LrM4',2,'2022-05-30 01:41:37','2022-05-30 01:56:20',1,'invoice1',89,NULL,1.000000,0,7038000,8304840,1266840,8304840,12,NULL,NULL,0),(316,161,3,'2022-05-05','2022-05-05','AMR-161',NULL,'DRAFT','UNPAID','NO','NO','<p><strong>Bank Detail</strong></p><p>Name : <strong>AMAR SUPERHARD TOOLS</strong></p><p>Bank : <strong>AXIS BANK</strong></p><p>A\\C No : <strong>918020103188858</strong></p><p>IFSC : <strong>UTIB0003293</strong></p>','fixed',0.00,0,5904000,6966720,1062720,6966720,0,0,'4Neq6vY1x4GNbjrLDPGR',2,'2022-05-30 21:10:50','2022-05-30 21:10:50',1,'invoice1',71,NULL,1.000000,0,5904000,6966720,1062720,6966720,12,NULL,NULL,0),(318,163,4,'2022-05-10','2022-05-10','AMR-162',NULL,'DRAFT','UNPAID','NO','NO','<p><strong>Bank Detail</strong></p><p>Name : <strong>AMAR SUPERHARD TOOLS</strong></p><p>Bank : <strong>AXIS BANK</strong></p><p>A\\C No : <strong>918020103188858</strong></p><p>IFSC : <strong>UTIB0003293</strong></p>','fixed',0.00,0,7260000,8566800,1306800,8566800,0,0,'LVvYq874xVYmxjG2mP6R',2,'2022-05-30 21:26:11','2022-06-04 06:05:02',1,'invoice1',86,NULL,1.000000,0,7260000,8566800,1306800,8566800,12,NULL,NULL,0),(319,164,1,'2022-05-16','2022-05-16','AMR-163',NULL,'DRAFT','UNPAID','NO','NO','<p><strong>Bank Detail</strong></p><p>Name : <strong>AMAR SUPERHARD TOOLS</strong></p><p>Bank : <strong>AXIS BANK</strong></p><p>A\\C No : <strong>918020103188858</strong></p><p>IFSC : <strong>UTIB0003293</strong></p>','fixed',0.00,0,6741000,7954380,1213380,7954380,0,0,'nDqORpGYbDmDxLev4VPM',2,'2022-05-30 21:44:26','2022-06-07 07:25:11',1,'invoice1',96,NULL,1.000000,0,6741000,7954380,1213380,7954380,12,NULL,NULL,0),(320,152,6,'2022-05-10','2022-06-03','INV 149',NULL,'DRAFT','UNPAID','0','0','<p><strong>Bank Detail</strong></p><p>NAME : Amar Speciality Chemicals</p><p>Bank Name : AXIS Bank</p><p>A/C No : 921020008506724</p><p>IFSC CODE : UTIB0003293</p>','fixed',0.00,0,5775450,6815031,1039581,6815031,0,0,'NmYv2Lrpg26OxjM4G8P7',1,'2022-06-03 00:04:22','2022-06-03 00:04:22',4,'invoice3',9,NULL,1.000000,0,5775450,6815031,1039581,6815031,12,NULL,NULL,0),(321,153,4,'2022-05-12','2022-06-10','INV-150',NULL,'DRAFT','UNPAID','0','0','<p><strong>Bank Detail</strong></p><p>NAME : Amar Speciality Chemicals</p><p>Bank Name : AXIS Bank</p><p>A/C No : 921020008506724</p><p>IFSC CODE : UTIB0003293</p>','fixed',0.00,0,7627400,9000332,1372932,9000332,0,0,'6jO2NYr8bNG6xmLG4Pep',1,'2022-06-03 00:16:16','2022-06-03 00:16:16',4,'invoice3',27,NULL,1.000000,0,7627400,9000332,1372932,9000332,12,NULL,NULL,0),(322,154,5,'2022-05-13','2022-06-10','INV-151',NULL,'DRAFT','UNPAID','0','0','<p><strong>Bank Detail</strong></p><p>NAME : Amar Speciality Chemicals</p><p>Bank Name : AXIS Bank</p><p>A/C No : 921020008506724</p><p>IFSC CODE : UTIB0003293</p>','fixed',0.00,0,6441000,7600380,1159380,7600380,0,0,'82MORpV4xL62gnGDr7ve',1,'2022-06-03 00:23:19','2022-06-03 00:23:19',4,'invoice3',87,NULL,1.000000,0,6441000,7600380,1159380,7600380,12,NULL,NULL,0),(323,165,4,'2022-05-21','2022-05-21','AMR-164',NULL,'DRAFT','UNPAID','NO','NO','<p><strong>Bank Detail</strong></p><p>Name : <strong>AMAR SUPERHARD TOOLS</strong></p><p>Bank : <strong>AXIS BANK</strong></p><p>A\\C No : <strong>918020103188858</strong></p><p>IFSC : <strong>UTIB0003293</strong></p>','fixed',0.00,0,6099000,7196820,1097820,7196820,0,0,'ODR8nvGjg8ergLqp4m26',2,'2022-06-03 09:44:58','2022-06-04 06:07:48',1,'invoice1',32,NULL,1.000000,0,6099000,7196820,1097820,7196820,12,NULL,NULL,0),(324,166,1,'2022-06-04','2022-06-04','AMR-166',NULL,'DRAFT','UNPAID','NO','NO','<p><strong>Bank Detail</strong></p><p>Name : <strong>AMAR SUPERHARD TOOLS</strong></p><p>Bank : <strong>AXIS BANK</strong></p><p>A\\C No : <strong>918020103188858</strong></p><p>IFSC : <strong>UTIB0003293</strong></p>','fixed',0.00,0,6270000,7398600,1128600,7398600,0,0,'q26Ompr4gOv8geVGLnMj',2,'2022-06-04 06:12:47','2022-06-04 06:56:15',1,'invoice1',97,NULL,1.000000,0,6270000,7398600,1128600,7398600,12,NULL,NULL,0),(327,167,8,'2022-05-25','2022-05-25','AMR-165',NULL,'DRAFT','UNPAID','NO','NO','<p><strong>Bank Detail</strong></p><p>Name : <strong>AMAR SUPERHARD TOOLS</strong></p><p>Bank : <strong>AXIS BANK</strong></p><p>A\\C No : <strong>918020103188858</strong></p><p>IFSC : <strong>UTIB0003293</strong></p>','fixed',0.00,0,5500000,6490000,990000,6490000,0,0,'nO6qNrj2xPj7gmeMVvG1',2,'2022-06-08 05:37:42','2022-06-08 05:37:42',1,'invoice1',62,NULL,1.000000,0,5500000,6490000,990000,6490000,12,NULL,NULL,0),(329,168,3,'2022-06-02','2022-06-02','AMR-167',NULL,'DRAFT','UNPAID','NO','NO','<p><strong>Bank Detail</strong></p><p>Name : <strong>AMAR SUPERHARD TOOLS</strong></p><p>Bank : <strong>AXIS BANK</strong></p><p>A\\C No : <strong>918020103188858</strong></p><p>IFSC : <strong>UTIB0003293</strong></p>','fixed',0.00,0,6600000,7788000,1188000,7788000,0,0,'O1e6D4M7x6jMbVGY2q8r',2,'2022-06-17 03:25:02','2022-06-17 03:25:02',1,'invoice1',80,NULL,1.000000,0,6600000,7788000,1188000,7788000,12,NULL,NULL,0),(335,155,6,'2022-06-18','2022-06-18','INV-152',NULL,'DRAFT','UNPAID','0','0','<p><strong>Bank Detail</strong></p><p>NAME : Amar Speciality Chemicals</p><p>Bank Name : AXIS Bank</p><p>A/C No : 921020008506724</p><p>IFSC CODE : UTIB0003293</p>','fixed',0.00,0,6440800,7600144,1159344,7600144,0,0,'MYG7qn8RgepVbPjV6mL4',1,'2022-06-18 02:45:23','2022-06-18 02:47:24',1,'invoice3',87,NULL,1.000000,0,6440800,7600144,1159344,7600144,12,NULL,NULL,0);

--
